--------- beginning of kernel
12-20 10:22:02.296 97 97 I : c6 97 (kworker/6:3) soc_temp: |cp=35200|gpu=35200|cluster1=35000|cluster0=36200|cpu_top=36200|max=36200|pmic=26300|batt=25000|chg=25000| --------- beginning of main
12-20 10:22:02.230 366 366 I powerhal: Power setMode: EXPENSIVE_RENDERING to: 1
12-20 10:22:02.231 366 378 I powerhal-libperfmgr: Set /sys/class/devfreq/d7000000.gpu/min_freq : 0 => 614400000
12-20 10:22:02.499 7 7 I : c0 7 (kworker/0:0) asr ddr bw read req: DPU to 718174KB/s, all 1007686506
12-20 10:22:02.296 366 366 I powerhal: Power setMode: EXPENSIVE_RENDERING to: 0
12-20 10:22:02.297 366 378 I powerhal-libperfmgr: Set /sys/class/devfreq/d7000000.gpu/min_freq : 614400000 => 0
12-20 10:22:02.536 688 966 D DisplayModeController: setDesiredMode 0 {mode={fps=120.00 Hz, modePtr={id=1, vsyncRate=120.00 Hz, peakRefreshRate=120.00 Hz}}, emitEvent=true, force=false}
12-20 10:22:02.807 771 771 I : c0 771 (binder:659_1) [drm] asr_dsi_encoder_atomic_check()
12-20 10:22:02.811 868 868 I : c4 868 (kworker/u16:5) asr ddr bw read req: DPU to 2235017KB/s, all 2474112518
12-20 10:22:02.849 7 7 I : c0 7 (kworker/0:0) asr ddr bw read req: DPU to 2233991KB/s, all 2573094281
12-20 10:22:03.316 97 97 I : c6 97 (kworker/6:3) soc_temp: |cp=35000|gpu=35200|cluster1=35000|cluster0=36200|cpu_top=36400|max=36400|pmic=26300|batt=25000|chg=25000|
12-20 10:22:03.365 688 966 D DisplayModeController: setDesiredMode 0 {mode={fps=60.00 Hz, modePtr={id=0, vsyncRate=60.00 Hz, peakRefreshRate=60.00 Hz}}, emitEvent=false, force=false}
12-20 10:22:03.619 771 771 I : c0 771 (binder:659_1) [drm] asr_dsi_encoder_atomic_check()
12-20 10:22:03.629 10 10 I : c1 10 (kworker/u16:0) asr ddr bw read req: DPU to 2235017KB/s, all 2591899847
12-20 10:22:04.340 97 97 I : c6 97 (kworker/6:3) soc_temp: |cp=35400|gpu=35000|cluster1=35200|cluster0=36200|cpu_top=36600|max=36600|pmic=26300|batt=25000|chg=25000|
12-20 10:22:04.395 366 366 I powerhal: Power setMode: EXPENSIVE_RENDERING to: 1
12-20 10:22:04.396 366 378 I powerhal-libperfmgr: Set /sys/class/devfreq/d7000000.gpu/min_freq : 0 => 614400000
12-20 10:22:04.665 7 7 I : c0 7 (kworker/0:0) asr ddr bw read req: DPU to 718174KB/s, all 1043854113
12-20 10:22:04.460 366 366 I powerhal: Power setMode: EXPENSIVE_RENDERING to: 0
12-20 10:22:04.461 366 378 I powerhal-libperfmgr: Set /sys/class/devfreq/d7000000.gpu/min_freq : 614400000 => 0
12-20 10:22:04.701 688 966 D DisplayModeController: setDesiredMode 0 {mode={fps=120.00 Hz, modePtr={id=1, vsyncRate=120.00 Hz, peakRefreshRate=120.00 Hz}}, emitEvent=true, force=false}
12-20 10:22:04.972 771 771 I : c0 771 (binder:659_1) [drm] asr_dsi_encoder_atomic_check()
12-20 10:22:04.975 10 10 I : c1 10 (kworker/u16:0) asr ddr bw read req: DPU to 2235017KB/s, all 2351841927
12-20 10:22:05.014 7 7 I : c0 7 (kworker/0:0) asr ddr bw read req: DPU to 2233991KB/s, all 2521723457
12-20 10:22:05.360 97 97 I : c6 97 (kworker/6:3) soc_temp: |cp=35000|gpu=35000|cluster1=35000|cluster0=36000|cpu_top=36600|max=36600|pmic=26300|batt=25000|chg=25000|
12-20 10:22:05.531 688 966 D DisplayModeController: setDesiredMode 0 {mode={fps=60.00 Hz, modePtr={id=0, vsyncRate=60.00 Hz, peakRefreshRate=60.00 Hz}}, emitEvent=false, force=false}
12-20 10:22:05.784 771 771 I : c0 771 (binder:659_1) [drm] asr_dsi_encoder_atomic_check()
12-20 10:22:05.794 73 73 I : c1 73 (kworker/u16:2) asr ddr bw read req: DPU to 2235017KB/s, all 2538154731
12-20 10:22:06.380 97 97 I : c6 97 (kworker/6:3) soc_temp: |cp=35600|gpu=35600|cluster1=35200|cluster0=36400|cpu_top=36600|max=36600|pmic=26200|batt=25000|chg=25000|
12-20 10:22:06.149 688 966 D DisplayModeController: setDesiredMode 0 {mode={fps=120.00 Hz, modePtr={id=1, vsyncRate=120.00 Hz, peakRefreshRate=120.00 Hz}}, emitEvent=true, force=false}
12-20 10:22:06.419 771 771 I : c0 771 (binder:659_1) [drm] asr_dsi_encoder_atomic_check()
12-20 10:22:06.454 7 7 I : c0 7 (kworker/0:0) asr ddr bw read req: DPU to 2233991KB/s, all 2440509086
12-20 10:22:06.231 688 966 D DisplayModeController: setDesiredMode 0 {mode={fps=60.00 Hz, modePtr={id=0, vsyncRate=60.00 Hz, peakRefreshRate=60.00 Hz}}, emitEvent=false, force=false}
12-20 10:22:06.485 771 771 I : c0 771 (binder:659_1) [drm] asr_dsi_encoder_atomic_check()
12-20 10:22:06.494 868 868 I : c4 868 (kworker/u16:5) asr ddr bw read req: DPU to 2235017KB/s, all 2414496768
12-20 10:22:07.400 97 97 I : c6 97 (kworker/6:3) soc_temp: |cp=35000|gpu=35000|cluster1=35000|cluster0=35600|cpu_top=35800|max=35800|pmic=26200|batt=25000|chg=25000|
12-20 10:22:07.260 366 366 I powerhal: Power setMode: EXPENSIVE_RENDERING to: 1
12-20 10:22:07.261 366 378 I powerhal-libperfmgr: Set /sys/class/devfreq/d7000000.gpu/min_freq : 0 => 614400000
12-20 10:22:07.529 7 7 I : c0 7 (kworker/0:0) asr ddr bw read req: DPU to 718174KB/s, all 853834207
12-20 10:22:07.325 366 366 I powerhal: Power setMode: EXPENSIVE_RENDERING to: 0
12-20 10:22:07.327 366 378 I powerhal-libperfmgr: Set /sys/class/devfreq/d7000000.gpu/min_freq : 614400000 => 0
12-20 10:22:07.476 612 887 I adspd : send time sync cmd
12-20 10:22:07.476 612 887 I adspd : send_cmd: TIME
12-20 10:22:07.477 612 887 I adspd : send_cmd: ACKS
12-20 10:22:07.477 612 885 I adspd : get cmd ACKS: 7
12-20 10:22:07.477 612 889 D adspd : [ADSP_DBG][ 280.891081][ipcctl ] CTRL:TIME(0x454d4954) 0x0,0x665adc05,0x41,16
12-20 10:22:07.477 612 889 D adspd : [ADSP_DBG][ 280.890134][ipcctl ] CTRL:ACKS(0x534b4341) 0x0,0x0,0x0,16
12-20 10:22:08.249 258 258 I : c2 258 (logd.reader) logd: logdr: UID=2000 GID=2000 PID=3353 b tail=0 logMask=99 pid=0 start=0ns deadline=0ns
12-20 10:22:08.420 97 97 I : c6 97 (kworker/6:3) soc_temp: |cp=35000|gpu=34800|cluster1=34400|cluster0=35200|cpu_top=35400|max=35400|pmic=26300|batt=25000|chg=25000|
12-20 10:22:08.581 2266 2331 D BBoostSrv: receive MESSAGE_TYPE_CHANNEL_POLLING
12-20 10:22:08.581 2266 2331 I BBoostSrv: ProcessCleaner CleanProcessAfterScreenOffByPolling state: false
12-20 10:22:08.583 1044 2321 D FileUtils: Rounded bytes from 3944148992 to 4000000000
12-20 10:22:08.584 2266 2331 D BBoostSrv: totalMemoryInfo :availMem=2664980480;threshold=226492416;lowMemory=false;totalMem=3944148992
12-20 10:22:08.585 2266 2331 D BBoostSrv: ChannelDispatcher updateMemoryAviable,memoryAviable=2664980480
12-20 10:22:08.585 2266 2331 D BBoostSrv: BoltBoostSystemServiceManager requestAaction : {"function":"getCpuloading","params":{"cpuload_threhold":75,"cpuload_process_number":10}}
12-20 10:22:08.585 2266 2331 D BBoostSrv: BoltBoostSystemServiceManager service.requestAaction : {"function":"getCpuloading","params":{"cpuload_threhold":75,"cpuload_process_number":10}}
12-20 10:22:08.586 1044 2321 D BBoostSrv: BoltBoostService REQUEST_GET_CPU_LOADING
12-20 10:22:08.662 1044 2321 D BBoostSrv: CpuStatsTracker cpu0_time_in_state[Hz, ms]: [Pair{1228000 11}, Pair{819000 99}, Pair{1500000 5}, Pair{614000 48}, Pair{409000 776}, Pair{491000 14}, Pair{1000000 55}]
12-20 10:22:08.663 1044 2321 D BBoostSrv: CpuStatsTracker cpu0_capacity_percentage: 33.7843253968254%
12-20 10:22:08.664 1044 2321 D BBoostSrv: CpuStatsTracker cpu6_time_in_state[Hz, ms]: [Pair{1228000 11}, Pair{819000 995}, Pair{1500000 1}, Pair{1600000 0}, Pair{1700000 1}, Pair{1000000 3}]
12-20 10:22:08.664 1044 2321 D BBoostSrv: CpuStatsTracker cpu6_capacity_percentage: 48.56071449351254%
12-20 10:22:08.664 1044 2321 D BBoostSrv: CpuStatsTracker Total Capacity Percentage (calculated on a scale of 800%): 299.82738136797747%
12-20 10:22:08.664 1044 2321 I BBoostSrv: CpuTM totalCpuloading(full 100%)= 6.528822;updateInterval()=10096;CpuCapacityPercentage=299.82738136797747
12-20 10:22:08.665 2266 2331 D BBoostSrv: PCTracker updateTotalCpuloading,cpuloadingResult={"function":"getCpuloading","params":{"totalCpuloading":6.52882194519043}}
12-20 10:22:08.665 2266 2331 D BBoostSrv: ChannelDispatcher updateTotalCpuloading,cpuloading=6.528822%
12-20 10:22:08.713 805 2909 I ASRLOGD_MANAGER: loopCheckVolume: log_cache_path = /sdcard/asrlog, volumeLeft = 103925, low_volume = 0
12-20 10:22:09.440 97 97 I : c6 97 (kworker/6:3) soc_temp: |cp=34400|gpu=34400|cluster1=34000|cluster0=35000|cpu_top=35200|max=35200|pmic=26300|batt=25000|chg=25000|
12-20 10:22:10.460 97 97 I : c6 97 (kworker/6:3) soc_temp: |cp=34200|gpu=34200|cluster1=34000|cluster0=34800|cpu_top=35000|max=35000|pmic=26000|batt=25000|chg=25000|
12-20 10:22:11.480 97 97 I : c6 97 (kworker/6:3) soc_temp: |cp=34000|gpu=34000|cluster1=34000|cluster0=34000|cpu_top=35000|max=35000|pmic=26000|batt=25000|chg=25000|
12-20 10:22:12.500 97 97 I : c6 97 (kworker/6:3) soc_temp: |cp=34000|gpu=34000|cluster1=33600|cluster0=34000|cpu_top=34800|max=34800|pmic=26000|batt=25000|chg=25000|
12-20 10:22:13.520 97 97 I : c6 97 (kworker/6:3) soc_temp: |cp=34000|gpu=34000|cluster1=33200|cluster0=34000|cpu_top=34600|max=34600|pmic=25700|batt=25000|chg=25000|
12-20 10:22:14.540 97 97 I : c6 97 (kworker/6:3) soc_temp: |cp=33800|gpu=34000|cluster1=33000|cluster0=34000|cpu_top=34000|max=34000|pmic=25700|batt=25000|chg=25000|
12-20 10:22:15.560 97 97 I : c6 97 (kworker/6:3) soc_temp: |cp=34000|gpu=34000|cluster1=33200|cluster0=34200|cpu_top=34200|max=34400|pmic=25800|batt=25000|chg=25000|
12-20 10:22:16.580 97 97 I : c6 97 (kworker/6:3) soc_temp: |cp=33600|gpu=33800|cluster1=33000|cluster0=34000|cpu_top=34000|max=34000|pmic=25800|batt=25000|chg=25000|
12-20 10:22:17.600 97 97 I : c6 97 (kworker/6:3) soc_temp: |cp=33800|gpu=33600|cluster1=33000|cluster0=34000|cpu_top=34000|max=34000|pmic=25600|batt=25000|chg=25000|
12-20 10:22:18.620 97 97 I : c6 97 (kworker/6:3) soc_temp: |cp=33800|gpu=33600|cluster1=33000|cluster0=34000|cpu_top=34000|max=34000|pmic=25600|batt=25000|chg=25000|
12-20 10:22:18.667 2266 2331 D BBoostSrv: receive MESSAGE_TYPE_CHANNEL_POLLING
12-20 10:22:18.667 2266 2331 I BBoostSrv: ProcessCleaner CleanProcessAfterScreenOffByPolling state: false
12-20 10:22:18.669 1044 2321 D FileUtils: Rounded bytes from 3944148992 to 4000000000
12-20 10:22:18.670 2266 2331 D BBoostSrv: totalMemoryInfo :availMem=2664984576;threshold=226492416;lowMemory=false;totalMem=3944148992
12-20 10:22:18.670 2266 2331 D BBoostSrv: ChannelDispatcher updateMemoryAviable,memoryAviable=2664984576
12-20 10:22:18.671 2266 2331 D BBoostSrv: BoltBoostSystemServiceManager requestAaction : {"function":"getCpuloading","params":{"cpuload_threhold":75,"cpuload_process_number":10}}
12-20 10:22:18.671 2266 2331 D BBoostSrv: BoltBoostSystemServiceManager service.requestAaction : {"function":"getCpuloading","params":{"cpuload_threhold":75,"cpuload_process_number":10}}
12-20 10:22:18.672 1044 2321 D BBoostSrv: BoltBoostService REQUEST_GET_CPU_LOADING
12-20 10:22:18.939 258 258 I : c2 258 (logd.reader) logd: logdr: UID=2000 GID=2000 PID=3356 b tail=0 logMask=99 pid=0 start=0ns deadline=0ns
12-20 10:22:18.727 1044 2321 D BBoostSrv: CpuStatsTracker cpu0_time_in_state[Hz, ms]: [Pair{1228000 8}, Pair{819000 6}, Pair{1500000 3}, Pair{614000 1}, Pair{409000 986}, Pair{491000 1}, Pair{1000000 4}]
12-20 10:22:18.727 1044 2321 D BBoostSrv: CpuStatsTracker cpu0_capacity_percentage: 28.253518334985134%
12-20 10:22:18.728 1044 2321 D BBoostSrv: CpuStatsTracker cpu6_time_in_state[Hz, ms]: [Pair{1228000 2}, Pair{819000 1003}, Pair{1500000 0}, Pair{1600000 0}, Pair{1700000 0}, Pair{1000000 0}]
12-20 10:22:18.728 1044 2321 D BBoostSrv: CpuStatsTracker cpu6_capacity_percentage: 48.22434884401522%
12-20 10:22:18.728 1044 2321 D BBoostSrv: CpuStatsTracker Total Capacity Percentage (calculated on a scale of 800%): 265.96980769794123%
12-20 10:22:18.729 1044 2321 I BBoostSrv: CpuTM totalCpuloading(full 100%)= 0.4474273;updateInterval()=10065;CpuCapacityPercentage=265.96980769794123
12-20 10:22:18.730 2266 2331 D BBoostSrv: PCTracker updateTotalCpuloading,cpuloadingResult={"function":"getCpuloading","params":{"totalCpuloading":0.44742730259895325}}
12-20 10:22:18.730 2266 2331 D BBoostSrv: ChannelDispatcher updateTotalCpuloading,cpuloading=0.4474273%
12-20 10:22:19.640 97 97 I : c6 97 (kworker/6:3) soc_temp: |cp=33600|gpu=33400|cluster1=33000|cluster0=34000|cpu_top=34200|max=34200|pmic=25500|batt=25000|chg=25000|
12-20 10:22:20.660 97 97 I : c6 97 (kworker/6:3) soc_temp: |cp=33200|gpu=33200|cluster1=33000|cluster0=34000|cpu_top=34000|max=34000|pmic=25500|batt=25000|chg=25000|
12-20 10:22:21.680 97 97 I : c6 97 (kworker/6:3) soc_temp: |cp=33400|gpu=33600|cluster1=33000|cluster0=33800|cpu_top=34000|max=34000|pmic=25400|batt=25000|chg=25000|
12-20 10:22:22.700 97 97 I : c6 97 (kworker/6:3) soc_temp: |cp=33400|gpu=33000|cluster1=33000|cluster0=33800|cpu_top=34000|max=34000|pmic=25400|batt=25000|chg=25000|
12-20 10:22:23.720 97 97 I : c6 97 (kworker/6:3) soc_temp: |cp=33400|gpu=33200|cluster1=33000|cluster0=34000|cpu_top=34200|max=34200|pmic=25200|batt=25000|chg=25000|
12-20 10:22:23.762 805 2909 I ASRLOGD_MANAGER: loopCheckVolume: log_cache_path = /sdcard/asrlog, volumeLeft = 103925, low_volume = 0
12-20 10:22:24.740 97 97 I : c6 97 (kworker/6:3) soc_temp: |cp=33200|gpu=33200|cluster1=33000|cluster0=33800|cpu_top=34000|max=34000|pmic=25200|batt=25000|chg=25000|
12-20 10:22:25.760 97 97 I : c6 97 (kworker/6:3) soc_temp: |cp=33200|gpu=33400|cluster1=33000|cluster0=34000|cpu_top=34000|max=34000|pmic=25200|batt=25000|chg=25000|
12-20 10:22:26.780 97 97 I : c6 97 (kworker/6:3) soc_temp: |cp=33200|gpu=33200|cluster1=33000|cluster0=33600|cpu_top=34000|max=34000|pmic=25200|batt=25000|chg=25000|
12-20 10:22:27.800 97 97 I : c6 97 (kworker/6:3) soc_temp: |cp=33200|gpu=33200|cluster1=33000|cluster0=33600|cpu_top=34000|max=34000|pmic=25000|batt=25000|chg=25000|
12-20 10:22:28.820 97 97 I : c6 97 (kworker/6:3) soc_temp: |cp=33000|gpu=33000|cluster1=33000|cluster0=33600|cpu_top=34000|max=34000|pmic=25000|batt=25000|chg=25000|
12-20 10:22:28.741 2266 2331 D BBoostSrv: receive MESSAGE_TYPE_CHANNEL_POLLING
12-20 10:22:28.742 2266 2331 I BBoostSrv: ProcessCleaner CleanProcessAfterScreenOffByPolling state: false
12-20 10:22:28.743 1044 2321 D FileUtils: Rounded bytes from 3944148992 to 4000000000
12-20 10:22:28.745 2266 2331 D BBoostSrv: totalMemoryInfo :availMem=2663231488;threshold=226492416;lowMemory=false;totalMem=3944148992
12-20 10:22:28.745 2266 2331 D BBoostSrv: ChannelDispatcher updateMemoryAviable,memoryAviable=2663231488
12-20 10:22:28.745 2266 2331 D BBoostSrv: BoltBoostSystemServiceManager requestAaction : {"function":"getCpuloading","params":{"cpuload_threhold":75,"cpuload_process_number":10}}
12-20 10:22:28.745 2266 2331 D BBoostSrv: BoltBoostSystemServiceManager service.requestAaction : {"function":"getCpuloading","params":{"cpuload_threhold":75,"cpuload_process_number":10}}
12-20 10:22:28.747 1044 1106 D BBoostSrv: BoltBoostService REQUEST_GET_CPU_LOADING
12-20 10:22:28.803 1044 1106 D BBoostSrv: CpuStatsTracker cpu0_time_in_state[Hz, ms]: [Pair{1228000 13}, Pair{819000 2}, Pair{1500000 13}, Pair{614000 6}, Pair{409000 961}, Pair{491000 7}, Pair{1000000 5}]
12-20 10:22:28.804 1044 1106 D BBoostSrv: CpuStatsTracker cpu0_capacity_percentage: 29.2798411122145%
12-20 10:22:28.806 1044 1106 D BBoostSrv: CpuStatsTracker cpu6_time_in_state[Hz, ms]: [Pair{1228000 17}, Pair{819000 987}, Pair{1500000 1}, Pair{1600000 3}, Pair{1700000 0}, Pair{1000000 2}]
12-20 10:22:28.806 1044 1106 D BBoostSrv: CpuStatsTracker cpu6_capacity_percentage: 48.77862550960978%
12-20 10:22:28.806 1044 1106 D BBoostSrv: CpuStatsTracker Total Capacity Percentage (calculated on a scale of 800%): 273.2362976925066%
12-20 10:22:28.807 1044 1106 I BBoostSrv: CpuTM totalCpuloading(full 100%)= 0.75870645;updateInterval()=10076;CpuCapacityPercentage=273.2362976925066
12-20 10:22:28.808 2266 2331 D BBoostSrv: PCTracker updateTotalCpuloading,cpuloadingResult={"function":"getCpuloading","params":{"totalCpuloading":0.7587064504623413}}
12-20 10:22:28.809 2266 2331 D BBoostSrv: ChannelDispatcher updateTotalCpuloading,cpuloading=0.75870645%
12-20 10:22:29.840 97 97 I : c6 97 (kworker/6:3) soc_temp: |cp=33200|gpu=33000|cluster1=33000|cluster0=34000|cpu_top=34200|max=34200|pmic=24900|batt=25000|chg=25000|
12-20 10:22:30.860 97 97 I : c6 97 (kworker/6:3) soc_temp: |cp=33000|gpu=33000|cluster1=33000|cluster0=33000|cpu_top=34000|max=34000|pmic=24900|batt=25000|chg=25000|
12-20 10:22:31.884 97 97 I : c6 97 (kworker/6:3) soc_temp: |cp=33000|gpu=33000|cluster1=33000|cluster0=34200|cpu_top=34200|max=34400|pmic=24800|batt=25000|chg=25000|
12-20 10:22:32.904 97 97 I : c6 97 (kworker/6:3) soc_temp: |cp=33000|gpu=33000|cluster1=33000|cluster0=33600|cpu_top=34000|max=34000|pmic=24800|batt=25000|chg=25000|
12-20 10:22:33.924 97 97 I : c6 97 (kworker/6:3) soc_temp: |cp=33000|gpu=33000|cluster1=33000|cluster0=33000|cpu_top=34000|max=34000|pmic=25000|batt=25000|chg=25000|
12-20 10:22:34.944 97 97 I : c6 97 (kworker/6:3) soc_temp: |cp=33000|gpu=33000|cluster1=33000|cluster0=33000|cpu_top=33800|max=33800|pmic=25000|batt=25000|chg=25000|
12-20 10:22:35.964 97 97 I : c6 97 (kworker/6:3) soc_temp: |cp=33000|gpu=33000|cluster1=33000|cluster0=33000|cpu_top=34000|max=34000|pmic=25100|batt=25000|chg=25000|
12-20 10:22:36.984 97 97 I : c6 97 (kworker/6:3) soc_temp: |cp=33000|gpu=33000|cluster1=33000|cluster0=33200|cpu_top=33800|max=33800|pmic=25100|batt=25000|chg=25000|
12-20 10:22:38.004 97 97 I : c6 97 (kworker/6:3) soc_temp: |cp=33000|gpu=33000|cluster1=33000|cluster0=33000|cpu_top=33400|max=33400|pmic=25200|batt=25000|chg=25000|
12-20 10:22:39.024 97 97 I : c6 97 (kworker/6:3) soc_temp: |cp=33000|gpu=33000|cluster1=33000|cluster0=33000|cpu_top=33600|max=33600|pmic=25200|batt=25000|chg=25000|
12-20 10:22:38.819 2266 2331 D BBoostSrv: receive MESSAGE_TYPE_CHANNEL_POLLING
12-20 10:22:38.820 2266 2331 I BBoostSrv: ProcessCleaner CleanProcessAfterScreenOffByPolling state: false
12-20 10:22:38.820 805 2909 I ASRLOGD_MANAGER: loopCheckVolume: log_cache_path = /sdcard/asrlog, volumeLeft = 103925, low_volume = 0
12-20 10:22:38.821 1044 1106 D FileUtils: Rounded bytes from 3944148992 to 4000000000
12-20 10:22:38.823 2266 2331 D BBoostSrv: totalMemoryInfo :availMem=2663235584;threshold=226492416;lowMemory=false;totalMem=3944148992
12-20 10:22:38.823 2266 2331 D BBoostSrv: ChannelDispatcher updateMemoryAviable,memoryAviable=2663235584
12-20 10:22:38.824 2266 2331 D BBoostSrv: BoltBoostSystemServiceManager requestAaction : {"function":"getCpuloading","params":{"cpuload_threhold":75,"cpuload_process_number":10}}
12-20 10:22:38.824 2266 2331 D BBoostSrv: BoltBoostSystemServiceManager service.requestAaction : {"function":"getCpuloading","params":{"cpuload_threhold":75,"cpuload_process_number":10}}
12-20 10:22:38.824 1044 1106 D BBoostSrv: BoltBoostService REQUEST_GET_CPU_LOADING
12-20 10:22:38.867 1044 1106 D BBoostSrv: CpuStatsTracker cpu0_time_in_state[Hz, ms]: [Pair{1228000 0}, Pair{819000 3}, Pair{1500000 5}, Pair{614000 1}, Pair{409000 987}, Pair{491000 9}, Pair{1000000 1}]
12-20 10:22:38.867 1044 1106 D BBoostSrv: CpuStatsTracker cpu0_capacity_percentage: 27.811332007952288%
12-20 10:22:38.868 1044 1106 D BBoostSrv: CpuStatsTracker cpu6_time_in_state[Hz, ms]: [Pair{1228000 2}, Pair{819000 995}, Pair{1500000 2}, Pair{1600000 0}, Pair{1700000 0}, Pair{1000000 6}]
12-20 10:22:38.868 1044 1106 D BBoostSrv: CpuStatsTracker cpu6_capacity_percentage: 48.36763242610477%
12-20 10:22:38.868 1044 1106 D BBoostSrv: CpuStatsTracker Total Capacity Percentage (calculated on a scale of 800%): 263.6032568999233%
12-20 10:22:38.868 1044 1106 I BBoostSrv: CpuTM totalCpuloading(full 100%)= 0.53475934;updateInterval()=10064;CpuCapacityPercentage=263.6032568999233
12-20 10:22:38.869 2266 2331 D BBoostSrv: PCTracker updateTotalCpuloading,cpuloadingResult={"function":"getCpuloading","params":{"totalCpuloading":0.5347593426704407}}
12-20 10:22:38.869 2266 2331 D BBoostSrv: ChannelDispatcher updateTotalCpuloading,cpuloading=0.53475934%
12-20 10:22:40.044 97 97 I : c6 97 (kworker/6:3) soc_temp: |cp=33000|gpu=33000|cluster1=33000|cluster0=33200|cpu_top=34000|max=34000|pmic=25300|batt=25000|chg=25000|
12-20 10:22:40.479 612 887 I adspd : send time sync cmd
12-20 10:22:40.479 612 887 I adspd : send_cmd: TIME
12-20 10:22:40.480 612 887 I adspd : send_cmd: ACKS
12-20 10:22:40.480 612 885 I adspd : get cmd ACKS: 8
12-20 10:22:40.480 612 889 D adspd : [ADSP_DBG][ 313.893733][ipcctl ] CTRL:TIME(0x454d4954) 0x0,0x157c7af3,0x49,16
12-20 10:22:40.480 612 889 D adspd : [ADSP_DBG][ 313.893153][ipcctl ] CTRL:ACKS(0x534b4341) 0x0,0x0,0x0,16
12-20 10:22:41.064 97 97 I : c6 97 (kworker/6:3) soc_temp: |cp=33000|gpu=33000|cluster1=33000|cluster0=33000|cpu_top=33800|max=33800|pmic=25300|batt=25000|chg=25000|
12-20 10:22:42.084 97 97 I : c6 97 (kworker/6:3) soc_temp: |cp=33000|gpu=33000|cluster1=32800|cluster0=33200|cpu_top=33800|max=33800|pmic=25100|batt=25000|chg=25000|
12-20 10:22:43.104 97 97 I : c6 97 (kworker/6:3) soc_temp: |cp=33000|gpu=33000|cluster1=33000|cluster0=33200|cpu_top=33400|max=33400|pmic=25100|batt=25000|chg=25000|
12-20 10:22:44.124 97 97 I : c6 97 (kworker/6:3) soc_temp: |cp=33000|gpu=33000|cluster1=33000|cluster0=33000|cpu_top=33200|max=33200|pmic=25300|batt=25000|chg=25000|
12-20 10:22:45.144 97 97 I : c6 97 (kworker/6:3) soc_temp: |cp=33000|gpu=33000|cluster1=33000|cluster0=33000|cpu_top=33200|max=33200|pmic=25300|batt=25000|chg=25000|
12-20 10:22:45.625 1044 1153 D AsrAssertiveDisplayController: setLightSensorEnabled: mAdSettingOn:false --------- beginning of system
12-20 10:22:45.634 1044 1153 V DisplayPowerController2[0]: Brightness [0.05] reason changing to: 'manual [ dim ]', previous reason: 'manual'.
12-20 10:22:45.635 1044 1153 I DisplayPowerController2[0]: BrightnessEvent: disp=0, physDisp=local:0, displayState=ON, displayPolicy=DIM, brt=0.05, initBrt=0.5, rcmdBrt=NaN, preBrt=NaN, lux=0.0, preLux=0.0, hbmMax=1.0, hbmMode=off, rbcStrength=0, thrmMax=1.0, powerFactor=1.0, wasShortTermModelActive=false, flags=, reason=manual [ dim ], autoBrightness=false, strategy=InvalidBrightnessStrategy, autoBrightnessMode=default
12-20 10:22:46.164 97 97 I : c6 97 (kworker/6:3) soc_temp: |cp=33000|gpu=33000|cluster1=33000|cluster0=33400|cpu_top=33800|max=33800|pmic=25100|batt=25000|chg=25000|
12-20 10:22:46.325 1044 1153 D AsrAssertiveDisplayController: setLightSensorEnabled: mAdSettingOn:false
12-20 10:22:47.184 97 97 I : c6 97 (kworker/6:3) soc_temp: |cp=33000|gpu=33000|cluster1=33000|cluster0=33800|cpu_top=34400|max=34400|pmic=25100|batt=25000|chg=25000|
12-20 10:22:48.204 97 97 I : c6 97 (kworker/6:3) soc_temp: |cp=33000|gpu=33000|cluster1=33000|cluster0=33000|cpu_top=33800|max=33800|pmic=25300|batt=25000|chg=25000|
12-20 10:22:48.881 2266 2331 D BBoostSrv: receive MESSAGE_TYPE_CHANNEL_POLLING
12-20 10:22:48.881 2266 2331 I BBoostSrv: ProcessCleaner CleanProcessAfterScreenOffByPolling state: false
12-20 10:22:48.883 1044 1106 D FileUtils: Rounded bytes from 3944148992 to 4000000000
12-20 10:22:48.884 2266 2331 D BBoostSrv: totalMemoryInfo :availMem=2663272448;threshold=226492416;lowMemory=false;totalMem=3944148992
12-20 10:22:48.884 2266 2331 D BBoostSrv: ChannelDispatcher updateMemoryAviable,memoryAviable=2663272448
12-20 10:22:48.884 2266 2331 D BBoostSrv: BoltBoostSystemServiceManager requestAaction : {"function":"getCpuloading","params":{"cpuload_threhold":75,"cpuload_process_number":10}}
12-20 10:22:48.885 2266 2331 D BBoostSrv: BoltBoostSystemServiceManager service.requestAaction : {"function":"getCpuloading","params":{"cpuload_threhold":75,"cpuload_process_number":10}}
12-20 10:22:48.885 1044 1106 D BBoostSrv: BoltBoostService REQUEST_GET_CPU_LOADING
12-20 10:22:48.937 1044 1106 D BBoostSrv: CpuStatsTracker cpu0_time_in_state[Hz, ms]: [Pair{1228000 4}, Pair{819000 12}, Pair{1500000 1}, Pair{614000 3}, Pair{409000 965}, Pair{491000 19}, Pair{1000000 2}]
12-20 10:22:48.937 1044 1106 D BBoostSrv: CpuStatsTracker cpu0_capacity_percentage: 28.10444002650762%
12-20 10:22:48.938 1044 1106 D BBoostSrv: CpuStatsTracker cpu6_time_in_state[Hz, ms]: [Pair{1228000 0}, Pair{819000 1007}, Pair{1500000 0}, Pair{1600000 0}, Pair{1700000 0}, Pair{1000000 0}]
12-20 10:22:48.938 1044 1106 D BBoostSrv: CpuStatsTracker cpu6_capacity_percentage: 48.17647058823529%
12-20 10:22:48.938 1044 1106 D BBoostSrv: CpuStatsTracker Total Capacity Percentage (calculated on a scale of 800%): 264.9795813355163%
12-20 10:22:48.939 1044 1106 I BBoostSrv: CpuTM totalCpuloading(full 100%)= 1.2596657;updateInterval()=10069;CpuCapacityPercentage=264.9795813355163
12-20 10:22:48.940 2266 2331 D BBoostSrv: PCTracker updateTotalCpuloading,cpuloadingResult={"function":"getCpuloading","params":{"totalCpuloading":1.2596657276153564}}
12-20 10:22:48.940 2266 2331 D BBoostSrv: ChannelDispatcher updateTotalCpuloading,cpuloading=1.2596657%
12-20 10:22:49.224 97 97 I : c6 97 (kworker/6:3) soc_temp: |cp=33000|gpu=33000|cluster1=33000|cluster0=33200|cpu_top=33800|max=33800|pmic=25300|batt=25000|chg=25000|
12-20 10:22:50.244 97 97 I : c6 97 (kworker/6:3) soc_temp: |cp=33000|gpu=33000|cluster1=33000|cluster0=33400|cpu_top=34000|max=34000|pmic=25500|batt=25000|chg=25000|
12-20 10:22:51.264 97 97 I : c6 97 (kworker/6:3) soc_temp: |cp=33000|gpu=33000|cluster1=32800|cluster0=33000|cpu_top=33600|max=33600|pmic=25500|batt=25000|chg=25000|
12-20 10:22:51.464 637 637 W : c3 637 (android.hardwar) healthd: battery none chg=u
12-20 10:22:52.284 97 97 I : c6 97 (kworker/6:3) soc_temp: |cp=33000|gpu=33000|cluster1=33000|cluster0=33200|cpu_top=33600|max=33800|pmic=25700|batt=25000|chg=25000|
12-20 10:22:52.580 1044 1153 I PowerGroup: Powering off display group due to timeout (groupId= 0, uid= 1000, millisSinceLastUserActivity=60003, lastUserActivityEvent=other)...
12-20 10:22:52.582 1044 1153 I PowerManagerService: Going to sleep due to timeout (uid 1000, screenOffTimeout=60000, activityTimeoutWM=-1, maxDimRatio=0.20000005, maxDimDur=7000)...
12-20 10:22:52.585 1589 1748 D KeyguardViewMediator: onStartedGoingToSleep(3)
12-20 10:22:52.592 636 636 I mali_gralloc: Final selected format and dimensions: alloc_format=RGBA_8888 + Datatype: UNORM, usage=CPU-RoWo + TEXTURE + RENDER + HWC, alloc_width=720, alloc_height=1600
12-20 10:22:52.593 636 636 I mali_gralloc: Final selected format and dimensions: alloc_format=RGBA_8888 + Datatype: UNORM, usage=CPU-RoWo + TEXTURE + RENDER + HWC, alloc_width=720, alloc_height=1600
12-20 10:22:52.595 1044 1044 D OomAdjuster: Not killing cached processes
12-20 10:22:52.606 1589 1748 D KeyguardViewMediator: setting alarm to turn off keyguard, seq = 3
12-20 10:22:52.609 1589 1748 D KeyguardViewMediator: notifyStartedGoingToSleep
12-20 10:22:52.612 1589 1781 D KeyguardTransitionRepository: (Internal) Setting current transition info: TransitionInfo(ownerName=FromGoneTransitionInteractor(Sleep transition triggered), from=GONE, to=DOZING, animated)
12-20 10:22:52.618 1589 1589 D KeyguardViewMediator: handleNotifyStartedGoingToSleep
12-20 10:22:52.618 1589 1589 D KeyguardViewMediator: KeyguardViewMediator queue processing message: NOTIFY_STARTED_GOING_TO_SLEEP
12-20 10:22:52.619 1589 1589 I KeyguardTransitionRepository: STARTED transition: TransitionStep(from=GONE, to=DOZING, value=0.0, transitionState=STARTED, ownerName=FromGoneTransitionInteractor(Sleep transition triggered))
12-20 10:22:52.623 688 966 D DisplayModeController: setDesiredMode 0 {mode={fps=120.00 Hz, modePtr={id=1, vsyncRate=120.00 Hz, peakRefreshRate=120.00 Hz}}, emitEvent=true, force=false}
12-20 10:22:52.879 771 771 I : c1 771 (binder:659_1) [drm] asr_dsi_encoder_atomic_check()
12-20 10:22:52.883 10 10 I : c1 10 (kworker/u16:0) asr ddr bw read req: DPU to 2235017KB/s, all 2235077000
12-20 10:22:52.636 636 636 I mali_gralloc: Final selected format and dimensions: alloc_format=RGBA_8888 + AFBC + TILED + SPLIT + WIDE + YUV TRANSFORM + SPARSE + Datatype: UNORM, usage=TEXTURE + RENDER + HWC + FORCE_BACKBUFFER, alloc_width=720, alloc_height=1600
12-20 10:22:52.637 636 636 I mali_gralloc: Final selected format and dimensions: alloc_format=RGBA_8888 + AFBC + TILED + SPLIT + WIDE + YUV TRANSFORM + SPARSE + Datatype: UNORM, usage=TEXTURE + RENDER + HWC + FORCE_BACKBUFFER, alloc_width=720, alloc_height=1600
12-20 10:22:52.643 1589 1589 I vol.VolumeDialogImpl: mDialog.dismiss() reason: volume_controller from: com.android.systemui.volume.VolumeDialogImpl$7.onDismissRequested:3
12-20 10:22:52.646 636 636 I mali_gralloc: Final selected format and dimensions: alloc_format=RGBA_8888 + AFBC + TILED + SPLIT + WIDE + YUV TRANSFORM + SPARSE + Datatype: UNORM, usage=TEXTURE + RENDER + HWC + FORCE_BACKBUFFER, alloc_width=720, alloc_height=1600
12-20 10:22:52.646 636 636 I mali_gralloc: Final selected format and dimensions: alloc_format=RGBA_8888 + AFBC + TILED + SPLIT + WIDE + YUV TRANSFORM + SPARSE + Datatype: UNORM, usage=TEXTURE + RENDER + HWC + FORCE_BACKBUFFER, alloc_width=720, alloc_height=1600
12-20 10:22:52.654 366 366 I powerhal: Power setMode: EXPENSIVE_RENDERING to: 1
12-20 10:22:52.655 636 636 I mali_gralloc: Final selected format and dimensions: alloc_format=RGBA_8888 + AFBC + TILED + SPLIT + WIDE + YUV TRANSFORM + SPARSE + Datatype: UNORM, usage=TEXTURE + RENDER + HWC + FORCE_BACKBUFFER, alloc_width=720, alloc_height=1600
12-20 10:22:52.656 636 636 I mali_gralloc: Final selected format and dimensions: alloc_format=RGBA_8888 + AFBC + TILED + SPLIT + WIDE + YUV TRANSFORM + SPARSE + Datatype: UNORM, usage=TEXTURE + RENDER + HWC + FORCE_BACKBUFFER, alloc_width=720, alloc_height=1600
12-20 10:22:52.659 366 378 I powerhal-libperfmgr: Set /sys/class/devfreq/d7000000.gpu/min_freq : 0 => 614400000
12-20 10:22:52.915 7 7 I : c0 7 (kworker/0:0) asr ddr bw read req: DPU to 1853259KB/s, all 3352109788
12-20 10:22:52.667 1044 1153 D AsrAssertiveDisplayController: setLightSensorEnabled: mAdSettingOn:false
12-20 10:22:52.668 1044 1153 V DisplayPowerController2[0]: Brightness [0.5] reason changing to: 'manual', previous reason: 'manual [ dim ]'.
12-20 10:22:52.668 1044 1153 I DisplayPowerController2[0]: BrightnessEvent: disp=0, physDisp=local:0, displayState=ON, displayPolicy=OFF, brt=0.5, initBrt=0.05, rcmdBrt=NaN, preBrt=NaN, lux=0.0, preLux=0.0, hbmMax=1.0, hbmMode=off, rbcStrength=0, thrmMax=1.0, powerFactor=1.0, wasShortTermModelActive=false, flags=, reason=manual, autoBrightness=false, strategy=InvalidBrightnessStrategy, autoBrightnessMode=default
12-20 10:22:52.670 636 636 I mali_gralloc: Final selected format and dimensions: alloc_format=RGBA_8888 + AFBC + TILED + SPLIT + WIDE + YUV TRANSFORM + SPARSE + Datatype: UNORM, usage=TEXTURE + RENDER + HWC + FORCE_BACKBUFFER, alloc_width=720, alloc_height=1600
12-20 10:22:52.670 636 636 I mali_gralloc: Final selected format and dimensions: alloc_format=RGBA_8888 + AFBC + TILED + SPLIT + WIDE + YUV TRANSFORM + SPARSE + Datatype: UNORM, usage=TEXTURE + RENDER + HWC + FORCE_BACKBUFFER, alloc_width=720, alloc_height=1600
12-20 10:22:52.682 1044 1122 D DisplayManagerService: Ignore redundant display event 0/4 to 10081/2326
12-20 10:22:53.304 97 97 I : c6 97 (kworker/6:3) soc_temp: |cp=33400|gpu=33400|cluster1=33400|cluster0=34400|cpu_top=35000|max=35000|pmic=25700|batt=25000|chg=25000|
12-20 10:22:53.096 1044 1153 I DisplayPowerController2[0]: Blocking screen off
12-20 10:22:53.096 1044 1153 I DisplayPowerController2[0]: Unblocked screen off after 1 ms
12-20 10:22:53.101 1044 1153 D ActivityTaskManager: Top Process State changed to PROCESS_STATE_TOP_SLEEPING
12-20 10:22:53.110 1913 1913 W SplitSelectStateCtor: Missing session instanceIds
12-20 10:22:53.110 1913 1913 D StatsLog: LAUNCHER_SPLIT_SELECTION_EXIT_INTERRUPTED
12-20 10:22:53.113 1589 1589 D CentralSurfaces: !shouldBeKeyguard mStatusBarStateController.isKeyguardRequested() false keyguardForDozing false wakeAndUnlocking false isWakingAndOccluded false
12-20 10:22:53.113 1589 1589 D CentralSurfaces: hideKeyguardImpl false
12-20 10:22:53.114 1044 1153 I DisplayBrightnessStrategySelector: Changing the DisplayBrightnessStrategy from InvalidBrightnessStrategy to ScreenOffBrightnessStrategy for display 0
12-20 10:22:53.115 1044 1153 D AsrAssertiveDisplayController: setLightSensorEnabled: mAdSettingOn:false
12-20 10:22:53.117 1044 1153 V DisplayPowerController2[0]: Brightness [0.0] reason changing to: 'screen_off', previous reason: 'manual'.
12-20 10:22:53.117 1044 1153 I DisplayPowerController2[0]: BrightnessEvent: disp=0, physDisp=local:0, displayState=OFF, displayPolicy=OFF, brt=0.0, initBrt=0.5, rcmdBrt=NaN, preBrt=NaN, lux=0.0, preLux=0.0, hbmMax=1.0, hbmMode=off, rbcStrength=0, thrmMax=1.0, powerFactor=1.0, wasShortTermModelActive=false, flags=, reason=screen_off, autoBrightness=false, strategy=ScreenOffBrightnessStrategy, autoBrightnessMode=default
12-20 10:22:53.120 650 650 W nanohub : sendCmd: failed: count=20, ret=-1, errno=1
12-20 10:22:53.121 650 650 W nanohub : queueBatch: failed to send command: sensor=1, handle=1, period=80000000, latency=2000000000
12-20 10:22:53.362 650 650 E : c1 650 (android.hardwar) nanohub response failure: 1
12-20 10:22:53.123 688 688 D SurfaceFlinger: Setting power mode 0 on display 0
12-20 10:22:53.126 659 771 I hwc3 : Set power mode: OFF
12-20 10:22:53.126 659 771 D hwc-drm-atomic-state-manager: Set power state 0 for crtc: 143, connector: DSI-1
12-20 10:22:53.383 771 771 I : c2 771 (binder:659_1) [drm] asr_dsi_connector_best_encoder()
12-20 10:22:53.383 771 771 I : c2 771 (binder:659_1) [drm] asr_dsi_connector_best_encoder()
12-20 10:22:53.383 771 771 I : c2 771 (binder:659_1) [drm] asr_dsi_encoder_atomic_check()
12-20 10:22:53.383 771 771 I : c2 771 (binder:659_1) [drm] asr_dsi_encoder_disable()
12-20 10:22:53.383 771 771 I : c2 771 (binder:659_1) backlight_disable()
12-20 10:22:53.383 771 771 I : c2 771 (binder:659_1) [drm] dpu_stop()
12-20 10:22:53.136 1044 1122 D DisplayManagerService: Ignore redundant display event 0/4 to 10081/2326
12-20 10:22:53.137 1044 1122 I DisplayDeviceRepository: Display device changed state: "Built-in Screen", OFF
12-20 10:22:53.142 1044 1122 I InputManager-JNI: Viewport [0] to add: local:0, isActive: false
12-20 10:22:53.388 771 771 I : c2 771 (binder:659_1) drm_panel_disable()
12-20 10:22:53.388 771 771 I : c2 771 (binder:659_1) backlight_disable()
12-20 10:22:53.388 771 771 I : c2 771 (binder:659_1) [drm] asr_panel_disable()
12-20 10:22:53.144 1913 1913 D VRI[QuickstepLauncher]: visibilityChanged oldVisibility=true newVisibility=false
12-20 10:22:53.144 1044 1209 I InputReader: Reconfiguring input devices, changes=DISPLAY_INFO
12-20 10:22:53.145 1044 1209 I InputReader: Disabling omnivision_tcm_touch (device 5) because the associated viewport is not active
12-20 10:22:53.145 1044 1209 I InputReader: Device reconfigured: id=5, name='omnivision_tcm_touch', size 720x1612, orientation Rotation0, mode DISABLED, display id 0
12-20 10:22:53.148 1044 1122 W IPCThreadState: Sending oneway calls to frozen process.
12-20 10:22:53.152 1044 1123 W SurfaceControl: Invalid layer stack -1
12-20 10:22:53.152 1044 1123 I DisplayDevice: [0] Layerstack set to -1 for local:0
12-20 10:22:53.153 1913 1913 D BaseDepthController: setSurface:
12-20 10:22:53.153 1913 1913 D BaseDepthController: mWaitingOnSurfaceValidity: false
12-20 10:22:53.153 1913 1913 D BaseDepthController: mSurface: null
12-20 10:22:53.155 619 619 D audio_hw_primary: adev_set_parameters: enter: screen_state=off
12-20 10:22:53.155 619 619 D audio_hw_primary: adev_set_parameters: exit with code(0)
12-20 10:22:53.158 1913 1913 D StateManager: goToState - fromState: Normal, toState: Normal, partial trace:
12-20 10:22:53.158 1913 1913 D StateManager: at com.android.launcher3.statemanager.StateManager.moveToRestState(StateManager.java:453)
12-20 10:22:53.158 1913 1913 D StateManager: at com.android.launcher3.statemanager.StateManager.moveToRestState(StateManager.java:444)
12-20 10:22:53.158 1913 1913 D StateManager: at com.android.launcher3.statemanager.StatefulActivity.onStop(StatefulActivity.java:119)
12-20 10:22:53.160 1913 1913 D StatsLog: LAUNCHER_ONSTOP
12-20 10:22:53.160 1044 1769 I AppWidgetServiceImpl: setAppWidgetHidden() 0
12-20 10:22:53.162 588 631 I netd : tetherGetStats() -> {[]} <3.72ms>
12-20 10:22:53.165 1589 1589 D DisplayRepository: combining enabled=[0], connectedExternalDisplayIds=[], ignored=[]
12-20 10:22:53.264 688 966 D DisplayModeController: setDesiredMode 0 {mode={fps=60.00 Hz, modePtr={id=0, vsyncRate=60.00 Hz, peakRefreshRate=60.00 Hz}}, emitEvent=false, force=false}
12-20 10:22:53.544 771 771 I : c2 771 (binder:659_1) mipi: POWERDOWN!!
12-20 10:22:53.544 771 771 I : c2 771 (binder:659_1) [drm] asr_panel_unprepare()
12-20 10:22:53.706 771 771 I : c2 771 (binder:659_1) LDO22: off read after reg:0x14 val:0x4
12-20 10:22:53.706 771 771 I : c2 771 (binder:659_1) LDO22: off write before reg:0x14 val:0x0
12-20 10:22:53.708 771 771 I : c2 771 (binder:659_1) LDO13: off read after reg:0x13 val:0x46
12-20 10:22:53.708 771 771 I : c2 771 (binder:659_1) LDO13: off write before reg:0x13 val:0x44
12-20 10:22:53.709 771 771 I : c2 771 (binder:659_1) [drm] dphy suspend OK
12-20 10:22:53.709 771 771 I : c2 771 (binder:659_1) [drm] asr_crtc_atomic_disable(power off)
12-20 10:22:53.709 771 771 I : c2 771 (binder:659_1) asr ddr bw read req: DPU to 15KB/s, all 125376357
12-20 10:22:53.462 688 688 D SurfaceFlinger: Finished setting power mode 0 on display 0
12-20 10:22:53.465 1044 1569 D SurfaceControl: Excessive delay in setPowerMode()
12-20 10:22:53.471 1044 1153 D AsrAssertiveDisplayController: setLightSensorEnabled: mAdSettingOn:false
12-20 10:22:53.475 688 966 D DisplayModeController: setDesiredMode 0 {mode={fps=120.00 Hz, modePtr={id=1, vsyncRate=120.00 Hz, peakRefreshRate=120.00 Hz}}, emitEvent=true, force=false}
12-20 10:22:53.481 1044 1153 I DreamManagerService: Entering dreamland.
12-20 10:22:53.481 1044 1122 W IPCThreadState: Sending oneway calls to frozen process.
12-20 10:22:53.482 1044 1122 D DisplayManagerService: Ignore redundant display event 0/2 to 10081/2326
12-20 10:22:53.483 366 366 I powerhal: Power setMode: EXPENSIVE_RENDERING to: 0
12-20 10:22:53.484 366 378 I powerhal-libperfmgr: Set /sys/class/devfreq/d7000000.gpu/min_freq : 614400000 => 0
12-20 10:22:53.489 619 619 D audio_hw_primary: adev_set_parameters: enter: screen_state=off
12-20 10:22:53.489 619 619 D audio_hw_primary: adev_set_parameters: exit with code(0)
12-20 10:22:53.498 1044 1153 I PowerManagerService: Dozing...
12-20 10:22:53.500 1589 1589 D DisplayRepository: combining enabled=[0], connectedExternalDisplayIds=[], ignored=[]
12-20 10:22:53.506 1044 1115 I DreamController: Starting dream: name=ComponentInfo{com.android.systemui/com.android.systemui.doze.DozeService}, isPreviewMode=false, canDoze=true, userId=0, reason='power manager request'
12-20 10:22:53.519 1044 1115 D AutofillManagerService: Close system dialogs
12-20 10:22:53.532 1589 1589 I vol.VolumeDialogImpl: mDialog.dismiss() reason: volume_controller from: com.android.systemui.volume.VolumeDialogImpl$7.onDismissRequested:3
12-20 10:22:53.541 1589 1589 D SbStateController: setState: requested state KEYGUARD!= upcomingState: SHADE. This usually means the status bar state transition was interrupted before the upcoming state could be applied.
12-20 10:22:53.551 1589 1813 D KeyguardViewMediator: updateActivityLockScreenState(false, true)
12-20 10:22:53.588 1589 1589 V DreamService[DozeService]: UpdateDoze mDozeScreenState=1 mDozeScreenBrightness=13
12-20 10:22:53.590 1044 1153 D AsrAssertiveDisplayController: setLightSensorEnabled: mAdSettingOn:false
12-20 10:22:53.591 1044 1153 I DisplayPowerController2[0]: BrightnessEvent: disp=0, physDisp=local:0, displayState=OFF, displayPolicy=DOZE, brt=0.0, initBrt=0.0, rcmdBrt=NaN, preBrt=NaN, lux=0.0, preLux=0.0, hbmMax=1.0, hbmMode=off, rbcStrength=0, thrmMax=1.0, powerFactor=1.0, wasShortTermModelActive=false, flags=, reason=screen_off, autoBrightness=false, strategy=ScreenOffBrightnessStrategy, autoBrightnessMode=default
12-20 10:22:53.596 1589 2359 D KeyguardViewMediator: onFinishedGoingToSleep(3)
12-20 10:22:53.596 1589 2359 D KeyguardViewMediator: notifyFinishedGoingToSleep
12-20 10:22:53.601 1589 1589 I KeyguardTransitionRepository: FINISHED transition: TransitionStep(from=GONE, to=DOZING, value=1.0, transitionState=FINISHED, ownerName=FromGoneTransitionInteractor(Sleep transition triggered))
12-20 10:22:53.617 650 650 W nanohub : sendCmd: failed: count=20, ret=-1, errno=1
12-20 10:22:53.617 650 650 W nanohub : queueActivate: failed to send command: sensor=1, handle=1, enable=0
12-20 10:22:53.618 1044 1044 I PowerManagerService: onFlip(): Face up.
12-20 10:22:53.859 650 650 E : c1 650 (android.hardwar) nanohub response failure: 1
12-20 10:22:53.630 2266 2266 I BBoostSrv: BoltBoostServiceApplication ScreenReceiver Screen is off
12-20 10:22:53.631 2266 2266 D BBoostSrv: PowerPolicy setScreenOnMode enable: false
12-20 10:22:53.631 2266 2266 D BBoostSrv: PowerServiceClient setMode :mode=SCREEN_OFF;enabled=true
12-20 10:22:53.631 366 366 I powerhal: PowerExt setMode: SCREEN_OFF to: 1
12-20 10:22:53.632 1913 1913 D StateManager: goToState - fromState: Normal, toState: Normal, partial trace:
12-20 10:22:53.632 1913 1913 D StateManager: at com.android.launcher3.Launcher.onScreenOnChanged(Launcher.java:2130)
12-20 10:22:53.632 1913 1913 D StateManager: at com.android.launcher3.Launcher$$ExternalSyntheticLambda14.onScreenOnChanged(D8$$SyntheticClass:0)
12-20 10:22:53.632 1913 1913 D StateManager: at com.android.launcher3.util.ScreenOnTracker.lambda$dispatchScreenOnChanged$0(ScreenOnTracker.java:67)
12-20 10:22:53.638 636 636 I mali_gralloc: Final selected format and dimensions: alloc_format=RGBA_8888 + AFBC + TILED + SPLIT + WIDE + YUV TRANSFORM + SPARSE + Datatype: UNORM, usage=TEXTURE + RENDER + HWC, alloc_width=720, alloc_height=1600
12-20 10:22:53.638 636 636 I mali_gralloc: Final selected format and dimensions: alloc_format=RGBA_8888 + AFBC + TILED + SPLIT + WIDE + YUV TRANSFORM + SPARSE + Datatype: UNORM, usage=TEXTURE + RENDER + HWC, alloc_width=720, alloc_height=1600
12-20 10:22:53.642 636 636 I mali_gralloc: Final selected format and dimensions: alloc_format=RGBA_8888 + AFBC + TILED + SPLIT + WIDE + YUV TRANSFORM + SPARSE + Datatype: UNORM, usage=TEXTURE + RENDER + HWC, alloc_width=720, alloc_height=1600
12-20 10:22:53.642 636 636 I mali_gralloc: Final selected format and dimensions: alloc_format=RGBA_8888 + AFBC + TILED + SPLIT + WIDE + YUV TRANSFORM + SPARSE + Datatype: UNORM, usage=TEXTURE + RENDER + HWC, alloc_width=720, alloc_height=1600
12-20 10:22:53.645 1589 1602 I ndroid.systemui: JIT allocated 58KB for compiled code of java.lang.Object com.android.systemui.dagger.DaggerReferenceGlobalRootComponent$ReferenceSysUIComponentImpl$SwitchingProvider.get10()
12-20 10:22:53.645 636 636 I mali_gralloc: Final selected format and dimensions: alloc_format=RGBA_8888 + AFBC + TILED + SPLIT + WIDE + YUV TRANSFORM + SPARSE + Datatype: UNORM, usage=TEXTURE + RENDER + HWC, alloc_width=720, alloc_height=1600
12-20 10:22:53.645 636 636 I mali_gralloc: Final selected format and dimensions: alloc_format=RGBA_8888 + AFBC + TILED + SPLIT + WIDE + YUV TRANSFORM + SPARSE + Datatype: UNORM, usage=TEXTURE + RENDER + HWC, alloc_width=720, alloc_height=1600
12-20 10:22:53.645 1589 1602 I ndroid.systemui: Compiler allocated 6141KB to compile java.lang.Object com.android.systemui.dagger.DaggerReferenceGlobalRootComponent$ReferenceSysUIComponentImpl$SwitchingProvider.get10()
12-20 10:22:53.648 1044 1551 I MR2ServiceImpl: Updating composite discovery preference | preference: RouteDiscoveryRequest{ preferredFeatures={}, activeScan=false }, active routers: []
12-20 10:22:53.649 636 636 I mali_gralloc: Final selected format and dimensions: alloc_format=RGBA_8888 + AFBC + TILED + SPLIT + WIDE + YUV TRANSFORM + SPARSE + Datatype: UNORM, usage=TEXTURE + RENDER + HWC, alloc_width=720, alloc_height=1600
12-20 10:22:53.649 636 636 I mali_gralloc: Final selected format and dimensions: alloc_format=RGBA_8888 + AFBC + TILED + SPLIT + WIDE + YUV TRANSFORM + SPARSE + Datatype: UNORM, usage=TEXTURE + RENDER + HWC, alloc_width=720, alloc_height=1600
12-20 10:22:53.666 1589 1589 W View : requestLayout() improperly called by com.android.systemui.util.AutoMarqueeTextView{34f8e5c VFED..C.. ..S...ID 195,0-463,96 #7f0a054c app:id/no_carrier_text} during layout: running second layout pass
12-20 10:22:53.667 1589 1589 W View : requestLayout() improperly called by com.android.keyguard.CarrierText{d67d565 V.ED..... ......ID 32,0-332,80 #7f0a03bd app:id/keyguard_carrier_text} during layout: running second layout pass
12-20 10:22:53.694 2266 2266 W [BBoostSrv] WakeLockMonitor: Android WakeLock Info: Wake Locks: size=1
12-20 10:22:53.695 2266 2266 W [BBoostSrv] WakeLockMonitor: Android WakeLock Info: DOZE_WAKE_LOCK 'dream:doze' ACQ=-101ms (uid=1000 pid=1044)
12-20 10:22:53.700 1589 1589 D SbStateController: setIsDreaming:true
12-20 10:22:53.700 1589 1589 D KeyguardViewMediator: handleNotifyFinishedGoingToSleep
12-20 10:22:53.701 1589 1589 D KeyguardViewMediator: KeyguardViewMediator queue processing message: NOTIFY_FINISHED_GOING_TO_SLEEP
12-20 10:22:53.719 1589 1589 I vol.VolumeDialogImpl: mDialog.dismiss() reason: screen_off from: com.android.systemui.volume.VolumeDialogImpl$7.onScreenOff:4
12-20 10:22:53.719 1589 1589 D vol.VolumeDialogImpl: dismissH: skipping dismiss because isAnimatingDismiss is true and showingStateInconsistent is false
12-20 10:22:53.734 1044 1734 D SystemServerTiming: getUserSwitchability-0
12-20 10:22:53.734 1044 1734 D SystemServerTiming: TM.isInCall
12-20 10:22:53.736 1044 1734 V SystemServerTiming: TM.isInCall took to complete: 2ms
12-20 10:22:53.736 1044 1734 D SystemServerTiming: hasUserRestriction-DISALLOW_USER_SWITCH
12-20 10:22:53.736 1044 1734 V SystemServerTiming: hasUserRestriction-DISALLOW_USER_SWITCH took to complete: 0ms
12-20 10:22:53.736 1044 1734 D SystemServerTiming: getInt-ALLOW_USER_SWITCHING_WHEN_SYSTEM_USER_LOCKED
12-20 10:22:53.737 1044 1734 V SystemServerTiming: getInt-ALLOW_USER_SWITCHING_WHEN_SYSTEM_USER_LOCKED took to complete: 0ms
12-20 10:22:53.737 1044 1734 D SystemServerTiming: isUserUnlocked-USER_SYSTEM
12-20 10:22:53.737 1044 1734 V SystemServerTiming: isUserUnlocked-USER_SYSTEM took to complete: 0ms
12-20 10:22:53.737 1044 1734 V SystemServerTiming: getUserSwitchability-0 took to complete: 3ms
12-20 10:22:53.737 1044 1769 D SystemServerTiming: getUserSwitchability-0
12-20 10:22:53.737 1044 1769 D SystemServerTiming: TM.isInCall
12-20 10:22:53.739 1044 1769 V SystemServerTiming: TM.isInCall took to complete: 2ms
12-20 10:22:53.739 1044 1769 D SystemServerTiming: hasUserRestriction-DISALLOW_USER_SWITCH
12-20 10:22:53.740 1044 1769 V SystemServerTiming: hasUserRestriction-DISALLOW_USER_SWITCH took to complete: 0ms
12-20 10:22:53.740 1044 1769 D SystemServerTiming: getInt-ALLOW_USER_SWITCHING_WHEN_SYSTEM_USER_LOCKED
12-20 10:22:53.740 1044 1769 V SystemServerTiming: getInt-ALLOW_USER_SWITCHING_WHEN_SYSTEM_USER_LOCKED took to complete: 0ms
12-20 10:22:53.740 1044 1769 D SystemServerTiming: isUserUnlocked-USER_SYSTEM
12-20 10:22:53.740 1044 1769 V SystemServerTiming: isUserUnlocked-USER_SYSTEM took to complete: 0ms
12-20 10:22:53.740 1044 1769 V SystemServerTiming: getUserSwitchability-0 took to complete: 3ms
12-20 10:22:53.754 1589 1589 D BiometricsRepositoryImpl: currentUser authFlags changed, new value: AuthenticationFlags(userId=0, flag=0)
12-20 10:22:53.755 1589 1589 D BiometricsRepositoryImpl: currentUser authFlags changed, new value: AuthenticationFlags(userId=0, flag=0)
12-20 10:22:53.758 1589 1589 D BiometricsRepositoryImpl: currentUser authFlags changed, new value: AuthenticationFlags(userId=0, flag=0)
12-20 10:22:53.759 1589 1589 D BiometricsRepositoryImpl: currentUser authFlags changed, new value: AuthenticationFlags(userId=0, flag=0)
12-20 10:22:53.789 1589 1589 D BiometricsRepositoryImpl: currentUser authFlags changed, new value: AuthenticationFlags(userId=0, flag=0)
12-20 10:22:53.789 1589 1589 D BiometricsRepositoryImpl: currentUser authFlags changed, new value: AuthenticationFlags(userId=0, flag=0)
12-20 10:22:53.792 1589 1744 D ControlsListingControllerImpl: Subscribing callback, service count: 0
12-20 10:22:53.794 1589 1744 D ControlsListingControllerImpl: Subscribing callback, service count: 0
12-20 10:22:53.797 1589 1744 D ControlsListingControllerImpl: Subscribing callback, service count: 0
12-20 10:22:53.799 1589 1744 E QuickAccessWalletKeyguardQuickAffordanceConfig: Wallet card retrieval error, message: "null"
12-20 10:22:53.803 1589 1744 E QuickAccessWalletKeyguardQuickAffordanceConfig: Wallet card retrieval error, message: "null"
12-20 10:22:53.804 1589 1744 E QuickAccessWalletKeyguardQuickAffordanceConfig: Wallet card retrieval error, message: "null"
12-20 10:22:53.831 688 966 D DisplayModeController: setDesiredMode 0 {mode={fps=60.00 Hz, modePtr={id=0, vsyncRate=60.00 Hz, peakRefreshRate=60.00 Hz}}, emitEvent=false, force=false}
12-20 10:22:53.863 805 2909 I ASRLOGD_MANAGER: loopCheckVolume: log_cache_path = /sdcard/asrlog, volumeLeft = 103925, low_volume = 0
12-20 10:22:54.325 97 97 I : c6 97 (kworker/6:3) soc_temp: |cp=34800|gpu=34400|cluster1=34200|cluster0=36600|cpu_top=37400|max=37400|pmic=25600|batt=25000|chg=25000|
12-20 10:22:54.112 1589 1667 V WindowManagerShell: Transition requested (#8): android.os.BinderProxy@20b99bc TransitionRequestInfo { type = SLEEP, triggerTask = null, pipTask = null, remoteTransition = null, displayChange = null, flags = 0, debugId = 8 }
12-20 10:22:54.112 1589 2040 V WindowManagerShell: onTransitionReady(transaction=4483945857638)
12-20 10:22:54.114 1044 1115 V WindowManager: Sent Transition (#8) createdAt=12-20 10:22:54.108 via request=TransitionRequestInfo { type = SLEEP, triggerTask = null, pipTask = null, remoteTransition = null, displayChange = null, flags = 0, debugId = 8 }
12-20 10:22:54.115 1044 1115 V WindowManager: startWCT=null
12-20 10:22:54.115 1044 1115 V WindowManager: info={id=8 t=SLEEP f=0x0 trk=0 r=[] c=[]}
12-20 10:22:54.117 1044 2321 W Transition: Transition already started id=8 state=2
