12-20 10:22:54.120 1589 1667 V WindowManagerShell: onTransitionReady (#8) android.os.BinderProxy@20b99bc: {id=8 t=SLEEP f=0x0 trk=0 r=[] c=[]}
12-20 10:22:54.121 1589 1667 V WindowManagerShell: No transition roots in (#8) android.os.BinderProxy@20b99bc@0 so abort
12-20 10:22:54.121 688 966 D DisplayModeController: setDesiredMode 0 {mode={fps=120.00 Hz, modePtr={id=1, vsyncRate=120.00 Hz, peakRefreshRate=120.00 Hz}}, emitEvent=true, force=false}
12-20 10:22:54.127 1589 1667 V WindowManagerShell: Transition animation finished (aborted=true), notifying core (#8) android.os.BinderProxy@20b99bc@0
12-20 10:22:54.134 1044 1115 V WindowManager: Finish Transition (#8): created at
12-20 10:22:54.108 collect-started=0.5ms request-sent=0.939ms started=1.954ms ready=1.915ms sent=2.977ms finished=24.416ms
12-20 10:22:54.135 1589 1667 V WindowManagerShell: Track 0 became idle
12-20 10:22:54.135 1589 1667 V WindowManagerShell: All active transition animations finished
12-20 10:22:54.140 1044 2321 W UserManagerService: Requested status bar icon for non-badged user 0
12-20 10:22:54.210 688 966 D DisplayModeController: setDesiredMode 0 {mode={fps=60.00 Hz, modePtr={id=0, vsyncRate=60.00 Hz, peakRefreshRate=60.00 Hz}}, emitEvent=false, force=false}
12-20 10:22:54.606 1044 1551 I MR2ServiceImpl: Updating composite discovery preference | preference: RouteDiscoveryRequest{ preferredFeatures={}, activeScan=false }, active routers: []
12-20 10:22:54.638 588 631 I netd : tetherGetStats() -> {[]} <4.48ms>
12-20 10:22:55.344 97 97 I : c6 97 (kworker/6:3) soc_temp: |cp=34400|gpu=34200|cluster1=34000|cluster0=34600|cpu_top=35200|max=35200|pmic=25600|batt=25000|chg=25000|
12-20 10:22:55.864 110 110 I : c0 110 (irq/37-pm853) onkey isr 1
12-20 10:22:55.621 1044 1209 I PowerGroup: Waking up power group from Dozing (groupId=0, uid=1000, reason=WAKE_REASON_POWER_BUTTON, details=android.policy:POWER)...
12-20 10:22:55.622 366 366 I powerhal: Power setBoost: INTERACTION duration: 0
12-20 10:22:55.623 366 378 I powerhal-libperfmgr: Set /sys/devices/system/cpu/cpufreq/policy0/scaling_min_freq : 0 => 1228000
12-20 10:22:55.623 366 378 I powerhal-libperfmgr: Set /sys/devices/system/cpu/cpufreq/policy6/scaling_min_freq : 0 => 1228000
12-20 10:22:55.624 366 378 I powerhal-libperfmgr: Set /sys/class/devfreq/c0000000.ddr_fc/min_freq : 116665000 => 466666000
12-20 10:22:55.624 688 965 D DisplayModeController: setDesiredMode 0 {mode={fps=120.00 Hz, modePtr={id=1, vsyncRate=120.00 Hz, peakRefreshRate=120.00 Hz}}, emitEvent=true, force=false}
12-20 10:22:55.624 1044 1209 I PowerManagerService: Waking up from Dozing (uid=1000, reason=WAKE_REASON_POWER_BUTTON, details=android.policy:POWER)...
12-20 10:22:55.626 1589 2040 D KeyguardViewMediator: onStartedWakingUp, seq = 4, mPowerGestureIntercepted = false
12-20 10:22:55.626 1589 2040 D KeyguardViewMediator: notifyStartedWakingUp
12-20 10:22:55.626 1589 1589 D KeyguardViewMediator: handleNotifyWakingUp
12-20 10:22:55.628 1589 1589 D KeyguardViewMediator: KeyguardViewMediator queue processing message: NOTIFY_STARTED_WAKING_UP
12-20 10:22:55.630 1044 2321 D CoreBackPreview: Window{d1adaa0 u0 NotificationShade}: Setting back callback OnBackInvokedCallbackInfo{mCallback=android.window.IOnBackInvokedCallback$Stub$Proxy@35e208a, mPriority=0, mIsAnimationCallback=false}
12-20 10:22:55.632 1044 1153 I DisplayPowerController2[0]: Blocking screen on until initial contents have been drawn.
12-20 10:22:55.633 1044 1153 I DisplayBrightnessStrategySelector: Changing the DisplayBrightnessStrategy from ScreenOffBrightnessStrategy to InvalidBrightnessStrategy for display 0
12-20 10:22:55.633 1044 1153 D AsrAssertiveDisplayController: setLightSensorEnabled: mAdSettingOn:false
12-20 10:22:55.636 1044 1153 V DisplayPowerController2[0]: Brightness [0.5] reason changing to: 'manual', previous reason: 'screen_off'.
12-20 10:22:55.637 1044 1153 I DisplayPowerController2[0]: BrightnessEvent: disp=0, physDisp=local:0, displayState=ON, displayPolicy=BRIGHT, brt=0.5, initBrt=0.0, rcmdBrt=NaN, preBrt=NaN, lux=0.0, preLux=0.0, hbmMax=1.0, hbmMode=off, rbcStrength=0, thrmMax=1.0, powerFactor=1.0, wasShortTermModelActive=false, flags=, reason=manual, autoBrightness=false, strategy=InvalidBrightnessStrategy, autoBrightnessMode=default
12-20 10:22:55.638 1044 1551 I MR2ServiceImpl: Updating composite discovery preference | preference: RouteDiscoveryRequest{ preferredFeatures={}, activeScan=false }, active routers: []
12-20 10:22:55.644 688 688 D SurfaceFlinger: Setting power mode 2 on display 0
12-20 10:22:55.644 659 771 I hwc3 : Set power mode: ON
12-20 10:22:55.644 1044 1122 I DisplayDeviceRepository: Display device changed state: "Built-in Screen", ON
12-20 10:22:55.644 1589 1589 D CentralSurfaces: mShouldDelayWakeUpAnimation CLEARED
12-20 10:22:55.645 688 688 D SurfaceFlinger: Finished setting power mode 2 on display 0
12-20 10:22:55.645 1589 1589 D CentralSurfaces: !shouldBeKeyguard mStatusBarStateController.isKeyguardRequested() false keyguardForDozing false wakeAndUnlocking false isWakingAndOccluded false
12-20 10:22:55.645 1589 1589 D CentralSurfaces: hideKeyguardImpl false
12-20 10:22:55.645 1589 1589 D SbStateController: setState: requested state SHADE!= upcomingState: KEYGUARD. This usually means the status bar state transition was interrupted before the upcoming state could be applied.
12-20 10:22:55.650 1044 1122 I InputManager-JNI: Viewport [0] to add: local:0, isActive: true
12-20 10:22:55.651 1044 1122 W IPCThreadState: Sending oneway calls to frozen process.
12-20 10:22:55.652 1044 1209 I InputReader: Reconfiguring input devices, changes=DISPLAY_INFO
12-20 10:22:55.652 1044 1209 I InputReader: Device reconfigured: id=5, name='omnivision_tcm_touch', size 720x1600, orientation Rotation0, mode DIRECT, display id 0
12-20 10:22:55.656 1044 1123 I DisplayDevice: [0] Layerstack set to 0 for local:0
12-20 10:22:55.895 650 650 E : c1 650 (android.hardwar) nanohub response failure: 1
12-20 10:22:55.658 1044 1122 W IPCThreadState: Sending oneway calls to frozen process.
12-20 10:22:55.659 1044 1122 D DisplayManagerService: Ignore redundant display event 0/2 to 10081/2326
12-20 10:22:55.660 650 650 W nanohub : sendCmd: failed: count=20, ret=-1, errno=1
12-20 10:22:55.660 650 650 W nanohub : queueBatch: failed to send command: sensor=1, handle=1, period=80000000, latency=2000000000
12-20 10:22:55.664 1589 1813 D KeyguardViewMediator: updateActivityLockScreenState(false, false)
12-20 10:22:55.664 619 619 D audio_hw_primary: adev_set_parameters: enter: screen_state=on
12-20 10:22:55.664 619 619 D audio_hw_primary: adev_set_parameters: exit with code(0)
12-20 10:22:55.680 650 650 W nanohub : sendCmd: failed: count=20, ret=-1, errno=1
12-20 10:22:55.680 588 631 I netd : tetherGetStats() -> {[]} <4.87ms>
12-20 10:22:55.680 650 650 W nanohub : queueActivate: failed to send command: sensor=1, handle=1, enable=1
12-20 10:22:55.681 1044 1769 D ActivityTaskManager: Top Process State changed to PROCESS_STATE_TOP
12-20 10:22:55.915 650 650 E : c1 650 (android.hardwar) nanohub response failure: 1
12-20 10:22:55.684 619 619 D audio_hw_primary: adev_set_parameters: enter: screen_state=on
12-20 10:22:55.684 619 619 D audio_hw_primary: adev_set_parameters: exit with code(0)
12-20 10:22:55.687 1589 1667 V WindowManagerShell: Transition requested (#9): android.os.BinderProxy@3ab57a7 TransitionRequestInfo { type = WAKE, triggerTask = null, pipTask = null, remoteTransition = null, displayChange = null, flags = 0, debugId = 9 }
12-20 10:22:55.687 1589 1787 D KeyguardTransitionRepository: (Internal) Setting current transition info: TransitionInfo(ownerName=FromDozingTransitionInteractor, from=DOZING, to=GONE, animated)
12-20 10:22:55.691 659 771 D hwc-drm-atomic-state-manager: Set power state 1 for crtc: 143, connector: DSI-1
12-20 10:22:55.941 771 771 I : c1 771 (binder:659_1) [drm] asr_dsi_connector_best_encoder()
12-20 10:22:55.941 771 771 I : c1 771 (binder:659_1) [drm] asr_dsi_connector_best_encoder()
12-20 10:22:55.941 771 771 I : c1 771 (binder:659_1) [drm] asr_dsi_encoder_atomic_check()
12-20 10:22:55.941 771 771 I : c1 771 (binder:659_1) [drm] asr_crtc_atomic_enable(power on)
12-20 10:22:55.942 771 771 I : c1 771 (binder:659_1) asr ddr bw read req: DPU to 1100000KB/s, all 3157282832
12-20 10:22:55.942 771 771 I : c1 771 (binder:659_1) [drm] asr_dsi_encoder_enable()
12-20 10:22:55.943 771 771 I : c1 771 (binder:659_1) [drm] dphy resume OK
12-20 10:22:55.943 771 771 I : c1 771 (binder:659_1) [drm] asr_panel_prepare()
12-20 10:22:55.944 771 771 I : c1 771 (binder:659_1) LDO13: on read after reg:0x13 val:0x44
12-20 10:22:55.944 771 771 I : c1 771 (binder:659_1) LDO13: on write before reg:0x13 val:0x46
12-20 10:22:55.944 771 771 I : c1 771 (binder:659_1) LDO22: on read after reg:0x14 val:0x0
12-20 10:22:55.944 771 771 I : c1 771 (binder:659_1) LDO22: on write before reg:0x14 val:0x4
12-20 10:22:55.710 2266 2266 I BBoostSrv: BoltBoostServiceApplication ScreenReceiver Screen is on
12-20 10:22:55.711 2266 2266 D BBoostSrv: PowerPolicy setScreenOnMode enable: true
12-20 10:22:55.711 2266 2331 D BBoostSrv: receive MESSAGE_TYPE_CHANNEL_SCREEN_ON
12-20 10:22:55.711 2266 2331 D BBoostSrv: PolicyDispatcher screen on
12-20 10:22:55.711 2266 2331 I BBoostSrv: ProcessCleaner screenOn state: false
12-20 10:22:55.711 2266 2266 D BBoostSrv: PowerServiceClient setMode :mode=SCREEN_OFF;enabled=false
12-20 10:22:55.711 1044 1769 I AppWidgetServiceImpl: startListening() 0
12-20 10:22:55.712 366 366 I powerhal: PowerExt setMode: SCREEN_OFF to: 0
12-20 10:22:55.716 1044 1551 I MR2ServiceImpl: Updating composite discovery preference | preference: RouteDiscoveryRequest{ preferredFeatures={}, activeScan=false }, active routers: []
12-20 10:22:55.716 1589 1667 W Looper : Slow delivery took 32ms wmshell.main h=android.os.Handler c=com.android.wm.shell.pip.phone.PipController$PipImpl$$ExternalSyntheticLambda0@c02004a m=0
12-20 10:22:55.717 1589 1667 D WindowManagerShell: setLauncherKeepClearAreaHeight: visible=false, height=224
12-20 10:22:55.717 1589 1667 W Looper : Drained
12-20 10:22:55.717 1589 1667 D WindowManagerShell: setLauncherKeepClearAreaHeight: visible=true, height=224
12-20 10:22:55.723 1044 2321 D ChannelManager: onAppSwitch : appNamecom.android.launcher3;activityName=com.android.launcher3/.uioverrides.QuickstepLauncher;pid=1913
12-20 10:22:55.724 1044 2321 D ChannelManager: notifyChangedJson : {"function":"appSwtich","params":{"appName":"com.android.launcher3","activityName":"com.android.launcher3\/.uioverrides.QuickstepLauncher","pid":1913}}
12-20 10:22:55.724 1044 2321 D ChannelManager: getPChannelService : mChannelService != null
12-20 10:22:55.724 1044 2321 D ChannelManager: service.notifyChangedJson : {"function":"appSwtich","params":{"appName":"com.android.launcher3","activityName":"com.android.launcher3\/.uioverrides.QuickstepLauncher","pid":1913}}
12-20 10:22:55.727 1913 1913 D BaseDepthController: setSurface:
12-20 10:22:55.727 1913 1913 D BaseDepthController: mWaitingOnSurfaceValidity: false
12-20 10:22:55.727 1913 1913 D BaseDepthController: mSurface: Surface(name=com.android.launcher3/com.android.launcher3.uioverrides.QuickstepLauncher)/@0x7457d7f
12-20 10:22:55.728 636 636 I mali_gralloc: Final selected format and dimensions: alloc_format=RGBA_8888 + AFBC + TILED + SPLIT + WIDE + YUV TRANSFORM + SPARSE + Datatype: UNORM, usage=TEXTURE + RENDER + HWC, alloc_width=720, alloc_height=1600
12-20 10:22:55.728 636 636 I mali_gralloc: Final selected format and dimensions: alloc_format=RGBA_8888 + AFBC + TILED + SPLIT + WIDE + YUV TRANSFORM + SPARSE + Datatype: UNORM, usage=TEXTURE + RENDER + HWC, alloc_width=720, alloc_height=1600
12-20 10:22:55.732 636 636 I mali_gralloc: Final selected format and dimensions: alloc_format=RGBA_8888 + AFBC + TILED + SPLIT + WIDE + YUV TRANSFORM + SPARSE + Datatype: UNORM, usage=TEXTURE + RENDER + HWC, alloc_width=720, alloc_height=1600
12-20 10:22:55.733 636 636 I mali_gralloc: Final selected format and dimensions: alloc_format=RGBA_8888 + AFBC + TILED + SPLIT + WIDE + YUV TRANSFORM + SPARSE + Datatype: UNORM, usage=TEXTURE + RENDER + HWC, alloc_width=720, alloc_height=1600
12-20 10:22:55.734 2266 2319 D BBoostSrv: ChannelDispatcher notifyChangedJson :{"function":"appSwtich","params":{"appName":"com.android.launcher3","activityName":"com.android.launcher3\/.uioverrides.QuickstepLauncher","pid":1913}}
12-20 10:22:55.734 2266 2319 D BBoostSrv: ChannelDispatcher IPChannelServiceListener MESSAGE_TYPE_CHANNEL_APP_SWTICH
12-20 10:22:55.734 2266 2319 D BBoostSrv: ProcessCleaner updateRecentProcessMap,pid=1913
12-20 10:22:55.970 143 143 E : c6 143 (irq/74-omnivisi) omnivision_tcm_spi spi0.0: ovt_tcm_read_message error: (line 1601) Incorrect header marker (0x00)
12-20 10:22:55.734 2266 2331 D BBoostSrv: receive MESSAGE_TYPE_CHANNEL_APP_SWTICH
12-20 10:22:55.735 2266 2331 D BBoostSrv: BoltBoostEngineClient notifyChangeJson{"function":"appSwtich","params":{"appName":"com.android.launcher3","activityName":"com.android.launcher3\/.uioverrides.QuickstepLauncher","pid":1913}}
12-20 10:22:55.735 2266 2331 D BBoostSrv: PolicyDispatcher updateAppSwitched,appName=com.android.launcher3
12-20 10:22:55.735 662 662 I BoltBoostEngine: notifyChangeJson : {"function":"appSwtich","params":{"appName":"com.android.launcher3","activityName":"com.android.launcher3\/.uioverrides.QuickstepLauncher","pid":1913}}
12-20 10:22:55.735 2266 2331 D BBoostSrv: BoltBoostFactor Added factor: Package with value: com.android.launcher3
12-20 10:22:55.735 2266 2331 D BBoostSrv: BoltBoostFactor Added factor: Activity with value: com.android.launcher3/.uioverrides.QuickstepLauncher
12-20 10:22:55.735 662 662 D BoltBoostEngine: receivedValue[function] = appSwtich, receivedValue[params] = {"activityName":"com.android.launcher3/.uioverrides.QuickstepLauncher","appName":"com.android.launcher3","pid":1913},
12-20 10:22:55.735 662 662 D BoltBoostEngine: functionId is FUCTION_ID_APP_SWITCH
12-20 10:22:55.735 662 662 D BoltBoostEngine: swtich app to = com.android.launcher3
12-20 10:22:55.735 662 662 D BoltBoostEngine: swtich app to = com.android.launcher3 ,try to changeCpusetPolicy
12-20 10:22:55.735 2266 2331 D BBoostSrv: BoltBoostPolicyCore applyPolicy,policies size=2
12-20 10:22:55.736 2266 2331 D BBoostSrv: BoltBoostPolicyCore applyPolicy,key=CpusetConfig;value=0x00
12-20 10:22:55.736 2266 2331 I BBoostSrv: BoltBoostPolicyCore applyPolicy override cpuset policy 0x00
12-20 10:22:55.736 2266 2331 D BBoostSrv: PolicyAgent applyPolicy is equals to prev PolicyId (0) skip apply.
12-20 10:22:55.736 2266 2331 D BBoostSrv: BoltBoostPolicyCore applyPolicy,key=PowerHintConfig;value=0x00
12-20 10:22:55.736 2266 2331 I BBoostSrv: BoltBoostPolicyCore applyPolicy override PowerHintConfig policy 0x00
12-20 10:22:55.736 2266 2331 D BBoostSrv: PolicyAgent applyPolicy is equals to prev PolicyId (0) skip apply.
12-20 10:22:55.736 2266 2331 D BBoostSrv: PowerServiceClient setBoost :boost=RECENT_AND_APP_SWITCH;durationMs=500
12-20 10:22:55.736 366 366 I powerhal: PowerExt setBoost: RECENT_AND_APP_SWITCH duration: 500
12-20 10:22:55.736 366 378 I powerhal-libperfmgr: Set /sys/devices/system/cpu/cpufreq/policy0/scaling_min_freq : 1228000 => 9999999
12-20 10:22:55.737 366 378 I powerhal-libperfmgr: Set /sys/devices/system/cpu/cpufreq/policy6/scaling_min_freq : 1228000 => 9999999
12-20 10:22:55.970 110 110 I : c0 110 (irq/37-pm853) onkey isr 0
12-20 10:22:55.983 143 143 E : c6 143 (irq/74-omnivisi) omnivision_tcm_spi spi0.0: ovt_tcm_isr error: (line 2211) Failed to read message
12-20 10:22:55.737 366 378 I powerhal-libperfmgr: Set /sys/class/devfreq/c0000000.ddr_fc/min_freq : 466666000 => 466666000
12-20 10:22:55.737 366 378 I powerhal-libperfmgr: Set /sys/class/devfreq/d7000000.gpu/min_freq : 0 => 999999999
12-20 10:22:55.737 636 636 I mali_gralloc: Final selected format and dimensions: alloc_format=RGBA_8888 + AFBC + TILED + SPLIT + WIDE + YUV TRANSFORM + SPARSE + Datatype: UNORM, usage=TEXTURE + RENDER + HWC, alloc_width=720, alloc_height=1600
12-20 10:22:55.737 636 636 I mali_gralloc: Final selected format and dimensions: alloc_format=RGBA_8888 + AFBC + TILED + SPLIT + WIDE + YUV TRANSFORM + SPARSE + Datatype: UNORM, usage=TEXTURE + RENDER + HWC, alloc_width=720, alloc_height=1600
12-20 10:22:55.741 1913 1913 D StatsLog: LAUNCHER_ONRESUME
12-20 10:22:55.741 636 636 I mali_gralloc: Final selected format and dimensions: alloc_format=RGBA_8888 + AFBC + TILED + SPLIT + WIDE + YUV TRANSFORM + SPARSE + Datatype: UNORM, usage=TEXTURE + RENDER + HWC, alloc_width=720, alloc_height=1600
12-20 10:22:55.741 636 636 I mali_gralloc: Final selected format and dimensions: alloc_format=RGBA_8888 + AFBC + TILED + SPLIT + WIDE + YUV TRANSFORM + SPARSE + Datatype: UNORM, usage=TEXTURE + RENDER + HWC, alloc_width=720, alloc_height=1600
12-20 10:22:55.748 1044 1115 V WindowManager: Sent Transition (#9) createdAt=12-20 10:22:55.681 via request=TransitionRequestInfo { type = WAKE, triggerTask = null, pipTask = null, remoteTransition = null, displayChange = null, flags = 0, debugId = 9 }
12-20 10:22:55.748 1044 1115 V WindowManager: startWCT=WindowContainerTransaction { changes = {} hops = [] errorCallbackToken=null taskFragmentOrganizer=null }
12-20 10:22:55.749 1044 1115 V WindowManager: info={id=9 t=WAKE f=0x0 trk=0 r=[0@Point(0, 0)] c=[
12-20 10:22:55.749 1044 1115 V WindowManager: {WCT{RemoteToken{762876c Task{7e5955e #1 type=home}}} m=TO_FRONT f=SHOW_WALLPAPER p=WCT{RemoteToken{3bec135 DefaultTaskDisplayArea@157629511}} leash=Surface(name=Task=1)/@0x2df70f4 sb=Rect(0, 0 - 720, 1600) eb=Rect(0, 0 - 720, 1600) d=0 taskParent=-1},
12-20 10:22:55.749 1044 1115 V WindowManager: {WCT{RemoteToken{3bec135 DefaultTaskDisplayArea@157629511}} m=TO_FRONT f=SHOW_WALLPAPER leash=Surface(name=DefaultTaskDisplayArea)/@0x3a332c7 sb=Rect(0, 0 - 720, 1600) eb=Rect(0, 0 - 720, 1600) d=0},
12-20 10:22:55.749 1044 1115 V WindowManager: {null m=TO_FRONT f=IS_WALLPAPER|IS_OCCLUDED leash=Surface(name=WallpaperWindowToken{5438dff token=android.os.Binder@2bec11e})/@0x9896acc sb=Rect(0, 0 - 720, 1600) eb=Rect(0, 0 - 720, 1600) d=0}
12-20 10:22:55.749 1044 1115 V WindowManager: ]}
12-20 10:22:55.750 1589 1907 V WindowManagerShell: onTransitionReady(transaction=4483945857652)
12-20 10:22:55.751 1589 1667 V WindowManagerShell: onTransitionReady (#9) android.os.BinderProxy@3ab57a7: {id=9 t=WAKE f=0x0 trk=0 r=[0@Point(0, 0)] c=[{WCT{android.window.IWindowContainerToken$Stub$Proxy@7cea61c} m=TO_FRONT f=SHOW_WALLPAPER p=WCT{android.window.IWindowContainerToken$Stub$Proxy@f417225} leash=Surface(name=Task=1)/@0x81fcaf0 sb=Rect(0, 0 - 720, 1600) eb=Rect(0, 0 - 720, 1600) d=0 taskParent=-1},{WCT{android.window.IWindowContainerToken$Stub$Proxy@d430ffa} m=TO_FRONT f=SHOW_WALLPAPER leash=Surface(name=DefaultTaskDisplayArea)/@0xafeb869 sb=Rect(0, 0 - 720, 1600) eb=Rect(0, 0 - 720, 1600) d=0},{null m=TO_FRONT f=IS_WALLPAPER|IS_OCCLUDED leash=Surface(name=WallpaperWindowToken{5438dff token=android.os.Binder@2bec11e})/@0x4dab2ee sb=Rect(0, 0 - 720, 1600) eb=Rect(0, 0 - 720, 1600) d=0}]}
12-20 10:22:55.753 1589 1667 V WindowManagerShell: Playing animation for (#9) android.os.BinderProxy@3ab57a7@0
12-20 10:22:55.753 1589 1667 V WindowManagerShell: try handler com.android.wm.shell.transition.DefaultMixedHandler@88158e5
12-20 10:22:55.753 1589 1667 V WindowManagerShell: try handler com.android.wm.shell.keyguard.KeyguardTransitionHandler@e46cfba
12-20 10:22:55.753 1589 1667 V WindowManagerShell: try handler com.android.wm.shell.pip.PipTransition@b4d4e6b
12-20 10:22:55.753 1589 1667 V WindowManagerShell: try handler com.android.wm.shell.activityembedding.ActivityEmbeddingController@f912dc8
12-20 10:22:55.754 1589 1667 V WindowManagerShell: try handler com.android.wm.shell.recents.RecentsTransitionHandler@d739e61
12-20 10:22:55.754 1589 1667 V ShellRecents: RecentsTransitionHandler.startAnimation: no controller found
12-20 10:22:55.754 1589 1667 V WindowManagerShell: try handler com.android.wm.shell.splitscreen.StageCoordinator@4822d86
12-20 10:22:55.754 1589 1667 V WindowManagerShell: try handler com.android.wm.shell.transition.RemoteTransitionHandler@f06647
12-20 10:22:55.754 1589 1667 V WindowManagerShell: Transition doesn't have explicit remote, search filters for match for {id=9 t=WAKE f=0x0 trk=0 r=[0@Point(0, 0)] c=[{WCT{android.window.IWindowContainerToken$Stub$Proxy@7cea61c} m=TO_FRONT f=SHOW_WALLPAPER p=WCT{android.window.IWindowContainerToken$Stub$Proxy@f417225} leash=Surface(name=Task=1)/@0x81fcaf0 sb=Rect(0, 0 - 720, 1600) eb=Rect(0, 0 - 720, 1600) d=0 taskParent=-1},{WCT{android.window.IWindowContainerToken$Stub$Proxy@d430ffa} m=TO_FRONT f=SHOW_WALLPAPER leash=Surface(name=DefaultTaskDisplayArea)/@0xafeb869 sb=Rect(0, 0 - 720, 1600) eb=Rect(0, 0 - 720, 1600) d=0},{null m=TO_FRONT f=IS_WALLPAPER|IS_OCCLUDED leash=Surface(name=WallpaperWindowToken{5438dff token=android.os.Binder@2bec11e})/@0x4dab2ee sb=Rect(0, 0 - 720, 1600) eb=Rect(0, 0 - 720, 1600) d=0}]}
12-20 10:22:55.754 1589 1667 V WindowManagerShell: Checking filter Pair{{types=[] flags=0x0] notFlags=0x100 checks=[{atype=home independent=true modes=[OPEN,TO_FRONT] flags=NONE mustBeTask=false order=TOP topActivity=ComponentInfo{com.android.launcher3/com.android.launcher3.uioverrides.QuickstepLauncher} launchCookie=null},{atype=standard independent=true modes=[CLOSE,TO_BACK] flags=NONE mustBeTask=false order=ANY topActivity=null launchCookie=null}]} RemoteTransition { remoteTransition = android.window.IRemoteTransition$Stub$Proxy@1a45b2d, appThread = android.app.IApplicationThread$Stub$Proxy@890b862, debugName = QuickstepLaunchHome }}
12-20 10:22:55.755 1589 1667 V WindowManagerShell: Delegate animation for (#9) to null
12-20 10:22:55.755 1589 1667 V WindowManagerShell: try handler com.android.wm.shell.transition.DefaultTransitionHandler@76f5e74
12-20 10:22:55.755 1589 1667 V WindowManagerShell: start default transition animation, info = {id=9 t=WAKE f=0x0 trk=0 r=[0@Point(0, 0)] c=[{WCT{android.window.IWindowContainerToken$Stub$Proxy@7cea61c} m=TO_FRONT f=SHOW_WALLPAPER p=WCT{android.window.IWindowContainerToken$Stub$Proxy@f417225} leash=Surface(name=Task=1)/@0x81fcaf0 sb=Rect(0, 0 - 720, 1600) eb=Rect(0, 0 - 720, 1600) d=0 taskParent=-1},{WCT{android.window.IWindowContainerToken$Stub$Proxy@d430ffa} m=TO_FRONT f=SHOW_WALLPAPER leash=Surface(name=DefaultTaskDisplayArea)/@0xafeb869 sb=Rect(0, 0 - 720, 1600) eb=Rect(0, 0 - 720, 1600) d=0},{null m=TO_FRONT f=IS_WALLPAPER|IS_OCCLUDED leash=Surface(name=WallpaperWindowToken{5438dff token=android.os.Binder@2bec11e})/@0x4dab2ee sb=Rect(0, 0 - 720, 1600) eb=Rect(0, 0 - 720, 1600) d=0}]}
12-20 10:22:55.757 1589 1667 V WindowManagerShell: Transition animation finished (aborted=false), notifying core (#9) android.os.BinderProxy@3ab57a7@0
12-20 10:22:55.763 1044 1115 V WindowManager: Finish Transition (#9): created at
12-20 10:22:55.681 collect-started=0.177ms request-sent=0.334ms started=30.929ms ready=30.877ms sent=64.632ms finished=80.969ms
12-20 10:22:55.766 1589 1667 V WindowManagerShell: Track 0 became idle
12-20 10:22:55.766 1589 1667 V WindowManagerShell: All active transition animations finished
12-20 10:22:55.766 1589 1667 V WindowManagerShell: animated by com.android.wm.shell.transition.DefaultTransitionHandler@76f5e74
12-20 10:22:55.766 1589 1667 V WindowManagerShell: Track 0 became idle
12-20 10:22:55.766 1589 1667 V WindowManagerShell: All active transition animations finished
12-20 10:22:56.001 143 143 E : c6 143 (irq/74-omnivisi) omnivision_tcm_spi spi0.0: ovt_tcm_read_message error: (line 1601) Incorrect header marker (0xff)
12-20 10:22:56.015 143 143 E : c6 143 (irq/74-omnivisi) omnivision_tcm_spi spi0.0: ovt_tcm_isr error: (line 2211) Failed to read message
12-20 10:22:55.780 1044 1117 I SideFpsEventHandler: notifyPowerPressed
12-20 10:22:55.780 1044 1117 I WindowManager: Suppressed redundant power key press while already in the process of turning the screen on.
12-20 10:22:56.032 143 143 E : c6 143 (irq/74-omnivisi) omnivision_tcm_spi spi0.0: ovt_tcm_read_message error: (line 1601) Incorrect header marker (0x00)
12-20 10:22:56.046 143 143 E : c6 143 (irq/74-omnivisi) omnivision_tcm_spi spi0.0: ovt_tcm_isr error: (line 2211) Failed to read message
12-20 10:22:55.831 1044 1153 I DisplayPowerController2[0]: Unblocked screen on after 199 ms
12-20 10:22:55.834 1044 1153 D AsrAssertiveDisplayController: setLightSensorEnabled: mAdSettingOn:false
12-20 10:22:55.834 1044 1153 D AsrAssertiveDisplayController: setLightSensorEnabled: mAdSettingOn:false
12-20 10:22:55.836 1044 1153 W PowerManagerService: Screen on took 222 ms
12-20 10:22:55.839 1044 1153 I DreamManagerService: Gently waking up from dream.
12-20 10:22:56.063 143 143 E : c6 143 (irq/74-omnivisi) omnivision_tcm_spi spi0.0: ovt_tcm_read_message error: (line 1601) Incorrect header marker (0x00)
12-20 10:22:56.077 143 143 E : c6 143 (irq/74-omnivisi) omnivision_tcm_spi spi0.0: ovt_tcm_isr error: (line 2211) Failed to read message
12-20 10:22:56.082 650 650 E : c0 650 (android.hardwar) nanohub response failure: 1
12-20 10:22:55.845 1589 1589 I KeyguardTransitionRepository: STARTED transition: TransitionStep(from=DOZING, to=GONE, value=0.0, transitionState=STARTED, ownerName=FromDozingTransitionInteractor)
12-20 10:22:55.846 650 650 W nanohub : sendCmd: failed: count=20, ret=-1, errno=1
12-20 10:22:55.846 650 650 W nanohub : queueBatch: failed to send command: sensor=1, handle=1, period=66667000, latency=100000000
12-20 10:22:55.849 1589 1589 D ZenModeController: Added callback class com.android.systemui.qs.tiles.DndTile$3
12-20 10:22:55.852 1589 1589 D DisplayRepository: combining enabled=[0], connectedExternalDisplayIds=[], ignored=[]
12-20 10:22:56.097 650 650 E : c0 650 (android.hardwar) nanohub response failure: 1
12-20 10:22:55.855 650 650 W nanohub : sendCmd: failed: count=20, ret=-1, errno=1
12-20 10:22:55.855 650 650 W nanohub : queueFlush: failed to send command: sensor=1, handle=1 with error Operation not permitted
12-20 10:22:56.105 143 143 E : c6 143 (irq/74-omnivisi) omnivision_tcm_spi spi0.0: ovt_tcm_read_message error: (line 1601) Incorrect header marker (0x00)
12-20 10:22:56.118 143 143 E : c6 143 (irq/74-omnivisi) omnivision_tcm_spi spi0.0: ovt_tcm_isr error: (line 2211) Failed to read message
12-20 10:22:55.928 1589 1603 I ndroid.systemui: Background concurrent mark compact GC freed 19MB AllocSpace bytes, 2(104KB) LOS objects, 49% free, 17MB/34MB, paused 1.926ms,4.891ms total 153.766ms
12-20 10:22:56.176 771 771 I : c1 771 (binder:659_1) mipi: UNBLANK!!
12-20 10:22:56.176 771 771 I : c1 771 (binder:659_1) drm_panel_enable()
12-20 10:22:56.176 771 771 I : c1 771 (binder:659_1) [drm] asr_panel_enable()
12-20 10:22:55.941 1044 1734 W UserManagerService: Requested status bar icon for non-badged user 0
12-20 10:22:55.941 1589 1667 D ShellSplitScreen: onFinishedWakingUp
12-20 10:22:55.942 1044 1769 I DreamManagerService: Leaving dreamland.
12-20 10:22:55.943 1044 1734 W UserManagerService: Requested status bar icon for non-badged user 0
12-20 10:22:55.944 1044 1115 I DreamController: Stopping dream: name=ComponentInfo{com.android.systemui/com.android.systemui.doze.DozeService}, isPreviewMode=false, canDoze=true, userId=0, reason='finished self'(from 'power manager request')
12-20 10:22:55.946 1589 1589 W WindowOnBackDispatcher: sendCancelIfRunning: isInProgress=false callback=com.android.systemui.back.domain.interactor.BackActionInteractor$callback$2@7b46f17
12-20 10:22:55.947 1044 1121 I DropBoxManagerService: add tag=system_app_strictmode isTagEnabled=true flags=0x2
12-20 10:22:55.947 1044 2321 D CoreBackPreview: Window{d1adaa0 u0 NotificationShade}: Setting back callback null
12-20 10:22:55.999 1589 1744 D ControlsListingControllerImpl: Unsubscribing callback
12-20 10:22:56.005 1589 1744 D ControlsListingControllerImpl: Unsubscribing callback
12-20 10:22:56.012 1589 1744 D ControlsListingControllerImpl: Unsubscribing callback
12-20 10:22:56.023 1589 1589 D SbStateController: setIsDreaming:false
12-20 10:22:56.364 97 97 I : c6 97 (kworker/6:3) soc_temp: |cp=34800|gpu=34800|cluster1=34000|cluster0=36800|cpu_top=37800|max=37800|pmic=25600|batt=25000|chg=25000|
12-20 10:22:56.145 688 966 D DisplayModeController: setDesiredMode 0 {mode={fps=60.00 Hz, modePtr={id=0, vsyncRate=60.00 Hz, peakRefreshRate=60.00 Hz}}, emitEvent=false, force=false}
12-20 10:22:56.416 771 771 I : c1 771 (binder:659_1) backlight_enable()
12-20 10:22:56.416 771 771 I : c1 771 (binder:659_1) asr ddr bw read req: DPU to 2153329KB/s, all 2244531860
12-20 10:22:56.417 771 771 I : c1 771 (binder:659_1) [drm] DPU 2 Start!
12-20 10:22:56.169 688 688 E Scheduler: trackPendingFrame: Invalid present fence
12-20 10:22:56.181 688 966 D DisplayModeController: setDesiredMode 0 {mode={fps=120.00 Hz, modePtr={id=1, vsyncRate=120.00 Hz, peakRefreshRate=120.00 Hz}}, emitEvent=true, force=false}
12-20 10:22:56.425 771 771 I : c1 771 (binder:659_1) [drm] asr_dsi_encoder_atomic_check()
12-20 10:22:56.187 1044 1214 I ImeTracker: com.android.launcher3:c11773bd: onRequestHide at ORIGIN_SERVER reason HIDE_SAME_WINDOW_FOCUSED_WITHOUT_EDITOR fromUser false
12-20 10:22:56.187 1044 1214 I ImeTracker: com.android.launcher3:c11773bd: onCancelled at PHASE_SERVER_SHOULD_HIDE
12-20 10:22:56.436 7 7 I : c0 7 (kworker/0:0) asr ddr bw read req: DPU to 1816284KB/s, all 3138528056
12-20 10:22:56.448 771 771 I : c1 771 (binder:659_1) [drm] asr_dsi_encoder_atomic_check()
12-20 10:22:56.449 73 73 I : c4 73 (kworker/u16:2) asr ddr bw read req: DPU to 2235017KB/s, all 3243800848
12-20 10:22:56.484 7 7 I : c0 7 (kworker/0:0) asr ddr bw read req: DPU to 2233991KB/s, all 2859303110
12-20 10:22:56.236 366 378 I powerhal-libperfmgr: Set /sys/devices/system/cpu/cpufreq/policy0/scaling_min_freq : 9999999 => 1228000
12-20 10:22:56.236 366 378 I powerhal-libperfmgr: Set /sys/devices/system/cpu/cpufreq/policy6/scaling_min_freq : 9999999 => 1228000
12-20 10:22:56.237 366 378 I powerhal-libperfmgr: Set /sys/class/devfreq/c0000000.ddr_fc/min_freq : 466666000 => 466666000
12-20 10:22:56.237 366 378 I powerhal-libperfmgr: Set /sys/class/devfreq/d7000000.gpu/min_freq : 999999999 => 0
12-20 10:22:56.355 1589 1589 I KeyguardTransitionRepository: FINISHED transition: TransitionStep(from=DOZING, to=GONE, value=1.0, transitionState=FINISHED, ownerName=FromDozingTransitionInteractor)
12-20 10:22:56.358 1589 1774 D ResourceTrimmer: Sending TRIM_MEMORY_UI_HIDDEN.
12-20 10:22:56.361 1044 1769 D FaceProvider/default: Starting watchdog for face
12-20 10:22:56.460 366 366 I powerhal: Power setBoost: INTERACTION duration: 0
12-20 10:22:56.486 1044 1769 D HapticFeedbackCustomization: Customization file not configured.
12-20 10:22:56.490 1913 1913 D StatsLog: LAUNCHER_ALLAPPS_ENTRY_WITH_DEVICE_SEARCH
12-20 10:22:56.490 1913 1913 D StateManager: onStateTransitionStart - state: AllApps
12-20 10:22:56.492 1589 1667 D WindowManagerShell: setLauncherKeepClearAreaHeight: visible=false, height=224
12-20 10:22:56.506 655 655 I android.hardware.vibrator-service.asr: Vibrator perform
12-20 10:22:56.507 655 655 I android.hardware.vibrator-service.asr: writeNode node: /sys/class/leds/vibrator/activate value: 0
12-20 10:22:56.507 655 655 I android.hardware.vibrator-service.asr: writeNode node: /sys/class/leds/vibrator/state value: 1
12-20 10:22:56.507 655 655 I android.hardware.vibrator-service.asr: writeNode node: /sys/class/leds/vibrator/duration value: 40
12-20 10:22:56.508 655 655 I android.hardware.vibrator-service.asr: writeNode node: /sys/class/leds/vibrator/activate value: 1
12-20 10:22:56.760 7 7 I : c0 7 (kworker/0:0) LDO6: on read after reg:0x12 val:0xa
12-20 10:22:56.760 7 7 I : c0 7 (kworker/0:0) LDO6: on write before reg:0x12 val:0xe
12-20 10:22:56.764 163 163 I : c6 163 (kworker/u16:4) asr ddr bw read req: DPU to 2238975KB/s, all 3933521623
12-20 10:22:56.530 366 366 I powerhal: Power setBoost: INTERACTION duration: 2248
12-20 10:22:56.534 1913 1913 D StateManager: onStateTransitionStart - state: AllApps
12-20 10:22:56.550 655 655 I android.hardware.vibrator-service.asr: Vibrator off
12-20 10:22:56.551 655 655 I android.hardware.vibrator-service.asr: writeNode node: /sys/class/leds/vibrator/activate value: 0
12-20 10:22:56.802 7 7 I : c0 7 (kworker/0:0) LDO6: off read after reg:0x12 val:0xe
12-20 10:22:56.802 7 7 I : c0 7 (kworker/0:0) LDO6: off write before reg:0x12 val:0xa
12-20 10:22:56.805 868 868 I : c2 868 (kworker/u16:5) asr ddr bw read req: DPU to 2246950KB/s, all 3623319944
12-20 10:22:56.586 1913 1913 D AutofillManager: notifyViewReadyInner:1073741824
12-20 10:22:56.721 1913 1913 D StateManager: onStateTransitionEnd - state: AllApps
12-20 10:22:56.722 1913 1913 D RecentsView: reset - mEnableDrawingLiveTile: false, mRecentsAnimationController: null
12-20 10:22:56.725 1913 1913 D StatsLog: LAUNCHER_ALLAPPS_OPEN_UP
12-20 10:22:56.768 1913 1913 W FrameTracker: Missing HWUI jank callback for vsyncId: 28016, CUJ=J
12-20 10:22:56.768 1913 1913 W FrameTracker: Missed App frame:UNKNOWN: 72, 28025, 0, CUJ=J
12-20 10:22:56.768 1913 1913 W FrameTracker: Missing HWUI jank callback for vsyncId: 28025, CUJ=J
12-20 10:22:56.768 1913 1913 W FrameTracker: Missed App frame:UNKNOWN: 72, 28033, 67335632, CUJ=J
12-20 10:22:56.768 1913 1913 W FrameTracker: Missed App frame:UNKNOWN: 72, 28049, 0, CUJ=J
12-20 10:22:56.768 1913 1913 W FrameTracker: Missing HWUI jank callback for vsyncId: 28049, CUJ=J
12-20 10:22:56.768 1913 1913 W FrameTracker: Missed App frame:UNKNOWN: 73, 28135, 124860246, CUJ=J
12-20 10:22:56.768 1913 1913 W FrameTracker: Missed SF frame:UNKNOWN: 73, 28135, 124860246, CUJ=J
12-20 10:22:56.769 1913 1948 V PerfettoTrigger: Triggering /system/bin/trigger_perfetto com.android.telemetry.interaction-jank-monitor-25
12-20 10:22:57.050 688 966 D DisplayModeController: setDesiredMode 0 {mode={fps=60.00 Hz, modePtr={id=0, vsyncRate=60.00 Hz, peakRefreshRate=60.00 Hz}}, emitEvent=false, force=false}
12-20 10:22:57.303 771 771 I : c1 771 (binder:659_1) [drm] asr_dsi_encoder_atomic_check()
12-20 10:22:57.313 868 868 I : c2 868 (kworker/u16:5) asr ddr bw read req: DPU to 2247984KB/s, all 2554450378
12-20 10:22:57.384 97 97 I : c6 97 (kworker/6:3) soc_temp: |cp=36400|gpu=36400|cluster1=36200|cluster0=39000|cpu_top=40000|max=40000|pmic=25600|batt=25000|chg=25000|
12-20 10:22:57.605 1589 1589 D KeyguardViewMediator: received DELAYED_KEYGUARD_ACTION with seq = 3, mDelayedShowingSequence = 5
12-20 10:22:58.079 366 366 I powerhal: Power setMode: EXPENSIVE_RENDERING to: 1
12-20 10:22:58.080 366 378 I powerhal-libperfmgr: Set /sys/class/devfreq/d7000000.gpu/min_freq : 0 => 614400000
12-20 10:22:58.349 7 7 I : c0 7 (kworker/0:0) asr ddr bw read req: DPU to 718174KB/s, all 887753106
12-20 10:22:58.144 366 366 I powerhal: Power setMode: EXPENSIVE_RENDERING to: 0
12-20 10:22:58.144 366 378 I powerhal-libperfmgr: Set /sys/class/devfreq/d7000000.gpu/min_freq : 614400000 => 0
12-20 10:22:58.404 97 97 I : c6 97 (kworker/6:3) soc_temp: |cp=37000|gpu=37000|cluster1=35800|cluster0=36600|cpu_top=36600|max=37000|pmic=25700|batt=25000|chg=25000|
12-20 10:22:58.809 391 416 D RIL1 : handle_act_plmn_Change: end
12-20 10:22:58.810 391 416 D RIL1 : handle_act_plmn_Change: end
12-20 10:22:58.945 2266 2331 D BBoostSrv: receive MESSAGE_TYPE_CHANNEL_POLLING
12-20 10:22:58.945 2266 2331 I BBoostSrv: ProcessCleaner CleanProcessAfterScreenOffByPolling state: false
12-20 10:22:58.946 1044 2321 D FileUtils: Rounded bytes from 3944148992 to 4000000000
12-20 10:22:58.947 2266 2331 D BBoostSrv: totalMemoryInfo :availMem=2676596736;threshold=226492416;lowMemory=false;totalMem=3944148992
12-20 10:22:58.947 2266 2331 D BBoostSrv: ChannelDispatcher updateMemoryAviable,memoryAviable=2676596736
12-20 10:22:58.947 2266 2331 D BBoostSrv: BoltBoostSystemServiceManager requestAaction : {"function":"getCpuloading","params":{"cpuload_threhold":75,"cpuload_process_number":10}}
12-20 10:22:58.947 2266 2331 D BBoostSrv: BoltBoostSystemServiceManager service.requestAaction : {"function":"getCpuloading","params":{"cpuload_threhold":75,"cpuload_process_number":10}}
12-20 10:22:58.947 1044 2321 D BBoostSrv: BoltBoostService REQUEST_GET_CPU_LOADING
12-20 10:22:58.991 1044 2321 D BBoostSrv: CpuStatsTracker cpu0_time_in_state[Hz, ms]: [Pair{1228000 227}, Pair{819000 18}, Pair{1500000 177}, Pair{614000 19}, Pair{409000 530}, Pair{491000 23}, Pair{1000000 13}]
12-20 10:22:58.991 1044 2321 D BBoostSrv: CpuStatsTracker cpu0_capacity_percentage: 53.73896060906984%
12-20 10:22:58.992 1044 2321 D BBoostSrv: CpuStatsTracker cpu6_time_in_state[Hz, ms]: [Pair{1228000 254}, Pair{819000 639}, Pair{1500000 33}, Pair{1600000 4}, Pair{1700000 72}, Pair{1000000 3}]
12-20 10:22:58.992 1044 2321 D BBoostSrv: CpuStatsTracker cpu6_capacity_percentage: 59.49973661106234%
12-20 10:22:58.992 1044 2321 D BBoostSrv: CpuStatsTracker Total Capacity Percentage (calculated on a scale of 800%): 441.43323687654373%
12-20 10:22:58.992 1044 2321 I BBoostSrv: CpuTM totalCpuloading(full 100%)= 10.0037565;updateInterval()=10055;CpuCapacityPercentage=441.43323687654373
12-20 10:22:58.993 1044 2321 D BBoostSrv: CpuTM countWorkingStats :old_count= 51
12-20 10:22:58.993 1044 2321 D BBoostSrv: CpuTM countWorkingStats :new_count= 10
12-20 10:22:58.993 1044 2321 D BBoostSrv: CpuTM process= com.android.systemui; changed updateInterval from=20124 to=10055
12-20 10:22:58.993 1044 2321 D BBoostSrv: CpuTM process= com.android.launcher3; changed updateInterval from=50329 to=10055
12-20 10:22:58.993 1044 2321 D BBoostSrv: CpuTM process= irq/74-omnivision_tcm; changed updateInterval from=60430 to=10055
12-20 10:22:58.993 1044 2321 D BBoostSrv: CpuTM all porcess Cpuloading(full 100%*CpuCore) : total=56.0
12-20 10:22:58.994 2266 2331 D BBoostSrv: PCTracker updateTotalCpuloading,cpuloadingResult={"function":"getCpuloading","params":{"totalCpuloading":10.003756523132324,"processes":[{"name":"com.android.systemui","pid":1589,"ratio":21},{"name":"com.android.launcher3","pid":1913,"ratio":8},{"name":"surfaceflinger","pid":688,"ratio":7},{"name":"adbd","pid":2190,"ratio":4},{"name":"android.hardware.composer.hwc3-service-64","pid":659,"ratio":2},{"name":"logd","pid":255,"ratio":2},{"name":"irq\/74-omnivision_tcm","pid":143,"ratio":1},{"name":"kworker\/u16:5-loop31","pid":868,"ratio":0},{"name":"kworker\/u16:0-loop15","pid":10,"ratio":0}]}}
12-20 10:22:58.995 2266 2331 D BBoostSrv: ChannelDispatcher updateTotalCpuloading,cpuloading=10.0037565%
12-20 10:22:59.424 97 97 I : c6 97 (kworker/6:3) soc_temp: |cp=36800|gpu=36800|cluster1=35000|cluster0=36000|cpu_top=36200|max=36800|pmic=25700|batt=25000|chg=25000|
12-20 10:22:59.428 366 378 I powerhal-libperfmgr: Set /sys/devices/system/cpu/cpufreq/policy0/scaling_min_freq : 1228000 => 0
12-20 10:22:59.429 366 378 I powerhal-libperfmgr: Set /sys/devices/system/cpu/cpufreq/policy6/scaling_min_freq : 1228000 => 0
12-20 10:22:59.430 366 378 I powerhal-libperfmgr: Set /sys/class/devfreq/c0000000.ddr_fc/min_freq : 466666000 => 116665000
12-20 10:23:00.039 688 966 D DisplayModeController: setDesiredMode 0 {mode={fps=120.00 Hz, modePtr={id=1, vsyncRate=120.00 Hz, peakRefreshRate=120.00 Hz}}, emitEvent=true, force=false}
12-20 10:23:00.305 771 771 I : c1 771 (binder:659_1) [drm] asr_dsi_encoder_atomic_check()
12-20 10:23:00.308 163 163 I : c2 163 (kworker/u16:4) asr ddr bw read req: DPU to 2247984KB/s, all 2600736202
12-20 10:23:00.332 7 7 I : c0 7 (kworker/0:0) asr ddr bw read req: DPU to 2246950KB/s, all 2510043974
12-20 10:23:00.121 688 966 D DisplayModeController: setDesiredMode 0 {mode={fps=60.00 Hz, modePtr={id=0, vsyncRate=60.00 Hz, peakRefreshRate=60.00 Hz}}, emitEvent=false, force=false}
12-20 10:23:00.376 771 771 I : c1 771 (binder:659_1) [drm] asr_dsi_encoder_atomic_check()
12-20 10:23:00.383 163 163 I : c2 163 (kworker/u16:4) asr ddr bw read req: DPU to 2247984KB/s, all 2419465523
12-20 10:23:00.444 97 97 I : c6 97 (kworker/6:3) soc_temp: |cp=37000|gpu=37000|cluster1=35000|cluster0=36000|cpu_top=36000|max=37000|pmic=25700|batt=25000|chg=25000|
12-20 10:23:01.138 366 366 I powerhal: Power setMode: EXPENSIVE_RENDERING to: 1
12-20 10:23:01.140 366 378 I powerhal-libperfmgr: Set /sys/class/devfreq/d7000000.gpu/min_freq : 0 => 614400000
12-20 10:23:01.406 7 7 I : c0 7 (kworker/0:0) asr ddr bw read req: DPU to 718174KB/s, all 984683320
12-20 10:23:01.212 366 366 I powerhal: Power setMode: EXPENSIVE_RENDERING to: 0
12-20 10:23:01.213 366 378 I powerhal-libperfmgr: Set /sys/class/devfreq/d7000000.gpu/min_freq : 614400000 => 0
12-20 10:23:01.464 97 97 I : c6 97 (kworker/6:3) soc_temp: |cp=37000|gpu=37000|cluster1=35000|cluster0=36000|cpu_top=36000|max=37000|pmic=25700|batt=25000|chg=25000|
12-20 10:23:02.484 3375 3375 I : c6 3375 (kworker/6:0) soc_temp: |cp=37000|gpu=37000|cluster1=35000|cluster0=36000|cpu_top=36000|max=37000|pmic=25900|batt=25000|chg=25000|
12-20 10:23:03.504 3375 3375 I : c6 3375 (kworker/6:0) soc_temp: |cp=37000|gpu=37000|cluster1=35000|cluster0=36000|cpu_top=36000|max=37000|pmic=25900|batt=25000|chg=25000|
12-20 10:23:04.524 3375 3375 I : c6 3375 (kworker/6:0) soc_temp: |cp=37000|gpu=37400|cluster1=35200|cluster0=37000|cpu_top=37400|max=37600|pmic=25900|batt=25000|chg=25000|
12-20 10:23:05.544 3375 3375 I : c6 3375 (kworker/6:0) soc_temp: |cp=37000|gpu=37000|cluster1=35000|cluster0=36000|cpu_top=36000|max=37000|pmic=25900|batt=25000|chg=25000|
12-20 10:23:06.564 3375 3375 I : c6 3375 (kworker/6:0) soc_temp: |cp=37000|gpu=37000|cluster1=35000|cluster0=36000|cpu_top=36000|max=37000|pmic=26100|batt=25000|chg=25000|
12-20 10:23:07.584 3375 3375 I : c6 3375 (kworker/6:0) soc_temp: |cp=36200|gpu=36400|cluster1=35000|cluster0=35800|cpu_top=35800|max=36400|pmic=26100|batt=25000|chg=25000|
12-20 10:23:08.604 3375 3375 I : c6 3375 (kworker/6:0) soc_temp: |cp=36000|gpu=36000|cluster1=35000|cluster0=35000|cpu_top=35600|max=36000|pmic=26200|batt=25000|chg=25000|
12-20 10:23:08.920 805 2909 I ASRLOGD_MANAGER: loopCheckVolume: log_cache_path = /sdcard/asrlog, volumeLeft = 103925, low_volume = 0
12-20 10:23:09.006 2266 2331 D BBoostSrv: receive MESSAGE_TYPE_CHANNEL_POLLING
12-20 10:23:09.006 2266 2331 I BBoostSrv: ProcessCleaner CleanProcessAfterScreenOffByPolling state: false
12-20 10:23:09.007 1044 1734 D FileUtils: Rounded bytes from 3944148992 to 4000000000
12-20 10:23:09.009 2266 2331 D BBoostSrv: totalMemoryInfo :availMem=2671484928;threshold=226492416;lowMemory=false;totalMem=3944148992
12-20 10:23:09.009 2266 2331 D BBoostSrv: ChannelDispatcher updateMemoryAviable,memoryAviable=2671484928
12-20 10:23:09.009 2266 2331 D BBoostSrv: BoltBoostSystemServiceManager requestAaction : {"function":"getCpuloading","params":{"cpuload_threhold":75,"cpuload_process_number":10}}
12-20 10:23:09.009 2266 2331 D BBoostSrv: BoltBoostSystemServiceManager service.requestAaction : {"function":"getCpuloading","params":{"cpuload_threhold":75,"cpuload_process_number":10}}
12-20 10:23:09.010 1044 1734 D BBoostSrv: BoltBoostService REQUEST_GET_CPU_LOADING
12-20 10:23:09.086 1044 1734 D BBoostSrv: CpuStatsTracker cpu0_time_in_state[Hz, ms]: [Pair{1228000 58}, Pair{819000 18}, Pair{1500000 24}, Pair{614000 10}, Pair{409000 877}, Pair{491000 6}, Pair{1000000 14}]
12-20 10:23:09.086 1044 1734 D BBoostSrv: CpuStatsTracker cpu0_capacity_percentage: 33.349553128103274%
12-20 10:23:09.087 1044 1734 D BBoostSrv: CpuStatsTracker cpu6_time_in_state[Hz, ms]: [Pair{1228000 57}, Pair{819000 934}, Pair{1500000 6}, Pair{1600000 2}, Pair{1700000 3}, Pair{1000000 9}]
12-20 10:23:09.087 1044 1734 D BBoostSrv: CpuStatsTracker cpu6_capacity_percentage: 50.11008320242043%
12-20 10:23:09.087 1044 1734 D BBoostSrv: CpuStatsTracker Total Capacity Percentage (calculated on a scale of 800%): 300.31748517346045%
12-20 10:23:09.087 1044 1734 I BBoostSrv: CpuTM totalCpuloading(full 100%)= 1.7567904;updateInterval()=10095;CpuCapacityPercentage=300.31748517346045
12-20 10:23:09.088 2266 2331 D BBoostSrv: PCTracker updateTotalCpuloading,cpuloadingResult={"function":"getCpuloading","params":{"totalCpuloading":1.7567903995513916}}
12-20 10:23:09.089 2266 2331 D BBoostSrv: ChannelDispatcher updateTotalCpuloading,cpuloading=1.7567904%
12-20 10:23:09.624 3375 3375 I : c6 3375 (kworker/6:0) soc_temp: |cp=35600|gpu=35800|cluster1=35000|cluster0=35200|cpu_top=35000|max=36000|pmic=26200|batt=25000|chg=25000|
12-20 10:23:10.644 3375 3375 I : c6 3375 (kworker/6:0) soc_temp: |cp=35400|gpu=35600|cluster1=34600|cluster0=35000|cpu_top=35000|max=35600|pmic=26300|batt=25000|chg=25000|
12-20 10:23:11.664 3375 3375 I : c6 3375 (kworker/6:0) soc_temp: |cp=35200|gpu=35400|cluster1=34400|cluster0=35200|cpu_top=35200|max=35400|pmic=26300|batt=25000|chg=25000|
12-20 10:23:12.684 3375 3375 I : c6 3375 (kworker/6:0) soc_temp: |cp=35200|gpu=35800|cluster1=34600|cluster0=35000|cpu_top=35000|max=35800|pmic=26400|batt=25000|chg=25000|
12-20 10:23:13.704 3375 3375 I : c6 3375 (kworker/6:0) soc_temp: |cp=35000|gpu=35400|cluster1=34200|cluster0=35000|cpu_top=35000|max=35400|pmic=26400|batt=25000|chg=25000|
12-20 10:23:13.481 612 887 I adspd : send time sync cmd
12-20 10:23:13.482 612 887 I adspd : send_cmd: TIME
12-20 10:23:13.482 612 887 I adspd : send_cmd: ACKS
12-20 10:23:13.483 612 889 D adspd : [ADSP_DBG][ 346.896356][ipcctl ] CTRL:TIME(0x454d4954) 0x0,0xc495543c,0x50,16
12-20 10:23:13.483 612 889 D adspd : [ADSP_DBG][ 346.896389][ipcctl ] CTRL:ACKS(0x534b4341) 0x0,0x0,0x0,16
12-20 10:23:13.483 612 885 I adspd : get cmd ACKS: 9
12-20 10:23:14.724 3375 3375 I : c6 3375 (kworker/6:0) soc_temp: |cp=35000|gpu=35200|cluster1=34000|cluster0=35000|cpu_top=35000|max=35200|pmic=26300|batt=25000|chg=25000|
12-20 10:23:15.744 3375 3375 I : c6 3375 (kworker/6:0) soc_temp: |cp=35000|gpu=35000|cluster1=34000|cluster0=35000|cpu_top=35000|max=35000|pmic=26300|batt=25000|chg=25000|
12-20 10:23:16.764 3375 3375 I : c6 3375 (kworker/6:0) soc_temp: |cp=35000|gpu=35200|cluster1=34000|cluster0=34800|cpu_top=35000|max=35200|pmic=25900|batt=25000|chg=25000|
12-20 10:23:17.784 3375 3375 I : c6 3375 (kworker/6:0) soc_temp: |cp=35000|gpu=35000|cluster1=34000|cluster0=35000|cpu_top=35000|max=35000|pmic=25900|batt=25000|chg=25000|
12-20 10:23:18.804 3375 3375 I : c6 3375 (kworker/6:0) soc_temp: |cp=35000|gpu=35000|cluster1=34000|cluster0=35000|cpu_top=35000|max=35000|pmic=25800|batt=25000|chg=25000|
12-20 10:23:19.099 2266 2331 D BBoostSrv: receive MESSAGE_TYPE_CHANNEL_POLLING
12-20 10:23:19.099 2266 2331 I BBoostSrv: ProcessCleaner CleanProcessAfterScreenOffByPolling state: false
12-20 10:23:19.101 1044 1734 D FileUtils: Rounded bytes from 3944148992 to 4000000000
12-20 10:23:19.103 2266 2331 D BBoostSrv: totalMemoryInfo :availMem=2670714880;threshold=226492416;lowMemory=false;totalMem=3944148992
12-20 10:23:19.103 2266 2331 D BBoostSrv: ChannelDispatcher updateMemoryAviable,memoryAviable=2670714880
12-20 10:23:19.104 2266 2331 D BBoostSrv: BoltBoostSystemServiceManager requestAaction : {"function":"getCpuloading","params":{"cpuload_threhold":75,"cpuload_process_number":10}}
12-20 10:23:19.104 2266 2331 D BBoostSrv: BoltBoostSystemServiceManager service.requestAaction : {"function":"getCpuloading","params":{"cpuload_threhold":75,"cpuload_process_number":10}}
12-20 10:23:19.105 1044 2321 D BBoostSrv: BoltBoostService REQUEST_GET_CPU_LOADING
12-20 10:23:19.151 1044 2321 D BBoostSrv: CpuStatsTracker cpu0_time_in_state[Hz, ms]: [Pair{1228000 1}, Pair{819000 5}, Pair{1500000 10}, Pair{614000 0}, Pair{409000 989}, Pair{491000 2}, Pair{1000000 2}]
12-20 10:23:19.152 1044 2321 D BBoostSrv: CpuStatsTracker cpu0_capacity_percentage: 28.266005946481666%
12-20 10:23:19.153 1044 2321 D BBoostSrv: CpuStatsTracker cpu6_time_in_state[Hz, ms]: [Pair{1228000 1}, Pair{819000 993}, Pair{1500000 3}, Pair{1600000 1}, Pair{1700000 0}, Pair{1000000 6}]
12-20 10:23:19.153 1044 2321 D BBoostSrv: CpuStatsTracker cpu6_capacity_percentage: 48.42951722521678%
12-20 10:23:19.153 1044 2321 D BBoostSrv: CpuStatsTracker Total Capacity Percentage (calculated on a scale of 800%): 266.45507012932353%
12-20 10:23:19.153 1044 2321 I BBoostSrv: CpuTM totalCpuloading(full 100%)= 0.533565;updateInterval()=10065;CpuCapacityPercentage=266.45507012932353
12-20 10:23:19.154 2266 2331 D BBoostSrv: PCTracker updateTotalCpuloading,cpuloadingResult={"function":"getCpuloading","params":{"totalCpuloading":0.5335649847984314}}
12-20 10:23:19.154 2266 2331 D BBoostSrv: ChannelDispatcher updateTotalCpuloading,cpuloading=0.533565%
12-20 10:23:19.824 3375 3375 I : c6 3375 (kworker/6:0) soc_temp: |cp=35000|gpu=35000|cluster1=34000|cluster0=35000|cpu_top=35200|max=35200|pmic=25800|batt=25000|chg=25000|
12-20 10:23:20.844 3375 3375 I : c6 3375 (kworker/6:0) soc_temp: |cp=35000|gpu=35200|cluster1=34000|cluster0=35000|cpu_top=35000|max=35200|pmic=25700|batt=25000|chg=25000|
12-20 10:23:21.864 3375 3375 I : c6 3375 (kworker/6:0) soc_temp: |cp=35000|gpu=35200|cluster1=34000|cluster0=35000|cpu_top=35000|max=35200|pmic=25700|batt=25000|chg=25000|
12-20 10:23:22.884 3375 3375 I : c6 3375 (kworker/6:0) soc_temp: |cp=35000|gpu=35000|cluster1=34000|cluster0=35000|cpu_top=35000|max=35000|pmic=25700|batt=25000|chg=25000|
12-20 10:23:23.908 3375 3375 I : c6 3375 (kworker/6:0) soc_temp: |cp=35000|gpu=35000|cluster1=34000|cluster0=35000|cpu_top=35200|max=35200|pmic=25700|batt=25000|chg=25000|
12-20 10:23:23.974 805 2909 I ASRLOGD_MANAGER: loopCheckVolume: log_cache_path = /sdcard/asrlog, volumeLeft = 103925, low_volume = 0
12-20 10:23:24.928 3375 3375 I : c6 3375 (kworker/6:0) soc_temp: |cp=35000|gpu=35000|cluster1=34000|cluster0=35000|cpu_top=35000|max=35000|pmic=25700|batt=25000|chg=25000|
12-20 10:23:25.948 3375 3375 I : c6 3375 (kworker/6:0) soc_temp: |cp=35000|gpu=35000|cluster1=34000|cluster0=34800|cpu_top=35000|max=35000|pmic=25700|batt=25000|chg=25000|
12-20 10:23:26.968 3375 3375 I : c6 3375 (kworker/6:0) soc_temp: |cp=35000|gpu=35000|cluster1=34000|cluster0=34800|cpu_top=34800|max=35000|pmic=25700|batt=25000|chg=25000|
