12-20 10:23:27.988 3375 3375 I : c6 3375 (kworker/6:0) soc_temp: |cp=35000|gpu=35000|cluster1=34000|cluster0=34600|cpu_top=34800|max=35000|pmic=25700|batt=25000|chg=25000|
12-20 10:23:29.009 3375 3375 I : c6 3375 (kworker/6:0) soc_temp: |cp=35000|gpu=35000|cluster1=34000|cluster0=34800|cpu_top=35000|max=35000|pmic=25600|batt=25000|chg=25000|
12-20 10:23:29.163 2266 2331 D BBoostSrv: receive MESSAGE_TYPE_CHANNEL_POLLING
12-20 10:23:29.164 2266 2331 I BBoostSrv: ProcessCleaner CleanProcessAfterScreenOffByPolling state: false
12-20 10:23:29.165 1044 2321 D FileUtils: Rounded bytes from 3944148992 to 4000000000
12-20 10:23:29.166 2266 2331 D BBoostSrv: totalMemoryInfo :availMem=2670219264;threshold=226492416;lowMemory=false;totalMem=3944148992
12-20 10:23:29.167 2266 2331 D BBoostSrv: ChannelDispatcher updateMemoryAviable,memoryAviable=2670219264
12-20 10:23:29.167 2266 2331 D BBoostSrv: BoltBoostSystemServiceManager requestAaction : {"function":"getCpuloading","params":{"cpuload_threhold":75,"cpuload_process_number":10}}
12-20 10:23:29.167 2266 2331 D BBoostSrv: BoltBoostSystemServiceManager service.requestAaction : {"function":"getCpuloading","params":{"cpuload_threhold":75,"cpuload_process_number":10}}
12-20 10:23:29.168 1044 1734 D BBoostSrv: BoltBoostService REQUEST_GET_CPU_LOADING
12-20 10:23:29.215 1044 1734 D BBoostSrv: CpuStatsTracker cpu0_time_in_state[Hz, ms]: [Pair{1228000 9}, Pair{819000 26}, Pair{1500000 8}, Pair{614000 0}, Pair{409000 960}, Pair{491000 1}, Pair{1000000 1}]
12-20 10:23:29.215 1044 1734 D BBoostSrv: CpuStatsTracker cpu0_capacity_percentage: 29.086368159203978%
12-20 10:23:29.216 1044 1734 D BBoostSrv: CpuStatsTracker cpu6_time_in_state[Hz, ms]: [Pair{1228000 4}, Pair{819000 1001}, Pair{1500000 2}, Pair{1600000 0}, Pair{1700000 1}, Pair{1000000 0}]
12-20 10:23:29.216 1044 1734 D BBoostSrv: CpuStatsTracker cpu6_capacity_percentage: 48.40283613445378%
12-20 10:23:29.216 1044 1734 D BBoostSrv: CpuStatsTracker Total Capacity Percentage (calculated on a scale of 800%): 271.32388122413147%
12-20 10:23:29.217 1044 1734 I BBoostSrv: CpuTM totalCpuloading(full 100%)= 0.62227756;updateInterval()=10063;CpuCapacityPercentage=271.32388122413147
12-20 10:23:29.218 2266 2331 D BBoostSrv: PCTracker updateTotalCpuloading,cpuloadingResult={"function":"getCpuloading","params":{"totalCpuloading":0.622277557849884}}
12-20 10:23:29.218 2266 2331 D BBoostSrv: ChannelDispatcher updateTotalCpuloading,cpuloading=0.62227756%
12-20 10:23:30.028 3375 3375 I : c6 3375 (kworker/6:0) soc_temp: |cp=35000|gpu=35000|cluster1=34000|cluster0=34600|cpu_top=34800|max=35000|pmic=25600|batt=25000|chg=25000|
12-20 10:23:31.048 3375 3375 I : c6 3375 (kworker/6:0) soc_temp: |cp=35000|gpu=35000|cluster1=34000|cluster0=35000|cpu_top=34600|max=35000|pmic=25600|batt=25000|chg=25000|
12-20 10:23:32.068 3375 3375 I : c6 3375 (kworker/6:0) soc_temp: |cp=35000|gpu=35000|cluster1=34000|cluster0=34600|cpu_top=34800|max=35000|pmic=25600|batt=25000|chg=25000|
12-20 10:23:33.088 3375 3375 I : c6 3375 (kworker/6:0) soc_temp: |cp=35000|gpu=35000|cluster1=34000|cluster0=34800|cpu_top=34800|max=35000|pmic=25400|batt=25000|chg=25000|
12-20 10:23:34.108 3375 3375 I : c6 3375 (kworker/6:0) soc_temp: |cp=35000|gpu=35000|cluster1=34000|cluster0=35000|cpu_top=34600|max=35000|pmic=25400|batt=25000|chg=25000|
12-20 10:23:35.128 3375 3375 I : c6 3375 (kworker/6:0) soc_temp: |cp=35000|gpu=35000|cluster1=34000|cluster0=34400|cpu_top=34600|max=35000|pmic=25700|batt=25000|chg=25000|
12-20 10:23:36.148 3375 3375 I : c6 3375 (kworker/6:0) soc_temp: |cp=35000|gpu=35000|cluster1=34000|cluster0=34600|cpu_top=35000|max=35000|pmic=26000|batt=25000|chg=25000|
12-20 10:23:37.168 3375 3375 I : c6 3375 (kworker/6:0) soc_temp: |cp=35000|gpu=35000|cluster1=34000|cluster0=34400|cpu_top=34400|max=35000|pmic=26000|batt=25000|chg=25000|
12-20 10:23:38.188 3375 3375 I : c6 3375 (kworker/6:0) soc_temp: |cp=35000|gpu=35000|cluster1=34000|cluster0=34800|cpu_top=35000|max=35000|pmic=26300|batt=25000|chg=25000|
12-20 10:23:39.208 3375 3375 I : c6 3375 (kworker/6:0) soc_temp: |cp=35000|gpu=35000|cluster1=33800|cluster0=34600|cpu_top=34600|max=35000|pmic=26300|batt=25000|chg=25000|
12-20 10:23:39.037 805 2909 I ASRLOGD_MANAGER: loopCheckVolume: log_cache_path = /sdcard/asrlog, volumeLeft = 103925, low_volume = 0
12-20 10:23:39.228 2266 2331 D BBoostSrv: receive MESSAGE_TYPE_CHANNEL_POLLING
12-20 10:23:39.229 2266 2331 I BBoostSrv: ProcessCleaner CleanProcessAfterScreenOffByPolling state: false
12-20 10:23:39.230 1044 1734 D FileUtils: Rounded bytes from 3944148992 to 4000000000
12-20 10:23:39.231 2266 2331 D BBoostSrv: totalMemoryInfo :availMem=2669195264;threshold=226492416;lowMemory=false;totalMem=3944148992
12-20 10:23:39.231 2266 2331 D BBoostSrv: ChannelDispatcher updateMemoryAviable,memoryAviable=2669195264
12-20 10:23:39.232 2266 2331 D BBoostSrv: BoltBoostSystemServiceManager requestAaction : {"function":"getCpuloading","params":{"cpuload_threhold":75,"cpuload_process_number":10}}
12-20 10:23:39.232 2266 2331 D BBoostSrv: BoltBoostSystemServiceManager service.requestAaction : {"function":"getCpuloading","params":{"cpuload_threhold":75,"cpuload_process_number":10}}
12-20 10:23:39.233 1044 1734 D BBoostSrv: BoltBoostService REQUEST_GET_CPU_LOADING
12-20 10:23:39.284 1044 1734 D BBoostSrv: CpuStatsTracker cpu0_time_in_state[Hz, ms]: [Pair{1228000 0}, Pair{819000 2}, Pair{1500000 1}, Pair{614000 14}, Pair{409000 982}, Pair{491000 4}, Pair{1000000 5}]
12-20 10:23:39.284 1044 1734 D BBoostSrv: CpuStatsTracker cpu0_capacity_percentage: 27.800000000000004%
12-20 10:23:39.285 1044 1734 D BBoostSrv: CpuStatsTracker cpu6_time_in_state[Hz, ms]: [Pair{1228000 0}, Pair{819000 1007}, Pair{1500000 0}, Pair{1600000 0}, Pair{1700000 0}, Pair{1000000 0}]
12-20 10:23:39.286 1044 1734 D BBoostSrv: CpuStatsTracker cpu6_capacity_percentage: 48.17647058823529%
12-20 10:23:39.286 1044 1734 D BBoostSrv: CpuStatsTracker Total Capacity Percentage (calculated on a scale of 800%): 263.15294117647056%
12-20 10:23:39.286 1044 1734 I BBoostSrv: CpuTM totalCpuloading(full 100%)= 0.47287208;updateInterval()=10069;CpuCapacityPercentage=263.15294117647056
12-20 10:23:39.287 2266 2331 D BBoostSrv: PCTracker updateTotalCpuloading,cpuloadingResult={"function":"getCpuloading","params":{"totalCpuloading":0.4728720784187317}}
12-20 10:23:39.287 2266 2331 D BBoostSrv: ChannelDispatcher updateTotalCpuloading,cpuloading=0.47287208%
12-20 10:23:40.228 3375 3375 I : c6 3375 (kworker/6:0) soc_temp: |cp=35000|gpu=35000|cluster1=34000|cluster0=34600|cpu_top=35000|max=35000|pmic=26600|batt=25000|chg=25000|
12-20 10:23:41.248 3375 3375 I : c6 3375 (kworker/6:0) soc_temp: |cp=35000|gpu=35000|cluster1=34000|cluster0=34600|cpu_top=34800|max=35000|pmic=26600|batt=25000|chg=25000|
12-20 10:23:42.268 3375 3375 I : c6 3375 (kworker/6:0) soc_temp: |cp=35000|gpu=35000|cluster1=33800|cluster0=34600|cpu_top=34800|max=35000|pmic=26500|batt=25000|chg=25000|
12-20 10:23:43.288 3375 3375 I : c6 3375 (kworker/6:0) soc_temp: |cp=35000|gpu=35000|cluster1=34000|cluster0=34400|cpu_top=34800|max=35000|pmic=26500|batt=25000|chg=25000|
12-20 10:23:44.308 3375 3375 I : c6 3375 (kworker/6:0) soc_temp: |cp=35000|gpu=35000|cluster1=34000|cluster0=34400|cpu_top=35000|max=35000|pmic=26600|batt=25000|chg=25000|
12-20 10:23:45.328 3375 3375 I : c6 3375 (kworker/6:0) soc_temp: |cp=35000|gpu=35000|cluster1=33800|cluster0=34000|cpu_top=34400|max=35000|pmic=26600|batt=25000|chg=25000|
12-20 10:23:46.356 3375 3375 I : c6 3375 (kworker/6:0) soc_temp: |cp=35000|gpu=35200|cluster1=34000|cluster0=35200|cpu_top=35400|max=35600|pmic=26500|batt=25000|chg=25000|
12-20 10:23:46.485 612 887 I adspd : send time sync cmd
12-20 10:23:46.485 612 887 I adspd : send_cmd: TIME
12-20 10:23:46.485 612 887 I adspd : send_cmd: ACKS
12-20 10:23:46.486 612 885 I adspd : get cmd ACKS: 10
12-20 10:23:46.486 612 889 D adspd : [ADSP_DBG][ 379.899439][ipcctl ] CTRL:TIME(0x454d4954) 0x0,0x73ba330b,0x58,16
12-20 10:23:46.486 612 889 D adspd : [ADSP_DBG][ 379.898734][ipcctl ] CTRL:ACKS(0x534b4341) 0x0,0x0,0x0,16
12-20 10:23:47.377 3375 3375 I : c6 3375 (kworker/6:0) soc_temp: |cp=35200|gpu=35600|cluster1=34000|cluster0=35200|cpu_top=35200|max=35600|pmic=26500|batt=25000|chg=25000|
12-20 10:23:48.396 3375 3375 I : c6 3375 (kworker/6:0) soc_temp: |cp=35000|gpu=35000|cluster1=34000|cluster0=35000|cpu_top=35000|max=35000|pmic=26400|batt=25000|chg=25000|
12-20 10:23:49.416 3375 3375 I : c6 3375 (kworker/6:0) soc_temp: |cp=35000|gpu=35000|cluster1=34000|cluster0=34800|cpu_top=35000|max=35000|pmic=26400|batt=25000|chg=25000|
12-20 10:23:49.298 2266 2331 D BBoostSrv: receive MESSAGE_TYPE_CHANNEL_POLLING
12-20 10:23:49.299 2266 2331 I BBoostSrv: ProcessCleaner CleanProcessAfterScreenOffByPolling state: false
12-20 10:23:49.300 1044 1734 D FileUtils: Rounded bytes from 3944148992 to 4000000000
12-20 10:23:49.301 2266 2331 D BBoostSrv: totalMemoryInfo :availMem=2663006208;threshold=226492416;lowMemory=false;totalMem=3944148992
12-20 10:23:49.301 2266 2331 D BBoostSrv: ChannelDispatcher updateMemoryAviable,memoryAviable=2663006208
12-20 10:23:49.301 2266 2331 D BBoostSrv: BoltBoostSystemServiceManager requestAaction : {"function":"getCpuloading","params":{"cpuload_threhold":75,"cpuload_process_number":10}}
12-20 10:23:49.301 2266 2331 D BBoostSrv: BoltBoostSystemServiceManager service.requestAaction : {"function":"getCpuloading","params":{"cpuload_threhold":75,"cpuload_process_number":10}}
12-20 10:23:49.302 1044 1734 D BBoostSrv: BoltBoostService REQUEST_GET_CPU_LOADING
12-20 10:23:49.354 1044 1734 D BBoostSrv: CpuStatsTracker cpu0_time_in_state[Hz, ms]: [Pair{1228000 18}, Pair{819000 13}, Pair{1500000 20}, Pair{614000 9}, Pair{409000 932}, Pair{491000 1}, Pair{1000000 13}]
12-20 10:23:49.354 1044 1734 D BBoostSrv: CpuStatsTracker cpu0_capacity_percentage: 30.679655400927768%
12-20 10:23:49.356 1044 1734 D BBoostSrv: CpuStatsTracker cpu6_time_in_state[Hz, ms]: [Pair{1228000 16}, Pair{819000 976}, Pair{1500000 3}, Pair{1600000 0}, Pair{1700000 1}, Pair{1000000 10}]
12-20 10:23:49.356 1044 1734 D BBoostSrv: CpuStatsTracker cpu6_capacity_percentage: 48.83592562273418%
12-20 10:23:49.356 1044 1734 D BBoostSrv: CpuStatsTracker Total Capacity Percentage (calculated on a scale of 800%): 281.74978365103493%
12-20 10:23:49.356 1044 1734 I BBoostSrv: CpuTM totalCpuloading(full 100%)= 1.431773;updateInterval()=10071;CpuCapacityPercentage=281.74978365103493
12-20 10:23:49.357 2266 2331 D BBoostSrv: PCTracker updateTotalCpuloading,cpuloadingResult={"function":"getCpuloading","params":{"totalCpuloading":1.4317729473114014}}
12-20 10:23:49.357 2266 2331 D BBoostSrv: ChannelDispatcher updateTotalCpuloading,cpuloading=1.431773%
12-20 10:23:49.505 1044 1153 D AsrAssertiveDisplayController: setLightSensorEnabled: mAdSettingOn:false
12-20 10:23:49.511 1044 1153 V DisplayPowerController2[0]: Brightness [0.05] reason changing to: 'manual [ dim ]', previous reason: 'manual'.
12-20 10:23:49.512 1044 1153 I DisplayPowerController2[0]: BrightnessEvent: disp=0, physDisp=local:0, displayState=ON, displayPolicy=DIM, brt=0.05, initBrt=0.5, rcmdBrt=NaN, preBrt=NaN, lux=0.0, preLux=0.0, hbmMax=1.0, hbmMode=off, rbcStrength=0, thrmMax=1.0, powerFactor=1.0, wasShortTermModelActive=false, flags=, reason=manual [ dim ], autoBrightness=false, strategy=InvalidBrightnessStrategy, autoBrightnessMode=default
12-20 10:23:50.440 3375 3375 I : c6 3375 (kworker/6:0) soc_temp: |cp=35000|gpu=35000|cluster1=34000|cluster0=35000|cpu_top=35400|max=35400|pmic=26400|batt=25000|chg=25000|
12-20 10:23:50.212 1044 1153 D AsrAssertiveDisplayController: setLightSensorEnabled: mAdSettingOn:false
12-20 10:23:51.460 3375 3375 I : c6 3375 (kworker/6:0) soc_temp: |cp=35000|gpu=35000|cluster1=34000|cluster0=35000|cpu_top=35000|max=35000|pmic=26400|batt=25000|chg=25000|
12-20 10:23:51.464 637 637 W : c3 637 (android.hardwar) healthd: battery none chg=u
12-20 10:23:52.480 3375 3375 I : c6 3375 (kworker/6:0) soc_temp: |cp=35000|gpu=35000|cluster1=34000|cluster0=35000|cpu_top=34800|max=35000|pmic=26500|batt=25000|chg=25000|
12-20 10:23:53.500 3375 3375 I : c6 3375 (kworker/6:0) soc_temp: |cp=35000|gpu=35000|cluster1=34000|cluster0=34800|cpu_top=35000|max=35000|pmic=26500|batt=25000|chg=25000|
12-20 10:23:54.094 805 2909 I ASRLOGD_MANAGER: loopCheckVolume: log_cache_path = /sdcard/asrlog, volumeLeft = 103925, low_volume = 0
12-20 10:23:54.520 3375 3375 I : c6 3375 (kworker/6:0) soc_temp: |cp=35000|gpu=35000|cluster1=34000|cluster0=34600|cpu_top=35000|max=35000|pmic=26200|batt=25000|chg=25000|
12-20 10:23:55.025 1044 1044 I ResourceTimer: GetResourceValue count=2796 pvalues=9000,46000,55000,84000
12-20 10:23:55.025 1044 1044 I ResourceTimer: RetrieveAttributes count=3511 pvalues=3000,8000,15000,51000
12-20 10:23:55.540 3375 3375 I : c6 3375 (kworker/6:0) soc_temp: |cp=35000|gpu=35000|cluster1=34000|cluster0=35000|cpu_top=35000|max=35000|pmic=26200|batt=25000|chg=25000|
12-20 10:23:56.560 3375 3375 I : c6 3375 (kworker/6:0) soc_temp: |cp=35000|gpu=35000|cluster1=33800|cluster0=34600|cpu_top=34400|max=35000|pmic=26100|batt=25000|chg=25000|
12-20 10:23:56.458 1044 1153 I PowerGroup: Powering off display group due to timeout (groupId= 0, uid= 1000, millisSinceLastUserActivity=60004, lastUserActivityEvent=touch)...
12-20 10:23:56.459 1044 1153 I PowerManagerService: Going to sleep due to timeout (uid 1000, screenOffTimeout=60000, activityTimeoutWM=-1, maxDimRatio=0.20000005, maxDimDur=7000)...
12-20 10:23:56.461 1589 2286 D KeyguardViewMediator: onStartedGoingToSleep(3)
12-20 10:23:56.464 1044 1044 D OomAdjuster: Not killing cached processes
12-20 10:23:56.469 636 636 I mali_gralloc: Final selected format and dimensions: alloc_format=RGBA_8888 + Datatype: UNORM, usage=CPU-RoWo + TEXTURE + RENDER + HWC, alloc_width=720, alloc_height=1600
12-20 10:23:56.469 636 636 I mali_gralloc: Final selected format and dimensions: alloc_format=RGBA_8888 + Datatype: UNORM, usage=CPU-RoWo + TEXTURE + RENDER + HWC, alloc_width=720, alloc_height=1600
12-20 10:23:56.480 1589 2286 D KeyguardViewMediator: setting alarm to turn off keyguard, seq = 5
12-20 10:23:56.483 1589 2286 D KeyguardViewMediator: notifyStartedGoingToSleep
12-20 10:23:56.490 688 966 D DisplayModeController: setDesiredMode 0 {mode={fps=120.00 Hz, modePtr={id=1, vsyncRate=120.00 Hz, peakRefreshRate=120.00 Hz}}, emitEvent=true, force=false}
12-20 10:23:56.492 1589 1782 D KeyguardTransitionRepository: (Internal) Setting current transition info: TransitionInfo(ownerName=FromGoneTransitionInteractor(Sleep transition triggered), from=GONE, to=DOZING, animated)
12-20 10:23:56.494 1589 1589 D KeyguardViewMediator: handleNotifyStartedGoingToSleep
12-20 10:23:56.495 1589 1589 D KeyguardViewMediator: KeyguardViewMediator queue processing message: NOTIFY_STARTED_GOING_TO_SLEEP
12-20 10:23:56.499 1589 1589 I KeyguardTransitionRepository: STARTED transition: TransitionStep(from=GONE, to=DOZING, value=0.0, transitionState=STARTED, ownerName=FromGoneTransitionInteractor(Sleep transition triggered))
12-20 10:23:56.502 636 636 I mali_gralloc: Final selected format and dimensions: alloc_format=RGBA_8888 + AFBC + TILED + SPLIT + WIDE + YUV TRANSFORM + SPARSE + Datatype: UNORM, usage=TEXTURE + RENDER + HWC + FORCE_BACKBUFFER, alloc_width=720, alloc_height=1600
12-20 10:23:56.503 636 636 I mali_gralloc: Final selected format and dimensions: alloc_format=RGBA_8888 + AFBC + TILED + SPLIT + WIDE + YUV TRANSFORM + SPARSE + Datatype: UNORM, usage=TEXTURE + RENDER + HWC + FORCE_BACKBUFFER, alloc_width=720, alloc_height=1600
12-20 10:23:56.750 771 771 I : c1 771 (binder:659_1) [drm] asr_dsi_encoder_atomic_check()
12-20 10:23:56.752 163 163 I : c3 163 (kworker/u16:4) asr ddr bw read req: DPU to 2247984KB/s, all 3986173322
12-20 10:23:56.510 1589 1589 I vol.VolumeDialogImpl: mDialog.dismiss() reason: volume_controller from: com.android.systemui.volume.VolumeDialogImpl$7.onDismissRequested:3
12-20 10:23:56.513 636 636 I mali_gralloc: Final selected format and dimensions: alloc_format=RGBA_8888 + AFBC + TILED + SPLIT + WIDE + YUV TRANSFORM + SPARSE + Datatype: UNORM, usage=TEXTURE + RENDER + HWC + FORCE_BACKBUFFER, alloc_width=720, alloc_height=1600
12-20 10:23:56.514 636 636 I mali_gralloc: Final selected format and dimensions: alloc_format=RGBA_8888 + AFBC + TILED + SPLIT + WIDE + YUV TRANSFORM + SPARSE + Datatype: UNORM, usage=TEXTURE + RENDER + HWC + FORCE_BACKBUFFER, alloc_width=720, alloc_height=1600
12-20 10:23:56.521 636 636 I mali_gralloc: Final selected format and dimensions: alloc_format=RGBA_8888 + AFBC + TILED + SPLIT + WIDE + YUV TRANSFORM + SPARSE + Datatype: UNORM, usage=TEXTURE + RENDER + HWC + FORCE_BACKBUFFER, alloc_width=720, alloc_height=1600
12-20 10:23:56.522 636 636 I mali_gralloc: Final selected format and dimensions: alloc_format=RGBA_8888 + AFBC + TILED + SPLIT + WIDE + YUV TRANSFORM + SPARSE + Datatype: UNORM, usage=TEXTURE + RENDER + HWC + FORCE_BACKBUFFER, alloc_width=720, alloc_height=1600
12-20 10:23:56.528 366 366 I powerhal: Power setMode: EXPENSIVE_RENDERING to: 1
12-20 10:23:56.534 366 378 I powerhal-libperfmgr: Set /sys/class/devfreq/d7000000.gpu/min_freq : 0 => 614400000
12-20 10:23:56.536 1044 1153 D AsrAssertiveDisplayController: setLightSensorEnabled: mAdSettingOn:false
12-20 10:23:56.537 1044 1153 V DisplayPowerController2[0]: Brightness [0.5] reason changing to: 'manual', previous reason: 'manual [ dim ]'.
12-20 10:23:56.537 1044 1153 I DisplayPowerController2[0]: BrightnessEvent: disp=0, physDisp=local:0, displayState=ON, displayPolicy=OFF, brt=0.5, initBrt=0.05, rcmdBrt=NaN, preBrt=NaN, lux=0.0, preLux=0.0, hbmMax=1.0, hbmMode=off, rbcStrength=0, thrmMax=1.0, powerFactor=1.0, wasShortTermModelActive=false, flags=, reason=manual, autoBrightness=false, strategy=InvalidBrightnessStrategy, autoBrightnessMode=default
12-20 10:23:56.787 7 7 I : c0 7 (kworker/0:0) asr ddr bw read req: DPU to 1866219KB/s, all 3490590987
12-20 10:23:56.541 636 636 I mali_gralloc: Final selected format and dimensions: alloc_format=RGBA_8888 + AFBC + TILED + SPLIT + WIDE + YUV TRANSFORM + SPARSE + Datatype: UNORM, usage=TEXTURE + RENDER + HWC + FORCE_BACKBUFFER, alloc_width=720, alloc_height=1600
12-20 10:23:56.541 636 636 I mali_gralloc: Final selected format and dimensions: alloc_format=RGBA_8888 + AFBC + TILED + SPLIT + WIDE + YUV TRANSFORM + SPARSE + Datatype: UNORM, usage=TEXTURE + RENDER + HWC + FORCE_BACKBUFFER, alloc_width=720, alloc_height=1600
12-20 10:23:56.552 1044 1122 D DisplayManagerService: Ignore redundant display event 0/4 to 10081/2326
12-20 10:23:56.972 1044 1153 I DisplayPowerController2[0]: Blocking screen off
12-20 10:23:56.973 1044 1153 I DisplayPowerController2[0]: Unblocked screen off after 0 ms
12-20 10:23:56.977 1044 1153 D ActivityTaskManager: Top Process State changed to PROCESS_STATE_TOP_SLEEPING
12-20 10:23:56.986 1913 1913 W SplitSelectStateCtor: Missing session instanceIds
12-20 10:23:56.986 1913 1913 D StatsLog: LAUNCHER_SPLIT_SELECTION_EXIT_INTERRUPTED
12-20 10:23:56.989 1589 1589 D CentralSurfaces: !shouldBeKeyguard mStatusBarStateController.isKeyguardRequested() false keyguardForDozing false wakeAndUnlocking false isWakingAndOccluded false
12-20 10:23:56.989 1044 1153 I DisplayBrightnessStrategySelector: Changing the DisplayBrightnessStrategy from InvalidBrightnessStrategy to ScreenOffBrightnessStrategy for display 0
12-20 10:23:56.989 1589 1589 D CentralSurfaces: hideKeyguardImpl false
12-20 10:23:56.990 1044 1153 D AsrAssertiveDisplayController: setLightSensorEnabled: mAdSettingOn:false
12-20 10:23:56.992 1044 1153 V DisplayPowerController2[0]: Brightness [0.0] reason changing to: 'screen_off', previous reason: 'manual'.
12-20 10:23:56.992 1044 1153 I DisplayPowerController2[0]: BrightnessEvent: disp=0, physDisp=local:0, displayState=OFF, displayPolicy=OFF, brt=0.0, initBrt=0.5, rcmdBrt=NaN, preBrt=NaN, lux=0.0, preLux=0.0, hbmMax=1.0, hbmMode=off, rbcStrength=0, thrmMax=1.0, powerFactor=1.0, wasShortTermModelActive=false, flags=, reason=screen_off, autoBrightness=false, strategy=ScreenOffBrightnessStrategy, autoBrightnessMode=default
12-20 10:23:57.001 688 688 D SurfaceFlinger: Setting power mode 0 on display 0
12-20 10:23:57.002 659 771 I hwc3 : Set power mode: OFF
12-20 10:23:57.002 659 771 D hwc-drm-atomic-state-manager: Set power state 0 for crtc: 143, connector: DSI-1
12-20 10:23:57.238 650 650 E : c0 650 (android.hardwar) nanohub response failure: 1
12-20 10:23:57.253 771 771 I : c2 771 (binder:659_1) [drm] asr_dsi_connector_best_encoder()
12-20 10:23:57.253 771 771 I : c2 771 (binder:659_1) [drm] asr_dsi_connector_best_encoder()
12-20 10:23:57.253 771 771 I : c2 771 (binder:659_1) [drm] asr_dsi_encoder_atomic_check()
12-20 10:23:57.253 771 771 I : c2 771 (binder:659_1) [drm] asr_dsi_encoder_disable()
12-20 10:23:57.253 771 771 I : c2 771 (binder:659_1) backlight_disable()
12-20 10:23:57.253 771 771 I : c2 771 (binder:659_1) [drm] dpu_stop()
12-20 10:23:57.002 650 650 W nanohub : sendCmd: failed: count=20, ret=-1, errno=1
12-20 10:23:57.003 650 650 W nanohub : queueBatch: failed to send command: sensor=1, handle=1, period=80000000, latency=2000000000
12-20 10:23:57.011 1913 1913 D VRI[QuickstepLauncher]: visibilityChanged oldVisibility=true newVisibility=false
12-20 10:23:57.012 1044 1122 D DisplayManagerService: Ignore redundant display event 0/4 to 10081/2326
12-20 10:23:57.012 1044 1122 I DisplayDeviceRepository: Display device changed state: "Built-in Screen", OFF
12-20 10:23:57.017 1044 1122 I InputManager-JNI: Viewport [0] to add: local:0, isActive: false
12-20 10:23:57.018 1044 1122 W IPCThreadState: Sending oneway calls to frozen process.
12-20 10:23:57.018 1044 1209 I InputReader: Reconfiguring input devices, changes=DISPLAY_INFO
12-20 10:23:57.019 1044 1209 I InputReader: Disabling omnivision_tcm_touch (device 5) because the associated viewport is not active
12-20 10:23:57.019 1044 1209 I InputReader: Device reconfigured: id=5, name='omnivision_tcm_touch', size 720x1612, orientation Rotation0, mode DISABLED, display id 0
12-20 10:23:57.019 619 619 D audio_hw_primary: adev_set_parameters: enter: screen_state=off
12-20 10:23:57.019 619 619 D audio_hw_primary: adev_set_parameters: exit with code(0)
12-20 10:23:57.261 771 771 I : c2 771 (binder:659_1) drm_panel_disable()
12-20 10:23:57.261 771 771 I : c2 771 (binder:659_1) backlight_disable()
12-20 10:23:57.261 771 771 I : c2 771 (binder:659_1) [drm] asr_panel_disable()
12-20 10:23:57.024 1044 1117 W SurfaceControl: Invalid layer stack -1
12-20 10:23:57.024 1044 1117 I DisplayDevice: [0] Layerstack set to -1 for local:0
12-20 10:23:57.032 1589 1589 D DisplayRepository: combining enabled=[0], connectedExternalDisplayIds=[], ignored=[]
12-20 10:23:57.035 588 631 I netd : tetherGetStats() -> {[]} <5.26ms>
12-20 10:23:57.048 1913 1913 D BaseDepthController: setSurface:
12-20 10:23:57.048 1913 1913 D BaseDepthController: mWaitingOnSurfaceValidity: false
12-20 10:23:57.048 1913 1913 D BaseDepthController: mSurface: null
12-20 10:23:57.050 1913 1913 D StatsLog: LAUNCHER_ONSTOP
12-20 10:23:57.050 1044 1769 I AppWidgetServiceImpl: setAppWidgetHidden() 0
12-20 10:23:57.155 688 966 D DisplayModeController: setDesiredMode 0 {mode={fps=60.00 Hz, modePtr={id=0, vsyncRate=60.00 Hz, peakRefreshRate=60.00 Hz}}, emitEvent=false, force=false}
12-20 10:23:57.416 771 771 I : c2 771 (binder:659_1) mipi: POWERDOWN!!
12-20 10:23:57.417 771 771 I : c2 771 (binder:659_1) [drm] asr_panel_unprepare()
12-20 10:23:57.578 771 771 I : c2 771 (binder:659_1) LDO22: off read after reg:0x14 val:0x4
12-20 10:23:57.578 771 771 I : c2 771 (binder:659_1) LDO22: off write before reg:0x14 val:0x0
12-20 10:23:57.580 771 771 I : c2 771 (binder:659_1) LDO13: off read after reg:0x13 val:0x46
12-20 10:23:57.580 771 771 I : c2 771 (binder:659_1) LDO13: off write before reg:0x13 val:0x44
12-20 10:23:57.580 3375 3375 I : c6 3375 (kworker/6:0) soc_temp: |cp=35800|gpu=35800|cluster1=35200|cluster0=36800|cpu_top=37200|max=37200|pmic=26100|batt=25000|chg=25000|
12-20 10:23:57.581 771 771 I : c2 771 (binder:659_1) [drm] dphy suspend OK
12-20 10:23:57.581 771 771 I : c2 771 (binder:659_1) [drm] asr_crtc_atomic_disable(power off)
12-20 10:23:57.582 771 771 I : c2 771 (binder:659_1) asr ddr bw read req: DPU to 15KB/s, all 122190542
12-20 10:23:57.333 688 688 D SurfaceFlinger: Finished setting power mode 0 on display 0
12-20 10:23:57.335 1044 1569 D SurfaceControl: Excessive delay in setPowerMode()
12-20 10:23:57.337 1044 1153 D AsrAssertiveDisplayController: setLightSensorEnabled: mAdSettingOn:false
12-20 10:23:57.341 688 966 D DisplayModeController: setDesiredMode 0 {mode={fps=120.00 Hz, modePtr={id=1, vsyncRate=120.00 Hz, peakRefreshRate=120.00 Hz}}, emitEvent=true, force=false}
12-20 10:23:57.345 366 366 I powerhal: Power setMode: EXPENSIVE_RENDERING to: 0
12-20 10:23:57.345 1044 1122 W IPCThreadState: Sending oneway calls to frozen process.
12-20 10:23:57.346 1044 1153 I DreamManagerService: Entering dreamland.
12-20 10:23:57.346 1044 1122 D DisplayManagerService: Ignore redundant display event 0/2 to 10081/2326
12-20 10:23:57.346 366 378 I powerhal-libperfmgr: Set /sys/class/devfreq/d7000000.gpu/min_freq : 614400000 => 0
12-20 10:23:57.348 619 619 D audio_hw_primary: adev_set_parameters: enter: screen_state=off
12-20 10:23:57.348 619 619 D audio_hw_primary: adev_set_parameters: exit with code(0)
12-20 10:23:57.354 1044 1153 I PowerManagerService: Dozing...
12-20 10:23:57.358 1589 1589 D DisplayRepository: combining enabled=[0], connectedExternalDisplayIds=[], ignored=[]
12-20 10:23:57.373 1044 1115 I DreamController: Starting dream: name=ComponentInfo{com.android.systemui/com.android.systemui.doze.DozeService}, isPreviewMode=false, canDoze=true, userId=0, reason='power manager request'
12-20 10:23:57.380 1589 1589 I vol.VolumeDialogImpl: mDialog.dismiss() reason: volume_controller from: com.android.systemui.volume.VolumeDialogImpl$7.onDismissRequested:3
12-20 10:23:57.383 1044 1115 D AutofillManagerService: Close system dialogs
12-20 10:23:57.405 1589 1589 D SbStateController: setState: requested state KEYGUARD!= upcomingState: SHADE. This usually means the status bar state transition was interrupted before the upcoming state could be applied.
12-20 10:23:57.412 1589 1813 D KeyguardViewMediator: updateActivityLockScreenState(false, true)
12-20 10:23:57.448 1589 1589 V DreamService[DozeService]: UpdateDoze mDozeScreenState=1 mDozeScreenBrightness=13
12-20 10:23:57.450 1044 1153 D AsrAssertiveDisplayController: setLightSensorEnabled: mAdSettingOn:false
12-20 10:23:57.451 1044 1153 I DisplayPowerController2[0]: BrightnessEvent: disp=0, physDisp=local:0, displayState=OFF, displayPolicy=DOZE, brt=0.0, initBrt=0.0, rcmdBrt=NaN, preBrt=NaN, lux=0.0, preLux=0.0, hbmMax=1.0, hbmMode=off, rbcStrength=0, thrmMax=1.0, powerFactor=1.0, wasShortTermModelActive=false, flags=, reason=screen_off, autoBrightness=false, strategy=ScreenOffBrightnessStrategy, autoBrightnessMode=default
12-20 10:23:57.458 1589 1589 I KeyguardTransitionRepository: FINISHED transition: TransitionStep(from=GONE, to=DOZING, value=1.0, transitionState=FINISHED, ownerName=FromGoneTransitionInteractor(Sleep transition triggered))
12-20 10:23:57.480 1589 2359 D KeyguardViewMediator: onFinishedGoingToSleep(3)
12-20 10:23:57.480 1589 2359 D KeyguardViewMediator: notifyFinishedGoingToSleep
12-20 10:23:57.495 636 636 I mali_gralloc: Final selected format and dimensions: alloc_format=RGBA_8888 + AFBC + TILED + SPLIT + WIDE + YUV TRANSFORM + SPARSE + Datatype: UNORM, usage=TEXTURE + RENDER + HWC, alloc_width=720, alloc_height=1600
12-20 10:23:57.495 636 636 I mali_gralloc: Final selected format and dimensions: alloc_format=RGBA_8888 + AFBC + TILED + SPLIT + WIDE + YUV TRANSFORM + SPARSE + Datatype: UNORM, usage=TEXTURE + RENDER + HWC, alloc_width=720, alloc_height=1600
12-20 10:23:57.498 650 650 W nanohub : sendCmd: failed: count=20, ret=-1, errno=1
12-20 10:23:57.498 650 650 W nanohub : queueActivate: failed to send command: sensor=1, handle=1, enable=0
12-20 10:23:57.500 1044 1044 I PowerManagerService: onFlip(): Face up.
12-20 10:23:57.500 636 636 I mali_gralloc: Final selected format and dimensions: alloc_format=RGBA_8888 + AFBC + TILED + SPLIT + WIDE + YUV TRANSFORM + SPARSE + Datatype: UNORM, usage=TEXTURE + RENDER + HWC, alloc_width=720, alloc_height=1600
12-20 10:23:57.500 636 636 I mali_gralloc: Final selected format and dimensions: alloc_format=RGBA_8888 + AFBC + TILED + SPLIT + WIDE + YUV TRANSFORM + SPARSE + Datatype: UNORM, usage=TEXTURE + RENDER + HWC, alloc_width=720, alloc_height=1600
12-20 10:23:57.740 650 650 E : c2 650 (android.hardwar) nanohub response failure: 1
12-20 10:23:57.506 636 636 I mali_gralloc: Final selected format and dimensions: alloc_format=RGBA_8888 + AFBC + TILED + SPLIT + WIDE + YUV TRANSFORM + SPARSE + Datatype: UNORM, usage=TEXTURE + RENDER + HWC, alloc_width=720, alloc_height=1600
12-20 10:23:57.506 636 636 I mali_gralloc: Final selected format and dimensions: alloc_format=RGBA_8888 + AFBC + TILED + SPLIT + WIDE + YUV TRANSFORM + SPARSE + Datatype: UNORM, usage=TEXTURE + RENDER + HWC, alloc_width=720, alloc_height=1600
12-20 10:23:57.511 636 636 I mali_gralloc: Final selected format and dimensions: alloc_format=RGBA_8888 + AFBC + TILED + SPLIT + WIDE + YUV TRANSFORM + SPARSE + Datatype: UNORM, usage=TEXTURE + RENDER + HWC, alloc_width=720, alloc_height=1600
12-20 10:23:57.512 636 636 I mali_gralloc: Final selected format and dimensions: alloc_format=RGBA_8888 + AFBC + TILED + SPLIT + WIDE + YUV TRANSFORM + SPARSE + Datatype: UNORM, usage=TEXTURE + RENDER + HWC, alloc_width=720, alloc_height=1600
12-20 10:23:57.521 2266 2266 I BBoostSrv: BoltBoostServiceApplication ScreenReceiver Screen is off
12-20 10:23:57.521 2266 2266 D BBoostSrv: PowerPolicy setScreenOnMode enable: false
12-20 10:23:57.521 2266 2266 D BBoostSrv: PowerServiceClient setMode :mode=SCREEN_OFF;enabled=true
12-20 10:23:57.522 366 366 I powerhal: PowerExt setMode: SCREEN_OFF to: 1
12-20 10:23:57.529 1913 1913 D StateManager: goToState - fromState: AllApps, toState: Normal, partial trace:
12-20 10:23:57.529 1913 1913 D StateManager: at com.android.launcher3.Launcher.onScreenOnChanged(Launcher.java:2130)
12-20 10:23:57.529 1913 1913 D StateManager: at com.android.launcher3.Launcher$$ExternalSyntheticLambda14.onScreenOnChanged(D8$$SyntheticClass:0)
12-20 10:23:57.529 1913 1913 D StateManager: at com.android.launcher3.util.ScreenOnTracker.lambda$dispatchScreenOnChanged$0(ScreenOnTracker.java:67)
12-20 10:23:57.530 1913 1913 D StateManager: onStateTransitionStart - state: Normal
12-20 10:23:57.531 1589 1589 W View : requestLayout() improperly called by com.android.systemui.util.AutoMarqueeTextView{34f8e5c VFED..C.. ..S...ID 195,0-463,96 #7f0a054c app:id/no_carrier_text} during layout: running second layout pass
12-20 10:23:57.532 1589 1589 W View : requestLayout() improperly called by com.android.keyguard.CarrierText{d67d565 V.ED..... ......ID 32,0-332,80 #7f0a03bd app:id/keyguard_carrier_text} during layout: running second layout pass
12-20 10:23:57.535 1913 1913 D StatsLog: LAUNCHER_ALLAPPS_EXIT
12-20 10:23:57.536 1913 1913 D StateManager: onStateTransitionEnd - state: Normal
12-20 10:23:57.536 1913 1913 D RecentsView: reset - mEnableDrawingLiveTile: false, mRecentsAnimationController: null
12-20 10:23:57.537 1044 1551 I MR2ServiceImpl: Updating composite discovery preference | preference: RouteDiscoveryRequest{ preferredFeatures={}, activeScan=false }, active routers: []
12-20 10:23:57.553 2266 2266 W [BBoostSrv] WakeLockMonitor: Android WakeLock Info: Wake Locks: size=2
12-20 10:23:57.553 2266 2266 W [BBoostSrv] WakeLockMonitor: Android WakeLock Info: PARTIAL_WAKE_LOCK 'Doze' ACQ=-146ms (uid=10088 pid=1589)
12-20 10:23:57.553 2266 2266 W [BBoostSrv] WakeLockMonitor: Android WakeLock Info: DOZE_WAKE_LOCK 'dream:doze' ACQ=-96ms (uid=1000 pid=1044)
12-20 10:23:57.567 1589 1589 D ZenModeController: Removed callback class com.android.systemui.qs.tiles.DndTile$3
12-20 10:23:57.568 1589 1589 D SbStateController: setIsDreaming:true
12-20 10:23:57.578 1589 1589 D KeyguardViewMediator: handleNotifyFinishedGoingToSleep
12-20 10:23:57.578 1589 1589 D KeyguardViewMediator: KeyguardViewMediator queue processing message: NOTIFY_FINISHED_GOING_TO_SLEEP
12-20 10:23:57.596 1589 1589 I vol.VolumeDialogImpl: mDialog.dismiss() reason: screen_off from: com.android.systemui.volume.VolumeDialogImpl$7.onScreenOff:4
12-20 10:23:57.596 1589 1589 D vol.VolumeDialogImpl: dismissH: skipping dismiss because isAnimatingDismiss is true and showingStateInconsistent is false
12-20 10:23:57.620 1044 2321 D SystemServerTiming: getUserSwitchability-0
12-20 10:23:57.620 1044 2321 D SystemServerTiming: TM.isInCall
12-20 10:23:57.620 1044 1734 D SystemServerTiming: getUserSwitchability-0
12-20 10:23:57.620 1044 1734 D SystemServerTiming: TM.isInCall
12-20 10:23:57.621 1044 1734 V SystemServerTiming: TM.isInCall took to complete: 1ms
12-20 10:23:57.621 1044 1734 D SystemServerTiming: hasUserRestriction-DISALLOW_USER_SWITCH
12-20 10:23:57.621 1044 2321 V SystemServerTiming: TM.isInCall took to complete: 2ms
12-20 10:23:57.621 1044 1734 V SystemServerTiming: hasUserRestriction-DISALLOW_USER_SWITCH took to complete: 0ms
12-20 10:23:57.621 1044 1734 D SystemServerTiming: getInt-ALLOW_USER_SWITCHING_WHEN_SYSTEM_USER_LOCKED
12-20 10:23:57.621 1044 2321 D SystemServerTiming: hasUserRestriction-DISALLOW_USER_SWITCH
12-20 10:23:57.621 1044 2321 V SystemServerTiming: hasUserRestriction-DISALLOW_USER_SWITCH took to complete: 0ms
12-20 10:23:57.621 1044 2321 D SystemServerTiming: getInt-ALLOW_USER_SWITCHING_WHEN_SYSTEM_USER_LOCKED
12-20 10:23:57.621 1044 2321 V SystemServerTiming: getInt-ALLOW_USER_SWITCHING_WHEN_SYSTEM_USER_LOCKED took to complete: 0ms
12-20 10:23:57.621 1044 2321 D SystemServerTiming: isUserUnlocked-USER_SYSTEM
12-20 10:23:57.621 1044 2321 V SystemServerTiming: isUserUnlocked-USER_SYSTEM took to complete: 0ms
12-20 10:23:57.621 1044 2321 V SystemServerTiming: getUserSwitchability-0 took to complete: 2ms
12-20 10:23:57.622 1044 1734 V SystemServerTiming: getInt-ALLOW_USER_SWITCHING_WHEN_SYSTEM_USER_LOCKED took to complete: 0ms
12-20 10:23:57.622 1044 1734 D SystemServerTiming: isUserUnlocked-USER_SYSTEM
12-20 10:23:57.622 1044 1734 V SystemServerTiming: isUserUnlocked-USER_SYSTEM took to complete: 0ms
12-20 10:23:57.622 1044 1734 V SystemServerTiming: getUserSwitchability-0 took to complete: 2ms
12-20 10:23:57.639 1589 1589 D BiometricsRepositoryImpl: currentUser authFlags changed, new value: AuthenticationFlags(userId=0, flag=0)
12-20 10:23:57.640 1589 1589 D BiometricsRepositoryImpl: currentUser authFlags changed, new value: AuthenticationFlags(userId=0, flag=0)
12-20 10:23:57.681 1589 1589 D BiometricsRepositoryImpl: currentUser authFlags changed, new value: AuthenticationFlags(userId=0, flag=0)
12-20 10:23:57.682 1589 1589 D BiometricsRepositoryImpl: currentUser authFlags changed, new value: AuthenticationFlags(userId=0, flag=0)
12-20 10:23:57.683 1589 1589 D BiometricsRepositoryImpl: currentUser authFlags changed, new value: AuthenticationFlags(userId=0, flag=0)
12-20 10:23:57.684 1589 1589 D BiometricsRepositoryImpl: currentUser authFlags changed, new value: AuthenticationFlags(userId=0, flag=0)
12-20 10:23:57.685 1589 1744 D ControlsListingControllerImpl: Subscribing callback, service count: 0
12-20 10:23:57.689 1589 1744 D ControlsListingControllerImpl: Subscribing callback, service count: 0
12-20 10:23:57.690 1589 1744 D ControlsListingControllerImpl: Subscribing callback, service count: 0
12-20 10:23:57.691 1589 1744 E QuickAccessWalletKeyguardQuickAffordanceConfig: Wallet card retrieval error, message: "null"
12-20 10:23:57.695 1589 1744 E QuickAccessWalletKeyguardQuickAffordanceConfig: Wallet card retrieval error, message: "null"
12-20 10:23:57.695 1589 1744 E QuickAccessWalletKeyguardQuickAffordanceConfig: Wallet card retrieval error, message: "null"
12-20 10:23:57.713 688 966 D DisplayModeController: setDesiredMode 0 {mode={fps=60.00 Hz, modePtr={id=0, vsyncRate=60.00 Hz, peakRefreshRate=60.00 Hz}}, emitEvent=false, force=false}
12-20 10:23:57.985 1589 1667 V WindowManagerShell: Transition requested (#10): android.os.BinderProxy@cc45e62 TransitionRequestInfo { type = SLEEP, triggerTask = null, pipTask = null, remoteTransition = null, displayChange = null, flags = 0, debugId = 10 }
12-20 10:23:57.986 1044 1115 V WindowManager: Sent Transition (#10) createdAt=12-20 10:23:57.982 via request=TransitionRequestInfo { type = SLEEP, triggerTask = null, pipTask = null, remoteTransition = null, displayChange = null, flags = 0, debugId = 10 }
12-20 10:23:57.986 1044 1115 V WindowManager: startWCT=null
12-20 10:23:57.986 1044 1115 V WindowManager: info={id=10 t=SLEEP f=0x0 trk=0 r=[] c=[]}
12-20 10:23:57.987 1589 2359 V WindowManagerShell: onTransitionReady(transaction=4483945857769)
12-20 10:23:57.993 1044 1737 W Transition: Transition already started id=10 state=2
12-20 10:23:57.995 1589 1667 V WindowManagerShell: onTransitionReady (#10) android.os.BinderProxy@cc45e62: {id=10 t=SLEEP f=0x0 trk=0 r=[] c=[]}
12-20 10:23:57.995 1589 1667 V WindowManagerShell: No transition roots in (#10) android.os.BinderProxy@cc45e62@0 so abort
12-20 10:23:57.997 1589 1667 V WindowManagerShell: Transition animation finished (aborted=true), notifying core (#10) android.os.BinderProxy@cc45e62@0
12-20 10:23:58.002 688 966 D DisplayModeController: setDesiredMode 0 {mode={fps=120.00 Hz, modePtr={id=1, vsyncRate=120.00 Hz, peakRefreshRate=120.00 Hz}}, emitEvent=true, force=false}
12-20 10:23:58.005 1044 1769 W UserManagerService: Requested status bar icon for non-badged user 0
12-20 10:23:58.005 1044 1115 V WindowManager: Finish Transition (#10): created at
12-20 10:23:57.982 collect-started=0.447ms request-sent=0.817ms started=1.58ms ready=1.546ms sent=2.273ms finished=22.135ms
12-20 10:23:58.007 1589 1667 V WindowManagerShell: Track 0 became idle
12-20 10:23:58.007 1589 1667 V WindowManagerShell: All active transition animations finished
12-20 10:23:58.083 688 966 D DisplayModeController: setDesiredMode 0 {mode={fps=60.00 Hz, modePtr={id=0, vsyncRate=60.00 Hz, peakRefreshRate=60.00 Hz}}, emitEvent=false, force=false}
12-20 10:23:58.604 3375 3375 I : c6 3375 (kworker/6:0) soc_temp: |cp=36200|gpu=36200|cluster1=35200|cluster0=37200|cpu_top=37400|max=37600|pmic=25900|batt=25000|chg=25000|
12-20 10:23:58.477 1044 1551 I MR2ServiceImpl: Updating composite discovery preference | preference: RouteDiscoveryRequest{ preferredFeatures={}, activeScan=false }, active routers: []
12-20 10:23:58.516 588 631 I netd : tetherGetStats() -> {[]} <3.60ms>
12-20 10:23:59.368 2266 2331 D BBoostSrv: receive MESSAGE_TYPE_CHANNEL_POLLING
12-20 10:23:59.369 2266 2331 D BBoostSrv: ProcessCleaner updateRecentProcessMap process is removed from recent ,pid=1913
12-20 10:23:59.369 2266 2331 I BBoostSrv: ProcessCleaner CleanProcessAfterScreenOffByPolling state: false
12-20 10:23:59.370 1044 1734 D FileUtils: Rounded bytes from 3944148992 to 4000000000
12-20 10:23:59.371 2266 2331 D BBoostSrv: totalMemoryInfo :availMem=2612580352;threshold=226492416;lowMemory=false;totalMem=3944148992
12-20 10:23:59.371 2266 2331 D BBoostSrv: ChannelDispatcher updateMemoryAviable,memoryAviable=2612580352
12-20 10:23:59.372 2266 2331 D BBoostSrv: BoltBoostSystemServiceManager requestAaction : {"function":"getCpuloading","params":{"cpuload_threhold":75,"cpuload_process_number":10}}
12-20 10:23:59.372 2266 2331 D BBoostSrv: BoltBoostSystemServiceManager service.requestAaction : {"function":"getCpuloading","params":{"cpuload_threhold":75,"cpuload_process_number":10}}
12-20 10:23:59.373 1044 1769 D BBoostSrv: BoltBoostService REQUEST_GET_CPU_LOADING
12-20 10:23:59.624 3375 3375 I : c6 3375 (kworker/6:0) soc_temp: |cp=35800|gpu=35800|cluster1=35000|cluster0=35800|cpu_top=35800|max=36000|pmic=25900|batt=25000|chg=25000|
12-20 10:23:59.448 1044 1769 D BBoostSrv: CpuStatsTracker cpu0_time_in_state[Hz, ms]: [Pair{1228000 5}, Pair{819000 14}, Pair{1500000 63}, Pair{614000 19}, Pair{409000 863}, Pair{491000 22}, Pair{1000000 23}]
12-20 10:23:59.448 1044 1769 D BBoostSrv: CpuStatsTracker cpu0_capacity_percentage: 33.73247439709283%
12-20 10:23:59.449 1044 1769 D BBoostSrv: CpuStatsTracker cpu6_time_in_state[Hz, ms]: [Pair{1228000 4}, Pair{819000 981}, Pair{1500000 5}, Pair{1600000 3}, Pair{1700000 15}, Pair{1000000 2}]
12-20 10:23:59.450 1044 1769 D BBoostSrv: CpuStatsTracker cpu6_capacity_percentage: 49.397262667443215%
12-20 10:23:59.450 1044 1769 D BBoostSrv: CpuStatsTracker Total Capacity Percentage (calculated on a scale of 800%): 301.1893717174434%
12-20 10:23:59.450 1044 1769 I BBoostSrv: CpuTM totalCpuloading(full 100%)= 5.4620275;updateInterval()=10093;CpuCapacityPercentage=301.1893717174434
12-20 10:23:59.451 2266 2331 D BBoostSrv: PCTracker updateTotalCpuloading,cpuloadingResult={"function":"getCpuloading","params":{"totalCpuloading":5.462027549743652}}
12-20 10:23:59.452 2266 2331 D BBoostSrv: ChannelDispatcher updateTotalCpuloading,cpuloading=5.4620275%
12-20 10:24:00.644 3375 3375 I : c6 3375 (kworker/6:0) soc_temp: |cp=35000|gpu=35000|cluster1=34600|cluster0=35000|cpu_top=35000|max=35000|pmic=25600|batt=25000|chg=25000|