08-03 22:36:45.370 638 638 I GRALLOC : yuv=2,w=1080,h=72,Stride u=0 v=0,offset u=0 v=0
08-03 22:36:45.370 638 638 I GRALLOC : iova_size=315392,conUsg=0xb00,proUsg=0xb00, strd=1088,[afbc]HdrStrd=0 PyldStrd=0 Scrmbl=0,ionhnd = 1
08-03 22:36:45.375 1155 2800 D WindowManager: finishDrawingWindow: Window{fd89218 u0 StatusBar} mDrawState=DRAW_PENDING
08-03 22:36:45.378 1155 1290 D InputDispatcher: Dispatch frozen. Waiting some more. last for 873ms
08-03 22:36:45.380 2635 16419 W ctxmgr : [AclManager]No 2 for (accnt=account#-517948760#, com.google.android.gms(10013):PlacesProducer, vrsn=12874000, 0, 3pPkg = null , 3pMdlId = null , pid = 2635). Was: 3 for 18, account#-517948760#
08-03 22:36:45.380 1495 1495 D TintManager: statusBarIconTint=#99FFFFFF,navigationBarIconTint=#00000000
08-03 22:36:45.381 1495 1929 D OpenGLRenderer: HWUI Binary is enabled
08-03 22:36:45.381 1495 1929 D OpenGLRenderer: HWUI Binary is enabled
08-03 22:36:45.383 1495 1495 D ImageWallpaper: onVisibilityChanged: mVisible, visible=false, true
08-03 22:36:45.383 1495 1495 D ImageWallpaper: Visibility changed to visible=true
08-03 22:36:45.384 1495 1495 D ImageWallpaper: Suppressed drawFrame since redraw is not needed and offsets have not changed.sf=Rect(0, 0 - 2160, 2160)
08-03 22:36:45.388 1155 1290 D InputDispatcher: Dispatch frozen. Waiting some more. last for 883ms
08-03 22:36:45.390 1155 1290 D InputDispatcher: Dispatch frozen. Waiting some more. last for 884ms
08-03 22:36:45.391 1495 1495 D ImageWallpaper: onSurfaceRedrawNeeded
08-03 22:36:45.392 1495 1495 D ImageWallpaper: Suppressed drawFrame since redraw is not needed and offsets have not changed.sf=Rect(0, 0 - 2160, 2160)
08-03 22:36:45.393 1155 2800 D WindowManager: finishDrawingWindow: Window{24facbd u0 com.android.systemui.HwImageWallpaper} mDrawState=DRAW_PENDING
08-03 22:36:45.393 1495 1495 D ImageWallpaper: onOffsetsChanged: xOffset=0.0, yOffset=0.0, xOffsetStep=0.0, yOffsetStep=0.0, xPixels=0, yPixels=0
08-03 22:36:45.394 1495 1495 D ImageWallpaper: Suppressed drawFrame since redraw is not needed and offsets have not changed.sf=Rect(0, 0 - 2160, 2160)
08-03 22:36:45.396 1495 1495 W HwKeyguardDragHelper: AnimationBlocked
08-03 22:36:45.397 1155 1290 D InputDispatcher: Dispatch frozen. Waiting some more. last for 892ms
08-03 22:36:45.399 638 638 I GRALLOC : shrFd=10,fmt=0x1,intFmt=0x1,btStrd=4352,size=315392,pid=638
08-03 22:36:45.399 638 638 I GRALLOC : yuv=2,w=1080,h=72,Stride u=0 v=0,offset u=0 v=0
08-03 22:36:45.399 638 638 I GRALLOC : iova_size=315392,conUsg=0xb00,proUsg=0xb00, strd=1088,[afbc]HdrStrd=0 PyldStrd=0 Scrmbl=0,ionhnd = 1
08-03 22:36:45.406 1155 1290 D InputDispatcher: Dispatch frozen. Waiting some more. last for 900ms
08-03 22:36:45.407 1155 1290 D InputDispatcher: Dispatch frozen. Waiting some more. last for 901ms
08-03 22:36:45.408 667 839 E BufferQueueProducer: [NavigationBar#0] disconnect: not connected (req=1)
08-03 22:36:45.408 1495 1929 W libEGL : EGLNativeWindowType 0x7e46588010 disconnect failed
08-03 22:36:45.409 2936 2952 I zygote64: Background concurrent copying GC freed 62771(2MB) AllocSpace objects, 4(200KB) LOS objects, 50% free, 13MB/27MB, paused 613us total 179.415ms
08-03 22:36:45.409 1495 1929 D mali_winsys: EGLint new_window_surface(egl_winsys_display *, void *, EGLSurface, EGLConfig, egl_winsys_surface **, egl_color_buffer_format *, EGLBoolean) returns 0x3000
08-03 22:36:45.411 638 638 I GRALLOC : shrFd=10,fmt=0x1,intFmt=0x1,btStrd=4352,size=540672,pid=638
08-03 22:36:45.411 638 638 I GRALLOC : yuv=2,w=1080,h=122,Stride u=0 v=0,offset u=0 v=0
08-03 22:36:45.411 638 638 I GRALLOC : iova_size=540672,conUsg=0xb00,proUsg=0xb00, strd=1088,[afbc]HdrStrd=0 PyldStrd=0 Scrmbl=0,ionhnd = 1
08-03 22:36:45.412 1155 1267 I WindowManager: orientation change is complete, call stopFreezingDisplayLocked
08-03 22:36:45.412 1155 1267 I WindowManager: Screen frozen for +907ms due to Window{24facbd u0 com.android.systemui.HwImageWallpaper}
08-03 22:36:45.412 1155 1267 D WindowManager: startAnimation begin
08-03 22:36:45.414 1155 1267 D CubicBezierInterpolator: CubicBezierInterpolator mControlPoint1x = 0.5, mControlPoint1y = 0.15, mControlPoint2x = 0.55, mControlPoint2y = 0.95
08-03 22:36:45.415 1155 1267 D CubicBezierInterpolator: CubicBezierInterpolator mControlPoint1x = 0.5, mControlPoint1y = 0.15, mControlPoint2x = 0.55, mControlPoint2y = 0.95
08-03 22:36:45.418 1155 1267 D WindowManager: startAnimation end
08-03 22:36:45.420 1155 2301 D WindowManager: finishDrawingWindow: Window{976c73a u0 NavigationBar} mDrawState=HAS_DRAWN
08-03 22:36:45.420 1495 1495 D BarTransitions.HwNavigationBarView: MODE_TRANSPARENT -> MODE_TRANSLUCENT animate=false
08-03 22:36:45.420 1495 1495 D BarTransitions.HwNavigationBarView: applyModeBackground oldMode=MODE_TRANSPARENT newMode=MODE_TRANSLUCENT animate=false
08-03 22:36:45.421 1155 2800 V WindowManager: removeIfPossible: Window{3319412 u0 AssistPreviewPanel} callers=com.android.server.wm.WindowState.removeIfPossible:1914 com.android.server.wm.WindowManagerService.removeWindow:2031 com.android.server.wm.Session.remove:218 android.view.IWindowSession$Stub.onTransact:242 com.android.server.wm.Session.onTransact:161
08-03 22:36:45.422 1155 2800 V WindowManager: postWindowRemoveCleanupLocked: Window{3319412 u0 AssistPreviewPanel}
08-03 22:36:45.422 1155 2800 V WindowManager: Removing Window{3319412 u0 AssistPreviewPanel} from WindowToken{f25b7e3 android.os.BinderProxy@ef5979d}
08-03 22:36:45.431 1155 2800 V WindowManager: removeIfPossible: Window{b1ce5c8 u0 com.android.systemui} callers=com.android.server.wm.WindowState.removeIfPossible:1914 com.android.server.wm.WindowManagerService.removeWindow:2031 com.android.server.wm.Session.remove:218 android.view.IWindowSession$Stub.onTransact:242 com.android.server.wm.Session.onTransact:161
08-03 22:36:45.432 1155 2800 V WindowManager: postWindowRemoveCleanupLocked: Window{b1ce5c8 u0 com.android.systemui}
08-03 22:36:45.432 1155 2800 V WindowManager: Removing Window{b1ce5c8 u0 com.android.systemui} from WindowToken{a00f661 android.os.BinderProxy@354e66b}
08-03 22:36:45.438 1495 1929 D OpenGLRenderer: HWUI Binary is enabled
08-03 22:36:45.441 1155 2800 V WindowManager: removeIfPossible: Window{59d7e59 u0 AssistPreviewPanel} callers=com.android.server.wm.WindowState.removeIfPossible:1914 com.android.server.wm.WindowManagerService.removeWindow:2031 com.android.server.wm.Session.remove:218 android.view.IWindowSession$Stub.onTransact:242 com.android.server.wm.Session.onTransact:161
08-03 22:36:45.443 1155 2800 V WindowManager: postWindowRemoveCleanupLocked: Window{59d7e59 u0 AssistPreviewPanel}
08-03 22:36:45.443 1155 2800 V WindowManager: Removing Window{59d7e59 u0 AssistPreviewPanel} from WindowToken{2641a1e android.os.BinderProxy@2e732a0}
08-03 22:36:45.453 1495 1495 I EventCenter: EventCenter Get :android.com.huawei.bone.NOTIFY_SPORT_DATA
08-03 22:36:45.453 1495 1495 W StepCounterMonitor: onReceive action:android.com.huawei.bone.NOTIFY_SPORT_DATA
08-03 22:36:45.453 1495 1495 W StepCounterMonitor: stepsNum =59
08-03 22:36:45.453 1495 1495 I HwMobileSignalController(0): getTypeIconHuawei: mIsShowNetworkType is false and return 0
08-03 22:36:45.454 1495 1495 I HwMobileSignalController(1): getTypeIconHuawei: mIsShowNetworkType is false and return 0
08-03 22:36:45.459 1495 1495 D StatusBarIconController: setIconVisibility icon is null or visibility not change visibility=false
08-03 22:36:45.461 1155 2800 V WindowManager: removeIfPossible: Window{624b5b8 u0 AssistPreviewPanel} callers=com.android.server.wm.WindowState.removeIfPossible:1914 com.android.server.wm.WindowManagerService.removeWindow:2031 com.android.server.wm.Session.remove:218 android.view.IWindowSession$Stub.onTransact:242 com.android.server.wm.Session.onTransact:161
08-03 22:36:45.462 1155 2800 V WindowManager: postWindowRemoveCleanupLocked: Window{624b5b8 u0 AssistPreviewPanel}
08-03 22:36:45.462 1155 2800 V WindowManager: Removing Window{624b5b8 u0 AssistPreviewPanel} from WindowToken{14f9f91 android.os.BinderProxy@dbb401b}
08-03 22:36:45.468 1495 1929 D OpenGLRenderer: HWUI Binary is enabled
08-03 22:36:45.479 1495 1495 D HwCust : Create obj success use class com.android.systemui.statusbar.notification.HwCustNotificationInflaterImpl
08-03 22:36:45.481 1495 1495 I FakeShadowView: radius18
08-03 22:36:45.485 1495 1495 W HwPhoneLayoutInflater: onCreateView : ClassNotFoundException, In this case we want to let the base class take a crack at it
08-03 22:36:45.488 1495 1495 I chatty : uid=10040(u0_a40) com.android.systemui identical 2 lines
08-03 22:36:45.489 1495 1495 W HwPhoneLayoutInflater: onCreateView : ClassNotFoundException, In this case we want to let the base class take a crack at it
08-03 22:36:45.490 1495 1495 W ResourceType: Failure getting entry for 0x01040255 (t=3 e=597) (error -75)
08-03 22:36:45.496 17506 17699 E chromium: [ERROR:connection.cc(1888)] Cookie sqlite error 5, errno 0: database is locked, sql: UPDATE cookies SET last_access_utc=? WHERE name=? AND host_key=? AND path=?
08-03 22:36:45.496 17506 17699 E chromium: [ERROR:connection.cc(1888)] Cookie sqlite error 5, errno 0: database is locked, sql: DELETE FROM cookies WHERE name=? AND host_key=? AND path=?
08-03 22:36:45.497 17506 17699 E chromium: [ERROR:connection.cc(1888)] Cookie sqlite error 5, errno 0: database is locked, sql: INSERT INTO cookies (creation_utc, host_key, name, value, encrypted_value, path, expires_utc, is_secure, is_httponly, firstpartyonly, last_access_utc, has_expires, is_persistent, priority) VALUES (?,?,?,?,?,?,?,?,?,?,?,?,?,?)
08-03 22:36:45.497 17506 17699 E chromium: [ERROR:connection.cc(1888)] Cookie sqlite error 5, errno 0: cannot commit transaction - SQL statements in progress, sql: COMMIT
08-03 22:36:45.499 1495 1495 W HwPhoneLayoutInflater: onCreateView : ClassNotFoundException, In this case we want to let the base class take a crack at it
08-03 22:36:45.503 1495 1495 I chatty : uid=10040(u0_a40) com.android.systemui identical 2 lines
08-03 22:36:45.503 1495 1495 W HwPhoneLayoutInflater: onCreateView : ClassNotFoundException, In this case we want to let the base class take a crack at it
08-03 22:36:45.504 1495 1495 W ResourceType: Failure getting entry for 0x01040255 (t=3 e=597) (error -75)
08-03 22:36:45.514 1495 1495 W HwPhoneLayoutInflater: onCreateView : ClassNotFoundException, In this case we want to let the base class take a crack at it
08-03 22:36:45.518 1495 1495 I chatty : uid=10040(u0_a40) com.android.systemui identical 2 lines
08-03 22:36:45.518 1495 1495 W HwPhoneLayoutInflater: onCreateView : ClassNotFoundException, In this case we want to let the base class take a crack at it
08-03 22:36:45.519 1495 1495 W ResourceType: Failure getting entry for 0x01040255 (t=3 e=597) (error -75)
08-03 22:36:45.529 1495 1495 D StatusBar: No peeking: filtered notification: 0|android|40|null|1000, mCurrentUserId=0, mCurrentProfiles={0=UserInfo{0:Виктор:13}}, isLockscreenPublicMode=false, shouldHideNotifications by key=false, shouldHideNotifications by userId:=false, mDeviceProvisioned=true
08-03 22:36:45.530 1495 1495 I PhoneStatusBar: updateNotificationShade: total=7, active=6
08-03 22:36:45.530 1495 1495 W PhoneStatusBar: updateNotificationShade hasFaceDT: false; Detected:false
08-03 22:36:45.532 1495 1719 D ReporterUtil: e id:344 type:{pkg:android,hw_type:null,hw_btw:false,onGoing:true,importance:2}
08-03 22:36:45.533 1495 1495 W HwKeyguardDragHelper: AnimationBlocked
08-03 22:36:45.538 1155 2800 D WindowManager: finishDrawingWindow: Window{fd89218 u0 StatusBar} mDrawState=HAS_DRAWN
08-03 22:36:45.540 638 638 I GRALLOC : shrFd=10,fmt=0x1,intFmt=0x1,btStrd=4352,size=540672,pid=638
08-03 22:36:45.540 638 638 I GRALLOC : yuv=2,w=1080,h=122,Stride u=0 v=0,offset u=0 v=0
08-03 22:36:45.540 638 638 I GRALLOC : iova_size=540672,conUsg=0xb00,proUsg=0xb00, strd=1088,[afbc]HdrStrd=0 PyldStrd=0 Scrmbl=0,ionhnd = 1
08-03 22:36:45.546 1155 1267 I WindowManager: rotationForOrientationLw(orient=1, last=0); user=0
08-03 22:36:45.546 1155 1267 D WindowManager: face_rotation: isIntelliServiceEnabled: ro swtich off
08-03 22:36:45.546 1155 1267 D HwPhoneWindowManager: face_rotation: not enabled,use sensor real
08-03 22:36:45.546 1155 1267 D HwPhoneWindowManager: face_rotation:real sensor rotation = -1
08-03 22:36:45.546 1155 1267 D HwPhoneWindowManager: face_rotation: rotation = 0
08-03 22:36:45.546 1155 1267 I WindowManager: Selected orientation 1, got rotation 0 which has compatible metrics
08-03 22:36:45.547 1155 2800 D WindowManager: finishDrawingWindow: Window{976c73a u0 NavigationBar} mDrawState=HAS_DRAWN
08-03 22:36:45.549 1495 1495 W ResourceType: No package identifier when getting value for resource number 0x00000000
08-03 22:36:45.550 1495 1495 E HwNotchUtils: setIconForView iconId is not found
08-03 22:36:45.550 1495 1495 W ResourceType: No package identifier when getting value for resource number 0x00000000
08-03 22:36:45.550 1495 1495 E HwNotchUtils: setIconForView iconId is not found
08-03 22:36:45.551 1495 1495 W ResourceType: No package identifier when getting value for resource number 0x00000000
08-03 22:36:45.551 1495 1495 E HwNotchUtils: setIconForView iconId is not found
08-03 22:36:45.551 1495 1495 W ResourceType: No package identifier when getting value for resource number 0x00000000
08-03 22:36:45.552 1495 1495 E HwNotchUtils: setIconForView iconId is not found
08-03 22:36:45.573 638 638 I GRALLOC : shrFd=10,fmt=0x1,intFmt=0x1,btStrd=4352,size=315392,pid=638
08-03 22:36:45.573 638 638 I GRALLOC : yuv=2,w=1080,h=72,Stride u=0 v=0,offset u=0 v=0
08-03 22:36:45.573 638 638 I GRALLOC : iova_size=315392,conUsg=0xb00,proUsg=0xb00, strd=1088,[afbc]HdrStrd=0 PyldStrd=0 Scrmbl=0,ionhnd = 1
08-03 22:36:45.746 1495 1495 W ResourceType: No package identifier when getting value for resource number 0x00000000
08-03 22:36:45.746 1495 1495 E HwNotchUtils: setIconForView iconId is not found
08-03 22:36:45.747 1495 1495 W ResourceType: No package identifier when getting value for resource number 0x00000000
08-03 22:36:45.747 1495 1495 E HwNotchUtils: setIconForView iconId is not found
08-03 22:36:45.835 1155 1155 I TrafficMonitor: update:rxPkts:1,txPkts:1,rxBytes:40,txBytes:40
08-03 22:36:45.835 1155 1155 I TrafficMonitor: start expired. level:-1
08-03 22:36:45.835 1155 1155 I TrafficMonitor: gettimer:interval=2000
08-03 22:36:46.041 645 998 I audio_hw_primary: do_out_standby standby: 0, stream_type: 0, out_device: 0x2
08-03 22:36:46.059 645 998 I audio_hw_primary: select_devices++ mode[0]
08-03 22:36:46.059 645 998 I audio_hw_primary: input_source_id 0x4, output_device_id 0x2
08-03 22:36:46.059 645 998 I audio_hw_primary: select_devices() devices 0x2 input src 6 output route none input route voice-rec-handfree-mic in_device 0x4
08-03 22:36:46.059 645 998 I spk_dev_interface: spk_dev_power_off: use new smartpakit version
08-03 22:36:46.059 645 998 I smartpakit: pdata->device = 2, output_device = 0, pdata->mode = 0, mode = 0
08-03 22:36:46.059 645 998 I smartpakit: smartpakit dev_fade_out success
08-03 22:36:46.059 645 998 I smartpakit: pakit power off l(3) succ
08-03 22:36:46.059 645 998 I dsp_common: dsp_common_control_algo:set device = 0
08-03 22:36:46.082 645 998 I audio_pop: pop change CLASSD VIR_SWITCH CLASSD_EN dir 0
08-03 22:36:46.083 645 998 I audio_pop: pop change SMT_MIXOUT_EAR_PU MIXER DACR dir 0
08-03 22:36:46.083 645 998 I audio_pop: pop change SMT_MIXOUT_EAR_PU MIXER DACL dir 0
08-03 22:36:46.084 645 998 I dsp_common: dsp_common_control_algo:set device = 0
08-03 22:36:46.084 645 998 I spk_dev_interface: spk_dev_power_on: use new smartpakit version
08-03 22:36:46.084 645 998 I smartpakit: pdata->device = 2, output_device = 0, pdata->mode = 0, mode = 0
08-03 22:36:46.084 645 998 I audio_hw_primary: select_devices--
08-03 22:36:46.185 752 752 E Thermal-daemon: [Thermal_Hw] temperature_valid, battery : temperature is invalid, invalid temperatrue is 32
08-03 22:36:46.185 752 752 E Thermal-daemon: [Thermal_Hw] temperature_filter: get invalid temperature, use old temp
08-03 22:36:46.253 2776 2776 I AppWidgetHost: appWidget hostView is null
08-03 22:36:46.268 2776 2776 I AppWidgetHost: appWidget hostView is null
08-03 22:36:46.270 1155 2761 V BroadcastQueue: Finished with ordered broadcast BroadcastRecord{c662466 u0 update-hint}
08-03 22:36:46.399 1155 1287 W AwareLog: AwareMem_MemoryUtils: trim Memory illegal arg exception, proc:17796 level:40
08-03 22:36:46.612 16839 16901 E mgd_daemon: (16901): SocketMessagePort: Socket was closed
08-03 22:36:46.612 16839 16901 I mgd_daemon: (16901): Daemon: onHostDisconnectedEvent
08-03 22:36:46.612 16839 16901 I mgd_daemon: (16901): Protocol: Sending resume command to All interceptors
08-03 22:36:46.613 16839 16901 I mgd_daemon: (16901): Protocol: Sending host detached command to All interceptors
08-03 22:36:46.719 1155 1319 D HwWifiStatStore: handleMessage : 200
08-03 22:36:46.809 1155 1371 D HwArpVerifier: performPollAndLog:
08-03 22:36:46.818 1155 1371 D hw_netstat: total/40/40,com.opera.mini.native/40/40
08-03 22:36:46.835 663 663 E WifiHAL : enter wifi_get_link_stats
08-03 22:36:46.836 1155 1155 I TrafficMonitor: expired arrive. level:-1
08-03 22:36:46.836 1155 1155 I TrafficMonitor: during_ms:2000,period_ms:2000
08-03 22:36:46.836 1155 1155 I TrafficMonitor: count:534,rx_sum:1,tx_sum:1,rxBytes:40,during_ms:2000,rx_speed:20.0,tx_speed:20.0,rto:1.0
08-03 22:36:46.836 1155 1155 D HuaweiWifiWatchdogStateMachine: speed: rxpkt:1, rxSpd:20B/s, txpkt:1, txSpd:20
08-03 22:36:46.847 753 753 E wificond: Failed to get NL80211_RATE_INFO_NOISE
08-03 22:36:46.847 753 753 E wificond: Failed to get NL80211_RATE_INFO_SNR
08-03 22:36:46.847 753 753 E wificond: Failed to get NL80211_STA_INFO_CNAHLOAD
08-03 22:36:46.848 1155 1318 E WificondControl: Noise: 0, Snr: -1, Chload: -1
08-03 22:36:46.849 1155 1320 D HwWifiCHRStateManager: handleMessage : 1001
08-03 22:36:46.849 1155 1320 D HwWifiCHRStateManager: handleUpdateChannel:2457
08-03 22:36:46.849 1155 1320 V HwWifiServiceFactory: get AllImpl object = com.android.server.wifi.HwWifiServiceFactoryImpl@3effb29
08-03 22:36:46.851 1155 1318 D WifiScoreReport: Score = 100, wifiConnectivityManagerEnabled = false, lowScoreCount = 0
08-03 22:36:46.921 871 976 W libc : Set property "ril.hw_modem0.rssi" to "-92"
08-03 22:36:46.931 2278 2278 W libc : Set property "gsm.rssi.sim1" to "-92"
08-03 22:36:46.942 1155 1155 I MQoS : onSignal: mSubId=0,currDataSubID=0
08-03 22:36:46.942 1155 1155 I MQoS : received cell-signal:5
08-03 22:36:46.948 1495 1719 I HwMobileSignalController(0): subId:0 phoneType:1 networktype:3 targetClass:2 masterLevel:5 slaveLevel:-1
08-03 22:36:47.283 871 973 W libc : Set property "persist.radio.nitz_hw_name" to "true"
08-03 22:36:47.294 871 973 W libc : Set property "ril.balong_cid" to "4504515"
08-03 22:36:47.299 871 973 W libc : Set property "ril.balong_cid" to "4504515"
08-03 22:36:47.305 2776 2776 E asset : createFromFile(): lock file /data/resource-cache/system@emui@base@overlay@frameworkhwexthonor@frameworkhwexthonor.apk@idmap.
08-03 22:36:47.305 2776 2776 E asset : createFromFile(): lock file /data/resource-cache/system@emui@base@overlay@frameworkhwexthonor@frameworkhwexthonor.apk@idmap.
08-03 22:36:47.305 2776 2776 W ResourceType: Found multiple library tables, ignoring...
08-03 22:36:47.325 871 973 W libc : Set property "persist.radio.nitz_hw_name" to "true"
08-03 22:36:47.329 871 973 W libc : Set property "ril.balong_cid" to "4504515"
08-03 22:36:47.331 2776 2776 E asset : createFromFile(): lock file /data/resource-cache/system@emui@base@overlay@frameworkhwexthonor@frameworkhwexthonor.apk@idmap.
08-03 22:36:47.331 2776 2776 E asset : createFromFile(): lock file /data/resource-cache/system@emui@base@overlay@frameworkhwexthonor@frameworkhwexthonor.apk@idmap.
08-03 22:36:47.331 2776 2776 W ResourceType: Found multiple library tables, ignoring...
08-03 22:36:47.343 871 973 W libc : Set property "ril.balong_cid" to "4504515"
08-03 22:36:47.373 2278 2278 W SettingsEx: SettingsEx.Systemex.getString deprecated use Settings.System.getString instead ;callers=com.android.internal.telephony.gsm.HwCustGsmServiceStateManagerImpl.isMccForShowNetname:211 com.android.internal.telephony.gsm.HwCustGsmServiceStateManagerImpl.isShowNetnameByMcc:202 com.android.internal.telephony.gsm.HwCustGsmServiceStateManagerImpl.setOnsDisplayCustomization:153
08-03 22:36:47.374 2278 2278 W libc : Set property "gsm.operator.alpha" to "Tele2,Beeline"
08-03 22:36:47.375 2278 2278 W libc : Set property "gsm.operator.alpha" to "Tele2,Beeline"
08-03 22:36:47.376 2278 2278 W libc : Set property "gsm.operator.numeric" to "25020,25099"
08-03 22:36:47.377 2278 2278 W libc : Set property "gsm.operator.iso-country" to "ru,ru"
08-03 22:36:47.379 2278 2278 W libc : Set property "gsm.operator.isroaming" to "false,false"
08-03 22:36:47.382 1155 2229 D NtpPhoneStateListener: onServiceStateChanged subId:0 isCdma=false
08-03 22:36:47.383 2739 2739 I SUPL20_LocMan: onServiceStateChanged ServiceState.STATE_IN_SERVICE
08-03 22:36:47.384 1155 1155 D HwCHRWifiCellID: 0 0 voice home data home Tele2 TELE2 25020 Tele2 TELE2 25020 UMTS UMTS CSS not supported -1 -1 RoamInd=-1 DefRoamInd=-1 EmergOnly=false IsDataRoamingFromRegistration=false IsUsingCarrierAggregation=false mLteEarfcnRsrpBoost=0
08-03 22:36:47.384 1155 1155 D HwCHRWifiCellID: onServiceStateChanged, state is 0 0 voice home data home Tele2 TELE2 25020 Tele2 TELE2 25020 UMTS UMTS CSS not supported -1 -1 RoamInd=-1 DefRoamInd=-1 EmergOnly=false IsDataRoamingFromRegistration=false IsUsingCarrierAggregation=false mLteEarfcnRsrpBoost=0
08-03 22:36:47.384 1155 1155 D HwCHRWifiCellID: 0 0 voice home data home Tele2 TELE2 25020 Tele2 TELE2 25020 UMTS UMTS CSS not supported -1 -1 RoamInd=-1 DefRoamInd=-1 EmergOnly=false IsDataRoamingFromRegistration=false IsUsingCarrierAggregation=false mLteEarfcnRsrpBoost=0
08-03 22:36:47.384 1155 1155 D HwCHRWifiCellID: onServiceStateChanged, state is 0 0 voice home data home Tele2 TELE2 25020 Tele2 TELE2 25020 UMTS UMTS CSS not supported -1 -1 RoamInd=-1 DefRoamInd=-1 EmergOnly=false IsDataRoamingFromRegistration=false IsUsingCarrierAggregation=false mLteEarfcnRsrpBoost=0
08-03 22:36:47.384 1155 1155 D HwCHRWifiCellID: 0 0 voice home data home Tele2 TELE2 25020 Tele2 TELE2 25020 UMTS UMTS CSS not supported -1 -1 RoamInd=-1 DefRoamInd=-1 EmergOnly=false IsDataRoamingFromRegistration=false IsUsingCarrierAggregation=false mLteEarfcnRsrpBoost=0
08-03 22:36:47.384 1155 1155 D HwCHRWifiCellID: onServiceStateChanged, state is 0 0 voice home data home Tele2 TELE2 25020 Tele2 TELE2 25020 UMTS UMTS CSS not supported -1 -1 RoamInd=-1 DefRoamInd=-1 EmergOnly=false IsDataRoamingFromRegistration=false IsUsingCarrierAggregation=false mLteEarfcnRsrpBoost=0
08-03 22:36:47.384 1155 1155 D HwMultiNlpPolicy: PhoneStateListener 0, mDataSub 0
08-03 22:36:47.384 1155 1155 D HwMultiNlpPolicy: setSimCardReady 0
08-03 22:36:47.384 1155 1155 D HwMultiNlpPolicy: setRegistedNetwork 25020
08-03 22:36:47.384 1155 1155 I MQoS : mSubId=0,voiceState:0,dataState:0
08-03 22:36:47.389 2739 17862 D TelephonyManager: getCellLocation calling app is com.android.supl
08-03 22:36:47.390 1155 1155 I HwQoEJNI: send_cmd_kernel. begin
08-03 22:36:47.390 2278 2510 W PhoneInterfaceManager: shouldBlockLocation running ...
08-03 22:36:47.390 1155 1155 I HwQoEJNI: send_cmd_kernel. end
08-03 22:36:47.390 2278 2510 I PhoneInterfaceManager: shouldBlockLocation ret:false
08-03 22:36:47.392 1495 1719 I HwMobileSignalController(0): subId:0 phoneType:1 networktype:3 targetClass:2 masterLevel:5 slaveLevel:-1
08-03 22:36:47.393 2278 2278 D ServiceStateProvider: subId=0
08-03 22:36:47.395 1155 1171 W BroadcastQueue: Permission Denial: broadcasting Intent { act=android.intent.action.SERVICE_STATE flg=0x1000010 (has extras) } from android (pid=2278, uid=1001) requires com.huawei.cust.android.phone.permission.HW_LTEONLY due to registered receiver BroadcastFilter{75b1d4d u0 ReceiverList{9f4e4e4 2278 com.android.phone/1001/u0 remote:8f74077}}
08-03 22:36:47.396 7101 7101 V DownloadManager: Service state changed: Bundle[mParcelledData.dataSize=1232]
08-03 22:36:47.396 7101 7101 V DownloadManager: roaming ------> false
08-03 22:36:47.396 7101 7101 V DownloadManager: auto download without roaming -> true
08-03 22:36:47.396 7101 7101 V DownloadManager: auto download during roaming -> false
08-03 22:36:47.396 7101 7101 V DownloadManager: mAutoDownload ------> true
08-03 22:36:47.397 1495 1495 D KeyguardUpdateMonitor: received broadcast android.intent.action.SERVICE_STATE
08-03 22:36:47.397 1495 1495 V KeyguardUpdateMonitor: action android.intent.action.SERVICE_STATE serviceState=0 0 voice home data home Tele2 TELE2 25020 Tele2 TELE2 25020 UMTS UMTS CSS not supported -1 -1 RoamInd=-1 DefRoamInd=-1 EmergOnly=false IsDataRoamingFromRegistration=false IsUsingCarrierAggregation=false mLteEarfcnRsrpBoost=0 subId=0
08-03 22:36:47.397 1495 1495 D KeyguardUpdateMonitor: handleServiceStateChange(subId=0, serviceState=0 0 voice home data home Tele2 TELE2 25020 Tele2 TELE2 25020 UMTS UMTS CSS not supported -1 -1 RoamInd=-1 DefRoamInd=-1 EmergOnly=false IsDataRoamingFromRegistration=false IsUsingCarrierAggregation=false mLteEarfcnRsrpBoost=0
08-03 22:36:47.397 1495 1495 W AppHandler: sendMessage 117
08-03 22:36:47.397 1495 1495 W HwLockScreenPanel: Handle message: 117
08-03 22:36:47.398 2739 17862 I SUPL20_LocMan: tm.getCellLocation() returned non-null
08-03 22:36:47.399 7101 7101 D Mms_TX_ServiceStateChangeReceiver: action: ACTION_SERVICE_STATE_CHANGED, serviceState = 0
08-03 22:36:47.399 7101 7101 E Mms_TXM_SVC: isSecondaryUser() start
08-03 22:36:47.399 7101 7101 E Mms_TXM_SVC: isSecondaryUser() end
08-03 22:36:47.399 7101 7101 E Mms_TXM_SVC: removeCallbacksAndMessages start
08-03 22:36:47.399 7101 7101 E Mms_TXM_SVC: removeCallbacksAndMessages end
08-03 22:36:47.399 7101 7101 E Mms_TXM_SVC: startService end
08-03 22:36:47.406 1155 2301 V BroadcastQueue: Finished with ordered broadcast BroadcastRecord{3c4cbfd u-1 android.intent.action.SERVICE_STATE}
08-03 22:36:47.406 2739 17862 I SUPL20_LocMan: Phone type:GSM
08-03 22:36:47.410 2739 17862 I SUPL20_LocMan: Network Op Mnc= 20 MCC = 250
08-03 22:36:47.410 2739 17862 I SUPL20_LocMan: cellInfo NetworkType:UMTS,3
08-03 22:36:47.410 2739 17862 I SUPL20_LocMan: Network type is 3G, type is 3
08-03 22:36:47.416 1155 1155 E hwintelligencewifi: onCellLocationChanged
08-03 22:36:47.417 1155 1383 D HwInnerWifiManagerImpl: SupplicantState = COMPLETED
08-03 22:36:47.417 1155 1383 D HwInnerWifiManagerImpl: isPhoneAP = false
08-03 22:36:47.419 1155 1383 D TelephonyManager: getCellLocation calling app is android
08-03 22:36:47.420 1155 1155 D WifiScanGenie_Controller: cellid has changed
08-03 22:36:47.420 2739 2739 I SUPL20_LocMan: onCellLocationChanged network type:3
08-03 22:36:47.420 647 647 D HISUPL_ADAPTER: platform_service send data to server
08-03 22:36:47.420 647 647 D HISUPL_ADAPTER: size:74
08-03 22:36:47.421 2739 3047 I SUPLHIDL: suplPlatformServiceSend2server send.
08-03 22:36:47.421 2739 3047 I SUPL20_SPIMESLP-SENDING: bBrokenPipe = false
08-03 22:36:47.425 2278 2278 D Telephony-TelecomAccountRegistry: onServiceStateChanged0 newState : 0, mServiceState : 0
08-03 22:36:47.426 2278 2278 D ManualLostSignal: onReceive in service
08-03 22:36:47.427 2278 2278 W libc : Set property "gsm.hw.operator.numeric.old" to "25020"
08-03 22:36:47.428 2278 2278 W libc : Set property "gsm.hw.operator.iso-country" to "ru"
08-03 22:36:47.429 2278 2278 W libc : Set property "gsm.hw.operator.numeric" to "25020"
08-03 22:36:47.431 2278 2278 W libc : Set property "gsm.hw.operator.isroaming" to "false"
08-03 22:36:47.433 2278 2278 I PhoneApp: onReceive,action = android.intent.action.SERVICE_STATE
08-03 22:36:47.444 1155 1288 D : motion-hal MotionHubChannel::readEvents motion_type == MOTIONHUB_TYPE_ROTATION
08-03 22:36:47.444 1155 1288 D : HWExtMotionService valueSize:2
08-03 22:36:47.444 1155 1288 D : HWExtDeviceService getActiveConnections
08-03 22:36:47.444 1155 1288 D : HWExtDeviceService connSize:1
08-03 22:36:47.450 1155 1172 D HWEMRP : onDeviceDataChanged proposedRotation:0
08-03 22:36:47.450 1155 1172 D HWEMRP : onDeviceDataChanged oldProposedRotation:-1
08-03 22:36:47.450 1155 1172 D HWEMRP : notifyProposedRotation: 0
08-03 22:36:47.450 1155 1172 I WindowManager: onProposedRotationChanged, rotation=0
08-03 22:36:47.450 1155 1172 D WindowManager: face_rotation: isIntelliServiceEnabled: ro swtich off
08-03 22:36:47.451 2278 4104 W PhoneInterfaceManager: shouldBlockLocation running ...
08-03 22:36:47.452 1155 1155 D WifiScanGenie_Controller: mCurrentCellId has Changed,try update
08-03 22:36:47.452 1155 1155 D WifiScanGenie_Controller: WifiScanGenie handleWiFiConnected, cellIdChanged:true
08-03 22:36:47.452 2278 4104 I PhoneInterfaceManager: shouldBlockLocation ret:false
08-03 22:36:47.452 1155 1155 D HwInnerWifiManagerImpl: SupplicantState = COMPLETED
08-03 22:36:47.452 1155 1155 D HwInnerWifiManagerImpl: isPhoneAP = false
08-03 22:36:47.452 1155 1155 D WifiScanGenie_Controller: wifi connect,mCurrentPriority: 0
08-03 22:36:47.453 1155 1172 I WindowManager: MyOrientationListener: updateRotation.
08-03 22:36:47.453 1155 1172 V WindowManager: updateRotationUnchecked: alwaysSendConfiguration=false forceRelayout=false
08-03 22:36:47.453 1155 1172 I WindowManager: rotationForOrientationLw(orient=1, last=0); user=0
08-03 22:36:47.453 1155 1172 D WindowManager: face_rotation: isIntelliServiceEnabled: ro swtich off
08-03 22:36:47.453 2739 2739 I SUPL20_LocMan: Phone type:GSM
08-03 22:36:47.454 1155 1172 D HwPhoneWindowManager: face_rotation: not enabled,use sensor real
08-03 22:36:47.454 1155 1172 D HwPhoneWindowManager: face_rotation:real sensor rotation = 0
08-03 22:36:47.454 1155 1172 D HwPhoneWindowManager: face_rotation: rotation = 0
08-03 22:36:47.454 1155 1172 I WindowManager: Selected orientation 1, got rotation 0 which has compatible metrics
08-03 22:36:47.454 2278 2278 D HwCustPhoneGlobalsImpl: full network is false old serivce state is 0 new service state is 0 subid is 0 hasNotification is false
08-03 22:36:47.459 1155 2761 I HwNetworkPolicy: onTransact, code = 205
08-03 22:36:47.460 1155 1383 E hwintelligencewifi: getCurrentCellid type type = PHONE_TYPE_GSM
08-03 22:36:47.460 1155 1383 E hwintelligencewifi: getCurrentCellid type is PHONE_TYPE_GSM
08-03 22:36:47.460 1429 1667 I HwNetworkPolicyManager: forceUpdatePolicy isRoaming = false
08-03 22:36:47.460 2739 2739 I SUPL20_LocMan: Network Op Mnc= 20 MCC = 250
08-03 22:36:47.460 2739 2739 I SUPL20_LocMan: cellInfo NetworkType:UMTS,3
08-03 22:36:47.461 2739 2739 I SUPL20_LocMan: Network type is 3G, type is 3
08-03 22:36:47.462 1155 1383 E hwintelligencewifi: getCurrentCellid PHONE_TYPE_GSM cellidString = 250204504515
08-03 22:36:47.462 1155 1383 E hwintelligencewifi: updataApInfo cellid =250204504515
08-03 22:36:47.462 1155 1383 E hwintelligencewifi: addCurrentApInfo cellid =250204504515
08-03 22:36:47.466 1155 1383 D hwintelligencewifi: getAuthType networkId= 3 config.getAuthType() = 1
08-03 22:36:47.467 1155 1383 E hwintelligencewifi: addCurrentApInfo info is already there
08-03 22:36:47.467 1155 1383 W hwintelligencewifi: updateBssidTimer time = 1533325007467
08-03 22:36:47.470 1155 1383 E hwintelligencewifi: inlineAddCurrentApInfo mInfos.size()=5
08-03 22:36:47.471 647 647 D HISUPL_ADAPTER: platform_service send data to server
08-03 22:36:47.471 647 647 D HISUPL_ADAPTER: size:74
08-03 22:36:47.472 2739 3047 I SUPLHIDL: suplPlatformServiceSend2server send.
08-03 22:36:47.472 2739 3047 I SUPL20_SPIMESLP-SENDING: bBrokenPipe = false
08-03 22:36:47.485 1155 1155 D HwInnerWifiManagerImpl: SupplicantState = COMPLETED
08-03 22:36:47.486 1155 1155 D HwInnerWifiManagerImpl: isPhoneAP = false
08-03 22:36:47.486 1155 1155 D WifiStateMachine: mBcastReceiver: PluggedType = 2 mIsScanCtrlPluggedin = true
08-03 22:36:47.486 1155 1155 D HwWifiService: mPluggedType =2
08-03 22:36:47.486 1155 1155 D WifiService: onReceive, action:android.intent.action.BATTERY_CHANGED
08-03 22:36:47.486 1155 1155 D WifiService: ACTION_BATTERY_CHANGED pluggedType: 2
08-03 22:36:47.487 1495 1495 D KeyguardUpdateMonitor: received broadcast android.intent.action.BATTERY_CHANGED
08-03 22:36:47.488 1495 1495 W KeyguardUpdateMonitor: ACTION_BATTERY_CHANGED AMP: 500000; Volt: 5000000
08-03 22:36:47.488 2268 2268 I MsgReceiver: intent action: android.intent.action.BATTERY_CHANGED
08-03 22:36:47.506 1495 1495 V KeyguardUpdateMonitor: RefreshBatteryInfo isBatteryLow: 74
08-03 22:36:47.506 1495 1495 W KeyguardUpdateMonitor: ChargingSpeed Wattage: 2500000 ST: 5000000 --> 7500000
08-03 22:36:47.506 1495 1495 I KgBattery: BatteryInfo updated: 2lPc0
08-03 22:36:47.506 1495 1495 W AppHandler: sendMessage with obj100
08-03 22:36:47.506 1495 1495 D KeyguardUpdateMonitor: handleBatteryUpdate
08-03 22:36:47.509 1495 1495 W KgBattery: getCharge info with type: text
08-03 22:36:47.512 1495 1495 W HwLockScreenPanel: refreshBatteryInfo: null
08-03 22:36:47.512 1495 1495 W HwKeyguardBottomArea: updateBatteryInfo : false true
08-03 22:36:47.513 1495 1495 W HwLockScreenPanel: Handle message: 100
08-03 22:36:47.546 753 753 E wificond: Failed to get NL80211_RATE_INFO_NOISE
08-03 22:36:47.546 753 753 E wificond: Failed to get NL80211_RATE_INFO_SNR
08-03 22:36:47.546 753 753 E wificond: Failed to get NL80211_STA_INFO_CNAHLOAD
08-03 22:36:47.546 1155 1318 E WificondControl: Noise: 0, Snr: -1, Chload: -1
08-03 22:36:47.546 1155 1320 D HwWifiCHRStateManager: handleMessage : 1001
08-03 22:36:47.546 1155 1320 D HwWifiCHRStateManager: handleUpdateChannel:2457
08-03 22:36:47.546 1155 1320 V HwWifiServiceFactory: get AllImpl object = com.android.server.wifi.HwWifiServiceFactoryImpl@3effb29
08-03 22:36:47.548 753 753 E wificond: Failed to get NL80211_RATE_INFO_NOISE
08-03 22:36:47.548 753 753 E wificond: Failed to get NL80211_RATE_INFO_SNR
08-03 22:36:47.548 753 753 E wificond: Failed to get NL80211_STA_INFO_CNAHLOAD
08-03 22:36:47.549 1155 1385 D HuaweiWifiWatchdogStateMachine: LM mrssi=-47
08-03 22:36:47.549 1155 1155 D WiFi_PRO: MSG_RETURN_AP_CURRY_RSSI rssi = -47
08-03 22:36:47.549 1155 1385 D HuaweiWifiWatchdogStateMachine: c4:a8:**:**:ab:cb current loss[-47]=0%, volume=1
08-03 22:36:47.549 1155 1155 I QosMonitor: queryRtt: rtt_type = 3
08-03 22:36:47.549 1155 1385 D HuaweiWifiWatchdogStateMachine: c4:a8:**:**:ab:cb history loss[-47]=0,03%, volume=390645
08-03 22:36:47.549 1155 1155 I HwQoEJNI: send_cmd_kernel. begin
08-03 22:36:47.549 1155 1155 I HwQoEJNI: send_cmd_kernel. end
08-03 22:36:47.549 1155 1385 I HuaweiWifiWatchdogStateMachine: spd good count:0, add sc:0.0, rate:1.0
08-03 22:36:47.549 1155 1155 I QosMonitor: postEventFromNative: msg=100,arg1=4,arg2=10
08-03 22:36:47.549 1155 1385 I HuaweiWifiWatchdogStateMachine: current mHighDataFlowRate = 0.68
08-03 22:36:47.549 1155 1385 I HuaweiWifiWatchdogStateMachine: POta txb txg rxg:0, 1, 0. Lr =0% Totpkt=1
08-03 22:36:47.549 1155 1155 D HuaweiWifiWatchdogStateMachine: setSampleRtt: unvalid rtt
08-03 22:36:47.550 1155 1155 I HwQoEJNI: send_cmd_kernel. begin
08-03 22:36:47.550 1155 1155 I HwQoEJNI: send_cmd_kernel. end
08-03 22:36:47.550 1155 1155 I QosMonitor: postEventFromNative: msg=100,arg1=0,arg2=10
08-03 22:36:47.550 1155 1155 I MQoS : rtt=1680,tcp_tx_pkts=33966,tcp_rx_pkts=60436
08-03 22:36:47.550 1155 4924 I MQoS : QOS_level:0(0),DataDisable;use level-0
08-03 22:36:47.552 1155 1385 D HuaweiWifiWatchdogStateMachine: dumpTcpResult: len=10,rtt=1680,rttPkt=3,rttWn=13,cgt=0,cgtWn=0
08-03 22:36:47.552 1155 1385 I HuaweiWifiWatchdogStateMachine: PTcp RTT:0, rtt pkt=0, tcp_rx=1, tcp_tx=1, tcp_reTran=0, rtRate=0
08-03 22:36:47.552 1155 1385 D HuaweiWifiWatchdogStateMachine: mRssiBadCount =0, RSSI not bad.
08-03 22:36:47.552 1155 1385 D HuaweiWifiWatchdogStateMachine: detectNetworkAvailable:hw.wifipro.dns_fail_count = 5
08-03 22:36:47.552 1155 1385 D HuaweiWifiWatchdogStateMachine: detectNetworkAvailable: tcpRxPkts != 0, reset
08-03 22:36:47.552 1155 1385 D HuaweiWifiWatchdogStateMachine: bqeLevel = 2 rtt=0,rtt_pkts=0 speed=20 rssi=-47
08-03 22:36:47.552 1155 1385 D HuaweiWifiWatchdogStateMachine: Enter updateQoeLevel level = 2
08-03 22:36:47.552 1155 1385 D HuaweiWifiWatchdogStateMachine: updateQoeLevel current level equal to mLastDetectLevel, return
08-03 22:36:47.552 1155 1385 D HuaweiWifiWatchdogStateMachine: did not have any network action
08-03 22:36:47.552 1155 3418 D HwUidTcpMonitor: parseWlanUidTcpStatistics lastUidTcpStatInfo = [ mUid = 10144 mPacketName = com.opera.mini.native mSendSegs = 3425 mResendSegs = 3 mRcvSegs = 4450 ]
08-03 22:36:47.582 1155 1288 D : motion-hal MotionHubChannel::readEvents motion_type == MOTIONHUB_TYPE_ROTATION
08-03 22:36:47.582 1155 1288 D : HWExtMotionService valueSize:2
08-03 22:36:47.582 1155 1288 D : HWExtDeviceService getActiveConnections
08-03 22:36:47.582 1155 1288 D : HWExtDeviceService connSize:1
08-03 22:36:47.583 1155 1172 D HWEMRP : onDeviceDataChanged proposedRotation:-1
08-03 22:36:47.583 1155 1172 D HWEMRP : onDeviceDataChanged oldProposedRotation:0
08-03 22:36:47.768 1155 1180 I zygote64: Explicit concurrent copying GC freed 61481(4MB) AllocSpace objects, 8(160KB) LOS objects, 42% free, 31MB/54MB, paused 2.131ms total 348.061ms
08-03 22:36:47.792 1155 1288 D : motion-hal MotionHubChannel::readEvents motion_type == MOTIONHUB_TYPE_ROTATION
08-03 22:36:47.792 1155 1288 D : HWExtMotionService valueSize:2
08-03 22:36:47.793 1155 1288 D : HWExtDeviceService getActiveConnections
08-03 22:36:47.793 1155 1288 D : HWExtDeviceService connSize:1
08-03 22:36:47.793 1155 1172 D HWEMRP : onDeviceDataChanged proposedRotation:0
08-03 22:36:47.793 1155 1172 D HWEMRP : onDeviceDataChanged oldProposedRotation:-1
08-03 22:36:47.793 1155 1172 D HWEMRP : notifyProposedRotation: 0
08-03 22:36:47.793 1155 1172 I WindowManager: onProposedRotationChanged, rotation=0
08-03 22:36:47.794 1155 1172 D WindowManager: face_rotation: isIntelliServiceEnabled: ro swtich off
08-03 22:36:47.795 1155 1172 I WindowManager: MyOrientationListener: updateRotation.
08-03 22:36:47.795 1155 1172 V WindowManager: updateRotationUnchecked: alwaysSendConfiguration=false forceRelayout=false
08-03 22:36:47.795 1155 1172 I WindowManager: rotationForOrientationLw(orient=1, last=0); user=0
08-03 22:36:47.795 1155 1172 D WindowManager: face_rotation: isIntelliServiceEnabled: ro swtich off
08-03 22:36:47.795 1155 1172 D HwPhoneWindowManager: face_rotation: not enabled,use sensor real
08-03 22:36:47.795 1155 1172 D HwPhoneWindowManager: face_rotation:real sensor rotation = 0
08-03 22:36:47.795 1155 1172 D HwPhoneWindowManager: face_rotation: rotation = 0
08-03 22:36:47.795 1155 1172 I WindowManager: Selected orientation 1, got rotation 0 which has compatible metrics
08-03 22:36:47.838 1155 1155 I TrafficMonitor: update:rxPkts:0,txPkts:0,rxBytes:0,txBytes:0
08-03 22:36:47.838 1155 1155 I TrafficMonitor: start expired. level:-1
08-03 22:36:47.838 1155 1155 I TrafficMonitor: gettimer:interval=2000
08-03 22:36:47.863 1155 1288 D : motion-hal MotionHubChannel::readEvents motion_type == MOTIONHUB_TYPE_ROTATION
08-03 22:36:47.863 1155 1288 D : HWExtMotionService valueSize:2
08-03 22:36:47.863 1155 1288 D : HWExtDeviceService getActiveConnections
08-03 22:36:47.863 1155 1288 D : HWExtDeviceService connSize:1
08-03 22:36:47.863 1155 1172 D HWEMRP : onDeviceDataChanged proposedRotation:-1
08-03 22:36:47.863 1155 1172 D HWEMRP : onDeviceDataChanged oldProposedRotation:0
08-03 22:36:47.999 1155 1291 D InputReader: L1:116
08-03 22:36:47.999 1155 1291 D InputDispatcher: notifyKey - action=0x0, keyCode=0x1a
08-03 22:36:48.000 1155 1291 D KeyEvent: obtain, mHwFlags=1562693376
08-03 22:36:48.000 1155 1291 D HwCustPhoneWindowManager: answer call by keyCode = 26, down = true, isSupVolumnkeyAnswerCall = false
08-03 22:36:48.005 1155 1291 I WindowManager: hungUp=false, mScreenshotChordVolumeDownKeyTriggered=false, mA11yShortcutChordVolumeUpKeyTriggered=false, gesturedServiceIntercepted=false
08-03 22:36:48.006 1155 1291 D WindowManager: interceptKeyBeforeQueueing: key 26 , result : 0
08-03 22:36:48.127 1155 1291 D InputReader: L1:116
08-03 22:36:48.127 1155 1291 D InputDispatcher: notifyKey - action=0x1, keyCode=0x1a
08-03 22:36:48.127 1155 1291 D KeyEvent: obtain, mHwFlags=1562693376
08-03 22:36:48.127 1155 1291 D HwCustPhoneWindowManager: answer call by keyCode = 26, down = false, isSupVolumnkeyAnswerCall = false
08-03 22:36:48.128 1155 1291 I PowerManagerService: Going to sleep due to power button (uid 1000)...
08-03 22:36:48.129 1155 1291 D WindowManager: interceptKeyBeforeQueueing: key 26 , result : 0
08-03 22:36:48.130 2776 2776 W InputMethodManager: startInputReason = 8
08-03 22:36:48.130 1155 1183 E PowerManagerService: startDreaming = true
08-03 22:36:48.131 1155 16780 D HwInputMethodManagerService: ------------startInput--------------
08-03 22:36:48.131 1155 1183 I PowerManagerService: Sleeping (uid 1000)...
08-03 22:36:48.132 1155 1183 I DisplayPowerController: LightSensorEnable change true -> false
08-03 22:36:48.133 661 661 D SensorHub: batch called handle:3 sample_ns:300000000 latency_ns:0
08-03 22:36:48.133 661 661 D SensorHub: in batch, handle = 3, flags = 0, period_ns = 300000000, timeout = 0
08-03 22:36:48.134 1495 11030 D KeyguardService: Caller checkPermission fail
08-03 22:36:48.134 1495 11030 I KeyguardService: KGSvcCall onStartedGoingToSleep.
08-03 22:36:48.138 661 661 I /vendor/bin/hw/vendor.huawei.hardware.sensors@1.0-service: activate-3 frameOpenedAls-1 enabled-0 cameraOpenedAls-0 frameOpenedColor-0 cameraOpenedColor-0
08-03 22:36:48.139 661 661 D SensorHub: Channel activate-> handle: 3, enabled:0, err: 0
08-03 22:36:48.140 1155 1183 I DisplayPowerController: ScreenState change 1 -> 0
08-03 22:36:48.140 1495 11030 I KeyguardViewMediator: onStartedGoingToSleep(2) Lock : true reset: false
08-03 22:36:48.140 1495 11030 D KeyguardViewMediator: notifyStartedGoingToSleep
08-03 22:36:48.141 1495 1495 W MusicUtils: findCurrentMediaPlayPackage sessions size is 0
08-03 22:36:48.142 1495 1495 V MusicInfo: showing music false false
08-03 22:36:48.144 2776 17866 D MotionDetectionManager: stopMotionAppsReco motionApps: 403
08-03 22:36:48.144 2776 17866 D MotionDetectionManager: stopMotionAppsReco not recognition motionApps 403
08-03 22:36:48.144 2776 17866 W HwLauncher: Launcher.MotionManager stopMotionAppsReco service flg 403 is unavailable
08-03 22:36:48.186 1495 1495 V MagazineUtils: Is User Assigned Wallpaper? : 0 false
08-03 22:36:48.186 1495 1495 W KGWallpaper: Reload Magazine as mUserChangeStyle equals UserHandle.USER_NULL.
08-03 22:36:48.186 1495 1495 W KGWallpaper: onStartedGoingToSleep switch to next Magazine
08-03 22:36:48.186 1495 1495 D KGWallpaper_Magazine: getNextIndex: 1; from 21 to 22; size: 40
08-03 22:36:48.186 1495 1495 W KGWallpaper_Magazine: Load magazine with type : 1
08-03 22:36:48.187 1495 1495 W KGWallpaper_Magazine: loadPic: 1
08-03 22:36:48.188 1495 1495 W HwKeyguardBottomArea: multi_user selector disable as not support multiusers.
08-03 22:36:48.188 1495 1495 D HwKeyguardBottomArea: multi_user selector disable as users is null or only one user exists.
08-03 22:36:48.188 1495 1495 V KeyguardUpdateMonitor: FingerStat showing: false; Interactive: true; Switching: false; Bouncer:false; GoingToSleep: true Occluded: false; dreaming: false; Authenticated: false
08-03 22:36:48.190 1495 1495 I KeyguardUpdateMonitor: Ignore update FP: 0 false
08-03 22:36:48.190 1495 1495 D KeyguardViewMediator: handleNotifyStartedGoingToSleep
08-03 22:36:48.190 1155 1183 D mali_winsys: EGLint new_window_surface(egl_winsys_display *, void *, EGLSurface, EGLConfig, egl_winsys_surface **, egl_color_buffer_format *, EGLBoolean) returns 0x3000
08-03 22:36:48.190 1495 1495 D KeyguardViewMediator: handleNotifyStartedGoingToSleep
08-03 22:36:48.191 1495 1747 D KGWallpaper_Magazine: getNextIndex: 1; from 21 to 22; size: 40
08-03 22:36:48.192 1495 1747 W ExifData: The ifdData is null error!
08-03 22:36:48.194 1495 1747 D KGWallpaper_Magazine: getNextIndex: 0; from 21 to 21; size: 40
08-03 22:36:48.195 2776 2776 V ActivityThread: Finishing stop of ActivityRecord{1ca12a5 token=android.os.BinderProxy@bd86555 {com.huawei.android.launcher/com.huawei.android.launcher.unihome.UniHomeLauncher}}
08-03 22:36:48.195 1495 1747 W ExifData: The ifdData is null error!
08-03 22:36:48.196 1495 1747 D KGWallpaper_Magazine: getNextIndex: -1; from 21 to 20; size: 40
08-03 22:36:48.196 1495 1747 W ExifData: The ifdData is null error!
08-03 22:36:48.196 638 638 I GRALLOC : shrFd=10,fmt=0x1,intFmt=0x1,btStrd=4352,size=9400320,pid=638
08-03 22:36:48.196 638 638 I GRALLOC : yuv=2,w=1080,h=2160,Stride u=0 v=0,offset u=0 v=0
08-03 22:36:48.196 638 638 I GRALLOC : iova_size=9400320,conUsg=0x306,proUsg=0x366, strd=1088,[afbc]HdrStrd=0 PyldStrd=0 Scrmbl=0,ionhnd = 1
08-03 22:36:48.197 1495 1747 V KGWallpaper_Magazine: load magazine wallpaper start
08-03 22:36:48.216 1155 1183 I DisplayPowerController: set brightness to DIM brightness:6
08-03 22:36:48.221 1155 2301 V WindowManager: notifyAppStopped: AppWindowToken{4027b93 token=Token{1d5882 ActivityRecord{a3ce7cd u0 com.huawei.android.launcher/.unihome.UniHomeLauncher t5540}}}
08-03 22:36:48.290 1495 11030 D HwRecentsLockUtils: Search
08-03 22:36:48.290 2255 2277 E HsmCoreServiceImpl: onTransact in code is: 103
08-03 22:36:48.290 2255 2277 I MediaProcessHandler: playingUids:
08-03 22:36:48.291 1155 17861 D ActivityManager: Skipping, home or recents stack task: TaskRecord{97479c7 #5540 A=com.huawei.android.launcher U=0 StackId=0 sz=1}
08-03 22:36:48.291 1155 17861 D ActivityManager: Skipping intent:flg=0x10804000 cmp=com.android.systemui/.recents.RecentsActivity
08-03 22:36:48.291 1155 17861 D ActivityManager: Skipping intent:flg=0x10800000 cmp=com.android.phone/.MMIDialogActivity
08-03 22:36:48.291 1155 17861 D ActivityManager: Skipping intent:act=android.intent.action.MAIN flg=0x10840000 cmp=com.android.incallui/.InCallActivity
08-03 22:36:48.291 1155 17861 D ActivityManager: Skipping intent:act=com.android.contacts.action.CHOOSE_SUB dat=tel:xxxxxxxxxx-xx-xx flg=0x10808000 pkg=com.android.contacts cmp=com.android.contacts/.ChooseSubActivity
08-03 22:36:48.291 1155 17861 D ActivityManager: Skipping intent:flg=0x70840000 cmp=com.android.stk/.StkDialogActivity
08-03 22:36:48.291 1155 17861 D ActivityManager: Skipping intent:act=android.intent.action.MAIN cat=[android.intent.category.HOME] flg=0x10800300 cmp=com.android.settings/.FallbackHome
08-03 22:36:48.298 1495 1747 D KGWallpaper_Magazine: get BigPicture, x = 80, y = 0,w = 1280, h = 2560
08-03 22:36:48.325 1495 1747 W BitmapUtils: blurBitmap : android.graphics.Bitmap@baf46b5recreate source; ; Consueme: 7ms
08-03 22:36:48.336 1495 1747 I BitmapUtils: getSuggestColorInfo::isStatusBarArea=false, colorMSD=10738, average color=119, color type=1, mask type=1; light 3709626.5
08-03 22:36:48.337 1495 1747 W BokehDrawable: onPostExecute android.graphics.Bitmap@baf46b5, []
08-03 22:36:48.337 1495 1747 W KGWallpaper_Magazine: load magazine wallpaper use: 140
08-03 22:36:48.338 2936 2936 I StreamRenderer: cleanUpRendererScope(nowcards-4158639703407793782)
08-03 22:36:48.339 1495 1495 D KGWallpaper_Magazine: Magazine Picture Loaded. false 1
08-03 22:36:48.339 1495 1495 W KGWallpaper_Magazine: get Index for key 258 to 22
08-03 22:36:48.339 1495 1495 E KGWallpaper_Magazine: setCurrentPicture to 22
08-03 22:36:48.339 1495 1495 W KGWallpaper: update Wallpaper and block update ui
08-03 22:36:48.339 1495 1495 D KGWallpaper: loadType:1
08-03 22:36:48.345 2936 16414 I PBSessionCacheImpl: Deleted sessionId[11010449527632] from persistence.
08-03 22:36:48.349 2936 2936 W SearchServiceCore: Abort, client detached.
08-03 22:36:48.350 2936 2936 I StreamController: cleanUpControllerScope(nowcards-4158639703407793782)
08-03 22:36:48.357 2278 2510 D PhoneInterfaceManager: [PhoneIntfMgr] getDataEnabled: subId=0 phoneId=0
08-03 22:36:48.357 2278 2510 D PhoneInterfaceManager: [PhoneIntfMgr] getDataEnabled: subId=0 retVal=false
08-03 22:36:48.361 2936 14706 I DeviceStateChecker: DeviceStateChecker cancelled
08-03 22:36:48.362 1155 17861 I HwNetworkPolicy: onTransact, code = 15
08-03 22:36:48.363 2936 2936 I MicroDetector: Keeping mic open: false
08-03 22:36:48.363 2936 16414 I AudioController: internalShutdown
08-03 22:36:48.363 2936 17852 I MicroRecognitionRunner: Stopping hotword detection.
08-03 22:36:48.371 1155 1183 I DisplayPowerController: Blocking screen off
08-03 22:36:48.375 667 851 E BufferQueueProducer: [ColorFade#0] disconnect: not connected (req=1)
08-03 22:36:48.377 1155 1183 W mali_winsys: native_window_api_disconnect failed: -19
08-03 22:36:48.377 1155 1183 I DisplayPowerController: set brightness to DIM brightness:6
08-03 22:36:48.378 1155 1183 I DisplayPowerController: Unblocked screen off after 7 ms
08-03 22:36:48.378 1155 1183 I WindowOrientationListener: WindowOrientationListener disabled
08-03 22:36:48.378 1155 1183 D : MotionHubChannel stopMotionReco: 7
08-03 22:36:48.379 1155 1183 D : HWExtDeviceService removeConnection
08-03 22:36:48.379 1155 1183 D : HWExtDeviceService delete deviceRecord
08-03 22:36:48.379 1155 1183 V KeyguardServiceDelegate: onScreenTurnedOff()
08-03 22:36:48.379 1495 11030 D KeyguardService: Caller checkPermission fail
08-03 22:36:48.379 1155 1183 W HwScreenOnProximityLock: releaseLock: return because sensor listener is held = false
08-03 22:36:48.379 1495 11030 I KeyguardService: KGSvcCall onScreenTurnedOff.
08-03 22:36:48.379 1495 11030 D KeyguardViewMediator: notifyScreenTurnedOff
08-03 22:36:48.379 1495 11030 W AppHandler: sendMessage 13
08-03 22:36:48.379 1495 1495 D KeyguardViewMediator: handleNotifyScreenTurnedOff set WakeAndUnlocking false
08-03 22:36:48.380 1495 1495 W KeyguardViewMediator: setWakeAndUnlocking false
08-03 22:36:48.380 1495 1495 W KeyguardViewMediator: java.lang.Exception
