08-03 22:36:44.692 1155 1290 D InputDispatcher: Dispatch frozen. Waiting some more. last for 186ms
08-03 22:36:44.693 1155 1290 D InputDispatcher: Dispatch frozen. Waiting some more. last for 187ms
08-03 22:36:44.698 667 1154 E BufferQueueProducer: [com.huawei.android.launcher/com.huawei.android.launcher.unihome.UniHomeLauncher#0] disconnect: not connected (req=1)
08-03 22:36:44.699 2936 3077 W libEGL : EGLNativeWindowType 0x7e3c349010 disconnect failed
08-03 22:36:44.700 2936 3077 D mali_winsys: EGLint new_window_surface(egl_winsys_display *, void *, EGLSurface, EGLConfig, egl_winsys_surface **, egl_color_buffer_format *, EGLBoolean) returns 0x3000
08-03 22:36:44.706 1155 1166 I HwNetworkPolicy: onTransact, code = 203
08-03 22:36:44.706 638 638 I GRALLOC : shrFd=10,fmt=0x1,intFmt=0x200000001,btStrd=4352,size=9547776,pid=638
08-03 22:36:44.706 638 638 I GRALLOC : yuv=2,w=1080,h=2160,Stride u=0 v=0,offset u=0 v=0
08-03 22:36:44.706 638 638 I GRALLOC : iova_size=9547776,conUsg=0xb00,proUsg=0xb00, strd=1088,[afbc]HdrStrd=1088 PyldStrd=69632 Scrmbl=0,ionhnd = 1
08-03 22:36:44.707 1429 1669 I HwNetworkPolicyManager: getHwUidPolicy uid = 10060 policy = 0
08-03 22:36:44.712 638 638 I GRALLOC : shrFd=10,fmt=0x1,intFmt=0x200000001,btStrd=4352,size=9547776,pid=638
08-03 22:36:44.712 638 638 I GRALLOC : yuv=2,w=1080,h=2160,Stride u=0 v=0,offset u=0 v=0
08-03 22:36:44.712 638 638 I GRALLOC : iova_size=9547776,conUsg=0x900,proUsg=0x900, strd=1088,[afbc]HdrStrd=1088 PyldStrd=69632 Scrmbl=0,ionhnd = 1
08-03 22:36:44.715 10794 10794 D HwRTBlurUtils: check blur style for HwPhoneWindow-InputMethod, themeResId : 0x02060019, context : android.view.ContextThemeWrapper@56fb423, Nhwext : 0, get Blur : disable with , null
08-03 22:36:44.715 1155 1166 D WindowManager: finishDrawingWindow: Window{82bc611 u0 com.huawei.android.launcher/com.huawei.android.launcher.unihome.UniHomeLauncher} mDrawState=DRAW_PENDING
08-03 22:36:44.719 638 638 I GRALLOC : shrFd=10,fmt=0x1,intFmt=0x200000001,btStrd=4352,size=9547776,pid=638
08-03 22:36:44.719 638 638 I GRALLOC : yuv=2,w=1080,h=2160,Stride u=0 v=0,offset u=0 v=0
08-03 22:36:44.719 638 638 I GRALLOC : iova_size=9547776,conUsg=0x900,proUsg=0x900, strd=1088,[afbc]HdrStrd=1088 PyldStrd=69632 Scrmbl=0,ionhnd = 1
08-03 22:36:44.720 1155 1267 V WindowManager: Checking 1 opening apps (frozen=true timeout=false)...
08-03 22:36:44.721 1155 1267 V WindowManager: Check opening app=AppWindowToken{4027b93 token=Token{1d5882 ActivityRecord{a3ce7cd u0 com.huawei.android.launcher/.unihome.UniHomeLauncher t5540}}}: allDrawn=false startingDisplayed=false startingMoved=false isRelaunching()=false
08-03 22:36:44.721 1495 1929 D OpenGLRenderer: HWUI Binary is enabled
08-03 22:36:44.721 1495 1495 D HwCust : Create obj success use class android.view.HwCustRenderThreadMonitorImpl
08-03 22:36:44.722 1155 1290 D InputDispatcher: Dispatch frozen. Waiting some more. last for 217ms
08-03 22:36:44.724 10794 10794 D HwRTBlurUtils: check blur style for HwPhoneWindow-InputMethod, themeResId : 0x02060019, context : android.view.ContextThemeWrapper@56fb423, Nhwext : 0, get Blur : disable with , null
08-03 22:36:44.725 1155 1290 D InputDispatcher: Dispatch frozen. Waiting some more. last for 220ms
08-03 22:36:44.725 1155 1166 V WindowManager: Adding Window{e9a4846 u0 DividerMenusView} to WindowToken{5da4a07 android.os.BinderProxy@e446c21}
08-03 22:36:44.726 1155 1290 D InputDispatcher: Dispatch frozen. Waiting some more. last for 221ms
08-03 22:36:44.727 1155 1166 V WindowManager: addWindow: New client android.os.BinderProxy@e446c21: window=Window{e9a4846 u0 DividerMenusView} Callers=com.android.server.wm.HwWindowManagerService.addWindow:574 com.android.server.wm.Session.addToDisplay:199 android.view.IWindowSession$Stub.onTransact:124 com.android.server.wm.Session.onTransact:161 android.os.Binder.execTransact:675
08-03 22:36:44.727 638 638 I GRALLOC : shrFd=10,fmt=0x1,intFmt=0x200000001,btStrd=4352,size=9547776,pid=638
08-03 22:36:44.727 638 638 I GRALLOC : yuv=2,w=1080,h=2160,Stride u=0 v=0,offset u=0 v=0
08-03 22:36:44.727 638 638 I GRALLOC : iova_size=9547776,conUsg=0x900,proUsg=0x900, strd=1088,[afbc]HdrStrd=1088 PyldStrd=69632 Scrmbl=0,ionhnd = 1
08-03 22:36:44.728 1495 11030 D HwRecentsLockUtils: Search
08-03 22:36:44.728 2255 2277 E HsmCoreServiceImpl: onTransact in code is: 103
08-03 22:36:44.728 2255 2277 I MediaProcessHandler: playingUids:
08-03 22:36:44.731 1155 5401 V WindowManager: Checking 1 opening apps (frozen=true timeout=false)...
08-03 22:36:44.732 1155 5401 V WindowManager: Check opening app=AppWindowToken{4027b93 token=Token{1d5882 ActivityRecord{a3ce7cd u0 com.huawei.android.launcher/.unihome.UniHomeLauncher t5540}}}: allDrawn=false startingDisplayed=false startingMoved=false isRelaunching()=false
08-03 22:36:44.732 638 638 I GRALLOC : shrFd=10,fmt=0x1,intFmt=0x200000001,btStrd=4352,size=9547776,pid=638
08-03 22:36:44.732 638 638 I GRALLOC : yuv=2,w=1080,h=2160,Stride u=0 v=0,offset u=0 v=0
08-03 22:36:44.732 638 638 I GRALLOC : iova_size=9547776,conUsg=0xb00,proUsg=0xb00, strd=1088,[afbc]HdrStrd=1088 PyldStrd=69632 Scrmbl=0,ionhnd = 1
08-03 22:36:44.732 1155 1290 D InputDispatcher: Dispatch frozen. Waiting some more. last for 227ms
08-03 22:36:44.733 667 839 E BufferQueueProducer: [SurfaceView - com.arm.mgd.androidapp/com.arm.mgd.androidapp.MainActivity#0] disconnect: not connected (req=1)
08-03 22:36:44.734 1155 1290 D InputDispatcher: Dispatch frozen. Waiting some more. last for 228ms
08-03 22:36:44.734 1155 2800 D ActivityManager: Skipping, home or recents stack task: TaskRecord{97479c7 #5540 A=com.huawei.android.launcher U=0 StackId=0 sz=1}
08-03 22:36:44.735 1495 1929 D OpenGLRenderer: HWUI Binary is enabled
08-03 22:36:44.735 667 1424 E BufferQueueProducer: [com.huawei.android.launcher/com.huawei.android.launcher.unihome.UniHomeLauncher#0] disconnect: not connected (req=1)
08-03 22:36:44.736 2936 3077 W libEGL : EGLNativeWindowType 0x7e3c349010 disconnect failed
08-03 22:36:44.736 1495 1495 D HwCust : Create obj success use class android.view.HwCustRenderThreadMonitorImpl
08-03 22:36:44.736 1155 2800 D ActivityManager: Skipping intent:flg=0x10804000 cmp=com.android.systemui/.recents.RecentsActivity
08-03 22:36:44.736 1155 2800 D ActivityManager: Skipping intent:flg=0x10800000 cmp=com.android.phone/.MMIDialogActivity
08-03 22:36:44.736 1155 2800 D ActivityManager: Skipping intent:act=android.intent.action.MAIN flg=0x10840000 cmp=com.android.incallui/.InCallActivity
08-03 22:36:44.737 1155 2800 D ActivityManager: Skipping intent:act=com.android.contacts.action.CHOOSE_SUB dat=tel:xxxxxxxxxx-xx-xx flg=0x10808000 pkg=com.android.contacts cmp=com.android.contacts/.ChooseSubActivity
08-03 22:36:44.737 1155 2800 D ActivityManager: Skipping intent:flg=0x70840000 cmp=com.android.stk/.StkDialogActivity
08-03 22:36:44.737 1155 2800 D ActivityManager: Skipping intent:act=android.intent.action.MAIN cat=[android.intent.category.HOME] flg=0x10800300 cmp=com.android.settings/.FallbackHome
08-03 22:36:44.737 2936 3077 D mali_winsys: EGLint new_window_surface(egl_winsys_display *, void *, EGLSurface, EGLConfig, egl_winsys_surface **, egl_color_buffer_format *, EGLBoolean) returns 0x3000
08-03 22:36:44.738 1155 5401 V WindowManager: Adding Window{15aa95d u0 DockedStackDivider} to WindowToken{e22a2d2 android.os.BinderProxy@8e9d734}
08-03 22:36:44.738 1155 1290 D InputDispatcher: Dispatch frozen. Waiting some more. last for 233ms
08-03 22:36:44.740 1155 1290 D InputDispatcher: Dispatch frozen. Waiting some more. last for 234ms
08-03 22:36:44.740 1155 5401 V WindowManager: addWindow: New client android.os.BinderProxy@8e9d734: window=Window{15aa95d u0 DockedStackDivider} Callers=com.android.server.wm.HwWindowManagerService.addWindow:574 com.android.server.wm.Session.addToDisplay:199 android.view.IWindowSession$Stub.onTransact:124 com.android.server.wm.Session.onTransact:161 android.os.Binder.execTransact:675
08-03 22:36:44.745 638 638 I GRALLOC : shrFd=10,fmt=0x1,intFmt=0x200000001,btStrd=4352,size=9547776,pid=638
08-03 22:36:44.745 638 638 I GRALLOC : yuv=2,w=1080,h=2160,Stride u=0 v=0,offset u=0 v=0
08-03 22:36:44.745 638 638 I GRALLOC : iova_size=9547776,conUsg=0xb00,proUsg=0xb00, strd=1088,[afbc]HdrStrd=1088 PyldStrd=69632 Scrmbl=0,ionhnd = 1
08-03 22:36:44.750 16839 16874 W libEGL : EGLNativeWindowType 0x7e5062b010 disconnect failed
08-03 22:36:44.750 1155 5401 D WindowManager: finishDrawingWindow: Window{d1a5ce u0 com.huawei.android.launcher/com.huawei.android.launcher.unihome.UniHomeLauncher} mDrawState=DRAW_PENDING
08-03 22:36:44.750 1155 2800 D WindowManager: finishDrawingWindow: Window{82bc611 u0 com.huawei.android.launcher/com.huawei.android.launcher.unihome.UniHomeLauncher} mDrawState=READY_TO_SHOW
08-03 22:36:44.751 2936 2936 W SessionLifecycleManager: Handover failed. Creating new session controller.
08-03 22:36:44.754 2776 2776 W InputMethodManager: startInputReason = 1
08-03 22:36:44.758 1155 1267 V WindowManager: Checking 1 opening apps (frozen=true timeout=false)...
08-03 22:36:44.758 1155 1267 V WindowManager: Check opening app=AppWindowToken{4027b93 token=Token{1d5882 ActivityRecord{a3ce7cd u0 com.huawei.android.launcher/.unihome.UniHomeLauncher t5540}}}: allDrawn=true startingDisplayed=false startingMoved=false isRelaunching()=false
08-03 22:36:44.759 1155 1290 D InputDispatcher: Dispatch frozen. Waiting some more. last for 254ms
08-03 22:36:44.761 1155 1290 D InputDispatcher: Dispatch frozen. Waiting some more. last for 255ms
08-03 22:36:44.764 667 2625 E BufferQueueProducer: [com.arm.mgd.androidapp/com.arm.mgd.androidapp.MainActivity#0] disconnect: not connected (req=1)
08-03 22:36:44.764 16839 16859 W libEGL : EGLNativeWindowType 0x7e50e84010 disconnect failed
08-03 22:36:44.766 1155 1290 D InputDispatcher: Dispatch frozen. Waiting some more. last for 261ms
08-03 22:36:44.777 1155 1290 D InputDispatcher: Dispatch frozen. Waiting some more. last for 271ms
08-03 22:36:44.778 1155 1290 D InputDispatcher: Dispatch frozen. Waiting some more. last for 272ms
08-03 22:36:44.780 667 851 E BufferQueueProducer: [com.huawei.android.launcher/com.huawei.android.launcher.unihome.UniHomeLauncher#1] disconnect: not connected (req=1)
08-03 22:36:44.780 2776 2974 W libEGL : EGLNativeWindowType 0x7e4c172010 disconnect failed
08-03 22:36:44.781 2776 2974 D mali_winsys: EGLint new_window_surface(egl_winsys_display *, void *, EGLSurface, EGLConfig, egl_winsys_surface **, egl_color_buffer_format *, EGLBoolean) returns 0x3000
08-03 22:36:44.783 1155 1290 D InputDispatcher: Dispatch frozen. Waiting some more. last for 278ms
08-03 22:36:44.784 1155 1290 D InputDispatcher: Dispatch frozen. Waiting some more. last for 278ms
08-03 22:36:44.786 2776 2867 E asset : createFromFile(): lock file /data/resource-cache/system@emui@base@overlay@frameworkhwexthonor@frameworkhwexthonor.apk@idmap.
08-03 22:36:44.786 2776 2867 E asset : createFromFile(): lock file /data/resource-cache/system@emui@base@overlay@frameworkhwexthonor@frameworkhwexthonor.apk@idmap.
08-03 22:36:44.786 667 851 E BufferQueueProducer: [SetFullScreenWindow#0] disconnect: not connected (req=1)
08-03 22:36:44.787 16839 16859 W libEGL : EGLNativeWindowType 0x7e50613010 disconnect failed
08-03 22:36:44.787 2776 2867 W ResourceType: Found multiple library tables, ignoring...
08-03 22:36:44.795 1155 1290 D InputDispatcher: Dispatch frozen. Waiting some more. last for 290ms
08-03 22:36:44.797 1155 1290 D InputDispatcher: Dispatch frozen. Waiting some more. last for 291ms
08-03 22:36:44.800 2936 2936 I StreamController: registerScope: nowcards-4158639703407793782
08-03 22:36:44.802 2776 2867 D HwFLClassLoader: USE_FEATURE_LIST had not init!
08-03 22:36:44.815 1155 1290 D InputDispatcher: Dispatch frozen. Waiting some more. last for 309ms
08-03 22:36:44.829 1495 1929 D OpenGLRenderer: HWUI Binary is enabled
08-03 22:36:44.829 1495 1495 D HwCust : Create obj success use class android.view.HwCustRenderThreadMonitorImpl
08-03 22:36:44.832 1155 1290 D InputDispatcher: Dispatch frozen. Waiting some more. last for 327ms
08-03 22:36:44.832 1155 2301 V WindowManager: Adding Window{59d7e59 u0 AssistPreviewPanel} to WindowToken{2641a1e android.os.BinderProxy@2e732a0}
08-03 22:36:44.833 1155 1290 D InputDispatcher: Dispatch frozen. Waiting some more. last for 328ms
08-03 22:36:44.833 1155 2301 V WindowManager: addWindow: New client android.os.BinderProxy@2e732a0: window=Window{59d7e59 u0 AssistPreviewPanel} Callers=com.android.server.wm.HwWindowManagerService.addWindow:574 com.android.server.wm.Session.addToDisplay:199 android.view.IWindowSession$Stub.onTransact:124 com.android.server.wm.Session.onTransact:161 android.os.Binder.execTransact:675
08-03 22:36:44.835 1495 1495 D BarTransitions.HwNavigationBarView: applyModeBackground oldMode=Unknown mode -1 newMode=MODE_TRANSPARENT animate=false
08-03 22:36:44.839 1495 1495 E HwSplitScreenArrowView: onAnimationUpdate() View=com.android.systemui.statusbar.policy.HwSplitScreenArrowView{309b8f0 G.E...... ......ID 0,0-1080,2160} not attached to window manager
08-03 22:36:44.846 638 638 I GRALLOC : shrFd=10,fmt=0x1,intFmt=0x200000001,btStrd=4352,size=9547776,pid=638
08-03 22:36:44.846 638 638 I GRALLOC : yuv=2,w=1080,h=2160,Stride u=0 v=0,offset u=0 v=0
08-03 22:36:44.846 638 638 I GRALLOC : iova_size=9547776,conUsg=0xb00,proUsg=0xb00, strd=1088,[afbc]HdrStrd=1088 PyldStrd=69632 Scrmbl=0,ionhnd = 1
08-03 22:36:44.850 1495 1929 D OpenGLRenderer: HWUI Binary is enabled
08-03 22:36:44.850 1495 1495 D HwCust : Create obj success use class android.view.HwCustRenderThreadMonitorImpl
08-03 22:36:44.853 1155 1166 V WindowManager: Adding Window{99cd8cc u0 com.android.systemui} to WindowToken{b9ea715 android.os.BinderProxy@5c872ff}
08-03 22:36:44.854 1155 1290 D InputDispatcher: Dispatch frozen. Waiting some more. last for 348ms
08-03 22:36:44.854 1155 1290 D InputDispatcher: Dispatch frozen. Waiting some more. last for 349ms
08-03 22:36:44.855 1155 1166 V WindowManager: addWindow: New client android.os.BinderProxy@5c872ff: window=Window{99cd8cc u0 com.android.systemui} Callers=com.android.server.wm.HwWindowManagerService.addWindow:574 com.android.server.wm.Session.addToDisplay:199 android.view.IWindowSession$Stub.onTransact:124 com.android.server.wm.Session.onTransact:161 android.os.Binder.execTransact:675
08-03 22:36:44.855 1155 2301 D WindowManager: finishDrawingWindow: Window{d1a5ce u0 com.huawei.android.launcher/com.huawei.android.launcher.unihome.UniHomeLauncher} mDrawState=HAS_DRAWN
08-03 22:36:44.858 1495 1719 E PhoneStatusBar: Setting not found exception : accessibility_display_magnification_navbar_enabled
08-03 22:36:44.872 1155 1171 E NotificationManager: notifyAsUser: tag=null, id=40, user=UserHandle{0}
08-03 22:36:44.874 1155 1171 D HwNotificationManagerService: recognize: not in china
08-03 22:36:44.876 768 875 W JankService: processEntry, not beta version or commercial log off
08-03 22:36:44.877 1155 1155 D NotificationService: mGameDndStatus is:false ,isGameDndSwitchOn is:false
08-03 22:36:44.878 2776 2867 D HwFLClassLoader: USE_FEATURE_LIST had not init!
08-03 22:36:44.880 1155 1290 D InputDispatcher: Dispatch frozen. Waiting some more. last for 375ms
08-03 22:36:44.881 1155 1290 D InputDispatcher: Dispatch frozen. Waiting some more. last for 376ms
08-03 22:36:44.887 1155 2761 V WindowManager: notifyAppStopped: AppWindowToken{3c03cd9 token=Token{5fbdb20 ActivityRecord{51b7a23 u0 com.arm.mgd.androidapp/.MainActivity t5560}}}
08-03 22:36:44.887 1155 2761 E WindowManager: win=Window{43df4b1 u0 SetFullScreenWindow} destroySurfaces: appStopped=true win.mWindowRemovalAllowed=false win.mRemoveOnExit=false
08-03 22:36:44.888 1155 2761 I WindowManager: Destroying surface Surface(name=SetFullScreenWindow) called by com.android.server.wm.WindowStateAnimator.destroySurface:2066 com.android.server.wm.WindowStateAnimator.destroySurfaceLocked:879 com.android.server.wm.HwWindowStateAnimator.destroySurfaceLocked:1006 com.android.server.wm.WindowState.destroyOrSaveSurfaceUnchecked:2990 com.android.server.wm.WindowState.destroySurface:2951 com.android.server.wm.AppWindowToken.destroySurfaces:664 com.android.server.wm.AppWindowToken.destroySurfaces:648 com.android.server.wm.AppWindowToken.notifyAppStopped:692
08-03 22:36:44.889 1155 2761 E WindowManager: win=Window{37530bd u0 com.arm.mgd.androidapp/com.arm.mgd.androidapp.MainActivity} destroySurfaces: appStopped=true win.mWindowRemovalAllowed=false win.mRemoveOnExit=false
08-03 22:36:44.890 1155 2761 I WindowManager: Destroying surface Surface(name=com.arm.mgd.androidapp/com.arm.mgd.androidapp.MainActivity) called by com.android.server.wm.WindowStateAnimator.destroySurface:2066 com.android.server.wm.WindowStateAnimator.destroySurfaceLocked:879 com.android.server.wm.HwWindowStateAnimator.destroySurfaceLocked:1006 com.android.server.wm.WindowState.destroyOrSaveSurfaceUnchecked:2990 com.android.server.wm.WindowState.destroySurface:2951 com.android.server.wm.AppWindowToken.destroySurfaces:664 com.android.server.wm.AppWindowToken.destroySurfaces:648 com.android.server.wm.AppWindowToken.notifyAppStopped:692
08-03 22:36:44.895 1155 1172 D HwGameAssistantController: pid=16839, uid=10212, foreground=false
08-03 22:36:44.900 1155 1287 W AwareLog: SchedLevelBoost: onFgActivitiesChanged config not set!
08-03 22:36:44.900 1495 1929 D OpenGLRenderer: HWUI Binary is enabled
08-03 22:36:44.901 1495 1495 D HwCust : Create obj success use class android.view.HwCustRenderThreadMonitorImpl
08-03 22:36:44.901 2776 2867 E asset : createFromFile(): lock file /data/resource-cache/system@emui@base@overlay@frameworkhwexthonor@frameworkhwexthonor.apk@idmap.
08-03 22:36:44.901 2776 2867 E asset : createFromFile(): lock file /data/resource-cache/system@emui@base@overlay@frameworkhwexthonor@frameworkhwexthonor.apk@idmap.
08-03 22:36:44.902 2776 2867 W ResourceType: Found multiple library tables, ignoring...
08-03 22:36:44.904 1155 2761 V WindowManager: Adding Window{624b5b8 u0 AssistPreviewPanel} to WindowToken{14f9f91 android.os.BinderProxy@dbb401b}
08-03 22:36:44.904 1155 1290 D InputDispatcher: Dispatch frozen. Waiting some more. last for 399ms
08-03 22:36:44.910 1155 1290 D InputDispatcher: Dispatch frozen. Waiting some more. last for 405ms
08-03 22:36:44.911 1155 2761 V WindowManager: addWindow: New client android.os.BinderProxy@dbb401b: window=Window{624b5b8 u0 AssistPreviewPanel} Callers=com.android.server.wm.HwWindowManagerService.addWindow:574 com.android.server.wm.Session.addToDisplay:199 android.view.IWindowSession$Stub.onTransact:124 com.android.server.wm.Session.onTransact:161 android.os.Binder.execTransact:675
08-03 22:36:44.913 2776 2867 D HwFLClassLoader: USE_FEATURE_LIST had not init!
08-03 22:36:44.927 2278 4104 D PhoneInterfaceManager: [PhoneIntfMgr] getDataEnabled: subId=0 phoneId=0
08-03 22:36:44.928 2278 4104 D PhoneInterfaceManager: [PhoneIntfMgr] getDataEnabled: subId=0 retVal=false
08-03 22:36:44.929 638 638 I GRALLOC : shrFd=10,fmt=0x1,intFmt=0x200000001,btStrd=4352,size=9547776,pid=638
08-03 22:36:44.929 638 638 I GRALLOC : yuv=2,w=1080,h=2160,Stride u=0 v=0,offset u=0 v=0
08-03 22:36:44.929 638 638 I GRALLOC : iova_size=9547776,conUsg=0xb00,proUsg=0xb00, strd=1088,[afbc]HdrStrd=1088 PyldStrd=69632 Scrmbl=0,ionhnd = 1
08-03 22:36:44.938 2936 14496 W LocationOracle: No location history returned by ContextManager
08-03 22:36:44.948 2278 4104 D PhoneInterfaceManager: [PhoneIntfMgr] getDataEnabled: subId=0 phoneId=0
08-03 22:36:44.948 2278 4104 D PhoneInterfaceManager: [PhoneIntfMgr] getDataEnabled: subId=0 retVal=false
08-03 22:36:44.949 1155 2301 I HwNetworkPolicy: onTransact, code = 15
08-03 22:36:44.950 2635 2648 D WorkSource: Insert in WorkSource{} @ 0 uid 10041 name com.google.android.googlequicksearchbox
08-03 22:36:44.952 1408 17849 D Index : Deleting data for locale 'ru_RU' took 8 millis
08-03 22:36:44.955 1408 17849 V SQLiteDatabase: triggerBuildingIndex(): invalid id, return.
08-03 22:36:44.961 1408 17849 D Index : Indexing locale 'ru_RU' took 9 millis
08-03 22:36:44.968 2635 3198 D WorkSource: Insert in WorkSource{} @ 0 uid 10041 name com.google.android.googlequicksearchbox
08-03 22:36:44.971 2635 3198 D WorkSource: Insert in WorkSource{} @ 0 uid 10041 name com.google.android.googlequicksearchbox
08-03 22:36:44.974 2635 2648 D WorkSource: Insert in WorkSource{} @ 0 uid 10041 name com.google.android.googlequicksearchbox
08-03 22:36:44.977 2635 17726 W ctxmgr : [AclManager]No 3 for (accnt=account#-517948760#, com.google.android.gms(10013):UserVelocityProducer, vrsn=12874025, 0, 3pPkg = null , 3pMdlId = null , pid = 2635). Was: 3 for 1, account#-517948760#
08-03 22:36:44.978 2635 2915 D WorkSource: Insert in WorkSource{} @ 0 uid 10013 name com.google.android.gms
08-03 22:36:44.981 2936 2936 D CubicBezierInterpolator: CubicBezierInterpolator mControlPoint1x = 0.23, mControlPoint1y = 0.06, mControlPoint2x = 0.09, mControlPoint2y = 0.97
08-03 22:36:44.981 2936 2936 D CubicBezierInterpolator: CubicBezierInterpolator mControlPoint1x = 0.6, mControlPoint1y = 0.9, mControlPoint2x = 0.8, mControlPoint2y = 1.0
08-03 22:36:44.982 2936 2936 D CubicBezierInterpolator: CubicBezierInterpolator mControlPoint1x = 0.23, mControlPoint1y = 0.06, mControlPoint2x = 0.09, mControlPoint2y = 0.97
08-03 22:36:44.982 2936 2936 D CubicBezierInterpolator: CubicBezierInterpolator mControlPoint1x = 0.6, mControlPoint1y = 0.9, mControlPoint2x = 0.8, mControlPoint2y = 1.0
08-03 22:36:44.984 2936 2936 I StreamRenderer: maybeRegisterNowCardsScope(nowcards-4158639703407793782, com.google.android.sidekick.shared.remoteapi.CardRenderingContext@1c5309)
08-03 22:36:44.985 1155 1290 D InputDispatcher: Dispatch frozen. Waiting some more. last for 479ms
08-03 22:36:44.985 1155 1290 D InputDispatcher: Dispatch frozen. Waiting some more. last for 480ms
08-03 22:36:44.987 2635 2915 D WorkSource: Insert in WorkSource{} @ 0 uid 10013 name com.google.android.gms
08-03 22:36:44.988 2635 2915 D WorkSource: Insert in WorkSource{} @ 0 uid 10013 name com.google.android.gms
08-03 22:36:44.992 1155 1290 D InputDispatcher: Dispatch frozen. Waiting some more. last for 486ms
08-03 22:36:44.993 1155 1290 D InputDispatcher: Dispatch frozen. Waiting some more. last for 487ms
08-03 22:36:44.997 2635 2915 D WorkSource: Insert in WorkSource{} @ 0 uid 10013 name com.google.android.gms
08-03 22:36:44.999 1155 1290 D InputDispatcher: Dispatch frozen. Waiting some more. last for 494ms
08-03 22:36:45.014 2635 2635 D WorkSource: Insert in WorkSource{} @ 0 uid 10013 name com.google.android.gms
08-03 22:36:45.015 1495 1495 W StaticLayout: maxLineHeight should not be -1. maxLines:1 lineCount:1
08-03 22:36:45.018 1495 1495 W StaticLayout: maxLineHeight should not be -1. maxLines:1 lineCount:1
08-03 22:36:45.018 2635 2915 D WorkSource: Insert in WorkSource{} @ 0 uid 10013 name com.google.android.gms
08-03 22:36:45.022 2635 2648 D WorkSource: Insert in WorkSource{} @ 0 uid 10041 name com.google.android.googlequicksearchbox
08-03 22:36:45.025 1495 1495 W HwKeyguardDragHelper: AnimationBlocked
08-03 22:36:45.033 2635 2635 D WorkSource: i1=0 i2=0 N1=0: insert 10013 com.google.android.gms
08-03 22:36:45.033 2635 2635 D WorkSource: Insert in WorkSource{} @ 0 uid 10013 name com.google.android.gms
08-03 22:36:45.033 2635 2635 D WorkSource: i1=1 i2=0 N1=1: insert 10041 com.google.android.googlequicksearchbox
08-03 22:36:45.033 2635 2635 D WorkSource: Insert in WorkSource{10013 com.google.android.gms} @ 1 uid 10041 name com.google.android.googlequicksearchbox
08-03 22:36:45.039 2635 2635 I GeofencerStateMachine: removeGeofences: removeRequest=RemoveGeofencingRequest[REMOVE_BY_PENDING_INTENT pendingIntent=PendingIntent[creatorPackage=com.google.android.gms], packageName=null]
08-03 22:36:45.045 1155 1290 D InputDispatcher: Dispatch frozen. Waiting some more. last for 539ms
08-03 22:36:45.046 1155 1290 D InputDispatcher: Dispatch frozen. Waiting some more. last for 541ms
08-03 22:36:45.049 2635 2635 I GeofencerStateMachine: removeGeofences: removeRequest=RemoveGeofencingRequest[REMOVE_BY_PENDING_INTENT pendingIntent=PendingIntent[creatorPackage=com.google.android.gms], packageName=null]
08-03 22:36:45.051 645 10541 D asd : [asd_proc_hal_data],hal data soundness: L[0],R[0]
08-03 22:36:45.052 1155 1166 W ProcBatteryStats: timer is running , not start, name: , uid: 10013, tag: NlpWakeLock
08-03 22:36:45.059 1155 1290 D InputDispatcher: Dispatch frozen. Waiting some more. last for 553ms
08-03 22:36:45.062 1155 5401 V BroadcastQueue: Finished with ordered broadcast BroadcastRecord{cd03a71 u0 com.google.android.contextmanager.producer.module.DetectedActivityProducer}
08-03 22:36:45.065 1155 1290 D InputDispatcher: Dispatch frozen. Waiting some more. last for 560ms
08-03 22:36:45.067 1155 1290 D InputDispatcher: Dispatch frozen. Waiting some more. last for 561ms
08-03 22:36:45.071 2635 17850 I PlaceInferenceEngine: [anon] Changed inference mode: 0
08-03 22:36:45.077 2635 3198 D WorkSource: Insert in WorkSource{} @ 0 uid 10041 name com.google.android.googlequicksearchbox
08-03 22:36:45.078 667 2625 E BufferQueueProducer: [NavigationBar#0] disconnect: not connected (req=1)
08-03 22:36:45.078 1495 1929 W libEGL : EGLNativeWindowType 0x7e46588010 disconnect failed
08-03 22:36:45.078 1495 1495 D BarTransitions.HwNavigationBarView: applyModeBackground oldMode=Unknown mode -1 newMode=MODE_TRANSPARENT animate=false
08-03 22:36:45.080 1495 1929 D mali_winsys: EGLint new_window_surface(egl_winsys_display *, void *, EGLSurface, EGLConfig, egl_winsys_surface **, egl_color_buffer_format *, EGLBoolean) returns 0x3000
08-03 22:36:45.085 1155 2301 W ProcBatteryStats: timer is running , not start, name: , uid: 10013, tag: GCoreFlp
08-03 22:36:45.088 1155 2761 W ProcBatteryStats: timer is not running , not stop, name: , uid: 10013, tag: GCoreFlp
08-03 22:36:45.090 1155 2761 W ProcBatteryStats: timer is not running , not stop, name: , uid: 10013, tag: NlpWakeLock
08-03 22:36:45.092 1495 1929 D OpenGLRenderer: HWUI Binary is enabled
08-03 22:36:45.092 1495 1495 D HwCust : Create obj success use class android.view.HwCustRenderThreadMonitorImpl
08-03 22:36:45.093 2635 17726 D WorkSource: Insert in WorkSource{} @ 0 uid 10013 name com.google.android.gms
08-03 22:36:45.095 2936 2936 W StaticLayout: maxLineHeight should not be -1. maxLines:3 lineCount:3
08-03 22:36:45.096 2936 2936 W StaticLayout: maxLineHeight should not be -1. maxLines:2 lineCount:2
08-03 22:36:45.096 1155 2800 V WindowManager: Adding Window{9ebb95c u0 AssistPreviewPanel} to WindowToken{5002465 android.os.BinderProxy@51b3bcf}
08-03 22:36:45.096 1155 1290 D InputDispatcher: Dispatch frozen. Waiting some more. last for 591ms
08-03 22:36:45.098 2936 2936 W StaticLayout: maxLineHeight should not be -1. maxLines:3 lineCount:3
08-03 22:36:45.098 1155 1290 D InputDispatcher: Dispatch frozen. Waiting some more. last for 593ms
08-03 22:36:45.098 1155 2800 V WindowManager: addWindow: New client android.os.BinderProxy@51b3bcf: window=Window{9ebb95c u0 AssistPreviewPanel} Callers=com.android.server.wm.HwWindowManagerService.addWindow:574 com.android.server.wm.Session.addToDisplay:199 android.view.IWindowSession$Stub.onTransact:124 com.android.server.wm.Session.onTransact:161 android.os.Binder.execTransact:675
08-03 22:36:45.099 2936 2936 W StaticLayout: maxLineHeight should not be -1. maxLines:2 lineCount:2
08-03 22:36:45.100 2635 2635 D WorkSource: i1=0 i2=0 N1=0: insert 10041 com.google.android.googlequicksearchbox
08-03 22:36:45.100 2635 2635 D WorkSource: Insert in WorkSource{} @ 0 uid 10041 name com.google.android.googlequicksearchbox
08-03 22:36:45.102 2635 17726 D WorkSource: Insert in WorkSource{} @ 0 uid 10013 name com.google.android.gms
08-03 22:36:45.102 2936 2936 W StaticLayout: maxLineHeight should not be -1. maxLines:3 lineCount:3
08-03 22:36:45.103 2936 2936 W StaticLayout: maxLineHeight should not be -1. maxLines:2 lineCount:2
08-03 22:36:45.104 2635 2915 D WorkSource: Insert in WorkSource{} @ 0 uid 10013 name com.google.android.gms
08-03 22:36:45.104 638 638 I GRALLOC : shrFd=10,fmt=0x1,intFmt=0x1,btStrd=4352,size=540672,pid=638
08-03 22:36:45.104 638 638 I GRALLOC : yuv=2,w=1080,h=122,Stride u=0 v=0,offset u=0 v=0
08-03 22:36:45.104 638 638 I GRALLOC : iova_size=540672,conUsg=0xb00,proUsg=0xb00, strd=1088,[afbc]HdrStrd=0 PyldStrd=0 Scrmbl=0,ionhnd = 1
08-03 22:36:45.106 2936 2936 W StaticLayout: maxLineHeight should not be -1. maxLines:3 lineCount:3
08-03 22:36:45.107 2936 2936 W StaticLayout: maxLineHeight should not be -1. maxLines:2 lineCount:2
08-03 22:36:45.110 2635 17726 D WorkSource: Insert in WorkSource{} @ 0 uid 10013 name com.google.android.gms
08-03 22:36:45.110 1155 2301 D WindowManager: finishDrawingWindow: Window{976c73a u0 NavigationBar} mDrawState=DRAW_PENDING
08-03 22:36:45.111 2635 2915 D WorkSource: Insert in WorkSource{} @ 0 uid 10013 name com.google.android.gms
08-03 22:36:45.114 2635 2635 D WorkSource: i1=0 i2=0 N1=0: insert 10013 com.google.android.gms
08-03 22:36:45.114 2635 2635 D WorkSource: Insert in WorkSource{} @ 0 uid 10013 name com.google.android.gms
08-03 22:36:45.114 2635 2635 D WorkSource: i1=1 i2=0 N1=1: insert 10041 com.google.android.googlequicksearchbox
08-03 22:36:45.114 2635 2635 D WorkSource: Insert in WorkSource{10013 com.google.android.gms} @ 1 uid 10041 name com.google.android.googlequicksearchbox
08-03 22:36:45.115 1155 1290 D InputDispatcher: Dispatch frozen. Waiting some more. last for 610ms
08-03 22:36:45.119 2635 17726 D WorkSource: Insert in WorkSource{} @ 0 uid 10013 name com.google.android.gms
08-03 22:36:45.121 1155 2800 W ProcBatteryStats: timer is running , not start, name: , uid: 10013, tag: NlpWakeLock
08-03 22:36:45.121 1155 1290 D InputDispatcher: Dispatch frozen. Waiting some more. last for 616ms
08-03 22:36:45.122 1155 1290 D InputDispatcher: Dispatch frozen. Waiting some more. last for 617ms
08-03 22:36:45.127 2635 17726 D WorkSource: Insert in WorkSource{} @ 0 uid 10013 name com.google.android.gms
08-03 22:36:45.134 2635 3198 D WorkSource: Insert in WorkSource{} @ 0 uid 10041 name com.google.android.googlequicksearchbox
08-03 22:36:45.134 1155 1290 D InputDispatcher: Dispatch frozen. Waiting some more. last for 629ms
08-03 22:36:45.136 2635 17726 D WorkSource: Insert in WorkSource{} @ 0 uid 10013 name com.google.android.gms
08-03 22:36:45.137 1155 1290 D InputDispatcher: Dispatch frozen. Waiting some more. last for 632ms
08-03 22:36:45.142 1155 5401 V WindowManager: removeIfPossible: Window{ea9ebf3 u0 DividerMenusView} callers=com.android.server.wm.WindowState.removeIfPossible:1914 com.android.server.wm.WindowManagerService.removeWindow:2031 com.android.server.wm.Session.remove:218 android.view.IWindowSession$Stub.onTransact:242 com.android.server.wm.Session.onTransact:161
08-03 22:36:45.142 1155 1290 D InputDispatcher: Dispatch frozen. Waiting some more. last for 637ms
08-03 22:36:45.143 1155 5401 V WindowManager: postWindowRemoveCleanupLocked: Window{ea9ebf3 u0 DividerMenusView}
08-03 22:36:45.144 1155 5401 V WindowManager: Removing Window{ea9ebf3 u0 DividerMenusView} from WindowToken{52fb0b0 android.os.BinderProxy@db4ce62}
08-03 22:36:45.148 2635 17850 I Places : ?: PlacesBleScanner start() with priority 2
08-03 22:36:45.148 2635 17850 D WorkSource: Insert in WorkSource{} @ 0 uid 10013 name com.google.android.gms
08-03 22:36:45.148 1155 1290 D InputDispatcher: Dispatch frozen. Waiting some more. last for 643ms
08-03 22:36:45.148 2635 17850 I PlaceInferenceEngine: [anon] Changed inference mode: 1
08-03 22:36:45.148 1155 6503 W ProcBatteryStats: timer is running , not start, name: , uid: 10013, tag: GCoreFlp
08-03 22:36:45.150 1155 1290 D InputDispatcher: Dispatch frozen. Waiting some more. last for 645ms
08-03 22:36:45.151 1155 2301 W ProcBatteryStats: timer is running , not start, name: , uid: 10013, tag: GCoreFlp
08-03 22:36:45.152 2936 2936 W StaticLayout: maxLineHeight should not be -1. maxLines:2 lineCount:2
08-03 22:36:45.156 1155 2301 W ProcBatteryStats: timer is running , not start, name: , uid: 10013, tag: GCoreFlp
08-03 22:36:45.160 1155 2346 W ProcBatteryStats: timer is not running , not stop, name: , uid: 10013, tag: NlpWakeLock
08-03 22:36:45.162 1155 1290 D InputDispatcher: Dispatch frozen. Waiting some more. last for 656ms
08-03 22:36:45.162 2936 2936 W StaticLayout: maxLineHeight should not be -1. maxLines:2 lineCount:2
08-03 22:36:45.163 2635 17850 I Places : Converted 0 out of 0 WiFi scans
08-03 22:36:45.163 1155 1290 D InputDispatcher: Dispatch frozen. Waiting some more. last for 658ms
08-03 22:36:45.167 667 851 E BufferQueueProducer: [NavigationBar#0] disconnect: not connected (req=1)
08-03 22:36:45.167 1495 1929 W libEGL : EGLNativeWindowType 0x7e46588010 disconnect failed
08-03 22:36:45.168 1495 1929 D mali_winsys: EGLint new_window_surface(egl_winsys_display *, void *, EGLSurface, EGLConfig, egl_winsys_surface **, egl_color_buffer_format *, EGLBoolean) returns 0x3000
08-03 22:36:45.170 638 638 I GRALLOC : shrFd=10,fmt=0x1,intFmt=0x1,btStrd=4352,size=540672,pid=638
08-03 22:36:45.170 638 638 I GRALLOC : yuv=2,w=1080,h=122,Stride u=0 v=0,offset u=0 v=0
08-03 22:36:45.170 638 638 I GRALLOC : iova_size=540672,conUsg=0xb00,proUsg=0xb00, strd=1088,[afbc]HdrStrd=0 PyldStrd=0 Scrmbl=0,ionhnd = 1
08-03 22:36:45.172 2635 3198 D WorkSource: Insert in WorkSource{} @ 0 uid 10041 name com.google.android.googlequicksearchbox
08-03 22:36:45.172 2635 17850 I PlaceInferenceEngine: [anon] Changed inference mode: 1
08-03 22:36:45.174 2635 2635 I BluetoothAdapter: getBluetoothLeScanner
08-03 22:36:45.176 2635 2635 I BeaconBle: Using BLE 'L' hardware layer
08-03 22:36:45.181 1155 2346 W ProcBatteryStats: timer is not running , not stop, name: , uid: 10013, tag: GCoreFlp
08-03 22:36:45.182 1155 1290 D InputDispatcher: Dispatch frozen. Waiting some more. last for 677ms
08-03 22:36:45.184 1155 1290 D InputDispatcher: Dispatch frozen. Waiting some more. last for 678ms
08-03 22:36:45.184 1155 2761 W ProcBatteryStats: timer is not running , not stop, name: , uid: 10013, tag: GCoreFlp
08-03 22:36:45.186 1155 6503 V WindowManager: removeIfPossible: Window{4156eae u0 DockedStackDivider} callers=com.android.server.wm.WindowState.removeIfPossible:1914 com.android.server.wm.WindowManagerService.removeWindow:2031 com.android.server.wm.Session.remove:218 android.view.IWindowSession$Stub.onTransact:242 com.android.server.wm.Session.onTransact:161
08-03 22:36:45.186 1155 2761 W ProcBatteryStats: timer is not running , not stop, name: , uid: 10013, tag: GCoreFlp
08-03 22:36:45.186 1155 1290 D InputDispatcher: Dispatch frozen. Waiting some more. last for 681ms
08-03 22:36:45.187 2635 2635 D WorkSource: i1=0 i2=0 N1=0: insert 10013 com.google.android.gms
08-03 22:36:45.187 2635 2635 D WorkSource: Insert in WorkSource{} @ 0 uid 10013 name com.google.android.gms
08-03 22:36:45.187 2635 2635 D WorkSource: i1=1 i2=0 N1=1: insert 10041 com.google.android.googlequicksearchbox
08-03 22:36:45.187 2635 2635 D WorkSource: Insert in WorkSource{10013 com.google.android.gms} @ 1 uid 10041 name com.google.android.googlequicksearchbox
08-03 22:36:45.187 638 638 I GRALLOC : shrFd=10,fmt=0x1,intFmt=0x200000001,btStrd=4352,size=9547776,pid=638
08-03 22:36:45.187 638 638 I GRALLOC : yuv=2,w=1080,h=2160,Stride u=0 v=0,offset u=0 v=0
08-03 22:36:45.187 638 638 I GRALLOC : iova_size=9547776,conUsg=0xb00,proUsg=0xb00, strd=1088,[afbc]HdrStrd=1088 PyldStrd=69632 Scrmbl=0,ionhnd = 1
08-03 22:36:45.187 1155 6503 V WindowManager: postWindowRemoveCleanupLocked: Window{4156eae u0 DockedStackDivider}
08-03 22:36:45.187 1155 6503 V WindowManager: Removing Window{4156eae u0 DockedStackDivider} from WindowToken{d6d544f android.os.BinderProxy@5440b29}
08-03 22:36:45.194 1155 1290 D InputDispatcher: Dispatch frozen. Waiting some more. last for 688ms
08-03 22:36:45.197 2635 2635 I BeaconBle: Client requested scan, settings=BleSettings [scanMode=ZERO_POWER, callbackType=ALL_MATCHES, reportDelayMillis=0, 1 filters, 0 clients, callingClientName=Places]
08-03 22:36:45.199 1155 2346 W ProcBatteryStats: timer is running , not start, name: , uid: 10013, tag: NlpWakeLock
08-03 22:36:45.201 1155 1290 D InputDispatcher: Dispatch frozen. Waiting some more. last for 696ms
08-03 22:36:45.202 768 875 W JankService: processEntry, not beta version or commercial log off
08-03 22:36:45.203 2635 2635 I BluetoothAdapter: Calling enableBLE
08-03 22:36:45.204 1155 2346 D BluetoothManagerService: Registered for death of com.google.android.gms
08-03 22:36:45.205 1155 2346 D BluetoothManagerService: 1 registered Ble Apps
08-03 22:36:45.205 2635 2635 D BluetoothAdapter: isLeEnabled(): BLE_ON
08-03 22:36:45.206 2635 2635 D BluetoothAdapter: enableBLE(): Bluetooth already enabled
08-03 22:36:45.209 2635 17851 I PlaceInferenceEngine: No beacon scan available - ignoring candidates.
08-03 22:36:45.211 1495 1495 E DateLunarView: mDateString is: пт, 3 авг.
08-03 22:36:45.212 1155 1290 D InputDispatcher: Dispatch frozen. Waiting some more. last for 707ms
08-03 22:36:45.214 1495 1495 D CubicBezierInterpolator: CubicBezierInterpolator mControlPoint1x = 0.23, mControlPoint1y = 0.06, mControlPoint2x = 0.09, mControlPoint2y = 0.97
08-03 22:36:45.215 1495 1495 D CubicBezierInterpolator: CubicBezierInterpolator mControlPoint1x = 0.6, mControlPoint1y = 0.9, mControlPoint2x = 0.8, mControlPoint2y = 1.0
08-03 22:36:45.215 1495 1495 D CubicBezierInterpolator: CubicBezierInterpolator mControlPoint1x = 0.23, mControlPoint1y = 0.06, mControlPoint2x = 0.09, mControlPoint2y = 0.97
08-03 22:36:45.215 1495 1495 D CubicBezierInterpolator: CubicBezierInterpolator mControlPoint1x = 0.6, mControlPoint1y = 0.9, mControlPoint2x = 0.8, mControlPoint2y = 1.0
08-03 22:36:45.216 2936 2936 W MonetServiceEventQueue: No updates to flush
08-03 22:36:45.217 2635 2635 I BeaconBle: ZERO_POWER is disabled.
08-03 22:36:45.217 2635 2635 I BeaconBle: 'L' hardware scan: scan stopped, no powered clients
08-03 22:36:45.218 2936 2936 I MicroDetectionWorker: #startMicroDetector [speakerMode: 0]
08-03 22:36:45.220 2936 2936 I AudioController: Created new AudioSource
08-03 22:36:45.220 2776 2974 W OpenGLRenderer: Incorrectly called buildLayer on View: ShortcutAndWidgetContainer, destroying layer...
08-03 22:36:45.220 2776 2974 W OpenGLRenderer: Incorrectly called buildLayer on View: ShortcutAndWidgetContainer, destroying layer...
08-03 22:36:45.222 1495 1495 D TimeKeeper: getTimeTickInfo:[mMillisUntilFinished:0, mHour:0, mMinute:0, mSecond:0]
08-03 22:36:45.222 1495 1495 E KeyguardUpdateMonitor: isSimPinSecure mSimDatas is null or empty
08-03 22:36:45.222 1495 1495 D TimeKeeper: getTimeTickInfo:[mMillisUntilFinished:0, mHour:0, mMinute:0, mSecond:0]
08-03 22:36:45.223 1495 1495 W LockIcon: getState 1 <-> 0; fp running false
08-03 22:36:45.225 1495 1495 W LockIcon: getHintTextRes isMethodSecure: false isUserTrustIsManaged false
08-03 22:36:45.226 1495 1495 W LockIcon: update state from 1 -->. 1
08-03 22:36:45.227 1495 1495 W HwKeyguardBottomArea: updateBatteryInfo : false true
08-03 22:36:45.229 1155 2346 V BroadcastQueue: Finished with ordered broadcast BroadcastRecord{add8056 u0 com.google.android.apps.gsa.search.core.location.ACTIVITY_DETECTION}
08-03 22:36:45.233 1495 1495 E DateLunarView: mDateString is: пт, 3 авг.
08-03 22:36:45.234 1155 2346 V BroadcastQueue: Finished with ordered broadcast BroadcastRecord{da5ac19 u0 com.google.android.contextmanager.producer.module.DetectedActivityProducer}
08-03 22:36:45.234 2635 2915 D WorkSource: Insert in WorkSource{} @ 0 uid 10013 name com.google.android.gms
08-03 22:36:45.241 2936 14496 I MicroRecognitionRunner: Starting detection.
08-03 22:36:45.241 2936 14491 I MicrophoneInputStream: mic_starting SR : 16000 CC : 16 SO : 1999
08-03 22:36:45.242 710 17843 D AudioFlinger: event 162
08-03 22:36:45.244 2936 2936 I MicroDetectionWorker: onReady
08-03 22:36:45.244 710 17843 I APM_AudioPolicyManager: getInputForAttr() source 1999, samplingRate 16000, format 1, channelMask 10,session 345, flags 0
08-03 22:36:45.245 645 998 I audio_hw_primary: update config period size 960
08-03 22:36:45.245 645 998 I audio_hw_primary: change channel_mask form 10 to AUDIO_CHANNEL_IN_STEREO
08-03 22:36:45.248 710 17843 V APM_AudioPolicyManager: getInputForAttr() returns input type = 0
08-03 22:36:45.250 710 957 V APM_AudioPolicyManager: listAudioPorts() role 0 type 0 num_ports 0 ports 0x76cf2380c0
08-03 22:36:45.250 710 957 V APM_AudioPolicyManager: listAudioPorts() got 0 ports needed 8
08-03 22:36:45.250 710 957 V APM_AudioPolicyManager: listAudioPorts() role 0 type 0 num_ports 8 ports 0x76cf258000
08-03 22:36:45.250 710 957 V APM_AudioPolicyManager: listAudioPorts() got 8 ports needed 8
08-03 22:36:45.250 1155 1155 I AudioSystem-JNI: listAudioPorts AudioSystem::listAudioPorts numPorts 8 generation 111 generation1 111
08-03 22:36:45.254 710 17855 I AudioFlinger: AudioFlinger's thread 0x76cf38e0c0 tid=17855 ready to run
08-03 22:36:45.255 645 998 I audio_hw_primary: do_in_standby standby: 1, in_device: 0
08-03 22:36:45.255 1155 2761 W ProcBatteryStats: timer is running , not start, name: , uid: 10013, tag: GCoreFlp
08-03 22:36:45.258 645 998 I audio_hw_primary: do_in_standby standby: 1, in_device: 0
08-03 22:36:45.260 710 17843 D AudioFlinger: event 162
08-03 22:36:45.260 1495 1495 W StaticLayout: maxLineHeight should not be -1. maxLines:1 lineCount:1
08-03 22:36:45.262 1495 1495 W StaticLayout: maxLineHeight should not be -1. maxLines:1 lineCount:1
08-03 22:36:45.263 2268 2386 D AudioState: SESSION_ID_NEW, containsKey, pid: 2936, sessionId: 345,uid: 10041
08-03 22:36:45.265 1495 1495 W StaticLayout: maxLineHeight should not be -1. maxLines:1 lineCount:1
08-03 22:36:45.267 2936 14491 D AudioRecordPermission: AudioRecordPermission
08-03 22:36:45.267 2936 14491 I AudioRecordPermission: remindWithResult:false
08-03 22:36:45.267 2936 14491 I HwAudioRecordImpl: checkRecordActive
08-03 22:36:45.266 1495 1495 W StaticLayout: maxLineHeight should not be -1. maxLines:1 lineCount:1
08-03 22:36:45.269 1155 6503 W ProcBatteryStats: timer is not running , not stop, name: , uid: 10013, tag: NlpWakeLock
08-03 22:36:45.268 1495 1495 W StaticLayout: maxLineHeight should not be -1. maxLines:1 lineCount:1
08-03 22:36:45.269 638 638 I GRALLOC : shrFd=10,fmt=0x1,intFmt=0x200000001,btStrd=4352,size=9547776,pid=638
08-03 22:36:45.269 638 638 I GRALLOC : yuv=2,w=1080,h=2160,Stride u=0 v=0,offset u=0 v=0
08-03 22:36:45.269 638 638 I GRALLOC : iova_size=9547776,conUsg=0xb00,proUsg=0xb00, strd=1088,[afbc]HdrStrd=1088 PyldStrd=69632 Scrmbl=0,ionhnd = 1
08-03 22:36:45.269 710 17843 W HuaweiAudioFlinger: soundtrigger is now disable or not support, pls enable it first from setting
08-03 22:36:45.270 710 17843 I APM_AudioPolicyManager: startInput() input 238
08-03 22:36:45.270 710 17843 I APM_AudioPolicyManager: getNewInputDevice() selected device 0x80000004
08-03 22:36:45.270 710 17843 I APM_AudioPolicyManager: setInputDevice() input 238 device 80000004 force 1
08-03 22:36:45.270 1155 2761 W ProcBatteryStats: timer is not running , not stop, name: , uid: 10013, tag: GCoreFlp
08-03 22:36:45.271 1495 1495 W StaticLayout: maxLineHeight should not be -1. maxLines:1 lineCount:1
08-03 22:36:45.271 1495 1495 I chatty : uid=10040(u0_a40) com.android.systemui identical 1 line
08-03 22:36:45.271 1495 1495 W StaticLayout: maxLineHeight should not be -1. maxLines:1 lineCount:1
08-03 22:36:45.272 645 998 D audio_hw_primary: in_set_parameters_no_lock input_source: 6, in_device: 0x80000004
08-03 22:36:45.272 645 998 D dsp_interface: dsp_set_source:source = 6
08-03 22:36:45.272 645 998 D dsp_soc : set source 6 succ
08-03 22:36:45.272 645 998 I dsp_common: dsp_common_set_source:source = 6
08-03 22:36:45.274 1495 1495 W StaticLayout: maxLineHeight should not be -1. maxLines:1 lineCount:1
08-03 22:36:45.274 1495 1495 W StaticLayout: maxLineHeight should not be -1. maxLines:1 lineCount:1
08-03 22:36:45.275 710 17843 I APM_AudioPolicyManager: setInputDevice() createAudioPatch returned 0 patchHandle 252
08-03 22:36:45.275 710 17843 V SoundTrigger: setCaptureState(1)
08-03 22:36:45.275 710 17843 V SoundTriggerHwService: setCaptureState 1
08-03 22:36:45.275 710 17843 D APM_AudioPolicyManager: event 164
08-03 22:36:45.275 1155 6503 V BroadcastQueue: Finished with ordered broadcast BroadcastRecord{544a0ea u0 com.google.android.apps.gsa.search.core.location.ACTIVITY_DETECTION}
08-03 22:36:45.275 710 17843 V APM_AudioPolicyManager: AudioPolicyManager::startInput() input source = 1999
08-03 22:36:45.275 2268 2386 I DeviceMonitor: Add AudioIn uid:10041 pid:-2
08-03 22:36:45.276 710 17843 V APM_AudioPolicyManager: listAudioPorts() role 0 type 0 num_ports 0 ports 0x76cf2381e0
08-03 22:36:45.276 710 17843 V APM_AudioPolicyManager: listAudioPorts() got 0 ports needed 8
08-03 22:36:45.277 2936 14491 I HwAudioRecordImpl: sendStateChangedIntent, state=3
08-03 22:36:45.277 2268 2386 I PGServer: report state:1 event type:1 pid:2936 uid:10041 pkg:null to pid: 1155
08-03 22:36:45.277 710 957 V APM_AudioPolicyManager: listAudioPorts() role 0 type 0 num_ports 8 ports 0x76cf258000
08-03 22:36:45.277 710 957 V APM_AudioPolicyManager: listAudioPorts() got 8 ports needed 8
08-03 22:36:45.277 2268 2386 D AudioState: auido type:in state:start pid:2936 uid:10041
08-03 22:36:45.277 710 957 V APM_AudioPolicyManager: listAudioPorts() got 8 ports needed 8
08-03 22:36:45.278 1155 1155 I AudioSystem-JNI: listAudioPorts AudioSystem::listAudioPorts numPorts 8 generation 112 generation1 112
08-03 22:36:45.278 645 17856 I audio_hw_primary: start_input_stream: adev->in_device = 0, in->device = 0x4
08-03 22:36:45.278 645 17856 I audio_hw_primary: select_devices++ mode[0]
08-03 22:36:45.278 645 17856 I audio_hw_primary: input_source_id 0x4, output_device_id 0x2
08-03 22:36:45.279 645 17856 I audio_hw_primary: select_devices() devices 0x2 input src 6 output route media-speaker input route voice-rec-handfree-mic in_device 0x4
08-03 22:36:45.279 645 17856 I spk_dev_interface: spk_dev_power_off: use new smartpakit version
08-03 22:36:45.279 645 17856 I smartpakit: pdata->device = 2, output_device = 2, pdata->mode = 0, mode = 0
08-03 22:36:45.279 645 17856 I smartpakit: check the same status, skip!
08-03 22:36:45.279 645 17856 I dsp_common: dsp_common_control_algo:set device = 2
08-03 22:36:45.279 645 17856 I audio_hw_primary: pa is on, cannot start ir study,device = 2
08-03 22:36:45.281 1155 2301 V BroadcastQueue: Finished with ordered broadcast BroadcastRecord{bc2cdaf u0 com.google.android.contextmanager.producer.module.DetectedActivityProducer}
08-03 22:36:45.281 1155 2301 V BroadcastQueue: Finished with ordered broadcast BroadcastRecord{f715bc u0 com.google.android.places.signals.action.activity_recognition}
08-03 22:36:45.279 645 17856 I audio_hw_primary: pa is on, cannot start ir study,device = 2
08-03 22:36:45.283 2635 2915 D WorkSource: Insert in WorkSource{} @ 0 uid 10013 name com.google.android.gms
08-03 22:36:45.287 2936 14491 I MicrophoneInputStream: mic_started SR : 16000 CC : 16 SO : 1999
08-03 22:36:45.287 1155 2301 V BroadcastQueue: Finished with ordered broadcast BroadcastRecord{d3bb945 u0 com.google.android.apps.gsa.search.core.location.ACTIVITY_DETECTION}
08-03 22:36:45.296 1495 1495 W StaticLayout: maxLineHeight should not be -1. maxLines:1 lineCount:1
08-03 22:36:45.296 1495 1495 I chatty : uid=10040(u0_a40) com.android.systemui identical 1 line
08-03 22:36:45.296 1495 1495 W StaticLayout: maxLineHeight should not be -1. maxLines:1 lineCount:1
08-03 22:36:45.299 645 17856 I dsp_common: dsp_common_control_algo:set device = 2
08-03 22:36:45.300 645 17856 I spk_dev_interface: spk_dev_power_on: use new smartpakit version
08-03 22:36:45.300 645 17856 I smartpakit: pdata->device = 2, output_device = 2, pdata->mode = 0, mode = 0
08-03 22:36:45.300 645 17856 I smartpakit: check the same status, skip!
08-03 22:36:45.300 645 17856 I audio_hw_primary: select_devices--
08-03 22:36:45.300 645 17856 I audio_hw_primary: start_input_stream OK. rate : 48000, period_size : 960, channel : 2
08-03 22:36:45.300 1495 1495 W StaticLayout: maxLineHeight should not be -1. maxLines:1 lineCount:1
08-03 22:36:45.300 645 17856 D dsp_interface: dsp_set_source:source = 6
08-03 22:36:45.300 645 17856 D dsp_soc : set source 6 succ
08-03 22:36:45.300 645 17856 I dsp_common: dsp_common_set_source:source = 6
08-03 22:36:45.300 1495 1495 W StaticLayout: maxLineHeight should not be -1. maxLines:1 lineCount:1
08-03 22:36:45.302 1495 1495 I chatty : uid=10040(u0_a40) com.android.systemui identical 1 line
08-03 22:36:45.302 1495 1495 W StaticLayout: maxLineHeight should not be -1. maxLines:1 lineCount:1
08-03 22:36:45.323 2936 2936 I MicroDetectionWorker: onReady
08-03 22:36:45.324 1155 1290 D InputDispatcher: Dispatch frozen. Waiting some more. last for 819ms
08-03 22:36:45.327 1155 1290 D InputDispatcher: Dispatch frozen. Waiting some more. last for 822ms
08-03 22:36:45.328 1155 1290 D InputDispatcher: Dispatch frozen. Waiting some more. last for 823ms
08-03 22:36:45.332 667 2625 E BufferQueueProducer: [StatusBar#0] disconnect: not connected (req=1)
08-03 22:36:45.332 1495 1929 W libEGL : EGLNativeWindowType 0x7e4aa64010 disconnect failed
08-03 22:36:45.333 1495 1929 D mali_winsys: EGLint new_window_surface(egl_winsys_display *, void *, EGLSurface, EGLConfig, egl_winsys_surface **, egl_color_buffer_format *, EGLBoolean) returns 0x3000
08-03 22:36:45.338 1495 1495 W StaticLayout: maxLineHeight should not be -1. maxLines:1 lineCount:1
08-03 22:36:45.351 1495 1495 I chatty : uid=10040(u0_a40) com.android.systemui identical 10 lines
08-03 22:36:45.351 1495 1495 W StaticLayout: maxLineHeight should not be -1. maxLines:1 lineCount:1
08-03 22:36:45.356 1495 1495 W HwKeyguardDragHelper: AnimationBlocked
08-03 22:36:45.366 2635 2915 D WorkSource: Insert in WorkSource{} @ 0 uid 10013 name com.google.android.gms
08-03 22:36:45.370 638 638 I GRALLOC : shrFd=10,fmt=0x1,intFmt=0x1,btStrd=4352,size=315392,pid=638
