08-03 22:36:25.958 2936 16414 I HwAudioRecordImpl: sendStateChangedIntent, state=1
08-03 22:36:25.959 638 638 I GRALLOC : shrFd=10,fmt=0x2,intFmt=0x2,btStrd=4096,size=16384,pid=638
08-03 22:36:25.959 638 638 I GRALLOC : yuv=2,w=1008,h=1,Stride u=0 v=0,offset u=0 v=0
08-03 22:36:25.959 638 638 I GRALLOC : iova_size=16384,conUsg=0xb00,proUsg=0xb00, strd=1024,[afbc]HdrStrd=0 PyldStrd=0 Scrmbl=0,ionhnd = 1
08-03 22:36:25.961 710 956 V APM_AudioPolicyManager: releaseInput() 230
08-03 22:36:25.961 710 956 V APM_AudioPolicyManager: closeInput(230)
08-03 22:36:25.962 710 11660 D AudioFlinger: event 163
08-03 22:36:25.963 638 638 I GRALLOC : shrFd=10,fmt=0x2,intFmt=0x2,btStrd=4096,size=16384,pid=638
08-03 22:36:25.963 638 638 I GRALLOC : yuv=2,w=1008,h=1,Stride u=0 v=0,offset u=0 v=0
08-03 22:36:25.963 638 638 I GRALLOC : iova_size=16384,conUsg=0xb00,proUsg=0xb00, strd=1024,[afbc]HdrStrd=0 PyldStrd=0 Scrmbl=0,ionhnd = 1
08-03 22:36:25.963 2936 16414 I MicrophoneInputStream: mic_close SR : 16000 CC : 16 SO : 1999
08-03 22:36:25.963 645 944 I audio_hw_primary: do_in_standby standby: 1, in_device: 0
08-03 22:36:25.963 645 944 D dsp_interface: dsp_set_source:source = 0
08-03 22:36:25.963 710 956 V APM_AudioPolicyManager: releaseInput() exit
08-03 22:36:25.963 645 944 D dsp_soc : set source 0 succ
08-03 22:36:25.963 645 944 I dsp_common: dsp_common_set_source:source = 0
08-03 22:36:25.964 1155 8168 V WindowManager: Checking 1 opening apps (frozen=false timeout=false)...
08-03 22:36:25.964 1155 8168 V WindowManager: Check opening app=AppWindowToken{3c03cd9 token=Token{5fbdb20 ActivityRecord{51b7a23 u0 com.arm.mgd.androidapp/.MainActivity t5560}}}: allDrawn=false startingDisplayed=false startingMoved=false isRelaunching()=false
08-03 22:36:25.964 2936 14706 I MicroRecognitionRunner: Detection finished
08-03 22:36:25.965 1495 1554 D HwRecentsLockUtils: Search
08-03 22:36:25.966 710 956 V APM_AudioPolicyManager: listAudioPorts() role 0 type 0 num_ports 0 ports 0x76cf2381d8
08-03 22:36:25.966 710 956 V APM_AudioPolicyManager: listAudioPorts() got 0 ports needed 7
08-03 22:36:25.966 710 710 V APM_AudioPolicyManager: listAudioPorts() role 0 type 0 num_ports 7 ports 0x76cf893000
08-03 22:36:25.966 710 710 V APM_AudioPolicyManager: listAudioPorts() got 7 ports needed 7
08-03 22:36:25.966 2255 2277 E HsmCoreServiceImpl: onTransact in code is: 103
08-03 22:36:25.966 2255 2277 I MediaProcessHandler: playingUids:
08-03 22:36:25.968 638 638 I GRALLOC : shrFd=10,fmt=0x1,intFmt=0x1,btStrd=4352,size=1064960,pid=638
08-03 22:36:25.968 638 638 I GRALLOC : yuv=2,w=1080,h=243,Stride u=0 v=0,offset u=0 v=0
08-03 22:36:25.968 638 638 I GRALLOC : iova_size=1064960,conUsg=0x900,proUsg=0x900, strd=1088,[afbc]HdrStrd=0 PyldStrd=0 Scrmbl=0,ionhnd = 1
08-03 22:36:25.969 638 638 I chatty : uid=1000(system) allocator@2.0-s identical 1 line
08-03 22:36:25.969 1155 1750 D ActivityManager: Skipping, home or recents stack task: TaskRecord{97479c7 #5540 A=com.huawei.android.launcher U=0 StackId=0 sz=1}
08-03 22:36:25.969 1155 1750 D ActivityManager: Skipping intent:flg=0x10804000 cmp=com.android.systemui/.recents.RecentsActivity
08-03 22:36:25.970 1155 1750 D ActivityManager: Skipping intent:flg=0x10800000 cmp=com.android.phone/.MMIDialogActivity
08-03 22:36:25.970 1155 1750 D ActivityManager: Skipping intent:act=android.intent.action.MAIN flg=0x10840000 cmp=com.android.incallui/.InCallActivity
08-03 22:36:25.970 1155 1750 D ActivityManager: Skipping intent:act=com.android.contacts.action.CHOOSE_SUB dat=tel:xxxxxxxxxx-xx-xx flg=0x10808000 pkg=com.android.contacts cmp=com.android.contacts/.ChooseSubActivity
08-03 22:36:25.970 1155 1750 D ActivityManager: Skipping intent:flg=0x70840000 cmp=com.android.stk/.StkDialogActivity
08-03 22:36:25.970 1155 1750 D ActivityManager: Skipping intent:act=android.intent.action.MAIN cat=[android.intent.category.HOME] flg=0x10800300 cmp=com.android.settings/.FallbackHome
08-03 22:36:25.970 638 638 I GRALLOC : shrFd=10,fmt=0x1,intFmt=0x1,btStrd=4352,size=1064960,pid=638
08-03 22:36:25.970 638 638 I GRALLOC : yuv=2,w=1080,h=243,Stride u=0 v=0,offset u=0 v=0
08-03 22:36:25.970 638 638 I GRALLOC : iova_size=1064960,conUsg=0x900,proUsg=0x900, strd=1088,[afbc]HdrStrd=0 PyldStrd=0 Scrmbl=0,ionhnd = 1
08-03 22:36:25.972 16839 16859 D mali_winsys: EGLint new_window_surface(egl_winsys_display *, void *, EGLSurface, EGLConfig, egl_winsys_surface **, egl_color_buffer_format *, EGLBoolean) returns 0x3000
08-03 22:36:25.976 1155 1750 V WindowManager: Checking 1 opening apps (frozen=false timeout=false)...
08-03 22:36:25.976 1155 1750 V WindowManager: Check opening app=AppWindowToken{3c03cd9 token=Token{5fbdb20 ActivityRecord{51b7a23 u0 com.arm.mgd.androidapp/.MainActivity t5560}}}: allDrawn=false startingDisplayed=false startingMoved=false isRelaunching()=false
08-03 22:36:25.979 667 1424 E BufferQueueProducer: [com.arm.mgd.androidapp/com.arm.mgd.androidapp.MainActivity#0] disconnect: not connected (req=1)
08-03 22:36:25.979 16839 16859 W libEGL : EGLNativeWindowType 0x7e50e84010 disconnect failed
08-03 22:36:25.980 16839 16859 D mali_winsys: EGLint new_window_surface(egl_winsys_display *, void *, EGLSurface, EGLConfig, egl_winsys_surface **, egl_color_buffer_format *, EGLBoolean) returns 0x3000
08-03 22:36:25.990 638 638 I GRALLOC : shrFd=10,fmt=0x1,intFmt=0x200000001,btStrd=4352,size=8486912,pid=638
08-03 22:36:25.990 638 638 I GRALLOC : yuv=2,w=1080,h=1920,Stride u=0 v=0,offset u=0 v=0
08-03 22:36:25.990 638 638 I GRALLOC : iova_size=8486912,conUsg=0xb00,proUsg=0xb00, strd=1088,[afbc]HdrStrd=1088 PyldStrd=69632 Scrmbl=0,ionhnd = 1
08-03 22:36:25.999 16839 16839 W InputMethodManager: startInputReason = 1
08-03 22:36:26.001 16839 16859 D OpenGLRenderer: HWUI Binary is enabled
08-03 22:36:26.004 638 638 I GRALLOC : shrFd=10,fmt=0x1,intFmt=0x1,btStrd=4352,size=1064960,pid=638
08-03 22:36:26.004 638 638 I GRALLOC : yuv=2,w=1080,h=243,Stride u=0 v=0,offset u=0 v=0
08-03 22:36:26.004 638 638 I GRALLOC : iova_size=1064960,conUsg=0xb00,proUsg=0xb00, strd=1088,[afbc]HdrStrd=0 PyldStrd=0 Scrmbl=0,ionhnd = 1
08-03 22:36:26.008 1155 1750 D WindowManager: finishDrawingWindow: Window{24e2faf u0 SetFullScreenWindow} mDrawState=DRAW_PENDING
08-03 22:36:26.009 768 875 W JankService: processEntry, not beta version or commercial log off
08-03 22:36:26.011 1155 1267 V WindowManager: Checking 1 opening apps (frozen=false timeout=false)...
08-03 22:36:26.011 1155 1267 V WindowManager: Check opening app=AppWindowToken{3c03cd9 token=Token{5fbdb20 ActivityRecord{51b7a23 u0 com.arm.mgd.androidapp/.MainActivity t5560}}}: allDrawn=false startingDisplayed=false startingMoved=false isRelaunching()=false
08-03 22:36:26.014 1155 1750 V WindowManager: Checking 1 opening apps (frozen=false timeout=false)...
08-03 22:36:26.014 1155 1750 V WindowManager: Check opening app=AppWindowToken{3c03cd9 token=Token{5fbdb20 ActivityRecord{51b7a23 u0 com.arm.mgd.androidapp/.MainActivity t5560}}}: allDrawn=false startingDisplayed=false startingMoved=false isRelaunching()=false
08-03 22:36:26.017 667 1154 E BufferQueueProducer: [com.arm.mgd.androidapp/com.arm.mgd.androidapp.MainActivity#0] disconnect: not connected (req=1)
08-03 22:36:26.017 16839 16859 W libEGL : EGLNativeWindowType 0x7e50e84010 disconnect failed
08-03 22:36:26.017 16839 16859 D mali_winsys: EGLint new_window_surface(egl_winsys_display *, void *, EGLSurface, EGLConfig, egl_winsys_surface **, egl_color_buffer_format *, EGLBoolean) returns 0x3000
08-03 22:36:26.023 638 638 I GRALLOC : shrFd=10,fmt=0x1,intFmt=0x200000001,btStrd=4352,size=8486912,pid=638
08-03 22:36:26.023 638 638 I GRALLOC : yuv=2,w=1080,h=1920,Stride u=0 v=0,offset u=0 v=0
08-03 22:36:26.023 638 638 I GRALLOC : iova_size=8486912,conUsg=0xb00,proUsg=0xb00, strd=1088,[afbc]HdrStrd=1088 PyldStrd=69632 Scrmbl=0,ionhnd = 1
08-03 22:36:26.027 1155 1750 D WindowManager: finishDrawingWindow: Window{37530bd u0 com.arm.mgd.androidapp/com.arm.mgd.androidapp.MainActivity} mDrawState=DRAW_PENDING
08-03 22:36:26.030 1155 1267 V WindowManager: Checking 1 opening apps (frozen=false timeout=false)...
08-03 22:36:26.030 1155 1267 V WindowManager: Check opening app=AppWindowToken{3c03cd9 token=Token{5fbdb20 ActivityRecord{51b7a23 u0 com.arm.mgd.androidapp/.MainActivity t5560}}}: allDrawn=true startingDisplayed=false startingMoved=false isRelaunching()=false
08-03 22:36:26.034 638 638 I GRALLOC : shrFd=10,fmt=0x1,intFmt=0x200000001,btStrd=4352,size=8486912,pid=638
08-03 22:36:26.034 638 638 I GRALLOC : yuv=2,w=1080,h=1920,Stride u=0 v=0,offset u=0 v=0
08-03 22:36:26.034 638 638 I GRALLOC : iova_size=8486912,conUsg=0xb00,proUsg=0xb00, strd=1088,[afbc]HdrStrd=1088 PyldStrd=69632 Scrmbl=0,ionhnd = 1
08-03 22:36:26.038 1495 1495 D BarTransitions.HwPhoneStatusBarView: MODE_TRANSLUCENT -> MODE_TRANSPARENT animate=false
08-03 22:36:26.038 1495 1495 D BarTransitions.HwPhoneStatusBarView: applyModeBackground oldMode=MODE_TRANSLUCENT newMode=MODE_TRANSPARENT animate=false
08-03 22:36:26.049 1495 1495 D BarTransitions.HwNavigationBarView: MODE_TRANSLUCENT -> MODE_TRANSPARENT animate=false
08-03 22:36:26.049 1495 1495 D BarTransitions.HwNavigationBarView: applyModeBackground oldMode=MODE_TRANSLUCENT newMode=MODE_TRANSPARENT animate=false
08-03 22:36:26.050 639 639 W hwcomposer: ScfCanHandle:264: AFBC: afbc layer height scl dowm larger than 2.(src_height:1920, dst_height:869)
08-03 22:36:26.050 638 638 I GRALLOC : shrFd=10,fmt=0x1,intFmt=0x200000001,btStrd=4352,size=8486912,pid=638
08-03 22:36:26.050 638 638 I GRALLOC : yuv=2,w=1080,h=1920,Stride u=0 v=0,offset u=0 v=0
08-03 22:36:26.050 638 638 I GRALLOC : iova_size=8486912,conUsg=0xb00,proUsg=0xb00, strd=1088,[afbc]HdrStrd=1088 PyldStrd=69632 Scrmbl=0,ionhnd = 1
08-03 22:36:26.054 667 2625 E BufferQueueProducer: [com.huawei.android.launcher/com.huawei.android.launcher.unihome.UniHomeLauncher#0] disconnect: not connected (req=1)
08-03 22:36:26.055 2936 3077 W libEGL : EGLNativeWindowType 0x7e42636010 disconnect failed
08-03 22:36:26.056 667 1154 E BufferQueueProducer: [com.huawei.android.launcher/com.huawei.android.launcher.unihome.UniHomeLauncher#1] disconnect: not connected (req=1)
08-03 22:36:26.057 2776 2974 W libEGL : EGLNativeWindowType 0x7e4c172010 disconnect failed
08-03 22:36:26.083 2936 15133 I EventLogSendingHelper: Sending log events.
08-03 22:36:26.164 1155 1267 V WindowManager: Exit animation finished in Window{d1a5ce u0 com.huawei.android.launcher/com.huawei.android.launcher.unihome.UniHomeLauncher EXITING}: remove=false
08-03 22:36:26.165 1155 1267 V WindowManager: Exit animation finished in Window{82bc611 u0 com.huawei.android.launcher/com.huawei.android.launcher.unihome.UniHomeLauncher EXITING}: remove=false
08-03 22:36:26.168 752 752 E Thermal-daemon: [Thermal_Hw] temperature_valid, battery : temperature is invalid, invalid temperatrue is 33
08-03 22:36:26.168 752 752 E Thermal-daemon: [Thermal_Hw] temperature_filter: get invalid temperature, use old temp
08-03 22:36:26.170 1495 1495 D ImageWallpaper: onVisibilityChanged: mVisible, visible=true, false
08-03 22:36:26.170 1495 1495 D ImageWallpaper: Visibility changed to visible=false
08-03 22:36:26.199 1155 1750 V WindowManager: notifyAppStopped: AppWindowToken{4027b93 token=Token{1d5882 ActivityRecord{a3ce7cd u0 com.huawei.android.launcher/.unihome.UniHomeLauncher t5540}}}
08-03 22:36:26.199 1155 1750 E WindowManager: win=Window{82bc611 u0 com.huawei.android.launcher/com.huawei.android.launcher.unihome.UniHomeLauncher} destroySurfaces: appStopped=true win.mWindowRemovalAllowed=false win.mRemoveOnExit=false
08-03 22:36:26.200 1155 1750 I WindowManager: Destroying surface Surface(name=com.huawei.android.launcher/com.huawei.android.launcher.unihome.UniHomeLauncher) called by com.android.server.wm.WindowStateAnimator.destroySurface:2066 com.android.server.wm.WindowStateAnimator.destroySurfaceLocked:879 com.android.server.wm.HwWindowStateAnimator.destroySurfaceLocked:1006 com.android.server.wm.WindowState.destroyOrSaveSurfaceUnchecked:2990 com.android.server.wm.WindowState.destroySurface:2951 com.android.server.wm.AppWindowToken.destroySurfaces:664 com.android.server.wm.AppWindowToken.destroySurfaces:648 com.android.server.wm.AppWindowToken.notifyAppStopped:692
08-03 22:36:26.200 1155 1750 E WindowManager: win=Window{d1a5ce u0 com.huawei.android.launcher/com.huawei.android.launcher.unihome.UniHomeLauncher} destroySurfaces: appStopped=true win.mWindowRemovalAllowed=false win.mRemoveOnExit=false
08-03 22:36:26.200 1155 1750 I WindowManager: Destroying surface Surface(name=com.huawei.android.launcher/com.huawei.android.launcher.unihome.UniHomeLauncher) called by com.android.server.wm.WindowStateAnimator.destroySurface:2066 com.android.server.wm.WindowStateAnimator.destroySurfaceLocked:879 com.android.server.wm.HwWindowStateAnimator.destroySurfaceLocked:1006 com.android.server.wm.WindowState.destroyOrSaveSurfaceUnchecked:2990 com.android.server.wm.WindowState.destroySurface:2951 com.android.server.wm.AppWindowToken.destroySurfaces:664 com.android.server.wm.AppWindowToken.destroySurfaces:648 com.android.server.wm.AppWindowToken.notifyAppStopped:692
08-03 22:36:26.202 1155 1172 D HwGameAssistantController: pid=2776, uid=10060, foreground=false
08-03 22:36:26.203 1155 1287 I chatty : uid=1000(system) sManagerService expire 1 line
08-03 22:36:26.304 2936 2936 I StreamRenderer: cleanUpRendererScope(nowcards-4158639703407793782)
08-03 22:36:26.318 2936 16414 I PBSessionCacheImpl: Deleted sessionId[11010449527517] from persistence.
08-03 22:36:26.321 2936 2936 W SearchServiceCore: Abort, client detached.
08-03 22:36:26.322 2936 2936 I StreamController: cleanUpControllerScope(nowcards-4158639703407793782)
08-03 22:36:26.325 2278 2851 D PhoneInterfaceManager: [PhoneIntfMgr] getDataEnabled: subId=0 phoneId=0
08-03 22:36:26.326 2278 2851 D PhoneInterfaceManager: [PhoneIntfMgr] getDataEnabled: subId=0 retVal=false
08-03 22:36:26.327 1155 3079 I HwNetworkPolicy: onTransact, code = 15
08-03 22:36:26.358 1155 1750 I chatty : uid=1000(system) Binder:1155_8 expire 1 line
08-03 22:36:26.364 2635 3339 D WorkSource: Insert in WorkSource{} @ 0 uid 10041 name com.google.android.googlequicksearchbox
08-03 22:36:26.367 2936 15133 I WorkController: WorkProxy is not enqueued because WorkController is disposed: WorkProxy{Name=context::i, WorkerId=context, id=eb84305}
08-03 22:36:26.367 2936 15133 I WorkController: WorkProxy is not enqueued because WorkController is disposed: WorkProxy{Name=context::k, WorkerId=context, id=3be3f5a}
08-03 22:36:26.367 2936 15133 I WorkController: WorkProxy is not enqueued because WorkController is disposed: WorkProxy{Name=context::l, WorkerId=context, id=8ea958b}
08-03 22:36:26.367 2936 15133 I WorkController: WorkProxy is not enqueued because WorkController is disposed: WorkProxy{Name=context::n, WorkerId=context, id=9f43668}
08-03 22:36:26.368 2635 3339 D WorkSource: Insert in WorkSource{} @ 0 uid 10041 name com.google.android.googlequicksearchbox
08-03 22:36:26.372 2635 2915 D WorkSource: Insert in WorkSource{} @ 0 uid 10013 name com.google.android.gms
08-03 22:36:26.375 2635 17131 D WorkSource: Insert in WorkSource{} @ 0 uid 10013 name com.google.android.gms
08-03 22:36:26.379 2635 17131 I chatty : uid=10013(u0_a13) lowpool[80] identical 1 line
08-03 22:36:26.391 2635 17131 D WorkSource: Insert in WorkSource{} @ 0 uid 10013 name com.google.android.gms
08-03 22:36:26.396 2635 2915 D WorkSource: Insert in WorkSource{} @ 0 uid 10013 name com.google.android.gms
08-03 22:36:26.400 2635 2635 D WorkSource: i1=0 i2=0 N1=0: insert 10013 com.google.android.gms
08-03 22:36:26.400 2635 2635 D WorkSource: Insert in WorkSource{} @ 0 uid 10013 name com.google.android.gms
08-03 22:36:26.400 2635 2635 D WorkSource: i1=1 i2=0 N1=1: insert 10041 com.google.android.googlequicksearchbox
08-03 22:36:26.400 2635 2635 D WorkSource: Insert in WorkSource{10013 com.google.android.gms} @ 1 uid 10041 name com.google.android.googlequicksearchbox
08-03 22:36:26.402 2635 2915 D WorkSource: Insert in WorkSource{} @ 0 uid 10013 name com.google.android.gms
08-03 22:36:26.406 2635 2915 D WorkSource: Insert in WorkSource{} @ 0 uid 10013 name com.google.android.gms
08-03 22:36:26.407 2635 2635 D WorkSource: i1=0 i2=0 N1=0: insert 10013 com.google.android.gms
08-03 22:36:26.407 2635 2635 D WorkSource: Insert in WorkSource{} @ 0 uid 10013 name com.google.android.gms
08-03 22:36:26.407 2635 2635 D WorkSource: i1=1 i2=0 N1=1: insert 10041 com.google.android.googlequicksearchbox
08-03 22:36:26.408 2635 2635 D WorkSource: Insert in WorkSource{10013 com.google.android.gms} @ 1 uid 10041 name com.google.android.googlequicksearchbox
08-03 22:36:26.415 1155 3079 W ProcBatteryStats: timer is running , not start, name: , uid: 10013, tag: NlpWakeLock
08-03 22:36:26.418 1155 1171 V BroadcastQueue: Finished with ordered broadcast BroadcastRecord{6efbcf9 u0 com.google.android.contextmanager.producer.module.DetectedActivityProducer}
08-03 22:36:26.423 2635 2915 D WorkSource: Insert in WorkSource{} @ 0 uid 10013 name com.google.android.gms
08-03 22:36:26.426 1155 1171 V BroadcastQueue: Finished with ordered broadcast BroadcastRecord{13d843e u0 com.google.android.places.signals.action.activity_recognition}
08-03 22:36:26.436 1155 8168 V BroadcastQueue: Finished with ordered broadcast BroadcastRecord{b70629f u0 com.google.android.apps.gsa.search.core.location.ACTIVITY_DETECTION}
08-03 22:36:26.439 2635 2635 D WorkSource: i1=0 i2=0 N1=0: insert 10013 com.google.android.gms
08-03 22:36:26.439 2635 2635 D WorkSource: Insert in WorkSource{} @ 0 uid 10013 name com.google.android.gms
08-03 22:36:26.439 2635 2635 D WorkSource: i1=1 i2=0 N1=1: insert 10041 com.google.android.googlequicksearchbox
08-03 22:36:26.439 2635 2635 D WorkSource: Insert in WorkSource{10013 com.google.android.gms} @ 1 uid 10041 name com.google.android.googlequicksearchbox
08-03 22:36:26.440 1155 1750 W ProcBatteryStats: timer is not running , not stop, name: , uid: 10013, tag: NlpWakeLock
08-03 22:36:26.452 1155 1750 W ProcBatteryStats: timer is running , not start, name: , uid: 10013, tag: GCoreFlp
08-03 22:36:26.452 2635 17723 I Places : ?: PlacesBleScanner stop()
08-03 22:36:26.453 2635 2635 I BluetoothAdapter: disableBLE
08-03 22:36:26.455 2635 2635 D BluetoothAdapter: disableBLE(): de-registering com.google.android.gms
08-03 22:36:26.456 1155 1750 D BluetoothManagerService: Unregistered for death of com.google.android.gms
08-03 22:36:26.456 1155 1750 D BluetoothManagerService: 0 registered Ble Apps
08-03 22:36:26.459 2635 2635 I BeaconBle: 'L' hardware scan: scan stopped, no clients
08-03 22:36:26.459 2635 2635 I BeaconBle: Places requested to stop scan
08-03 22:36:26.460 1155 1750 W ProcBatteryStats: timer is not running , not stop, name: , uid: 10013, tag: GCoreFlp
08-03 22:36:26.460 2635 2635 I BeaconBle: Scan canceled successfully.
08-03 22:36:26.467 2635 17723 I PlaceInferenceEngine: [anon] Changed inference mode: 0
08-03 22:36:26.468 2635 2635 D WorkSource: i1=0 i2=0 N1=0: insert 10041 com.google.android.googlequicksearchbox
08-03 22:36:26.468 2635 2635 D WorkSource: Insert in WorkSource{} @ 0 uid 10041 name com.google.android.googlequicksearchbox
08-03 22:36:26.490 2635 2635 I GeofencerStateMachine: removeGeofences: removeRequest=RemoveGeofencingRequest[REMOVE_BY_PENDING_INTENT pendingIntent=PendingIntent[creatorPackage=com.google.android.gms], packageName=null]
08-03 22:36:26.965 1155 2346 I chatty : uid=1000(system) Binder:1155_B expire 1 line
08-03 22:36:26.985 2776 2776 I AppWidgetHost: appWidget hostView is null
08-03 22:36:26.997 2776 2776 I AppWidgetHost: appWidget hostView is null
08-03 22:36:26.999 1155 16580 V BroadcastQueue: Finished with ordered broadcast BroadcastRecord{d89a64a u0 update-hint}
08-03 22:36:27.323 761 9345 I Pged-IPgedBinderService: ****action is 2, pid num is 8***
08-03 22:36:27.323 761 9345 I Pged-Freezer: thawPids
08-03 22:36:28.715 1495 1495 W ResourceType: No package identifier when getting value for resource number 0x00000000
08-03 22:36:28.716 1495 1495 E HwNotchUtils: setIconForView iconId is not found
08-03 22:36:28.719 1495 1495 W ResourceType: No package identifier when getting value for resource number 0x00000000
08-03 22:36:28.720 1495 1495 E HwNotchUtils: setIconForView iconId is not found
08-03 22:36:28.744 663 663 E WifiHAL : enter wifi_get_link_stats
08-03 22:36:28.755 753 753 E wificond: Failed to get NL80211_RATE_INFO_NOISE
08-03 22:36:28.756 753 753 E wificond: Failed to get NL80211_RATE_INFO_SNR
08-03 22:36:28.756 753 753 E wificond: Failed to get NL80211_STA_INFO_CNAHLOAD
08-03 22:36:28.756 1155 1318 I chatty : uid=1000(system) WifiStateMachin expire 6 lines
08-03 22:36:28.757 1155 1320 I chatty : uid=1000(system) HwWifiCHRStateM expire 9 lines
08-03 22:36:28.825 761 781 D AwareLog: iawared:procInstallerMsg code = 1
08-03 22:36:28.825 761 781 D AwareLog: iawared:procInstallerMsg unfrozen pid = 17742
08-03 22:36:28.869 1155 1375 I chatty : uid=1000(system) hw_qoe_contenta expire 3 lines
08-03 22:36:30.778 1155 1286 I chatty : uid=1000(system) AlarmManager expire 1 line
08-03 22:36:30.787 1155 1155 I HwAlarmManagerService: hwSetAlarm listenerTag: *job.delay*
08-03 22:36:30.788 1155 1155 I JobScheduler.Time: mNextDelayExpiredElapsedMillis: 36640685
08-03 22:36:30.788 1155 1155 D JobServiceContext: Scheduling time out for 'com.google.android.finsky.scheduler.JobSchedulerEngine$PhoneskyJobSchedulerJobService' jId: 9000, in 18 s
08-03 22:36:30.805 2885 17753 I Authzen : [DeviceStateSyncManager] The server is in sync with current state. Nothing to do
08-03 22:36:30.811 1155 1155 D JobServiceContext: handleServiceBound for 3a477ee #u0a37/9000 com.android.vending/com.google.android.finsky.scheduler.JobSchedulerEngine$PhoneskyJobSchedulerJobService
08-03 22:36:30.811 1155 1155 D JobServiceContext: Scheduling time out for 'com.google.android.finsky.scheduler.JobSchedulerEngine$PhoneskyJobSchedulerJobService' jId: 9000, in 8 s
08-03 22:36:30.813 14502 14502 I Finsky : [1] com.google.android.finsky.scheduler.JobSchedulerEngine$PhoneskyJobSchedulerJobService.onStartJob(7): onJobSchedulerWakeup with jobId 9000
08-03 22:36:30.815 14502 14502 I Finsky : [1] com.google.android.finsky.scheduler.w.a(41): Scheduling fallback job with id: 9034, and delay: 43200000 ms
08-03 22:36:30.824 14502 14502 I Finsky : [1] com.google.android.finsky.scheduler.w.a(12): Scheduling fallback in 64799995 (absolute: 101135042)
08-03 22:36:30.829 1155 1750 D JobServiceContext: doCallback of : JobStatus{3a477ee #u0a37/9000 com.android.vending/com.google.android.finsky.scheduler.JobSchedulerEngine$PhoneskyJobSchedulerJobService u=0 s=10037 TIME=-3s469ms:+23h59m26s493ms NET=1 READY} v:VERB_STARTING
08-03 22:36:30.829 1155 1750 D JobServiceContext: Scheduling time out for 'com.google.android.finsky.scheduler.JobSchedulerEngine$PhoneskyJobSchedulerJobService' jId: 9000, in 600 s
08-03 22:36:30.835 14502 14502 I Finsky : [1] com.google.android.finsky.scheduler.ad.handleMessage(18): DeviceState: DeviceState{currentTime=1533324990829, isCharging=true, isIdle=false, netAny=true, netNotRoaming=true, netUnmetered=true}
08-03 22:36:30.840 14502 14502 I Finsky : [1] com.google.android.finsky.scheduler.ba.a(45): Jobs in database: 1-1337 12-1
08-03 22:36:30.847 14502 14502 I Finsky : [1] com.google.android.finsky.scheduler.y.a(102): Running job: 12-1
08-03 22:36:30.847 14502 14502 I Finsky : [1] com.google.android.finsky.contentsync.ContentSyncJob.a(28): ContentSyncJob started
08-03 22:36:30.851 14502 14502 I Finsky : [1] com.google.android.finsky.scheduler.y.a(143): RunningQueue size: 1, PendingQueue size: 0
08-03 22:36:30.851 14502 14502 I Finsky : [1] com.google.android.finsky.scheduler.y.a(152): Running queue: 12-1
08-03 22:36:30.895 14502 14507 I zygote : Do full code cache collection, code=254KB, data=179KB
08-03 22:36:30.899 14502 14507 I zygote : After code cache collection, code=229KB, data=144KB
08-03 22:36:30.901 871 986 W libc : Set property "ril.hw_modem1.rssi" to "-84"
08-03 22:36:30.905 2278 2278 W libc : Set property "gsm.rssi.sim2" to "-84"
08-03 22:36:30.911 1495 1719 I HwMobileSignalController(1): subId:1 phoneType:1 networktype:1 targetClass:1 masterLevel:5 slaveLevel:-1
08-03 22:36:31.151 871 986 W libc : Set property "ril.hw_modem1.rssi" to "-86"
08-03 22:36:31.159 871 985 W libc : Set property "persist.radio.nitz_hw_name1" to ""
08-03 22:36:31.165 871 985 W libc : Set property "ril.balong_cid" to "0"
08-03 22:36:31.172 752 752 E Thermal-daemon: [Thermal_Hw] temperature_valid, battery : temperature is invalid, invalid temperatrue is 33
08-03 22:36:31.172 752 752 E Thermal-daemon: [Thermal_Hw] temperature_filter: get invalid temperature, use old temp
08-03 22:36:31.172 2278 2278 W libc : Set property "gsm.rssi.sim2" to "-86"
08-03 22:36:31.174 871 985 W libc : Set property "ril.balong_cid" to "59341"
08-03 22:36:31.181 1495 1719 I HwMobileSignalController(0): subId:0 phoneType:1 networktype:3 targetClass:2 masterLevel:5 slaveLevel:-1
08-03 22:36:31.185 871 985 W libc : Set property "persist.radio.nitz_hw_name1" to ""
08-03 22:36:31.191 871 985 W libc : Set property "ril.balong_cid" to "0"
08-03 22:36:31.195 871 985 W libc : Set property "ril.balong_cid" to "59341"
08-03 22:36:31.203 871 985 W libc : Set property "persist.radio.nitz_hw_name1" to ""
08-03 22:36:31.210 871 985 W libc : Set property "ril.balong_cid" to "0"
08-03 22:36:31.222 871 985 W libc : Set property "ril.balong_cid" to "59341"
08-03 22:36:31.254 2278 2278 W libc : Set property "gsm.network.type" to "UMTS,EDGE"
08-03 22:36:31.261 2278 2278 W SettingsEx: SettingsEx.Systemex.getString deprecated use Settings.System.getString instead ;callers=com.android.internal.telephony.gsm.HwCustGsmServiceStateManagerImpl.isMccForShowNetname:211 com.android.internal.telephony.gsm.HwCustGsmServiceStateManagerImpl.isShowNetnameByMcc:202 com.android.internal.telephony.gsm.HwCustGsmServiceStateManagerImpl.setOnsDisplayCustomization:153
08-03 22:36:31.262 2278 2278 W libc : Set property "gsm.operator.alpha" to "Tele2,Beeline"
08-03 22:36:31.263 14502 14502 I Finsky : [1] com.google.android.finsky.l.c.a(19): Completed 1 account content syncs with 1 successful.
08-03 22:36:31.264 2278 2278 W libc : Set property "gsm.operator.alpha" to "Tele2,Beeline"
08-03 22:36:31.265 2278 2278 W libc : Set property "gsm.operator.numeric" to "25020,25099"
08-03 22:36:31.266 2278 2278 W libc : Set property "gsm.operator.iso-country" to "ru,ru"
08-03 22:36:31.268 14502 14502 I Finsky : [1] com.google.android.finsky.contentsync.ContentSyncJob.a(26): Installation state replication succeeded.
08-03 22:36:31.268 14502 14502 I Finsky : [1] com.google.android.finsky.scheduler.ax.b(8): jobFinished: 12-1. TimeElapsed: 421ms
08-03 22:36:31.269 14502 14502 I Finsky : [1] com.google.android.finsky.scheduler.y.b(33): Job 12-1 finished
08-03 22:36:31.270 2278 2278 W libc : Set property "gsm.operator.isroaming" to "false,false"
08-03 22:36:31.273 14502 14502 I Finsky : [1] com.google.android.finsky.scheduler.y.a(143): RunningQueue size: 0, PendingQueue size: 0
08-03 22:36:31.274 14502 14502 I Finsky : [1] com.google.android.finsky.scheduler.ad.handleMessage(43): Executor finished
08-03 22:36:31.277 1155 1155 D HwMultiNlpPolicy: PhoneStateListener 1, mDataSub 0
08-03 22:36:31.281 1495 1719 I HwMobileSignalController(1): subId:1 phoneType:1 networktype:2 targetClass:1 masterLevel:5 slaveLevel:-1
08-03 22:36:31.285 2739 2739 I SUPL20_LocMan: onServiceStateChanged ServiceState.STATE_IN_SERVICE
08-03 22:36:31.286 1495 1495 I HwMobileSignalController(1): getTypeIconHuawei: mIsShowNetworkType is false and return 0
08-03 22:36:31.288 2739 17754 D TelephonyManager: getCellLocation calling app is com.android.supl
08-03 22:36:31.289 1495 1495 W ResourceType: No package identifier when getting value for resource number 0x00000000
08-03 22:36:31.290 1495 1495 E HwNotchUtils: setIconForView iconId is not found
08-03 22:36:31.290 2278 2851 W PhoneInterfaceManager: shouldBlockLocation running ...
08-03 22:36:31.290 2278 2851 I PhoneInterfaceManager: shouldBlockLocation ret:false
08-03 22:36:31.291 1495 1495 W ResourceType: No package identifier when getting value for resource number 0x00000000
08-03 22:36:31.291 1495 1495 E HwNotchUtils: setIconForView iconId is not found
08-03 22:36:31.292 2739 17754 I SUPL20_LocMan: tm.getCellLocation() returned non-null
08-03 22:36:31.295 1155 8168 D JobServiceContext: doCallback of : JobStatus{3a477ee #u0a37/9000 com.android.vending/com.google.android.finsky.scheduler.JobSchedulerEngine$PhoneskyJobSchedulerJobService u=0 s=10037 TIME=-3s935ms:+23h59m26s27ms NET=1 READY} v:VERB_EXECUTING
08-03 22:36:31.297 2739 17754 I SUPL20_LocMan: Phone type:GSM
08-03 22:36:31.297 1155 1171 W BroadcastQueue: Permission Denial: broadcasting Intent { act=android.intent.action.SERVICE_STATE flg=0x1000010 (has extras) } from android (pid=2278, uid=1001) requires com.huawei.cust.android.phone.permission.HW_LTEONLY due to registered receiver BroadcastFilter{75b1d4d u0 ReceiverList{9f4e4e4 2278 com.android.phone/1001/u0 remote:8f74077}}
08-03 22:36:31.299 7101 7101 V DownloadManager: Service state changed: Bundle[mParcelledData.dataSize=1248]
08-03 22:36:31.299 7101 7101 V DownloadManager: roaming ------> false
08-03 22:36:31.299 7101 7101 V DownloadManager: auto download without roaming -> true
08-03 22:36:31.299 7101 7101 V DownloadManager: auto download during roaming -> false
08-03 22:36:31.299 7101 7101 V DownloadManager: mAutoDownload ------> true
08-03 22:36:31.299 2739 17754 I SUPL20_LocMan: Network Op Mnc= 20 MCC = 250
08-03 22:36:31.299 2739 17754 I SUPL20_LocMan: cellInfo NetworkType:UMTS,3
08-03 22:36:31.299 2739 17754 I SUPL20_LocMan: Network type is 3G, type is 3
08-03 22:36:31.301 7101 7101 D Mms_TX_ServiceStateChangeReceiver: action: ACTION_SERVICE_STATE_CHANGED, serviceState = 0
08-03 22:36:31.301 7101 7101 E Mms_TXM_SVC: isSecondaryUser() start
08-03 22:36:31.301 7101 7101 E Mms_TXM_SVC: isSecondaryUser() end
08-03 22:36:31.302 7101 7101 E Mms_TXM_SVC: removeCallbacksAndMessages start
08-03 22:36:31.302 7101 7101 E Mms_TXM_SVC: removeCallbacksAndMessages end
08-03 22:36:31.302 7101 7101 E Mms_TXM_SVC: startService end
08-03 22:36:31.303 2278 2278 D ServiceStateProvider: subId=1
08-03 22:36:31.304 2278 2278 W libc : Set property "gsm.network.type" to "UMTS,EDGE"
08-03 22:36:31.305 647 647 D HISUPL_ADAPTER: platform_service send data to server
08-03 22:36:31.305 647 647 D HISUPL_ADAPTER: size:74
08-03 22:36:31.306 2739 3047 I SUPLHIDL: suplPlatformServiceSend2server send.
08-03 22:36:31.306 2739 3047 I SUPL20_SPIMESLP-SENDING: bBrokenPipe = false
08-03 22:36:31.308 1155 1750 V BroadcastQueue: Finished with ordered broadcast BroadcastRecord{399938 u-1 android.intent.action.SERVICE_STATE}
08-03 22:36:31.312 14502 14502 I Finsky : [1] com.google.android.finsky.scheduler.ba.a(45): Jobs in database: 1-1337
08-03 22:36:31.313 1495 1495 D KeyguardUpdateMonitor: received broadcast android.intent.action.SERVICE_STATE
08-03 22:36:31.315 1495 1495 V KeyguardUpdateMonitor: action android.intent.action.SERVICE_STATE serviceState=0 1 voice home data home Beeline Beeline 25099 Beeline Beeline 25099 EDGE EDGE CSS not supported -1 -1 RoamInd=-1 DefRoamInd=-1 EmergOnly=false IsDataRoamingFromRegistration=false IsUsingCarrierAggregation=false mLteEarfcnRsrpBoost=0 subId=1
08-03 22:36:31.315 14502 14502 I Finsky : [1] com.google.android.finsky.scheduler.g.a(123): ConstraintMapping: 1-1337, -> L: 71466674ms, D: 157866674ms, C: false, I: false, N: 1
08-03 22:36:31.316 1495 1495 D KeyguardUpdateMonitor: handleServiceStateChange(subId=1, serviceState=0 1 voice home data home Beeline Beeline 25099 Beeline Beeline 25099 EDGE EDGE CSS not supported -1 -1 RoamInd=-1 DefRoamInd=-1 EmergOnly=false IsDataRoamingFromRegistration=false IsUsingCarrierAggregation=false mLteEarfcnRsrpBoost=0
08-03 22:36:31.316 1495 1495 W AppHandler: sendMessage 117
08-03 22:36:31.316 1495 1495 W HwLockScreenPanel: Handle message: 117
08-03 22:36:31.318 14502 14502 I Finsky : [1] com.google.android.finsky.scheduler.JobSchedulerEngine.a(121): Scheduling job Id: 9001, L: 71466674, D: 157866674, C: false, I: false, N: 1
08-03 22:36:31.324 1155 1383 I chatty : uid=1000(system) HwIntelligenceS expire 12 lines
08-03 22:36:31.325 2278 2298 W PhoneInterfaceManager: shouldBlockLocation running ...
08-03 22:36:31.326 2278 2298 I PhoneInterfaceManager: shouldBlockLocation ret:false
08-03 22:36:31.332 2739 2739 I SUPL20_LocMan: onCellLocationChanged network type:3
08-03 22:36:31.336 2278 2278 D Telephony-TelecomAccountRegistry: onServiceStateChanged1 newState : 0, mServiceState : 0
08-03 22:36:31.339 2739 2739 I SUPL20_LocMan: Phone type:GSM
08-03 22:36:31.339 2278 2278 D ManualLostSignal: onReceive in service
08-03 22:36:31.341 2278 2278 W libc : Set property "gsm.hw.operator.numeric.old" to "25020"
08-03 22:36:31.341 2739 2739 I SUPL20_LocMan: Network Op Mnc= 20 MCC = 250
08-03 22:36:31.341 2739 2739 I SUPL20_LocMan: cellInfo NetworkType:UMTS,3
08-03 22:36:31.341 2739 2739 I SUPL20_LocMan: Network type is 3G, type is 3
08-03 22:36:31.342 2278 2278 W libc : Set property "gsm.hw.operator.iso-country" to "ru"
08-03 22:36:31.342 2278 2278 W libc : Set property "gsm.hw.operator.numeric" to "25020"
08-03 22:36:31.346 2278 2278 W libc : Set property "gsm.hw.operator.isroaming" to "false"
08-03 22:36:31.347 647 647 D HISUPL_ADAPTER: platform_service send data to server
08-03 22:36:31.347 647 647 D HISUPL_ADAPTER: size:74
08-03 22:36:31.347 2739 3047 I SUPLHIDL: suplPlatformServiceSend2server send.
08-03 22:36:31.347 2739 3047 I SUPL20_SPIMESLP-SENDING: bBrokenPipe = false
08-03 22:36:31.349 2278 2278 I PhoneApp: onReceive,action = android.intent.action.SERVICE_STATE
08-03 22:36:31.351 2278 2278 D HwCustPhoneGlobalsImpl: full network is false old serivce state is 0 new service state is 0 subid is 1 hasNotification is false
08-03 22:36:31.474 2635 2635 I BeaconBle: 'L' hardware scan: scan stopped, no clients
08-03 22:36:31.537 753 753 E wificond: Failed to get NL80211_RATE_INFO_NOISE
08-03 22:36:31.537 753 753 E wificond: Failed to get NL80211_RATE_INFO_SNR
08-03 22:36:31.537 753 753 E wificond: Failed to get NL80211_STA_INFO_CNAHLOAD
08-03 22:36:31.538 753 753 E wificond: Failed to get NL80211_RATE_INFO_NOISE
08-03 22:36:31.538 753 753 E wificond: Failed to get NL80211_RATE_INFO_SNR
08-03 22:36:31.538 753 753 E wificond: Failed to get NL80211_STA_INFO_CNAHLOAD
08-03 22:36:31.538 1155 1385 I chatty : uid=1000(system) HuaweiWifiWatch expire 20 lines
08-03 22:36:31.706 1155 1371 I chatty : uid=1000(system) WiFiArpStateMac expire 9 lines
08-03 22:36:31.760 663 663 E WifiHAL : enter wifi_get_link_stats
08-03 22:36:31.761 753 753 E wificond: Failed to get NL80211_RATE_INFO_NOISE
08-03 22:36:31.761 753 753 E wificond: Failed to get NL80211_RATE_INFO_SNR
08-03 22:36:31.761 753 753 E wificond: Failed to get NL80211_STA_INFO_CNAHLOAD
08-03 22:36:32.274 17742 17742 I dex2oat : dex2oat took 8.039s (11.568s cpu) (threads: 4) arena alloc=821KB (841584B) java alloc=25MB (26588360B) native alloc=30MB (32163000B) free=4MB (5192520B)
08-03 22:36:32.321 1155 1171 I ActivityManager: Force stopping ru.mail.mailapp appid=10141 user=-1: installPackageLI
08-03 22:36:32.323 1155 1171 I ActivityManager: Force stopping ru.mail.mailapp appid=10141 user=-1: uninstall pkg
08-03 22:36:32.498 1155 1189 I PackageManager: Package ru.mail.mailapp codePath changed from /data/app/ru.mail.mailapp-gW-jjWb0sCjhTMvMMtfbgQ== to /data/app/ru.mail.mailapp-SXnMzKU1Wt6FTdsppLwZvw==; Retaining data and using new
08-03 22:36:32.498 1155 1189 D PackageManager: scan boot case, packageName=ru.mail.mailapp, primaryCpuAbi=null
08-03 22:36:32.498 1155 1189 W PackageManager: Code path for ru.mail.mailapp changing from /data/app/ru.mail.mailapp-gW-jjWb0sCjhTMvMMtfbgQ== to /data/app/ru.mail.mailapp-SXnMzKU1Wt6FTdsppLwZvw==
08-03 22:36:32.499 1155 1189 W PackageManager: Resource path for ru.mail.mailapp changing from /data/app/ru.mail.mailapp-gW-jjWb0sCjhTMvMMtfbgQ== to /data/app/ru.mail.mailapp-SXnMzKU1Wt6FTdsppLwZvw==
08-03 22:36:32.621 1155 2219 W Watchdog: hungtask: writing kick
08-03 22:36:32.634 1155 1189 W PackageManager: Privileged permission android.permission.SET_MEDIA_KEY_LISTENER for package com.google.android.googlequicksearchbox - not in privapp-permissions whitelist
08-03 22:36:32.634 1155 1189 W PackageManager: Privileged permission android.permission.SET_VOLUME_KEY_LONG_PRESS_LISTENER for package com.google.android.googlequicksearchbox - not in privapp-permissions whitelist
08-03 22:36:32.720 1495 1495 W ResourceType: No package identifier when getting value for resource number 0x00000000
08-03 22:36:32.720 1495 1495 E HwNotchUtils: setIconForView iconId is not found
08-03 22:36:32.722 1495 1495 W ResourceType: No package identifier when getting value for resource number 0x00000000
08-03 22:36:32.723 1495 1495 E HwNotchUtils: setIconForView iconId is not found
08-03 22:36:32.782 1155 1189 I HwPackageManagerService: AntiMalware is closed
08-03 22:36:33.145 743 2557 E : Couldn't opendir /data/app/vmdl269356640.tmp: No such file or directory
08-03 22:36:33.145 743 2557 E installd: Failed to delete /data/app/vmdl269356640.tmp: No such file or directory
08-03 22:36:33.146 1155 1189 W ContextImpl: Calling a method in the system process without a qualified user: android.app.ContextImpl.sendBroadcast:1095 com.android.server.pm.HwPackageManagerService.parseInstalledPkgInfo:2679 com.android.server.pm.PackageManagerService.parseInstalledPkgInfo:26835 com.android.server.pm.PackageManagerService.-wrap42:0 com.android.server.pm.PackageManagerService$PackageHandler.doHandleMessage:1845
08-03 22:36:33.147 1155 1189 I chatty : uid=1000(system) PackageManager expire 2 lines
08-03 22:36:33.147 1155 1189 V HwPackageManagerService: POST_INSTALL: pkgName = ru.mail.mailapp, pkgUri = /data/app/vmdl269356640.tmp;com.android.vending, pkgInstalledPath = /data/app/vmdl269356640.tmp, pkgInstallerPackageName = com.android.vending, pkgVerName = 7.5.0.24869, pkgVerCode = 24869, resultCode = 1, pkgUpdate = true, pkgMetaHash = bde4ee32ad3c7f56ed1085a0978c6bba67f94aad92a16e1993659d042a5bfae9
08-03 22:36:33.147 1155 1189 I ActivityManager: Force stopping ru.mail.mailapp appid=10141 user=0: pkg removed
08-03 22:36:33.153 1155 1189 I ActivityManager: Force stopping ru.mail.mailapp appid=10141 user=0: pkg removed
08-03 22:36:33.161 1155 2346 W System.err: java.lang.SecurityException: Caller has no access to session 269356640
08-03 22:36:33.161 1429 1429 E HSM : HandleInstalledPackageInfoService:second action: pkgData is null
08-03 22:36:33.161 1155 2346 W System.err: at com.android.server.pm.PackageInstallerService.abandonSession(PackageInstallerService.java:773)
08-03 22:36:33.161 1155 2346 W System.err: at android.content.pm.IPackageInstaller$Stub.onTransact(IPackageInstaller.java:97)
08-03 22:36:33.161 1155 2346 W System.err: at android.os.Binder.execTransact(Binder.java:675)
08-03 22:36:33.162 2268 2434 I chatty : uid=1000(system) AppInfoHandler expire 1 line
08-03 22:36:33.162 2268 2386 I chatty : uid=1000(system) core expire 3 lines
08-03 22:36:33.164 2268 2502 I chatty : uid=1000(system) actions handler expire 4 lines
08-03 22:36:33.166 1495 1495 I EventCenter: EventCenter Get :android.intent.action.PACKAGE_REMOVED
08-03 22:36:33.166 1495 1495 W StepCounterMonitor: onReceive action:android.intent.action.PACKAGE_REMOVED
08-03 22:36:33.167 14502 14502 I Finsky : [1] com.google.android.finsky.installer.a.bh.a(39): Successful install of ru.mail.mailapp (isid: qVbqDq89SG6Roik2bGRxbQ)
08-03 22:36:33.173 1495 1495 I HwPhoneStatusBar: mPackageReceiver onReceive action = android.intent.action.PACKAGE_REMOVED
08-03 22:36:33.181 14502 14502 I Finsky : [1] com.google.android.finsky.p2p.c.a(9): Frosting ID looked up on UI thread. Caller should move to a background thread.
08-03 22:36:33.190 1495 1495 I EventCenter: EventCenter Get :android.intent.action.PACKAGE_ADDED
08-03 22:36:33.190 1495 1495 W StepCounterMonitor: onReceive action:android.intent.action.PACKAGE_ADDED
08-03 22:36:33.190 1495 1495 I HwPhoneStatusBar: mPackageReceiver onReceive action = android.intent.action.PACKAGE_ADDED
08-03 22:36:33.193 2776 2877 I HwLauncher: SimpleAllAppsList updatePackage : package[ru.mail.mailapp] matched activity's size is 1 and data List size is 0
08-03 22:36:33.203 1155 1291 I InputReader: Reconfiguring input devices. changes=0x00000010
08-03 22:36:33.211 1155 1291 I InputReader: Reconfiguring input devices. changes=0x00000010
08-03 22:36:33.218 2268 3233 E AwareLog: BaseDBUtils: versionRanage is null!
08-03 22:36:33.226 1155 1155 V AlarmManager: UninstallReceiver onReceive action:android.intent.action.PACKAGE_REMOVED
08-03 22:36:33.231 1155 1155 E HwBastetService: name: ru.mail.mailapp
08-03 22:36:33.232 1155 1155 E HwBastetService: len: 0, name: ru.mail.mailapp, uid: 10141
08-03 22:36:33.232 1155 1155 D HwBastetService: BroadcastReceiver android.intent.action.PACKAGE_REMOVED
08-03 22:36:33.232 2776 2877 I HwLauncher: SimpleAllAppsList findAndUpdateInfoInDB : found 0 shortcutInfo for package[ru.mail.mailapp] in db
08-03 22:36:33.232 1155 1155 I HwDubaiService: BroadcastReceiver android.intent.action.PACKAGE_REMOVED
08-03 22:36:33.233 2776 2877 I HwLauncher: SimpleAllAppsList updatePackage do not add new SimpleApplicationInfo,It's in normal now. package = ru.mail.mailapp
08-03 22:36:33.233 2776 2877 W HwLauncher: SimpleLauncherModeNobody to tell about the new app. Launcher is probably loading.
08-03 22:36:33.233 1155 1155 D EmcomManagerService: EmcomManagerReceiver actionandroid.intent.action.PACKAGE_REMOVED
08-03 22:36:33.233 1155 1365 D EmcomManagerService: doBroadcastMessage action id: 3
08-03 22:36:33.233 1155 1365 D EmcomManagerService: handlerPackageChanged type = 3 packageName = ru.mail.mailapp
08-03 22:36:33.233 1155 1365 D XEngineProcessor: handlerPackageChanged type = 3 packageName = ru.mail.mailapp
08-03 22:36:33.233 1155 1365 I XEngineProcessor: Feature is not enable.
08-03 22:36:33.233 1155 1365 D GrabService: receive package change msg:ru.mail.mailapp
08-03 22:36:33.250 1155 1291 I InputReader: Reconfiguring input devices. changes=0x00000010
08-03 22:36:33.254 2268 3233 E AwareLog: BaseDBUtils: versionRanage is null!
08-03 22:36:33.256 1155 1155 W AwareLog: AwareJobSchedulerService: iaware_brjob no job need to cancel.
08-03 22:36:33.259 2268 2386 D APwSendOutWhitelist: update app whitelist after pkg installed!
08-03 22:36:33.259 2268 2386 D PG_DBS_MAIN: ID_PACKAGE_ADDED, pkgName: ru.mail.mailapp, uid: 10141
08-03 22:36:33.260 2268 2386 I PG_DBS_MAIN: setProcNetSharedUids, uids: 10027 1000 1001 10007 10172 10001 10040 10013
08-03 22:36:33.262 2268 2434 I AppInfoManager: app info is exist in db about pkg: ru.mail.mailapp
08-03 22:36:33.263 1408 1408 W ContextImpl: Calling a method in the system process without a qualified user: android.app.ContextImpl.startService:1656 android.content.ContextWrapper.startService:644 android.content.ContextWrapper.startService:644 com.android.settings.applications.BlackListReceiver.onReceive:35 android.app.ActivityThread.handleReceiver:3695
08-03 22:36:33.265 14502 14502 E NotificationManager: notifyAsUser: tag=null, id=874755343, user=UserHandle{0}
08-03 22:36:33.267 1155 6888 D JobServiceContext: Scheduling time out for 'com.facebook.oxygen.appmanager.common.jobqueue.JobQueueService' jId: 5100, in 18 s
08-03 22:36:33.268 1155 1168 E Shortcut: lookUpResourceId()
08-03 22:36:33.269 1155 16580 D HwNotificationManagerService: recognize: not in china
08-03 22:36:33.271 1155 1168 E Shortcut: lookUpResourceId()
08-03 22:36:33.286 1155 1155 E asset : createFromFile(): lock file /data/resource-cache/system@emui@base@overlay@frameworkhwexthonor@frameworkhwexthonor.apk@idmap.
08-03 22:36:33.286 1155 1155 E asset : createFromFile(): lock file /data/resource-cache/system@emui@base@overlay@frameworkhwexthonor@frameworkhwexthonor.apk@idmap.
08-03 22:36:33.286 1155 1155 W ResourceType: Found multiple library tables, ignoring...
08-03 22:36:33.291 1155 1168 E asset : createFromFile(): lock file /data/resource-cache/system@emui@base@overlay@frameworkhwexthonor@frameworkhwexthonor.apk@idmap.
08-03 22:36:33.291 1155 1168 E asset : createFromFile(): lock file /data/resource-cache/system@emui@base@overlay@frameworkhwexthonor@frameworkhwexthonor.apk@idmap.
08-03 22:36:33.291 1155 1168 W ResourceType: Found multiple library tables, ignoring...
08-03 22:36:33.293 1155 1581 W BroadcastQueue: Background execution not allowed: receiving Intent { act=android.intent.action.PACKAGE_REMOVED dat=package:ru.mail.mailapp flg=0x4000010 (has extras) } to com.android.systemui/.settings.HwPackageRemovedReceiver
08-03 22:36:33.302 14502 14502 I Finsky : [1] com.google.android.finsky.p2p.c.a(9): Frosting ID looked up on UI thread. Caller should move to a background thread.
08-03 22:36:33.311 14502 14502 I Finsky : [1] com.google.android.finsky.p2p.d.a(2): Wrote row to frosting DB: 1320
08-03 22:36:33.314 1155 1168 I [SPMN] : insert SECURE -- name = accessibility_enabled, package = android, user = 0, value = 0
08-03 22:36:33.326 14502 14502 I Finsky : [1] com.google.android.finsky.scheduler.ba.a(45): Jobs in database: 1-1337 12-1
08-03 22:36:33.330 14502 14502 I Finsky : [1] com.google.android.finsky.scheduler.g.a(123): ConstraintMapping: 1-1337, 12-1, -> L: 14986ms, D: 86399986ms, C: false, I: false, N: 1
08-03 22:36:33.331 14502 14502 I Finsky : [1] com.google.android.finsky.scheduler.JobSchedulerEngine.a(15): Cancelling existing job with id: 9001
08-03 22:36:33.331 2278 2278 D CarrierSvcBindHelper: No carrier app for: 0
08-03 22:36:33.333 14502 14502 I Finsky : [1] com.google.android.finsky.scheduler.JobSchedulerEngine.a(80): Throttling wakeup for job 9000 (expected to run in 14986 ms) due to recent wakeup
08-03 22:36:33.334 2278 2278 D CarrierSvcBindHelper: No carrier app for: 1
08-03 22:36:33.334 14502 14502 I Finsky : [1] com.google.android.finsky.scheduler.JobSchedulerEngine.a(121): Scheduling job Id: 9000, L: 30000, D: 86399986, C: false, I: false, N: 1
08-03 22:36:33.335 1155 1168 E asset : createFromFile(): lock file /data/resource-cache/system@emui@base@overlay@frameworkhwexthonor@frameworkhwexthonor.apk@idmap.
08-03 22:36:33.335 1155 1168 E asset : createFromFile(): lock file /data/resource-cache/system@emui@base@overlay@frameworkhwexthonor@frameworkhwexthonor.apk@idmap.
08-03 22:36:33.335 1155 1168 W ResourceType: Found multiple library tables, ignoring...
08-03 22:36:33.336 2278 2278 D CarrierSvcBindHelper: No carrier app for: 0
08-03 22:36:33.338 2278 2278 D CarrierSvcBindHelper: No carrier app for: 1
08-03 22:36:33.341 1155 16580 I HwAlarmManagerService: hwSetAlarm listenerTag: *job.delay*
08-03 22:36:33.342 1155 16580 I JobScheduler.Time: mNextDelayExpiredElapsedMillis: 36367559
08-03 22:36:33.350 1155 16580 W BroadcastQueue: Background execution not allowed: receiving Intent { act=android.intent.action.PACKAGE_REMOVED dat=package:ru.mail.mailapp flg=0x4000010 (has extras) } to com.google.android.googlequicksearchbox/com.google.android.apps.gsa.googlequicksearchbox.GelStubAppWatcher
08-03 22:36:33.357 2575 2575 I [HwRecSys]PackageRecevier: PackageReceiver
08-03 22:36:33.357 2575 2575 I [HwRecSys]PackageRecevier: action is: android.intent.action.PACKAGE_REMOVED, pkg:ru.mail.mailapp
08-03 22:36:33.360 2278 2278 D CarrierConfigLoader: mHandler: 9 phoneId: 0
08-03 22:36:33.363 2575 2575 E [HwRecSys]PackageRecevier: pkg is not hiboard or intelligent
08-03 22:36:33.375 1155 1168 E asset : createFromFile(): lock file /data/resource-cache/system@emui@base@overlay@frameworkhwexthonor@frameworkhwexthonor.apk@idmap.
08-03 22:36:33.375 1155 1168 E asset : createFromFile(): lock file /data/resource-cache/system@emui@base@overlay@frameworkhwexthonor@frameworkhwexthonor.apk@idmap.
08-03 22:36:33.375 1155 1168 W ResourceType: Found multiple library tables, ignoring...
08-03 22:36:33.395 2575 2580 I zygote64: Do partial code cache collection, code=57KB, data=40KB
08-03 22:36:33.396 2575 2580 I zygote64: After code cache collection, code=57KB, data=40KB
08-03 22:36:33.396 2575 2580 I zygote64: Increasing code cache capacity to 256KB
08-03 22:36:33.406 1155 1155 E asset : createFromFile(): lock file /data/resource-cache/system@emui@base@overlay@frameworkhwexthonor@frameworkhwexthonor.apk@idmap.
08-03 22:36:33.406 1155 1155 E asset : createFromFile(): lock file /data/resource-cache/system@emui@base@overlay@frameworkhwexthonor@frameworkhwexthonor.apk@idmap.
08-03 22:36:33.406 1155 1155 W ResourceType: Found multiple library tables, ignoring...
08-03 22:36:33.406 1155 1168 E asset : createFromFile(): lock file /data/resource-cache/system@emui@base@overlay@frameworkhwexthonor@frameworkhwexthonor.apk@idmap.
08-03 22:36:33.406 1155 1168 E asset : createFromFile(): lock file /data/resource-cache/system@emui@base@overlay@frameworkhwexthonor@frameworkhwexthonor.apk@idmap.
08-03 22:36:33.407 1155 1168 W ResourceType: Found multiple library tables, ignoring...
08-03 22:36:33.417 2885 2885 D WorkSource: i1=0 i2=0 N1=0: insert 10013 com.google.android.gms
08-03 22:36:33.417 2885 2885 D WorkSource: Insert in WorkSource{} @ 0 uid 10013 name com.google.android.gms
08-03 22:36:33.422 1155 1168 E asset : createFromFile(): lock file /data/resource-cache/system@emui@base@overlay@frameworkhwexthonor@frameworkhwexthonor.apk@idmap.
08-03 22:36:33.422 1155 1168 E asset : createFromFile(): lock file /data/resource-cache/system@emui@base@overlay@frameworkhwexthonor@frameworkhwexthonor.apk@idmap.
08-03 22:36:33.423 1155 1168 W ResourceType: Found multiple library tables, ignoring...
08-03 22:36:33.425 2885 4906 D WorkSource: Insert in WorkSource{} @ 0 uid 10141 name ru.mail.mailapp
08-03 22:36:33.426 2885 4906 D WorkSource: i1=1 i2=0 N1=1: insert 10141 ru.mail.mailapp
08-03 22:36:33.426 2885 4906 D WorkSource: Insert in WorkSource{10013 com.google.android.gms} @ 1 uid 10141 name ru.mail.mailapp
