08-03 22:36:15.140 2255 2267 W MediaProcessHandler: remove target not exist, maybe the UI process: uid: 10020, pid: 15631
08-03 22:36:15.140 2255 2267 I MediaProcessHandler: executedCallBack opType: 1 mMediaStatusObservers.size=0
08-03 22:36:15.161 1495 1495 V MagazineDetailView: Magazine interest 0 - 0.0
08-03 22:36:15.161 1495 1495 W HwLockScreenPanel: isInterestMotionEvent false 2
08-03 22:36:15.161 1495 1495 W HwKeyguardDragHelper: HwKyguardDragHelper onInterceptTouchEvent: 4
08-03 22:36:15.161 1495 1495 W HwKeyguardDragHelper: onTouchEvent 0 4
08-03 22:36:15.169 1495 1495 W HwKeyguardDragHelper: onTouchEvent 2 4
08-03 22:36:15.184 1155 6319 I chatty : uid=1000(system) Binder:1155_12 expire 19 lines
08-03 22:36:15.203 1495 1495 W HwKeyguardDragHelper: onTouchEvent 2 4
08-03 22:36:15.203 1495 1495 W PanelView: setAnimationParam 0.11875 0 1.0
08-03 22:36:15.203 1495 1495 W PanelView: updateAlaphaAndScaleForChild 0 com.android.systemui.statusbar.phone.NotificationsQuickSettingsContainer{2376bfb V.E...... ........ 0,0-1080,2160 #7f140484 app:id/notification_container_parent}
08-03 22:36:15.220 1495 1495 W HwKeyguardDragHelper: onTouchEvent 2 4
08-03 22:36:15.220 1495 1495 W PanelView: setAnimationParam 0.23375 0 1.0
08-03 22:36:15.220 1495 1495 W PanelView: updateAlaphaAndScaleForChild 0 com.android.systemui.statusbar.phone.NotificationsQuickSettingsContainer{2376bfb V.E...... ........ 0,0-1080,2160 #7f140484 app:id/notification_container_parent}
08-03 22:36:15.236 1495 1495 W HwKeyguardDragHelper: onTouchEvent 2 4
08-03 22:36:15.236 1495 1495 W PanelView: setAnimationParam 0.3675 0 1.0
08-03 22:36:15.236 1495 1495 W PanelView: updateAlaphaAndScaleForChild 0 com.android.systemui.statusbar.phone.NotificationsQuickSettingsContainer{2376bfb V.E...... ........ 0,0-1080,2160 #7f140484 app:id/notification_container_parent}
08-03 22:36:15.257 1495 1495 W HwKeyguardDragHelper: onTouchEvent 2 4
08-03 22:36:15.257 1495 1495 W PanelView: setAnimationParam 0.50125 0 1.0
08-03 22:36:15.257 1495 1495 W PanelView: updateAlaphaAndScaleForChild 0 com.android.systemui.statusbar.phone.NotificationsQuickSettingsContainer{2376bfb V.E...... ........ 0,0-1080,2160 #7f140484 app:id/notification_container_parent}
08-03 22:36:15.270 1495 1495 W HwKeyguardDragHelper: onTouchEvent 2 4
08-03 22:36:15.271 1495 1495 W PanelView: setAnimationParam 0.59125 0 1.0
08-03 22:36:15.271 1495 1495 W PanelView: updateAlaphaAndScaleForChild 0 com.android.systemui.statusbar.phone.NotificationsQuickSettingsContainer{2376bfb V.E...... ........ 0,0-1080,2160 #7f140484 app:id/notification_container_parent}
08-03 22:36:15.274 1155 3079 I chatty : uid=1000(system) Binder:1155_10 expire 12 lines
08-03 22:36:15.276 1495 1495 W HwKeyguardDragHelper: onTouchEvent 1 4
08-03 22:36:15.276 1495 1495 W HwKeyguardDragHelper: KeyguardDrag animatToExitKeyguard
08-03 22:36:15.277 1495 1495 D TimeKeeper: getTimeTickInfo:[mMillisUntilFinished:0, mHour:0, mMinute:0, mSecond:0]
08-03 22:36:15.277 1495 1495 E KeyguardUpdateMonitor: isSimPinSecure mSimDatas is null or empty
08-03 22:36:15.277 1495 1495 D TimeKeeper: getTimeTickInfo:[mMillisUntilFinished:0, mHour:0, mMinute:0, mSecond:0]
08-03 22:36:15.277 1495 1747 W KG_FDT : detectOwnerFace as Smooth
08-03 22:36:15.277 1495 1747 W KG_FDT : skip detect as not enabled
08-03 22:36:15.278 1495 1495 W HwLockScreenReporter: report result: false type:153 msg:{MagazineUnlock:true,CostTime:116}
08-03 22:36:15.284 1495 1495 W HwKeyguardBottomArea: KG_FDT mShowIndicationRunner
08-03 22:36:15.284 1495 1495 W LockIcon: hideView: false
08-03 22:36:15.284 1495 1495 D TimeKeeper: getTimeTickInfo:[mMillisUntilFinished:0, mHour:0, mMinute:0, mSecond:0]
08-03 22:36:15.284 1495 1495 E KeyguardUpdateMonitor: isSimPinSecure mSimDatas is null or empty
08-03 22:36:15.285 1495 1495 D TimeKeeper: getTimeTickInfo:[mMillisUntilFinished:0, mHour:0, mMinute:0, mSecond:0]
08-03 22:36:15.285 1495 1495 W LockIcon: getState 1 <-> 0; fp running false
08-03 22:36:15.290 1495 1495 W HwKeyguardBottomArea: updateBatteryInfo : false true
08-03 22:36:15.290 1495 1495 W HwKeyguardBottomArea: KG_FDT ShowIndicationRunner finish
08-03 22:36:15.292 1495 1495 W HwKeyguardDragHelper: AnimationBlocked
08-03 22:36:15.292 1495 1495 W PanelView: set notification panel padding = 1437
08-03 22:36:15.293 1495 1495 W PanelView: set mBlockAnimation false
08-03 22:36:15.302 1495 1495 W PanelView: setAnimationParam 0.5984936 0 1.0
08-03 22:36:15.304 1495 1495 W PanelView: updateAlaphaAndScaleForChild 0 com.android.systemui.statusbar.phone.NotificationsQuickSettingsContainer{2376bfb V.E...... ........ 0,0-1080,2160 #7f140484 app:id/notification_container_parent}
08-03 22:36:15.319 1495 1495 W PanelView: setAnimationParam 0.61971086 0 1.0
08-03 22:36:15.319 1495 1495 W PanelView: updateAlaphaAndScaleForChild 0 com.android.systemui.statusbar.phone.NotificationsQuickSettingsContainer{2376bfb V.E...... ........ 0,0-1080,2160 #7f140484 app:id/notification_container_parent}
08-03 22:36:15.337 1495 1495 W PanelView: setAnimationParam 0.65111005 0 1.0
08-03 22:36:15.337 1495 1495 W PanelView: updateAlaphaAndScaleForChild 0 com.android.systemui.statusbar.phone.NotificationsQuickSettingsContainer{2376bfb V.E...... ........ 0,0-1080,2160 #7f140484 app:id/notification_container_parent}
08-03 22:36:15.352 1495 1495 W PanelView: setAnimationParam 0.6943656 0 1.0
08-03 22:36:15.352 1495 1495 W PanelView: updateAlaphaAndScaleForChild 0 com.android.systemui.statusbar.phone.NotificationsQuickSettingsContainer{2376bfb V.E...... ........ 0,0-1080,2160 #7f140484 app:id/notification_container_parent}
08-03 22:36:15.369 1495 1495 W PanelView: setAnimationParam 0.744799 0 1.0
08-03 22:36:15.369 1495 1495 W PanelView: updateAlaphaAndScaleForChild 0 com.android.systemui.statusbar.phone.NotificationsQuickSettingsContainer{2376bfb V.E...... ........ 0,0-1080,2160 #7f140484 app:id/notification_container_parent}
08-03 22:36:15.385 1495 1495 W PanelView: setAnimationParam 0.795625 0 1.0
08-03 22:36:15.386 1495 1495 W PanelView: updateAlaphaAndScaleForChild 0 com.android.systemui.statusbar.phone.NotificationsQuickSettingsContainer{2376bfb V.E...... ........ 0,0-1080,2160 #7f140484 app:id/notification_container_parent}
08-03 22:36:15.402 1495 1495 W PanelView: setAnimationParam 0.84955406 0 1.0
08-03 22:36:15.402 1495 1495 W PanelView: updateAlaphaAndScaleForChild 0 com.android.systemui.statusbar.phone.NotificationsQuickSettingsContainer{2376bfb V.E...... ........ 0,0-1080,2160 #7f140484 app:id/notification_container_parent}
08-03 22:36:15.420 1495 1495 W PanelView: setAnimationParam 0.89966035 0 1.0
08-03 22:36:15.420 1495 1495 W PanelView: updateAlaphaAndScaleForChild 0 com.android.systemui.statusbar.phone.NotificationsQuickSettingsContainer{2376bfb V.E...... ........ 0,0-1080,2160 #7f140484 app:id/notification_container_parent}
08-03 22:36:15.435 1495 1495 W PanelView: setAnimationParam 0.94013995 0 1.0
08-03 22:36:15.435 1495 1495 W PanelView: updateAlaphaAndScaleForChild 0 com.android.systemui.statusbar.phone.NotificationsQuickSettingsContainer{2376bfb V.E...... ........ 0,0-1080,2160 #7f140484 app:id/notification_container_parent}
08-03 22:36:15.454 1495 1495 W PanelView: setAnimationParam 0.97315156 0 1.0
08-03 22:36:15.454 1495 1495 W PanelView: updateAlaphaAndScaleForChild 0 com.android.systemui.statusbar.phone.NotificationsQuickSettingsContainer{2376bfb V.E...... ........ 0,0-1080,2160 #7f140484 app:id/notification_container_parent}
08-03 22:36:15.472 1495 1495 W PanelView: setAnimationParam 0.9935792 0 1.0
08-03 22:36:15.472 1495 1495 W PanelView: updateAlaphaAndScaleForChild 0 com.android.systemui.statusbar.phone.NotificationsQuickSettingsContainer{2376bfb V.E...... ........ 0,0-1080,2160 #7f140484 app:id/notification_container_parent}
08-03 22:36:15.485 1495 1495 W PanelView: setAnimationParam 1.0 0 1.0
08-03 22:36:15.485 1495 1495 W PanelView: updateAlaphaAndScaleForChild 0 com.android.systemui.statusbar.phone.NotificationsQuickSettingsContainer{2376bfb V.E...... ........ 0,0-1080,2160 #7f140484 app:id/notification_container_parent}
08-03 22:36:15.486 1495 1495 W HwKeyguardDragHelper: HwPanelView onAnimationEnd animateToExitKeyguard
08-03 22:36:15.486 1495 1495 W PanelView: setAnimationParam 1.0 0 1.0
08-03 22:36:15.486 1495 1495 W PanelView: updateAlaphaAndScaleForChild 0 com.android.systemui.statusbar.phone.NotificationsQuickSettingsContainer{2376bfb V.E...... ........ 0,0-1080,2160 #7f140484 app:id/notification_container_parent}
08-03 22:36:15.486 1495 1495 W PanelView: HwPanelView restoreDrawState
08-03 22:36:15.486 1495 1495 W PanelView: setAnimationParam 0.0 0 1.0
08-03 22:36:15.486 1495 1495 W PanelView: updateAlaphaAndScaleForChild 0 com.android.systemui.statusbar.phone.NotificationsQuickSettingsContainer{2376bfb V.E...... ........ 0,0-1080,2160 #7f140484 app:id/notification_container_parent}
08-03 22:36:15.486 1495 1495 I PhoneStatusBar: makeExpandedInvisible: mExpandedInVisible=true
08-03 22:36:15.486 1495 1495 W HwKeyguardDragHelper: AnimationBlocked
08-03 22:36:15.490 1495 1495 W PanelView: set notification panel padding = 1437
08-03 22:36:15.491 1495 1495 W StatusBarWindowManager: Apply window without WALLPAPER
08-03 22:36:15.491 1495 1495 I PanelBar: panelExpansionChanged 0.0, false
08-03 22:36:15.495 1495 1495 I PhoneStatusBarView: setAlpha with value : 1.0
08-03 22:36:15.496 1495 1495 I PhoneStatusBarView: post mHideExpandedRunnable
08-03 22:36:15.498 1495 1495 I PhoneStatusBar: updateNotificationShade: total=7, active=5
08-03 22:36:15.498 1495 1495 W PhoneStatusBar: updateNotificationShade hasFaceDT: false; Detected:false
08-03 22:36:15.502 645 944 I audio_hw_primary: usb_ext_get_parameters: check show hires (false)
08-03 22:36:15.503 710 16958 I hash_map_utils: key: 'typec_need_show_hires' value: ''
08-03 22:36:15.503 1495 1495 W AppHandler: sendMessage 4
08-03 22:36:15.508 1495 1495 W PanelView: set notification panel padding = 1437
08-03 22:36:15.509 1495 1495 W StatusBarWindowManager: Apply window without WALLPAPER
08-03 22:36:15.512 1495 1495 W StatusBarWindowManager: Apply window without WALLPAPER
08-03 22:36:15.512 1495 1495 D TimeKeeper: getTimeTickInfo:[mMillisUntilFinished:0, mHour:0, mMinute:0, mSecond:0]
08-03 22:36:15.513 1495 1495 E KeyguardUpdateMonitor: isSimPinSecure mSimDatas is null or empty
08-03 22:36:15.514 1495 1495 W StatusBarKeyguardViewManager: startPreHideAnimation
08-03 22:36:15.514 1495 1495 W KeyguardViewMediator: handleKeyguardDone
08-03 22:36:15.514 1495 1495 D KeyguardViewMediator: handleHide
08-03 22:36:15.514 1495 1495 W KeyguardViewMediator: kgsvc callback -> .keyguardGoingAway
08-03 22:36:15.515 17391 17391 I chromium: [INFO:CONSOLE(0)] "Document was loaded from Application Cache with manifest https://googleads.g.doubleclick.net/mads/static/mad/sdk/native/sdk-core-v40-loader.appcache", source: https://googleads.g.doubleclick.net/mads/static/mad/sdk/native/sdk-core-v40-loader.html (0)
08-03 22:36:15.515 17506 17506 I chromium: [INFO:CONSOLE(0)] "Document was loaded from Application Cache with manifest https://googleads.g.doubleclick.net/mads/static/mad/sdk/native/sdk-core-v40-loader.appcache", source: https://googleads.g.doubleclick.net/mads/static/mad/sdk/native/sdk-core-v40-loader.html (0)
08-03 22:36:15.515 17391 17391 I chromium: [INFO:CONSOLE(0)] "Application Cache Checking event", source: https://googleads.g.doubleclick.net/mads/static/mad/sdk/native/sdk-core-v40-loader.html (0)
08-03 22:36:15.520 17506 17506 I chromium: [INFO:CONSOLE(0)] "Application Cache Checking event", source: https://googleads.g.doubleclick.net/mads/static/mad/sdk/native/sdk-core-v40-loader.html (0)
08-03 22:36:15.525 753 753 E wificond: Failed to get NL80211_RATE_INFO_NOISE
08-03 22:36:15.525 753 753 E wificond: Failed to get NL80211_RATE_INFO_SNR
08-03 22:36:15.525 753 753 E wificond: Failed to get NL80211_STA_INFO_CNAHLOAD
08-03 22:36:15.527 753 753 E wificond: Failed to get NL80211_RATE_INFO_NOISE
08-03 22:36:15.527 753 753 E wificond: Failed to get NL80211_RATE_INFO_SNR
08-03 22:36:15.527 753 753 E wificond: Failed to get NL80211_STA_INFO_CNAHLOAD
08-03 22:36:15.529 1155 1385 I chatty : uid=1000(system) HuaweiWifiWatch expire 32 lines
08-03 22:36:15.538 1495 1495 D KeyguardViewMediator: dealWithUseFingerAfterCoverOpen do nothing
08-03 22:36:15.538 1495 1495 V KeyguardUpdateMonitor: setKeyguardViewState: false-false
08-03 22:36:15.538 1495 1495 D KeyguardUpdateMonitor: keyguard start hiding. not change state here
08-03 22:36:15.538 1495 1495 W AppHandler: sendMessage 11
08-03 22:36:15.538 1495 1495 W HwKeyguardDragHelper: KeyguardDrag animateToExitBouncer
08-03 22:36:15.538 1495 1495 W HwKeyguardDragHelper: KeyguardAnimCallack onPreHideAnimation and motion unfinished: 4
08-03 22:36:15.538 1495 1495 D KeyguardSecurityView: showNextSecurityScreenOrFinish(false - false - true)
08-03 22:36:15.538 1495 1495 W StatusBarKeyguardViewManager: updateStates Show KeyguardStatusBar with clcok: false
08-03 22:36:15.538 1495 1495 D TimeKeeper: getTimeTickInfo:[mMillisUntilFinished:0, mHour:0, mMinute:0, mSecond:0]
08-03 22:36:15.538 1495 1495 E KeyguardUpdateMonitor: isSimPinSecure mSimDatas is null or empty
08-03 22:36:15.539 1495 1495 E KeyguardUpdateMonitor: isSimPinSecure mSimDatas is null or empty
08-03 22:36:15.539 1495 1495 W StatusBarKeyguardViewManager: dismiss. showing: true false - false, false, false
08-03 22:36:15.539 1495 1495 D PhoneStatusBar: disable: < expand ICONS alerts SYSTEM_INFO BACK HOME RECENT clock navigationbar SEARCH quick_settings
> 08-03 22:36:15.539 1495 1495 V CurveScreenAnimView: CurveScreen setVisibility. 8-false
08-03 22:36:15.540 1495 1495 W HwKeyguardDragHelper: AnimationBlocked
08-03 22:36:15.540 1495 1495 W PanelView: set notification panel padding = 1437
08-03 22:36:15.541 1155 3418 I chatty : uid=1000(system) wifipro_uid_tcp expire 9 lines
08-03 22:36:15.541 1495 1495 W PanelView: set mBlockAnimation false
08-03 22:36:15.548 1155 6319 I chatty : uid=1000(system) Binder:1155_12 expire 2 lines
08-03 22:36:15.557 1155 2762 I chatty : uid=1000(system) Binder:1155_D expire 4 lines
08-03 22:36:15.563 2776 2867 E HwLauncher: SettingsEx , no such field.
08-03 22:36:15.563 2776 2867 W HwLauncher: Clock getDataFormat the getSystemString failed.
08-03 22:36:15.570 2936 3077 D mali_winsys: EGLint new_window_surface(egl_winsys_display *, void *, EGLSurface, EGLConfig, egl_winsys_surface **, egl_color_buffer_format *, EGLBoolean) returns 0x3000
08-03 22:36:15.572 1495 1495 W HwLockScreenPanel: Handle message: 4
08-03 22:36:15.572 1495 1495 D StatusBarIconController: setIconVisibility icon is null or visibility not change visibility=false
08-03 22:36:15.573 1495 1495 W HwLockScreenPanel: Handle message: 11
08-03 22:36:15.573 1495 1495 I PhoneStatusBarView: mPanelFraction:0.0
08-03 22:36:15.573 1495 1495 I PhoneStatusBar: makeExpandedInvisible: mExpandedInVisible=false
08-03 22:36:15.576 638 638 I chatty : uid=1000(system) allocator@2.0-s expire 16 lines
08-03 22:36:15.585 1495 1495 W HwKeyguardBottomArea: ShowIndicationRunner End
08-03 22:36:15.585 1495 1495 W HwKeyguardDragHelper: AnimationBlocked
08-03 22:36:15.586 1495 1495 W PanelView: set notification panel padding = 1437
08-03 22:36:15.586 1495 1495 W PanelView: set mBlockAnimation false
08-03 22:36:15.597 1155 1581 I chatty : uid=1000(system) Binder:1155_7 expire 2 lines
08-03 22:36:15.612 2936 2936 W SessionLifecycleManager: Handover failed. Creating new session controller.
08-03 22:36:15.614 2776 2867 E asset : createFromFile(): lock file /data/resource-cache/system@emui@base@overlay@frameworkhwexthonor@frameworkhwexthonor.apk@idmap.
08-03 22:36:15.614 2776 2867 E asset : createFromFile(): lock file /data/resource-cache/system@emui@base@overlay@frameworkhwexthonor@frameworkhwexthonor.apk@idmap.
08-03 22:36:15.614 2776 2867 W ResourceType: Found multiple library tables, ignoring...
08-03 22:36:15.615 2776 2974 D mali_winsys: EGLint new_window_surface(egl_winsys_display *, void *, EGLSurface, EGLConfig, egl_winsys_surface **, egl_color_buffer_format *, EGLBoolean) returns 0x3000
08-03 22:36:15.624 2776 2867 D HwFLClassLoader: USE_FEATURE_LIST had not init!
08-03 22:36:15.638 645 944 I audio_hw_primary: usb_ext_get_parameters: check show hires (false)
08-03 22:36:15.639 710 16958 I hash_map_utils: key: 'typec_need_show_hires' value: ''
08-03 22:36:15.642 1495 1495 D StatusBarIconController: setIconVisibility icon is null or visibility not change visibility=false
08-03 22:36:15.647 2936 2936 I StreamController: registerScope: nowcards-4158639703407793782
08-03 22:36:15.654 1495 10155 D KeyguardService: Caller checkPermission fail
08-03 22:36:15.654 1495 10155 I KeyguardService: KGSvcCall startKeyguardExitAnimation.
08-03 22:36:15.660 1495 1495 D ImageWallpaper: onVisibilityChanged: mVisible, visible=false, true
08-03 22:36:15.661 1495 1495 D ImageWallpaper: Visibility changed to visible=true
08-03 22:36:15.664 1495 1495 D ImageWallpaper: Suppressed drawFrame since redraw is not needed and offsets have not changed.sf=Rect(0, 0 - 2160, 2160)
08-03 22:36:15.671 2776 2867 D HwFLClassLoader: USE_FEATURE_LIST had not init!
08-03 22:36:15.671 1495 1495 D PhoneStatusBar: disable: < expand icons* alerts system_info* BACK HOME RECENT clock navigationbar SEARCH quick_settings
> 08-03 22:36:15.673 1495 1495 W StatusBarWindowManager: Apply window without WALLPAPER
08-03 22:36:15.674 661 661 D SensorHub: batch called handle:4 sample_ns:200000000 latency_ns:0
08-03 22:36:15.675 661 661 D SensorHub: in batch, handle = 4, flags = 0, period_ns = 200000000, timeout = 0
08-03 22:36:15.676 1495 1495 I HwNotificationCleanerImpl: onKeyguardStateChanged: changeToKeyguard=false;mSmartNotificationEnable=false
08-03 22:36:15.676 1495 1495 W PanelView: set notification panel padding = 1437
08-03 22:36:15.677 1495 1495 D QSContainer: setKeyguardShowing false, com.android.systemui.qs.QSContainer{812984f V.E...... ......ID 0,0-1080,499 #7f140409 app:id/quick_settings_container}
08-03 22:36:15.679 1495 1495 W HwKeyguardPolicy: KGSvcCall updateKeyguardState 0->0; false false
08-03 22:36:15.679 1495 1495 W StatusBarWindowManager: Apply window without WALLPAPER
08-03 22:36:15.680 1495 1495 W ScrimController: animateKeyguardFadingOut 25 0
08-03 22:36:15.680 1495 1495 W ScrimController: startScrimAnimation 0.0 @ com.android.systemui.statusbar.ScrimView{47a95ed V.ED..... ......ID 0,0-1080,2160 #7f1404b0 app:id/scrim_behind}
08-03 22:36:15.681 1495 1495 V KeyguardDisplayManager: hide
08-03 22:36:15.683 1495 1495 W StatusBarKeyguardViewManager: set navBarVisible
08-03 22:36:15.683 1495 1495 D KeyguardUpdateMonitor: onKeyguardVisibilityChanged(false)
08-03 22:36:15.683 1495 1495 W LockIcon: hideView: true
08-03 22:36:15.683 1495 1495 W HwKeyguardBottomArea: hideLockArea null
08-03 22:36:15.683 1495 1495 V KeyguardUpdateMonitor: FingerStat showing: false; Interactive: true; Switching: false; Bouncer:false; GoingToSleep: false Occluded: false; dreaming: false; Authenticated: false
08-03 22:36:15.683 1495 1495 I KeyguardUpdateMonitor: Ignore update FP: 0 false
08-03 22:36:15.683 1495 1495 W AppHandler: sendSingleMessage 10 with args (1, 0)
08-03 22:36:15.684 1495 1495 W StatusBarKeyguardViewManager: updateStates KeyguardStatusBar HIDE
08-03 22:36:15.684 1155 15425 I chatty : uid=1000(system) Binder:1155_1C expire 1 line
08-03 22:36:15.685 1155 1155 I HwAftPolicyService: call aft hidl keyguard showing state=false
08-03 22:36:15.685 662 662 E TS_Service: hwTsSetAftConfig
08-03 22:36:15.686 662 662 I TS_HAL : ts_set_aft_config:called
08-03 22:36:15.686 662 662 I aptouch_daemon, [--aptouch_interface_client--]: thp_execute_cmd_parms starting. cmd: aftouch.config.str
08-03 22:36:15.686 662 662 I aptouch_daemon, [--aptouch_interface_client--]: thp_execute_cmd_parms, the screen is not support debug cmd. is_thp(0), is_tpp_support_cmd(0)
08-03 22:36:15.687 1495 1495 D HwUpdateMonitor: clearNotifications
08-03 22:36:15.688 2776 2867 E asset : createFromFile(): lock file /data/resource-cache/system@emui@base@overlay@frameworkhwexthonor@frameworkhwexthonor.apk@idmap.
08-03 22:36:15.688 1495 1495 E KeyguardUpdateMonitor: isSimPinSecure mSimDatas is null or empty
08-03 22:36:15.688 1495 1495 D KeyguardViewMediator: adjustStatusBarLocked: mShowing=false mOccluded=false isSecure=false --> flags=0x0
08-03 22:36:15.688 2776 2867 E asset : createFromFile(): lock file /data/resource-cache/system@emui@base@overlay@frameworkhwexthonor@frameworkhwexthonor.apk@idmap.
08-03 22:36:15.688 2776 2867 W ResourceType: Found multiple library tables, ignoring...
08-03 22:36:15.688 1495 1495 W AppHandler: sendImmediateMessage 17
08-03 22:36:15.688 1495 1747 W AppHandler: sendMessage 16
08-03 22:36:15.689 1495 1495 W HwBackDropView: setDrawBehindAsSrc skipped. null
08-03 22:36:15.689 1495 1799 W KeyguardViewMediator: updateActivityLockScreenState setLockScreenShown: false
08-03 22:36:15.689 1495 1495 W HwLockScreenPanel: Handle message: 17
08-03 22:36:15.689 1155 2762 D ActivityManager: setLockScreenShown showing : false callingPid = 1495
08-03 22:36:15.689 1495 1747 D KGWallpaper_Magazine: getNextIndex: 0; from 21 to 21; size: 40
08-03 22:36:15.689 1495 1747 W KeyguardViewMediator: setFloatTaskHide : false; reason : KeyguardExit
08-03 22:36:15.689 1495 1747 I HwLockScreenReporter: Runnable for reportAdEvent
08-03 22:36:15.691 1155 15425 I StatusBarManagerService: Disable records remove token DisableRecord{userId=0 pkg=com.android.systemui what1=3600000 what2=0} list: []
08-03 22:36:15.695 1155 1171 W BroadcastQueue: Permission Denial: broadcasting Intent { act=android.intent.action.USER_PRESENT flg=0x24000010 } from com.android.systemui (pid=1495, uid=10040) requires com.huawei.wifipro.permission.RECV.WIFI_CONNECTED_CONCURRENTLY due to registered receiver BroadcastFilter{c0cee5d u0 ReceiverList{3961034 1155 system/1000/u0 local:51fc707}}
08-03 22:36:15.699 2706 2706 I GsaVoiceInteractionSrv: O received Intent { act=android.intent.action.USER_PRESENT flg=0x24000010 }
08-03 22:36:15.700 2776 2867 D HwFLClassLoader: USE_FEATURE_LIST had not init!
08-03 22:36:15.700 1495 1495 W HwKeyguardDragHelper: AnimationBlocked
08-03 22:36:15.705 7101 7101 D Mms_TX_NOTIFY: Get no-perm notification callback android.intent.action.USER_PRESENT
08-03 22:36:15.707 1155 1750 D SmartHeartBeat: setAlarmsPending ...
08-03 22:36:15.709 1155 6888 D NetdConnector: SND -> {375 bandwidth gettetherstats}
08-03 22:36:15.709 2776 2776 W InputMethodManager: startInputReason = 1
08-03 22:36:15.712 1155 1313 D NetdConnector: RCV <- {200 375 Tethering stats list completed}
08-03 22:36:15.713 1155 1313 D NetdConnector: RCV <- {200 375 Tethering stats list completed}
08-03 22:36:15.724 1155 6888 W NetworkStatsFactory: mStatsXtProcUid: /proc/net/comm/stats does not exist!
08-03 22:36:15.724 1155 6888 D HwNetworkStatsService: hwRecordUidAndProcSnapshotLocked currentTime = 1533324975708
08-03 22:36:15.728 1155 6888 I NetworkStatsFactory: javaReadNetworkStatsUidAndProcDetail. cost time = 4
08-03 22:36:15.732 2278 2851 D PhoneInterfaceManager: [PhoneIntfMgr] getDataEnabled: subId=0 phoneId=0
08-03 22:36:15.733 2278 2851 D PhoneInterfaceManager: [PhoneIntfMgr] getDataEnabled: subId=0 retVal=false
08-03 22:36:15.738 2278 2851 D PhoneInterfaceManager: [PhoneIntfMgr] getDataEnabled: subId=0 phoneId=0
08-03 22:36:15.738 2278 2851 D PhoneInterfaceManager: [PhoneIntfMgr] getDataEnabled: subId=0 retVal=false
08-03 22:36:15.752 1155 6888 D HwNetworkStatsService: hwMaybeUidAndProcPersistLocked currentTime = 1533324975708
08-03 22:36:15.765 1495 1929 D mali_winsys: EGLint new_window_surface(egl_winsys_display *, void *, EGLSurface, EGLConfig, egl_winsys_surface **, egl_color_buffer_format *, EGLBoolean) returns 0x3000
08-03 22:36:15.767 1495 1495 W HwLockScreenPanel: Handle message: 16
08-03 22:36:15.767 1495 1495 D PhoneStatusBar: disable: < expand icons alerts system_info back* home* recent* clock navigationbar search* quick_settings
> 08-03 22:36:15.768 1495 1495 D BarTransitions.HwNavigationBarView: MODE_TRANSPARENT -> MODE_TRANSLUCENT animate=false
08-03 22:36:15.768 1495 1495 D BarTransitions.HwNavigationBarView: applyModeBackground oldMode=MODE_TRANSPARENT newMode=MODE_TRANSLUCENT animate=false
08-03 22:36:15.769 1495 1495 W AppHandler: sendImmediateMessage 18 with args (0, 0)
08-03 22:36:15.769 1495 1495 W HwBackDropView: MSG_KEYGUARD_XCH_HEIGHT setVisibility GONE
08-03 22:36:15.769 1495 1495 W HwLockScreenPanel: Handle message: 18
08-03 22:36:15.775 1495 1495 D PhoneStatusBar: disable: < expand icons alerts system_info back home recent clock navigationbar search quick_settings
> 08-03 22:36:15.777 1429 1483 I chatty : uid=1000(system) screenLockHandl expire 1 line
08-03 22:36:15.778 2885 17365 D WorkSource: Insert in WorkSource{} @ 0 uid 10013 name com.google.android.gms
08-03 22:36:15.784 1155 1155 D HwWifiP2pService: onReceive, action:android.intent.action.USER_PRESENT
08-03 22:36:15.785 1155 1155 D HwGameAssistantController: isGameForeground? false
08-03 22:36:15.785 1155 1155 D WifiService: onReceive, action:android.intent.action.USER_PRESENT
08-03 22:36:15.786 1155 1330 D WifiP2pService: InactiveState143468
08-03 22:36:15.787 1495 1495 W StaticLayout: maxLineHeight should not be -1. maxLines:1 lineCount:1
08-03 22:36:15.787 1495 1495 W StaticLayout: maxLineHeight should not be -1. maxLines:1 lineCount:1
08-03 22:36:15.792 2268 3782 I chatty : uid=1000(system) CallbackHandler expire 6 lines
08-03 22:36:15.795 1155 1330 E HwWifiP2pService: Unhandled message when=3188005 what=143468 arg1=0 arg2=0
08-03 22:36:15.796 1155 1330 D WifiP2pService: P2pEnabledState when=3188005 what=143468 arg1=0 arg2=0
08-03 22:36:15.796 1155 1330 D WifiP2pService: DefaultState{ when=-11ms what=143468 target=com.android.internal.util.StateMachine$SmHandler }
08-03 22:36:15.796 1155 1330 E HwWifiP2pService: Unhandled message { when=-11ms what=143468 target=com.android.internal.util.StateMachine$SmHandler }
08-03 22:36:15.802 661 852 I /vendor/bin/hw/vendor.huawei.hardware.sensors@1.0-service: activate-4 frameOpenedAls-1 enabled-0 cameraOpenedAls-0 frameOpenedColor-0 cameraOpenedColor-0
08-03 22:36:15.803 2575 6637 I chatty : uid=1000(system) CallbackHandler expire 2 lines
08-03 22:36:15.806 2268 2529 I chatty : uid=1000(system) sdk thread expire 12 lines
08-03 22:36:15.807 2268 3245 I chatty : uid=1000(system) thermal-core-th expire 15 lines
08-03 22:36:15.809 2268 2525 I chatty : uid=1000(system) Binder:2268_5 expire 3 lines
08-03 22:36:15.810 661 852 D SensorHub: Channel activate-> handle: 4, enabled:0, err: 0
08-03 22:36:15.810 661 852 E SensorHub: PS activate 0
08-03 22:36:15.815 655 738 I uniperf server: setConfig clientId=2, tagLen=1, tags[0]=2, configs[0]=0
08-03 22:36:15.816 655 738 I uniperf server: setConfig clientId=2, tagLen=1, tags[0]=5, configs[0]=0
08-03 22:36:15.818 2885 17367 W MDM : [848] abya.c: enableNfc
08-03 22:36:15.818 2885 17367 W MDM : [848] abya.c: EnableNfc flag is true
08-03 22:36:15.820 667 1424 E BufferQueueProducer: [StatusBar#0] disconnect: not connected (req=1)
08-03 22:36:15.820 1495 1929 W libEGL : EGLNativeWindowType 0x7e4aa64010 disconnect failed
08-03 22:36:15.820 6298 17706 E SQLiteLog: (1)
08-03 22:36:15.821 2885 17367 V NFC : this device does not have NFC support
08-03 22:36:15.822 1495 1929 D mali_winsys: EGLint new_window_surface(egl_winsys_display *, void *, EGLSurface, EGLConfig, egl_winsys_surface **, egl_color_buffer_format *, EGLBoolean) returns 0x3000
08-03 22:36:15.829 1495 1495 W HwKeyguardDragHelper: AnimationBlocked
08-03 22:36:15.838 1155 2762 D JobServiceContext: Scheduling time out for 'com.opera.android.gcm.PushNotificationService' jId: 2147483642, in 18 s
08-03 22:36:15.856 1155 6319 V BroadcastQueue: Finished with ordered broadcast BroadcastRecord{1ce8f86 u0 android.intent.action.USER_PRESENT}
08-03 22:36:15.857 1155 1155 D JobServiceContext: handleServiceBound for c670bd1 #u0a144/2147483642 com.opera.mini.native/com.opera.android.gcm.PushNotificationService
08-03 22:36:15.857 1155 1155 D JobServiceContext: Scheduling time out for 'com.opera.android.gcm.PushNotificationService' jId: 2147483642, in 8 s
08-03 22:36:15.860 1155 6505 D JobServiceContext: doCallback of : JobStatus{c670bd1 #u0a144/2147483642 com.opera.mini.native/com.opera.android.gcm.PushNotificationService u=0 s=10144 TIME=none:-23ms READY} v:VERB_STARTING
08-03 22:36:15.860 1155 6505 D JobServiceContext: Scheduling time out for 'com.opera.android.gcm.PushNotificationService' jId: 2147483642, in 600 s
08-03 22:36:15.862 2278 2851 D PhoneInterfaceManager: [PhoneIntfMgr] getDataEnabled: subId=0 phoneId=0
08-03 22:36:15.862 2278 2851 D PhoneInterfaceManager: [PhoneIntfMgr] getDataEnabled: subId=0 retVal=false
08-03 22:36:15.863 1155 6505 I HwNetworkPolicy: onTransact, code = 15
08-03 22:36:15.869 14463 14463 W kworker/u16:0: type=1400 audit(0.0:16451): avc: denied { dac_override } for capability=1 scontext=u:r:kernel:s0 tcontext=u:r:kernel:s0 tclass=capability permissive=0
08-03 22:36:15.872 1155 2762 D JobServiceContext: doCallback of : JobStatus{c670bd1 #u0a144/2147483642 com.opera.mini.native/com.opera.android.gcm.PushNotificationService u=0 s=10144 TIME=none:-35ms READY} v:VERB_EXECUTING
08-03 22:36:15.873 2936 14706 W LocationOracle: No location history returned by ContextManager
08-03 22:36:15.885 1495 2067 D DeviceTelephonyManager: get airplane mode: false
08-03 22:36:15.900 1495 2067 I LocationController: isLocationEnabled mode 3
08-03 22:36:15.913 2936 2936 D CubicBezierInterpolator: CubicBezierInterpolator mControlPoint1x = 0.23, mControlPoint1y = 0.06, mControlPoint2x = 0.09, mControlPoint2y = 0.97
08-03 22:36:15.914 2936 2936 D CubicBezierInterpolator: CubicBezierInterpolator mControlPoint1x = 0.6, mControlPoint1y = 0.9, mControlPoint2x = 0.8, mControlPoint2y = 1.0
08-03 22:36:15.914 2936 2936 D CubicBezierInterpolator: CubicBezierInterpolator mControlPoint1x = 0.23, mControlPoint1y = 0.06, mControlPoint2x = 0.09, mControlPoint2y = 0.97
08-03 22:36:15.915 2936 2936 D CubicBezierInterpolator: CubicBezierInterpolator mControlPoint1x = 0.6, mControlPoint1y = 0.9, mControlPoint2x = 0.8, mControlPoint2y = 1.0
08-03 22:36:15.917 2936 2936 I StreamRenderer: maybeRegisterNowCardsScope(nowcards-4158639703407793782, com.google.android.sidekick.shared.remoteapi.CardRenderingContext@1c5309)
08-03 22:36:15.922 1155 6505 D WindowManager: finishDrawingWindow: Window{976c73a u0 NavigationBar} mDrawState=HAS_DRAWN
08-03 22:36:15.928 1495 1495 D CameraLayout: setLift 0.0
08-03 22:36:15.929 1495 17711 I ToolBoxView: updateFlashlightViewInner:isAvailabletrue;isEnabledfalse;lightControllercom.android.systemui.statusbar.policy.FlashlightController@66d1bdc
08-03 22:36:15.934 1495 1495 W KgBattery: getCharge info with type: text
08-03 22:36:15.939 1495 1495 I HwBackDropView: restore param to 0
08-03 22:36:15.939 1495 1495 I HwBackDropView: checkVisibility : false; false
08-03 22:36:15.939 1495 1495 W HwKeyguardBottomArea: updateBatteryInfo : false true
08-03 22:36:15.940 1495 1495 W CameraLayout: Cameralayout disabled. true false 2
08-03 22:36:15.940 1495 1495 W HwKeyguardBottomArea: updateBatteryInfo : false true
08-03 22:36:15.940 1495 1495 W HwKeyguardBottomArea: updateBatteryInfo : false true
08-03 22:36:15.940 1495 1495 D MagazineDetailView: resetPagerState
08-03 22:36:15.940 1495 1495 D MagazineSwitchViewPager: invoke callSetCurrentItemInternal
08-03 22:36:15.941 1495 1495 W HwLockScreenPanel: Handle message: 10
08-03 22:36:15.942 1495 1495 I PhoneStatusBar: updateNotificationShade: total=7, active=6
08-03 22:36:15.942 1495 1495 W PhoneStatusBar: updateNotificationShade hasFaceDT: false; Detected:false
08-03 22:36:15.955 17506 17506 I chromium: [INFO:CONSOLE(0)] "Application Cache Downloading event", source: https://googleads.g.doubleclick.net/mads/static/mad/sdk/native/sdk-core-v40-loader.html (0)
08-03 22:36:15.956 17506 17506 I chromium: [INFO:CONSOLE(0)] "Application Cache Progress event (0 of 2) https://googleads.g.doubleclick.net/mads/static/mad/sdk/native/sdk-core-v40-loader.html", source: https://googleads.g.doubleclick.net/mads/static/mad/sdk/native/sdk-core-v40-loader.html (0)
08-03 22:36:15.956 17506 17506 I chromium: [INFO:CONSOLE(0)] "Application Cache Progress event (1 of 2) https://googleads.g.doubleclick.net/mads/static/mad/sdk/native/production/sdk-core-v40-impl.js", source: https://googleads.g.doubleclick.net/mads/static/mad/sdk/native/sdk-core-v40-loader.html (0)
08-03 22:36:15.980 17506 17564 E chromium: [ERROR:connection.cc(1888)] Quota sqlite error 5, errno 0: database is locked, sql: UPDATE OriginInfoTable SET last_modified_time = ? WHERE origin = ? AND type = ?
08-03 22:36:15.985 17506 17506 I chromium: [INFO:CONSOLE(0)] "Application Cache Progress event (2 of 2) ", source: https://googleads.g.doubleclick.net/mads/static/mad/sdk/native/sdk-core-v40-loader.html (0)
08-03 22:36:15.987 17506 17506 I chromium: [INFO:CONSOLE(0)] "Application Cache UpdateReady event", source: https://googleads.g.doubleclick.net/mads/static/mad/sdk/native/sdk-core-v40-loader.html (0)
08-03 22:36:15.992 480 17716 W libc : Set property "hw.wifi.dns_stat" to "328,11,5022,1,14955"
08-03 22:36:16.005 17391 17391 I chromium: [INFO:CONSOLE(0)] "Application Cache Downloading event", source: https://googleads.g.doubleclick.net/mads/static/mad/sdk/native/sdk-core-v40-loader.html (0)
08-03 22:36:16.006 17391 17391 I chromium: [INFO:CONSOLE(0)] "Application Cache Progress event (0 of 2) https://googleads.g.doubleclick.net/mads/static/mad/sdk/native/sdk-core-v40-loader.html", source: https://googleads.g.doubleclick.net/mads/static/mad/sdk/native/sdk-core-v40-loader.html (0)
08-03 22:36:16.006 17391 17391 I chromium: [INFO:CONSOLE(0)] "Application Cache Progress event (1 of 2) https://googleads.g.doubleclick.net/mads/static/mad/sdk/native/production/sdk-core-v40-impl.js", source: https://googleads.g.doubleclick.net/mads/static/mad/sdk/native/sdk-core-v40-loader.html (0)
08-03 22:36:16.007 1495 1495 W PanelView: HwPanelView restoreDrawState
08-03 22:36:16.007 1495 1495 W PanelView: setAnimationParam 0.0 4 1.0
08-03 22:36:16.007 1495 1495 W PanelView: updateAlaphaAndScaleForChild 0 com.android.systemui.statusbar.phone.NotificationsQuickSettingsContainer{2376bfb V.E...... ......ID 0,0-1080,72 #7f140484 app:id/notification_container_parent}
08-03 22:36:16.012 1495 1495 W HwKeyguardDragHelper: AnimationBlocked
08-03 22:36:16.024 1495 1495 I PhoneStatusBar: updateNotificationShade: total=7, active=6
08-03 22:36:16.024 1495 1495 W PhoneStatusBar: updateNotificationShade hasFaceDT: false; Detected:false
08-03 22:36:16.026 2936 2936 W StaticLayout: maxLineHeight should not be -1. maxLines:3 lineCount:3
08-03 22:36:16.027 2936 2936 W StaticLayout: maxLineHeight should not be -1. maxLines:2 lineCount:2
08-03 22:36:16.029 2936 2936 W StaticLayout: maxLineHeight should not be -1. maxLines:3 lineCount:3
08-03 22:36:16.029 2936 2936 W StaticLayout: maxLineHeight should not be -1. maxLines:2 lineCount:2
08-03 22:36:16.031 2936 2936 W StaticLayout: maxLineHeight should not be -1. maxLines:3 lineCount:3
08-03 22:36:16.032 17391 17391 I chromium: [INFO:CONSOLE(0)] "Application Cache Progress event (2 of 2) ", source: https://googleads.g.doubleclick.net/mads/static/mad/sdk/native/sdk-core-v40-loader.html (0)
08-03 22:36:16.032 2936 2936 W StaticLayout: maxLineHeight should not be -1. maxLines:2 lineCount:2
08-03 22:36:16.033 2936 2936 W StaticLayout: maxLineHeight should not be -1. maxLines:3 lineCount:3
08-03 22:36:16.033 2936 2936 W StaticLayout: maxLineHeight should not be -1. maxLines:2 lineCount:2
08-03 22:36:16.033 17391 17391 I chromium: [INFO:CONSOLE(0)] "Application Cache UpdateReady event", source: https://googleads.g.doubleclick.net/mads/static/mad/sdk/native/sdk-core-v40-loader.html (0)
08-03 22:36:16.036 1495 1495 W HwKeyguardDragHelper: AnimationBlocked
08-03 22:36:16.062 2936 2936 W StaticLayout: maxLineHeight should not be -1. maxLines:2 lineCount:2
08-03 22:36:16.065 2936 2936 I chatty : uid=10041(u0_a41) com.google.android.googlequicksearchbox:search identical 2 lines
08-03 22:36:16.066 2936 2936 W StaticLayout: maxLineHeight should not be -1. maxLines:2 lineCount:2
08-03 22:36:16.090 768 875 W JankService: processEntry, not beta version or commercial log off
08-03 22:36:16.098 2635 3543 D WorkSource: Insert in WorkSource{} @ 0 uid 10041 name com.google.android.googlequicksearchbox
08-03 22:36:16.103 2936 2936 W MonetServiceEventQueue: No updates to flush
08-03 22:36:16.104 2936 2936 I MicroDetectionWorker: #startMicroDetector [speakerMode: 0]
08-03 22:36:16.106 2936 2936 I AudioController: Created new AudioSource
08-03 22:36:16.121 2776 2974 W OpenGLRenderer: Incorrectly called buildLayer on View: ShortcutAndWidgetContainer, destroying layer...
08-03 22:36:16.121 2776 2974 W OpenGLRenderer: Incorrectly called buildLayer on View: ShortcutAndWidgetContainer, destroying layer...
08-03 22:36:16.122 2635 3198 D WorkSource: Insert in WorkSource{} @ 0 uid 10041 name com.google.android.googlequicksearchbox
08-03 22:36:16.127 2635 3198 D WorkSource: Insert in WorkSource{} @ 0 uid 10041 name com.google.android.googlequicksearchbox
08-03 22:36:16.128 2936 2936 I MicroDetectionWorker: onReady
08-03 22:36:16.131 638 638 I GRALLOC : shrFd=10,fmt=0x1,intFmt=0x200000001,btStrd=4352,size=9547776,pid=638
08-03 22:36:16.131 638 638 I GRALLOC : yuv=2,w=1080,h=2160,Stride u=0 v=0,offset u=0 v=0
08-03 22:36:16.131 638 638 I GRALLOC : iova_size=9547776,conUsg=0xb00,proUsg=0xb00, strd=1088,[afbc]HdrStrd=1088 PyldStrd=69632 Scrmbl=0,ionhnd = 1
08-03 22:36:16.133 2635 3222 D WorkSource: Insert in WorkSource{} @ 0 uid 10041 name com.google.android.googlequicksearchbox
08-03 22:36:16.136 2936 14706 I MicroRecognitionRunner: Starting detection.
08-03 22:36:16.137 2936 15327 I MicrophoneInputStream: mic_starting SR : 16000 CC : 16 SO : 1999
08-03 22:36:16.138 710 16958 D AudioFlinger: event 162
08-03 22:36:16.139 710 16958 I APM_AudioPolicyManager: getInputForAttr() source 1999, samplingRate 16000, format 1, channelMask 10,session 329, flags 0
08-03 22:36:16.139 645 944 I audio_hw_primary: update config period size 960
08-03 22:36:16.139 645 944 I audio_hw_primary: change channel_mask form 10 to AUDIO_CHANNEL_IN_STEREO
08-03 22:36:16.143 2635 13560 W ctxmgr : [AclManager]No 3 for (accnt=account#-517948760#, com.google.android.gms(10013):UserVelocityProducer, vrsn=12874025, 0, 3pPkg = null , 3pMdlId = null , pid = 2635). Was: 3 for 1, account#-517948760#
08-03 22:36:16.144 710 16958 V APM_AudioPolicyManager: getInputForAttr() returns input type = 0
08-03 22:36:16.144 710 16958 V APM_AudioPolicyManager: listAudioPorts() role 0 type 0 num_ports 0 ports 0x76cf82d1f0
08-03 22:36:16.145 710 16958 V APM_AudioPolicyManager: listAudioPorts() got 0 ports needed 8
08-03 22:36:16.145 710 956 V APM_AudioPolicyManager: listAudioPorts() role 0 type 0 num_ports 8 ports 0x76cf979000
08-03 22:36:16.145 710 956 V APM_AudioPolicyManager: listAudioPorts() got 8 ports needed 8
08-03 22:36:16.145 710 17721 I AudioFlinger: AudioFlinger's thread 0x76cde0dac0 tid=17721 ready to run
08-03 22:36:16.146 645 944 I audio_hw_primary: do_in_standby standby: 1, in_device: 0
08-03 22:36:16.148 710 710 D AudioFlinger: event 162
08-03 22:36:16.149 645 944 I audio_hw_primary: do_in_standby standby: 1, in_device: 0
08-03 22:36:16.149 2635 2915 D WorkSource: Insert in WorkSource{} @ 0 uid 10013 name com.google.android.gms
08-03 22:36:16.162 752 752 E Thermal-daemon: [Thermal_Hw] temperature_valid, battery : temperature is invalid, invalid temperatrue is 32
08-03 22:36:16.162 752 752 E Thermal-daemon: [Thermal_Hw] temperature_filter: get invalid temperature, use old temp
08-03 22:36:16.163 2936 15327 D AudioRecordPermission: AudioRecordPermission
08-03 22:36:16.163 752 752 E Thermal-daemon: [charger_ic] temp_new :36 temp_old :35
08-03 22:36:16.163 2936 15327 I AudioRecordPermission: remindWithResult:false
08-03 22:36:16.163 2936 15327 I HwAudioRecordImpl: checkRecordActive
08-03 22:36:16.164 752 752 E Thermal-daemon: Report temperature: [charger_ic] temp :36 report_threshold:1
08-03 22:36:16.164 710 710 W HuaweiAudioFlinger: soundtrigger is now disable or not support, pls enable it first from setting
08-03 22:36:16.164 710 710 I APM_AudioPolicyManager: startInput() input 230
08-03 22:36:16.164 710 710 I APM_AudioPolicyManager: getNewInputDevice() selected device 0x80000004
08-03 22:36:16.164 710 710 I APM_AudioPolicyManager: setInputDevice() input 230 device 80000004 force 1
08-03 22:36:16.164 752 752 E Thermal-daemon: [ap] temp_new :37 temp_old :36
08-03 22:36:16.165 752 752 E Thermal-daemon: Report temperature: [ap] temp :37 report_threshold:1
08-03 22:36:16.166 645 944 D audio_hw_primary: in_set_parameters_no_lock input_source: 6, in_device: 0x80000004
08-03 22:36:16.166 645 944 D dsp_interface: dsp_set_source:source = 6
08-03 22:36:16.166 645 944 D dsp_soc : set source 6 succ
08-03 22:36:16.166 645 944 I dsp_common: dsp_common_set_source:source = 6
08-03 22:36:16.168 710 710 I APM_AudioPolicyManager: setInputDevice() createAudioPatch returned 0 patchHandle 244
08-03 22:36:16.168 710 710 V SoundTrigger: setCaptureState(1)
08-03 22:36:16.168 710 710 V SoundTriggerHwService: setCaptureState 1
08-03 22:36:16.168 710 710 D APM_AudioPolicyManager: event 164
08-03 22:36:16.168 710 710 V APM_AudioPolicyManager: AudioPolicyManager::startInput() input source = 1999
08-03 22:36:16.169 2936 15327 I HwAudioRecordImpl: sendStateChangedIntent, state=3
08-03 22:36:16.170 710 710 V APM_AudioPolicyManager: listAudioPorts() role 0 type 0 num_ports 0 ports 0x76cf238170
08-03 22:36:16.170 710 710 V APM_AudioPolicyManager: listAudioPorts() got 0 ports needed 8
08-03 22:36:16.170 710 16958 V APM_AudioPolicyManager: listAudioPorts() role 0 type 0 num_ports 8 ports 0x76cf95f000
08-03 22:36:16.170 710 16958 V APM_AudioPolicyManager: listAudioPorts() got 8 ports needed 8
08-03 22:36:16.171 2635 2915 D WorkSource: Insert in WorkSource{} @ 0 uid 10013 name com.google.android.gms
08-03 22:36:16.171 645 17722 I audio_hw_primary: start_input_stream: adev->in_device = 0, in->device = 0x4
08-03 22:36:16.172 645 17722 I audio_hw_primary: select_devices++ mode[0]
08-03 22:36:16.172 645 17722 I audio_hw_primary: input_source_id 0x4, output_device_id 0x2
08-03 22:36:16.172 645 17722 I audio_hw_primary: select_devices() devices 0x2 input src 6 output route none input route voice-rec-handfree-mic in_device 0x4
08-03 22:36:16.172 645 17722 I spk_dev_interface: spk_dev_power_off: use new smartpakit version
08-03 22:36:16.172 645 17722 I smartpakit: pdata->device = 0, output_device = 0, pdata->mode = 0, mode = 0
08-03 22:36:16.172 645 17722 I smartpakit: check the same status, skip!
08-03 22:36:16.172 645 17722 I dsp_common: dsp_common_control_algo:set device = 0
08-03 22:36:16.178 2635 2915 D WorkSource: Insert in WorkSource{} @ 0 uid 10013 name com.google.android.gms
08-03 22:36:16.179 2635 2915 D WorkSource: Insert in WorkSource{} @ 0 uid 10013 name com.google.android.gms
08-03 22:36:16.181 2936 15327 I MicrophoneInputStream: mic_started SR : 16000 CC : 16 SO : 1999
08-03 22:36:16.210 645 17722 I dsp_common: dsp_common_control_algo:set device = 0
08-03 22:36:16.210 645 17722 I spk_dev_interface: spk_dev_power_on: use new smartpakit version
08-03 22:36:16.210 645 17722 I smartpakit: pdata->device = 0, output_device = 0, pdata->mode = 0, mode = 0
08-03 22:36:16.210 645 17722 I smartpakit: check the same status, skip!
08-03 22:36:16.210 645 17722 I audio_hw_primary: select_devices--
08-03 22:36:16.210 645 17722 I audio_hw_primary: start_input_stream OK. rate : 48000, period_size : 960, channel : 2
08-03 22:36:16.210 645 17722 D dsp_interface: dsp_set_source:source = 6
08-03 22:36:16.210 645 17722 D dsp_soc : set source 6 succ
08-03 22:36:16.210 645 17722 I dsp_common: dsp_common_set_source:source = 6
08-03 22:36:16.211 2635 2635 D WorkSource: Insert in WorkSource{} @ 0 uid 10013 name com.google.android.gms
08-03 22:36:16.216 2635 2915 D WorkSource: Insert in WorkSource{} @ 0 uid 10013 name com.google.android.gms
08-03 22:36:16.223 2635 3222 D WorkSource: Insert in WorkSource{} @ 0 uid 10041 name com.google.android.googlequicksearchbox
08-03 22:36:16.230 2635 2635 D WorkSource: i1=0 i2=0 N1=0: insert 10013 com.google.android.gms
08-03 22:36:16.230 2635 2635 D WorkSource: Insert in WorkSource{} @ 0 uid 10013 name com.google.android.gms
08-03 22:36:16.230 2635 2635 D WorkSource: i1=1 i2=0 N1=1: insert 10041 com.google.android.googlequicksearchbox
08-03 22:36:16.230 2635 2635 D WorkSource: Insert in WorkSource{10013 com.google.android.gms} @ 1 uid 10041 name com.google.android.googlequicksearchbox
08-03 22:36:16.236 2936 2936 I MicroDetectionWorker: onReady
08-03 22:36:16.242 2635 2635 I GeofencerStateMachine: removeGeofences: removeRequest=RemoveGeofencingRequest[REMOVE_BY_PENDING_INTENT pendingIntent=PendingIntent[creatorPackage=com.google.android.gms], packageName=null]
08-03 22:36:16.245 2635 2635 I GeofencerStateMachine: removeGeofences: removeRequest=RemoveGeofencingRequest[REMOVE_BY_PENDING_INTENT pendingIntent=PendingIntent[creatorPackage=com.google.android.gms], packageName=null]
08-03 22:36:16.249 1155 6888 W ProcBatteryStats: timer is running , not start, name: , uid: 10013, tag: NlpWakeLock
08-03 22:36:16.258 1155 3079 V BroadcastQueue: Finished with ordered broadcast BroadcastRecord{571be21 u0 com.google.android.contextmanager.producer.module.DetectedActivityProducer}
08-03 22:36:16.264 2635 17723 I PlaceInferenceEngine: [anon] Changed inference mode: 0
08-03 22:36:16.269 14699 14699 W kworker/u16:2: type=1400 audit(0.0:16452): avc: denied { dac_override } for capability=1 scontext=u:r:kernel:s0 tcontext=u:r:kernel:s0 tclass=capability permissive=0
08-03 22:36:16.277 2635 3198 D WorkSource: Insert in WorkSource{} @ 0 uid 10041 name com.google.android.googlequicksearchbox
08-03 22:36:16.279 1155 3079 V BroadcastQueue: Finished with ordered broadcast BroadcastRecord{25fcca0 u0 com.google.android.apps.gsa.search.core.location.ACTIVITY_DETECTION}
08-03 22:36:16.289 1155 2762 W ProcBatteryStats: timer is running , not start, name: , uid: 10013, tag: GCoreFlp
08-03 22:36:16.292 1155 2762 W ProcBatteryStats: timer is running , not start, name: , uid: 10013, tag: GCoreFlp
08-03 22:36:16.296 1155 6505 W ProcBatteryStats: timer is not running , not stop, name: , uid: 10013, tag: GCoreFlp
08-03 22:36:16.301 1155 6505 W ProcBatteryStats: timer is not running , not stop, name: , uid: 10013, tag: GCoreFlp
08-03 22:36:16.309 1155 6505 W ProcBatteryStats: timer is not running , not stop, name: , uid: 10013, tag: NlpWakeLock
08-03 22:36:16.316 2635 2915 D WorkSource: Insert in WorkSource{} @ 0 uid 10013 name com.google.android.gms
08-03 22:36:16.321 2635 2915 I chatty : uid=10013(u0_a13) GoogleApiHandle identical 2 lines
08-03 22:36:16.322 2635 2915 D WorkSource: Insert in WorkSource{} @ 0 uid 10013 name com.google.android.gms
08-03 22:36:16.325 2635 13560 D WorkSource: Insert in WorkSource{} @ 0 uid 10013 name com.google.android.gms
08-03 22:36:16.328 2635 2635 D WorkSource: i1=0 i2=0 N1=0: insert 10041 com.google.android.googlequicksearchbox
08-03 22:36:16.328 2635 2635 D WorkSource: Insert in WorkSource{} @ 0 uid 10041 name com.google.android.googlequicksearchbox
08-03 22:36:16.329 2635 13560 W ctxmgr : [AclManager]No 2 for (accnt=account#954201799#, com.google.android.gms(10013):UserLocationProducer, vrsn=12874000, 0, 3pPkg = null , 3pMdlId = null , pid = 2635). Was: 2 for 1, account#954201799#
08-03 22:36:16.329 2936 2952 I zygote64: Background concurrent copying GC freed 67452(2MB) AllocSpace objects, 4(200KB) LOS objects, 50% free, 14MB/28MB, paused 766us total 219.382ms
08-03 22:36:16.333 2635 2915 D WorkSource: Insert in WorkSource{} @ 0 uid 10013 name com.google.android.gms
08-03 22:36:16.342 2635 13560 D WorkSource: Insert in WorkSource{} @ 0 uid 10013 name com.google.android.gms
08-03 22:36:16.344 2635 2635 D WorkSource: i1=0 i2=0 N1=0: insert 10013 com.google.android.gms
08-03 22:36:16.344 2635 2635 D WorkSource: Insert in WorkSource{} @ 0 uid 10013 name com.google.android.gms
08-03 22:36:16.344 2635 2635 D WorkSource: i1=1 i2=0 N1=1: insert 10041 com.google.android.googlequicksearchbox
08-03 22:36:16.344 2635 2635 D WorkSource: Insert in WorkSource{10013 com.google.android.gms} @ 1 uid 10041 name com.google.android.googlequicksearchbox
08-03 22:36:16.350 2635 13560 W ctxmgr : [AclManager]No 2 for (accnt=account#-517948760#, com.google.android.gms(10013):UserLocationProducer, vrsn=12874000, 0, 3pPkg = null , 3pMdlId = null , pid = 2635). Was: 3 for 1, account#-517948760#
08-03 22:36:16.355 1155 3079 W ProcBatteryStats: timer is running , not start, name: , uid: 10013, tag: NlpWakeLock
08-03 22:36:16.362 2635 13560 D WorkSource: Insert in WorkSource{} @ 0 uid 10013 name com.google.android.gms
08-03 22:36:16.363 1155 15425 V BroadcastQueue: Finished with ordered broadcast BroadcastRecord{f757191 u0 com.google.android.contextmanager.producer.module.DetectedActivityProducer}
08-03 22:36:16.365 17506 17506 I Ads : JS Engine is requesting an update
08-03 22:36:16.368 2635 3198 D WorkSource: Insert in WorkSource{} @ 0 uid 10041 name com.google.android.googlequicksearchbox
08-03 22:36:16.378 2635 17723 I Places : ?: PlacesBleScanner start() with priority 2
08-03 22:36:16.378 2635 17723 D WorkSource: Insert in WorkSource{} @ 0 uid 10013 name com.google.android.gms
08-03 22:36:16.379 2635 17723 I PlaceInferenceEngine: [anon] Changed inference mode: 1
08-03 22:36:16.383 1155 1581 V BroadcastQueue: Finished with ordered broadcast BroadcastRecord{840ef64 u0 com.google.android.apps.gsa.search.core.location.ACTIVITY_DETECTION}
08-03 22:36:16.393 1155 1581 W ProcBatteryStats: timer is not running , not stop, name: , uid: 10013, tag: NlpWakeLock
08-03 22:36:16.396 2635 13560 D WorkSource: Insert in WorkSource{} @ 0 uid 10013 name com.google.android.gms
