08-03 22:36:48.380 1495 1495 W KeyguardViewMediator: at com.android.systemui.keyguard.KeyguardViewMediator.setWakeAndUnlocking(KeyguardViewMediator.java:2006)
08-03 22:36:48.380 1495 1495 W KeyguardViewMediator: at com.android.systemui.keyguard.KeyguardViewMediator.handleNotifyScreenTurnedOff(KeyguardViewMediator.java:2295)
08-03 22:36:48.380 1495 1495 W KeyguardViewMediator: at com.android.systemui.keyguard.KeyguardViewMediator.-wrap5(Unknown Source:0)
08-03 22:36:48.380 1495 1495 W KeyguardViewMediator: at com.android.systemui.keyguard.KeyguardViewMediator$4.handleMessage(KeyguardViewMediator.java:1758)
08-03 22:36:48.380 1495 1495 W KeyguardViewMediator: at android.os.Handler.dispatchMessage(Handler.java:108)
08-03 22:36:48.380 1495 1495 W KeyguardViewMediator: at android.os.Looper.loop(Looper.java:166)
08-03 22:36:48.380 1495 1495 W KeyguardViewMediator: at android.app.ActivityThread.main(ActivityThread.java:7425)
08-03 22:36:48.380 1495 1495 W KeyguardViewMediator: at java.lang.reflect.Method.invoke(Native Method)
08-03 22:36:48.380 1495 1495 W KeyguardViewMediator: at com.android.internal.os.Zygote$MethodAndArgsCaller.run(Zygote.java:245)
08-03 22:36:48.380 1495 1495 W KeyguardViewMediator: at com.android.internal.os.ZygoteInit.main(ZygoteInit.java:921)
08-03 22:36:48.380 1495 1495 W LockIcon: hideView: true
08-03 22:36:48.380 1495 1495 W HwKeyguardBottomArea: hideLockArea ScreenTurnedOff
08-03 22:36:48.380 1495 1495 W ChargingAnimController: Remove charging skip as not exist
08-03 22:36:48.381 1155 1183 E EasyWakeUpManager: isEasyWakeupEnabledByKernel false
08-03 22:36:48.382 1155 1183 D HwPhoneWindowManager: screenTurnedOff
08-03 22:36:48.382 1155 1183 D PickUpWakeScreenManager: mIsPickupSwitchOn is disable
08-03 22:36:48.382 1495 1495 W HwLockScreenPanel: Handle message: 13
08-03 22:36:48.384 1495 11030 D KeyguardService: Caller checkPermission fail
08-03 22:36:48.384 1495 11030 I KeyguardService: KGSvcCall onFinishedGoingToSleep.
08-03 22:36:48.384 1495 11030 D KeyguardViewMediator: onFinishedGoingToSleep(2)
08-03 22:36:48.384 1495 11030 D KeyguardViewMediator: notifyFinishedGoingToSleep
08-03 22:36:48.384 1495 11030 E KeyguardUpdateMonitor: isSimPinSecure mSimDatas is null or empty
08-03 22:36:48.384 2268 2386 I DeviceMonitor: Remove AudioIn uid:10041
08-03 22:36:48.384 2268 2386 I DeviceMonitor: last release audio in uid:10041 pid:-2
08-03 22:36:48.385 1155 1400 W LocalDisplayAdapter: @@@@@@ LocalDisplayAdapter--updateDeviceInfoLocked--change the mInfo to null
08-03 22:36:48.385 667 667 D SurfaceFlinger: Set power mode=0, type=0 flinger=0x780e25f000
08-03 22:36:48.385 1155 1180 W LocalDisplayAdapter: @@@@@@ LocalDisplayAdapter--getDisplayDeviceInfoLocked--mInfo = DisplayDeviceInfo{"Встроенный экран": uniqueId="local:0", 1080 x 2160, modeId 1, defaultModeId 1, supportedModes [{id=1, width=1080, height=2160, fps=60.000004}], colorMode 0, supportedColorModes [0], HdrCapabilities android.view.Display$HdrCapabilities@1d6308, density 480, 409.432 x 406.4 dpi, appVsyncOff 9000000, presDeadline 8666666, touch INTERNAL, rotation 0, type BUILT_IN, state OFF, FLAG_DEFAULT_DISPLAY, FLAG_ROTATES_WITH_CONTENT, FLAG_SECURE, FLAG_SUPPORTS_PROTECTED_BUFFERS}
08-03 22:36:48.385 1155 1180 I DisplayManagerService: Display device changed state: "Встроенный экран", OFF
08-03 22:36:48.385 1155 1180 W LogicalDisplay: @@@@@@ LogicalDisplay--updateLocked--mPrimaryDisplayDeviceInfo = DisplayDeviceInfo{"Встроенный экран": uniqueId="local:0", 1080 x 2160, modeId 1, defaultModeId 1, supportedModes [{id=1, width=1080, height=2160, fps=60.000004}], colorMode 0, supportedColorModes [0], HdrCapabilities android.view.Display$HdrCapabilities@1d6308, density 480, 409.432 x 406.4 dpi, appVsyncOff 9000000, presDeadline 8666666, touch INTERNAL, rotation 0, type BUILT_IN, state ON, FLAG_DEFAULT_DISPLAY, FLAG_ROTATES_WITH_CONTENT, FLAG_SECURE, FLAG_SUPPORTS_PROTECTED_BUFFERS}; deviceInfo = DisplayDeviceInfo{"Встроенный экран": uniqueId="local:0", 1080 x 2160, modeId 1, defaultModeId 1, supportedModes [{id=1, width=1080, height=2160, fps=60.000004}], colorMode 0, supportedColorModes [0], HdrCapabilities android.view.Display$HdrCapabilities@1d6308, density 480, 409.432 x 406.4 dpi, appVsyncOff 9000000, presDeadline 8666666, touch INTERNAL, rotation 0, type BUILT_IN, state OFF, FLAG_DEFAULT_DISPLAY, FLAG_ROTATES_WITH_CONTENT, FLAG_SECURE, FLAG_SUPPORTS_PROTECTED_BUFFERS}
08-03 22:36:48.386 645 998 I audio_hw_primary: do_in_standby standby: 0, in_device: 0x4
08-03 22:36:48.386 1495 11030 D KeyguardViewMediator: doKeyguard: showing the lock screen
08-03 22:36:48.387 1155 1155 I Settings: package: android modify screen_brightness_mode to 0
08-03 22:36:48.387 1495 11030 W MusicUtils: findCurrentMediaPlayPackage sessions size is 0
08-03 22:36:48.387 1495 11030 V MusicInfo: showing music false false
08-03 22:36:48.389 739 2421 D DE N SR : immidiatelyAction:243: DE_SCENE_ACTION_BACKLIGHT_CHANGE_OFF
08-03 22:36:48.389 739 2421 D DE N SR : immidiatelyAction:243: DE_SCENE_ACTION_SCREEN_OFF
08-03 22:36:48.393 1495 11030 W KeyguardViewMediator: HwKeyguardViewMediator showLocked.
08-03 22:36:48.393 1495 11030 I KeyguardViewMediator: showLocked
08-03 22:36:48.397 2268 2502 I BacklightControl: can't adjust backlight when app launch from other scene.
08-03 22:36:48.397 2268 2386 I APwBatteryMonitor: screen off start battery: 74
08-03 22:36:48.397 2268 2502 I ash : ash->screen off
08-03 22:36:48.397 2268 2386 I APwMonitor: run monitor start. init: true screen off: true
08-03 22:36:48.398 2268 2502 D ARMoudle.HwActivityRecognition: getSupportedActivities_O
08-03 22:36:48.398 2255 2267 D ARMoudle.ARHardware: mSupportedActivities:7
08-03 22:36:48.398 2268 2502 D ARMoudle.HwActivityRecognition: getSupportedActivities_O
08-03 22:36:48.399 2255 2267 D ARMoudle.ARHardware: mSupportedActivities:7
08-03 22:36:48.399 2268 2502 I MotionDetection: startHwMotionDetection reportLatencySec:200
08-03 22:36:48.399 2268 2502 D ARMoudle.HwActivityRecognition: enableActivityEvent
08-03 22:36:48.399 2268 2502 D ARMoudle.HwActivityRecognition: android.activity_recognition.still,1,200000000000
08-03 22:36:48.399 1155 1291 I InputReader: Reconfiguring input devices. changes=0x00000004
08-03 22:36:48.399 632 632 I ArData : (ar_enable_activity_event:1281):activity[4] event[1] latency[60000000000 ns]
08-03 22:36:48.400 1495 1747 W KeyguardViewMediator: setFloatTaskHide : true; reason : keyguardLocked
08-03 22:36:48.400 645 998 I audio_hw_primary: select_devices++ mode[0]
08-03 22:36:48.400 645 998 I audio_hw_primary: input_source_id 0, output_device_id 0
08-03 22:36:48.400 645 998 I audio_hw_primary: select_devices() devices 0x2 input src 0 output route none input route none in_device 0
08-03 22:36:48.400 645 998 I spk_dev_interface: spk_dev_power_off: use new smartpakit version
08-03 22:36:48.400 645 998 I smartpakit: pdata->device = 0, output_device = 0, pdata->mode = 0, mode = 0
08-03 22:36:48.400 645 998 I smartpakit: check the same status, skip!
08-03 22:36:48.400 645 998 I dsp_common: dsp_common_control_algo:set device = 0
08-03 22:36:48.400 1495 11030 W AppHandler: sendMessage 15
08-03 22:36:48.400 1495 1495 D KeyguardViewMediator: handleNotifyFinishedGoingToSleep
08-03 22:36:48.401 2268 2268 I SceneReceiver: state type: 20004 eventType:1 pid:0 uid:0 pkg:null
08-03 22:36:48.401 2268 3245 D HwThermalStateManager: current foreapp pkg : null
08-03 22:36:48.401 2268 3245 D HwThermalStateManager: handle thermal policy:20004
08-03 22:36:48.401 2268 3245 D HwThermalStateManager: Thermal type: 0 cur_temperature:37
08-03 22:36:48.401 2268 3245 I HwThermalStateManager: sensorType: 0, triggerLevel = 1, triggerAction :{ucurrent=1200, cpu=1306000, app_action=2, cpu_a15=1402000, thermal_safe_mode=0}
08-03 22:36:48.401 2268 3245 I ThermalAction: new ThermalAction
08-03 22:36:48.401 2268 3245 I HwThermalStateManager: sensor name: cpu temperature: 37 , thermal action: ucurrent policy:1200
08-03 22:36:48.402 645 998 I dsp_common: dsp_common_control_algo:set device = 0
08-03 22:36:48.402 2268 3245 I ThermalAction: new ThermalAction
08-03 22:36:48.402 645 998 I spk_dev_interface: spk_dev_power_on: use new smartpakit version
08-03 22:36:48.402 2268 3245 I HwThermalStateManager: sensor name: cpu temperature: 37 , thermal action: cpu policy:1306000
08-03 22:36:48.402 645 998 I smartpakit: pdata->device = 0, output_device = 0, pdata->mode = 0, mode = 0
08-03 22:36:48.402 645 998 I smartpakit: check the same status, skip!
08-03 22:36:48.402 645 998 I audio_hw_primary: select_devices--
08-03 22:36:48.402 632 632 I ArData : (ar_data_enable_activity_event:587):successfully
08-03 22:36:48.402 710 957 I APM_AudioPolicyManager: stopInput() input 238
08-03 22:36:48.402 632 632 I ArData : (ar_data_get_state:1203):id[2]
08-03 22:36:48.402 645 998 D audio_hw_primary: in_set_parameters_no_lock input_source: 0, in_device: 0
08-03 22:36:48.403 710 957 I APM_AudioPolicyManager: resetInputDevice() releaseAudioPatch returned 0, patchHandle 252
08-03 22:36:48.403 655 738 I uniperf server: setConfig clientId=2, tagLen=1, tags[0]=2, configs[0]=1306000
08-03 22:36:48.403 710 957 V SoundTrigger: setCaptureState(0)
08-03 22:36:48.403 710 957 V SoundTriggerHwService: setCaptureState 0
08-03 22:36:48.403 710 957 D APM_AudioPolicyManager: event 165
08-03 22:36:48.403 710 957 W HuaweiAudioFlinger: soundtrigger is now disable or not support, pls enable it first from setting
08-03 22:36:48.403 2268 3245 I ThermalUniPerf: ===success setFreq: lcpumax:2->1306000
08-03 22:36:48.403 2936 16414 I HwAudioRecordImpl: sendStateChangedIntent, state=1
08-03 22:36:48.403 2268 3245 I ThermalAction: new ThermalAction
08-03 22:36:48.403 2268 3245 I HwThermalStateManager: sensor name: cpu temperature: 37 , thermal action: app_action policy:2
08-03 22:36:48.404 2268 2502 D ARMoudle.HwActivityRecognition: enableActivityEvent
08-03 22:36:48.404 2268 2502 D ARMoudle.HwActivityRecognition: android.activity_recognition.still,2,200000000000
08-03 22:36:48.404 2268 3245 I LogPowerAdapter: do thermal temperature:37action:app_action value:2 sensorType:0 to PG
08-03 22:36:48.404 632 687 I ArData : (ar_data_netlink_cb:789):cmd[2].length[180]
08-03 22:36:48.404 2268 3245 I ThermalAction: new ThermalAction
08-03 22:36:48.404 2268 3245 I HwThermalStateManager: sensor name: cpu temperature: 37 , thermal action: cpu_a15 policy:1402000
08-03 22:36:48.404 632 632 I ArData : (ar_enable_activity_event:1281):activity[4] event[2] latency[60000000000 ns]
08-03 22:36:48.405 2268 3245 I ThermalUniPerf: ===success setFreq: bcpumax:5->1402000
08-03 22:36:48.405 655 738 I uniperf server: setConfig clientId=2, tagLen=1, tags[0]=5, configs[0]=1402000
08-03 22:36:48.406 632 632 I ArData : (ar_data_enable_activity_event:587):successfully
08-03 22:36:48.406 632 632 I ArData : (ar_data_get_state:1203):id[2]
08-03 22:36:48.406 2936 16414 I HwAudioRecordImpl: sendStateChangedIntent, state=1
08-03 22:36:48.406 1495 1495 D KeyguardViewMediator: handleShow
08-03 22:36:48.406 1495 1495 W KeyguardViewMediator: handleShow set WakeAndUnlocking false
08-03 22:36:48.408 710 3640 V APM_AudioPolicyManager: releaseInput() 238
08-03 22:36:48.408 710 3639 D AudioFlinger: event 163
08-03 22:36:48.408 710 3640 V APM_AudioPolicyManager: closeInput(238)
08-03 22:36:48.409 2936 16414 I MicrophoneInputStream: mic_close SR : 16000 CC : 16 SO : 1999
08-03 22:36:48.409 632 687 I ArData : (ar_data_netlink_cb:789):cmd[2].length[140]
08-03 22:36:48.409 2268 2502 I MotionDetection: enableMotionActivities, t: 200
08-03 22:36:48.410 2268 2502 D ARMoudle.HwActivityRecognition: enableActivityEvent
08-03 22:36:48.410 2268 2502 D ARMoudle.HwActivityRecognition: android.activity_recognition.running,1,200000000000
08-03 22:36:48.410 632 632 I ArData : (ar_enable_activity_event:1281):activity[3] event[1] latency[60000000000 ns]
08-03 22:36:48.410 1155 2301 I HwAftPolicyService: notifyKeyguardStateChange, Keyguard state has change to true
08-03 22:36:48.411 2268 2420 I MotionDetection: onActivityChanged: [ ActivityChangedEvent:
08-03 22:36:48.411 2268 2420 I MotionDetection: Activity='android.activity_recognition.still', EventType=2, TimestampNs=37106857
08-03 22:36:48.411 2268 2420 I MotionDetection: ]
08-03 22:36:48.411 2936 14496 I MicroRecognitionRunner: Detection finished
08-03 22:36:48.411 1495 1495 W StatusBarWindowManager: Apply window without WALLPAPER
08-03 22:36:48.411 1495 1495 W AppHandler: sendImmediateMessage 18 with args (1, 0)
08-03 22:36:48.411 1495 1495 W HwLockScreenPanel: Handle message: 18
08-03 22:36:48.412 2268 2386 I AppManager: [2776] depends 2936 playing audio.
08-03 22:36:48.412 2268 2386 I APwMonitor: skip 10060 depends on an active audio app.
08-03 22:36:48.414 645 998 I audio_hw_primary: do_in_standby standby: 1, in_device: 0
08-03 22:36:48.414 645 998 D dsp_interface: dsp_set_source:source = 0
08-03 22:36:48.414 645 998 D dsp_soc : set source 0 succ
08-03 22:36:48.414 645 998 I dsp_common: dsp_common_set_source:source = 0
08-03 22:36:48.414 710 3640 V APM_AudioPolicyManager: releaseInput() exit
08-03 22:36:48.414 632 632 I ArData : (ar_data_enable_activity_event:587):successfully
08-03 22:36:48.415 2268 2526 I InputManager: new hook event
08-03 22:36:48.415 632 632 I ArData : (ar_data_get_state:1203):id[2]
08-03 22:36:48.418 1495 1495 V KeyguardUpdateMonitor: *** register callback for com.android.keyguard.KeyguardHostView$1@f5a9931
08-03 22:36:48.418 1495 1495 V KeyguardUpdateMonitor: *** unregister callback for null
08-03 22:36:48.419 2268 2526 I InputManager: new hook event
08-03 22:36:48.421 1495 1495 V KeyguardSecurityView: showPrimarySecurityScreen(turningOff=false)
08-03 22:36:48.421 1495 1495 D KeyguardSecurityView: showSecurityScreen(None)
08-03 22:36:48.421 1495 1495 W StatusBarWindowManager: Apply window without WALLPAPER
08-03 22:36:48.422 2268 2502 D ARMoudle.HwActivityRecognition: enableActivityEvent
08-03 22:36:48.422 2268 2502 D ARMoudle.HwActivityRecognition: android.activity_recognition.walking,1,200000000000
08-03 22:36:48.423 632 632 I ArData : (ar_enable_activity_event:1281):activity[2] event[1] latency[60000000000 ns]
08-03 22:36:48.424 632 632 I ArData : (ar_data_enable_activity_event:587):successfully
08-03 22:36:48.424 632 632 I ArData : (ar_data_get_state:1203):id[2]
08-03 22:36:48.424 710 3640 V APM_AudioPolicyManager: listAudioPorts() role 0 type 0 num_ports 0 ports 0x76cf82d280
08-03 22:36:48.424 710 3640 V APM_AudioPolicyManager: listAudioPorts() got 0 ports needed 7
08-03 22:36:48.424 710 3640 V APM_AudioPolicyManager: listAudioPorts() role 0 type 0 num_ports 7 ports 0x76cf317000
08-03 22:36:48.425 710 3640 V APM_AudioPolicyManager: listAudioPorts() got 7 ports needed 7
08-03 22:36:48.425 1155 1155 I AudioSystem-JNI: listAudioPorts AudioSystem::listAudioPorts numPorts 7 generation 114 generation1 114
08-03 22:36:48.425 1155 1155 I HwAftPolicyService: call aft hidl keyguard showing state=true
08-03 22:36:48.426 662 662 E TS_Service: hwTsSetAftConfig
08-03 22:36:48.426 662 662 I TS_HAL : ts_set_aft_config:called
08-03 22:36:48.426 662 662 I aptouch_daemon, [--aptouch_interface_client--]: thp_execute_cmd_parms starting. cmd: aftouch.config.str
08-03 22:36:48.426 662 662 I aptouch_daemon, [--aptouch_interface_client--]: thp_execute_cmd_parms, the screen is not support debug cmd. is_thp(0), is_tpp_support_cmd(0)
08-03 22:36:48.426 1495 1495 I PhoneStatusBar: updateNotificationShade: total=7, active=6
08-03 22:36:48.426 1495 1495 W PhoneStatusBar: updateNotificationShade hasFaceDT: false; Detected:false
08-03 22:36:48.427 710 3640 V APM_AudioPolicyManager: listAudioPorts() role 0 type 0 num_ports 0 ports 0x76cf82d280
08-03 22:36:48.427 710 3640 V APM_AudioPolicyManager: listAudioPorts() got 0 ports needed 7
08-03 22:36:48.427 710 3640 V APM_AudioPolicyManager: listAudioPorts() role 0 type 0 num_ports 7 ports 0x76cf317000
08-03 22:36:48.427 710 3640 V APM_AudioPolicyManager: listAudioPorts() got 7 ports needed 7
08-03 22:36:48.427 1155 1155 I AudioSystem-JNI: listAudioPorts AudioSystem::listAudioPorts numPorts 7 generation 114 generation1 114
08-03 22:36:48.428 2268 2502 D ARMoudle.HwActivityRecognition: enableActivityEvent
08-03 22:36:48.428 2268 2502 D ARMoudle.HwActivityRecognition: android.activity_recognition.on_bicycle,1,200000000000
08-03 22:36:48.428 1495 1495 W StatusBarWindowManager: Apply window without WALLPAPER
08-03 22:36:48.429 632 632 I ArData : (ar_enable_activity_event:1281):activity[1] event[1] latency[60000000000 ns]
08-03 22:36:48.430 632 632 I ArData : (ar_data_enable_activity_event:587):successfully
08-03 22:36:48.430 632 632 I ArData : (ar_data_get_state:1203):id[2]
08-03 22:36:48.430 1495 1495 I HwNotificationCleanerImpl: onKeyguardStateChanged: changeToKeyguard=true;mSmartNotificationEnable=false
08-03 22:36:48.432 2268 2502 D ARMoudle.HwActivityRecognition: enableActivityEvent
08-03 22:36:48.432 1495 1495 W HwKeyguardDragHelper: AnimationBlocked
08-03 22:36:48.432 2268 2502 D ARMoudle.HwActivityRecognition: android.activity_recognition.in_vehicle,1,200000000000
08-03 22:36:48.432 1495 1495 I PhoneStatusBarView: remove mHideExpandedRunnable
08-03 22:36:48.432 1495 1495 I HwKeyguardBottomArea: HwKeyguardBottom setVisibility with error state
08-03 22:36:48.433 1495 1495 D QSContainer: setKeyguardShowing true, com.android.systemui.qs.QSContainer{812984f V.E...... ......ID 0,0-1080,499 #7f140409 app:id/quick_settings_container}
08-03 22:36:48.433 632 632 I ArData : (ar_enable_activity_event:1281):activity[0] event[1] latency[60000000000 ns]
08-03 22:36:48.433 1495 1495 I HwKeyguardBottomArea: HwKeyguardBottom setVisibility with error state
08-03 22:36:48.433 632 632 I ArData : (ar_data_enable_activity_event:587):successfully
08-03 22:36:48.434 1495 1495 I PhoneStatusBar: updateNotificationShade: total=7, active=3
08-03 22:36:48.434 1495 1495 W PhoneStatusBar: updateNotificationShade hasFaceDT: false; Detected:false
08-03 22:36:48.434 632 632 I ArData : (ar_data_get_state:1203):id[2]
08-03 22:36:48.435 2268 2502 I Network_Policy: device is charging or sharing network
08-03 22:36:48.435 2268 2420 I MotionDetection: lastEvent evnt: android.activity_recognition.still, type:2, current state: not_known
08-03 22:36:48.435 2268 2502 I Network_Policy: device is charging or sharing network
08-03 22:36:48.436 2268 2420 I MotionDetection: rev still_exit,need double check
08-03 22:36:48.436 632 687 I ArData : (ar_data_netlink_cb:789):cmd[2].length[140]
08-03 22:36:48.436 632 687 I chatty : uid=1000(system) activity_recogn identical 2 lines
08-03 22:36:48.436 632 687 I ArData : (ar_data_netlink_cb:789):cmd[2].length[140]
08-03 22:36:48.436 1495 1495 W StatusBarWindowManager: Apply window without WALLPAPER
08-03 22:36:48.436 1495 1495 W StatusBarKeyguardViewManager: set navBarVisible
08-03 22:36:48.437 1495 1495 D KeyguardUpdateMonitor: onKeyguardVisibilityChanged(true)
08-03 22:36:48.437 1495 1495 W BiometricController: kgsvc keyguard reshowing and set not InFaceUnlock
08-03 22:36:48.437 1495 1495 V KeyguardStatusView: refresh statusview showing:true
08-03 22:36:48.437 1495 1747 I KeyguardStatusView: Runnable for refresh
08-03 22:36:48.438 1495 1495 V KeyguardUpdateMonitor: FingerStat showing: false; Interactive: false; Switching: false; Bouncer:false; GoingToSleep: true Occluded: false; dreaming: false; Authenticated: false
08-03 22:36:48.438 1495 1495 I KeyguardUpdateMonitor: Ignore update FP: 0 false
08-03 22:36:48.438 1495 1495 W AppHandler: sendSingleMessage 10 with args (1, 1)
08-03 22:36:48.438 2575 6637 D [HwRecSys]HwRecSysService: onEvent actionID: 20004 msg:null
08-03 22:36:48.440 1495 1495 W StatusBarKeyguardViewManager: updateStates Show KeyguardStatusBar with clcok: false
08-03 22:36:48.441 1495 1495 W StatusBarWindowManager: Apply window without WALLPAPER
08-03 22:36:48.441 1495 1495 W StatusBarKeyguardViewManager: updateStates Show KeyguardStatusBar with clcok: false
08-03 22:36:48.445 1495 1495 W AppHandler: sendMessage 4
08-03 22:36:48.447 1495 1495 W HwKeyguardPolicy: KGSvcCall updateKeyguardState 1->1; false false
08-03 22:36:48.447 1495 1495 D PhoneStatusBar: Make expanded visible: expanded visible=false, force=true, panelsEnabled=true
08-03 22:36:48.447 1495 1495 W StatusBarWindowManager: Apply window without WALLPAPER
08-03 22:36:48.447 1495 1495 D PhoneStatusBar: disable: < expand ICONS* alerts SYSTEM_INFO* back home recent clock navigationbar search quick_settings
> 08-03 22:36:48.448 1495 1495 I PanelBar: panelExpansionChanged 0.0, true
08-03 22:36:48.448 1495 1495 D PhoneStatusBar: Make expanded visible: expanded visible=true, force=false, panelsEnabled=true
08-03 22:36:48.448 1495 1495 I PhoneStatusBarView: setAlpha with value : 0.0
08-03 22:36:48.449 1495 1495 D KeyguardViewBase: showPrimarySecurityScreen()
08-03 22:36:48.449 1495 1495 V KeyguardSecurityView: showPrimarySecurityScreen(turningOff=false)
08-03 22:36:48.449 1495 1495 D KeyguardSecurityView: showSecurityScreen(None)
08-03 22:36:48.450 1495 1495 D KeyguardUpdateMonitor: sendKeyguardReset
08-03 22:36:48.450 1495 1495 W StatusBarKeyguardViewManager: updateStates Show KeyguardStatusBar with clcok: false
08-03 22:36:48.450 1495 1495 W KeyguardViewMediator: setWakeAndUnlocking false
08-03 22:36:48.450 1495 1495 W KeyguardViewMediator: java.lang.Exception
08-03 22:36:48.450 1495 1495 W KeyguardViewMediator: at com.android.systemui.keyguard.KeyguardViewMediator.setWakeAndUnlocking(KeyguardViewMediator.java:2006)
08-03 22:36:48.450 1495 1495 W KeyguardViewMediator: at com.android.systemui.keyguard.KeyguardViewMediator.handleShow(KeyguardViewMediator.java:1990)
08-03 22:36:48.450 1495 1495 W KeyguardViewMediator: at com.android.systemui.keyguard.HwKeyguardViewMediator.handleShow(HwKeyguardViewMediator.java:705)
08-03 22:36:48.450 1495 1495 W KeyguardViewMediator: at com.android.systemui.keyguard.KeyguardViewMediator$4.handleMessage(KeyguardViewMediator.java:1729)
08-03 22:36:48.450 1495 1495 W KeyguardViewMediator: at android.os.Handler.dispatchMessage(Handler.java:108)
08-03 22:36:48.450 1495 1495 W KeyguardViewMediator: at android.os.Looper.loop(Looper.java:166)
08-03 22:36:48.450 1495 1495 W KeyguardViewMediator: at android.app.ActivityThread.main(ActivityThread.java:7425)
08-03 22:36:48.450 1495 1495 W KeyguardViewMediator: at java.lang.reflect.Method.invoke(Native Method)
08-03 22:36:48.450 1495 1495 W KeyguardViewMediator: at com.android.internal.os.Zygote$MethodAndArgsCaller.run(Zygote.java:245)
08-03 22:36:48.450 1495 1495 W KeyguardViewMediator: at com.android.internal.os.ZygoteInit.main(ZygoteInit.java:921)
08-03 22:36:48.451 1495 1495 E KeyguardUpdateMonitor: isSimPinSecure mSimDatas is null or empty
08-03 22:36:48.451 1495 1495 D KeyguardViewMediator: adjustStatusBarLocked: mShowing=true mOccluded=false isSecure=false --> flags=0x3600000
08-03 22:36:48.453 1495 1495 V KeyguardDisplayManager: show
08-03 22:36:48.453 1495 1495 E HiddenSpace: update HiddenSpaceData!
08-03 22:36:48.453 1495 1799 W KeyguardViewMediator: updateActivityLockScreenState setLockScreenShown: true
08-03 22:36:48.454 2268 2526 I InputManager: new hook event
08-03 22:36:48.454 1495 1495 I HiddenSpace: don't find the hidden space userId!
08-03 22:36:48.455 1495 1495 V KeyguardUpdateMonitor: setKeyguardViewState: true-false
08-03 22:36:48.455 1495 1495 W AppHandler: sendImmediateMessage 10 with args (3, 0)
08-03 22:36:48.456 1495 1495 W KgBattery: getCharge info with type: text
08-03 22:36:48.459 1495 1495 I HwBackDropView: restore param to 0
08-03 22:36:48.459 1495 1495 W HwBackDropView: setDrawBehindAsSrc skipped. null
08-03 22:36:48.459 1495 1495 I HwBackDropView: checkVisibility : true; true
08-03 22:36:48.459 1495 1495 I MagazineView: forceToUpdate imageView
08-03 22:36:48.459 1495 1495 I HwBackDropView: when SIM state changed, check to update fyuse pic
08-03 22:36:48.460 1495 1495 W HwKeyguardBottomArea: updateBatteryInfo : false true
08-03 22:36:48.460 1495 1495 E KeyguardUpdateMonitor: isSimPinSecure mSimDatas is null or empty
08-03 22:36:48.461 1495 1495 W HwKeyguardBottomArea: updateBatteryInfo : false true
08-03 22:36:48.461 1495 1495 W HwKeyguardBottomArea: updateBatteryInfo : false true
08-03 22:36:48.461 1495 1495 D MagazineDetailView: resetPagerState
08-03 22:36:48.461 1495 1495 D MagazineSwitchViewPager: invoke callSetCurrentItemInternal
08-03 22:36:48.463 1495 1495 W HwLockScreenPanel: Handle message: 10
08-03 22:36:48.465 1495 1495 W KG_FDT : unregisterSensor. face dectect finish
08-03 22:36:48.465 1495 1495 W KG_FDT : stop dectect but already disconnected or already in state=0
08-03 22:36:48.465 1495 1495 I KG_FDT : Configuration update < 0 no hide>
08-03 22:36:48.465 1495 1495 W KG_FDT : setShowSensitiveNotification skiped.false hide :false
08-03 22:36:48.466 2255 2267 D AntiBruteForceProcessor: RemainingAuthenticateNum = 5
08-03 22:36:48.466 1155 6503 D ActivityManager: setLockScreenShown showing : true callingPid = 1495
08-03 22:36:48.466 1495 1495 V KG_FDT : updateFaceLockInfo to chance ( 5 <--> 0)
08-03 22:36:48.466 1495 1495 V KeyguardUpdateMonitor: keyguard enter lock
08-03 22:36:48.466 1495 1495 W AppHandler: sendImmediateMessage 12 with args (0, 0)
08-03 22:36:48.467 1495 1495 W HwLockScreenPanel: Handle message: 12
08-03 22:36:48.467 1495 1495 W HwLockScreenPanel: MSG_KEYGUARD_SHOWING
08-03 22:36:48.477 1155 16780 D WindowManager: face_rotation: isIntelliServiceEnabled: ro swtich off
08-03 22:36:48.477 1155 16780 I WindowManager: rotationForOrientationLw(orient=5, last=0); user=0
08-03 22:36:48.477 1155 16780 D WindowManager: face_rotation: isIntelliServiceEnabled: ro swtich off
08-03 22:36:48.477 1155 16780 D HwPhoneWindowManager: face_rotation: not enabled,use sensor real
08-03 22:36:48.477 1155 16780 D HwPhoneWindowManager: face_rotation:real sensor rotation = -1
08-03 22:36:48.477 1155 16780 D HwPhoneWindowManager: face_rotation: rotation = 0
08-03 22:36:48.477 1155 16780 I WindowManager: Selected orientation 5, got rotation 0 which has compatible metrics
08-03 22:36:48.488 667 2625 E BufferQueueProducer: [com.huawei.android.launcher/com.huawei.android.launcher.unihome.UniHomeLauncher#0] disconnect: not connected (req=1)
08-03 22:36:48.488 667 2625 E BufferQueueProducer: [com.huawei.android.launcher/com.huawei.android.launcher.unihome.UniHomeLauncher#1] disconnect: not connected (req=1)
08-03 22:36:48.488 2936 3077 W libEGL : EGLNativeWindowType 0x7e3c349010 disconnect failed
08-03 22:36:48.488 2776 2974 W libEGL : EGLNativeWindowType 0x7e4c172010 disconnect failed
08-03 22:36:48.520 768 875 E JankService: JankFrequencyMonitor action return :0
08-03 22:36:48.607 2268 2386 D APwMonitor: run monitor end.
08-03 22:36:48.608 2268 2386 I PG_DBS_MAIN: ID_SCREEN_OFF
08-03 22:36:48.608 2268 2386 I PGServer: report state:1 event type:2 pid:2936 uid:10041 pkg:null to pid: 1155
08-03 22:36:48.608 2268 2386 D AudioState: auido type:in state:stop pid:2936 uid:10041
08-03 22:36:48.608 2268 2386 I ThermalStateService: thermal app_action step = 2 temperature = 37
08-03 22:36:48.608 2268 2386 I PGServer: report state:9 event type:0 pid:37 uid:0 pkg:2 to pid: 2268
08-03 22:36:48.729 667 839 E IPCThreadState: binder thread pool (4 threads) starved for 249 ms
08-03 22:36:48.730 1155 1400 D SurfaceControl: Excessive delay in setPowerMode(): 344ms
08-03 22:36:48.730 1155 1400 D libfingersense_wrapper: Searching fingersense_on_pause symbol
08-03 22:36:48.731 1155 1400 E libfingersense_wrapper: libfingersense.so was not loaded
08-03 22:36:48.734 1155 16780 W WindowManager: reset canBeSeen for statusbar when keyguard on
08-03 22:36:48.738 1155 2301 E WindowManager: win=Window{d1a5ce u0 com.huawei.android.launcher/com.huawei.android.launcher.unihome.UniHomeLauncher} destroySurfaces: appStopped=true win.mWindowRemovalAllowed=false win.mRemoveOnExit=false
08-03 22:36:48.740 1155 2301 I WindowManager: Destroying surface Surface(name=com.huawei.android.launcher/com.huawei.android.launcher.unihome.UniHomeLauncher) called by com.android.server.wm.WindowStateAnimator.destroySurface:2066 com.android.server.wm.WindowStateAnimator.destroySurfaceLocked:879 com.android.server.wm.HwWindowStateAnimator.destroySurfaceLocked:1006 com.android.server.wm.WindowState.destroyOrSaveSurfaceUnchecked:2990 com.android.server.wm.WindowState.destroySurface:2951 com.android.server.wm.WindowManagerService.tryStartExitingAnimation:2620 com.android.server.wm.WindowManagerService.relayoutWindow:2449 com.android.server.wm.Session.relayout:234
08-03 22:36:48.743 667 1424 E BufferQueueProducer: [StatusBar#0] disconnect: not connected (req=1)
08-03 22:36:48.743 1495 1929 W libEGL : EGLNativeWindowType 0x7e4aa64010 disconnect failed
08-03 22:36:48.744 1155 2301 W WindowManager: reset canBeSeen for statusbar when keyguard on
08-03 22:36:48.746 1495 1929 D mali_winsys: EGLint new_window_surface(egl_winsys_display *, void *, EGLSurface, EGLConfig, egl_winsys_surface **, egl_color_buffer_format *, EGLBoolean) returns 0x3000
08-03 22:36:48.748 1155 8132 E WindowManager: win=Window{82bc611 u0 com.huawei.android.launcher/com.huawei.android.launcher.unihome.UniHomeLauncher} destroySurfaces: appStopped=true win.mWindowRemovalAllowed=false win.mRemoveOnExit=false
08-03 22:36:48.749 1155 8132 I WindowManager: Destroying surface Surface(name=com.huawei.android.launcher/com.huawei.android.launcher.unihome.UniHomeLauncher) called by com.android.server.wm.WindowStateAnimator.destroySurface:2066 com.android.server.wm.WindowStateAnimator.destroySurfaceLocked:879 com.android.server.wm.HwWindowStateAnimator.destroySurfaceLocked:1006 com.android.server.wm.WindowState.destroyOrSaveSurfaceUnchecked:2990 com.android.server.wm.WindowState.destroySurface:2951 com.android.server.wm.WindowManagerService.tryStartExitingAnimation:2620 com.android.server.wm.WindowManagerService.relayoutWindow:2449 com.android.server.wm.Session.relayout:234
08-03 22:36:48.753 1155 8132 W WindowManager: reset canBeSeen for statusbar when keyguard on
08-03 22:36:48.753 1495 1495 W HwKeyguardDragHelper: AnimationBlocked
08-03 22:36:48.753 2776 2776 V ActivityThread: Handle window ActivityRecord{1ca12a5 token=android.os.BinderProxy@bd86555 {com.huawei.android.launcher/com.huawei.android.launcher.unihome.UniHomeLauncher}} visibility: false
08-03 22:36:48.762 1495 1495 W PanelView: set notification panel padding = 1676
08-03 22:36:48.762 1495 1495 I PanelView: requestScrollerTopPaddingUpdate: ignoreIntrinsicPadding=true
08-03 22:36:48.765 1155 1172 W Looper : Dispatch took 317ms on android.ui, h=Handler (com.android.server.am.ActivityManagerService$UiHandler) {a96de2b} cb=null msg=53
08-03 22:36:48.766 1155 1172 I HwPhoneWindowManager: OverscanTimeout run
08-03 22:36:48.768 1495 1495 I PanelView: requestScrollerTopPaddingUpdate: ignoreIntrinsicPadding=false
08-03 22:36:48.768 1495 1495 W PanelView: set mBlockAnimation false
08-03 22:36:48.770 1495 1495 W View : requestLayout() improperly called by com.android.systemui.statusbar.ExpandableNotificationRow{122e076 VFE...C.. ......ID 0,0-1056,239} during layout: running second layout pass
08-03 22:36:48.771 1495 1495 W HwKeyguardDragHelper: AnimationBlocked
08-03 22:36:48.771 1495 1495 W PanelView: set notification panel padding = 1676
08-03 22:36:48.771 1495 1495 W PanelView: set mBlockAnimation false
08-03 22:36:48.772 1495 1495 W PanelView: set notification panel padding = 1676
08-03 22:36:48.772 1495 1495 W StatusBarWindowManager: Apply window without WALLPAPER
08-03 22:36:48.772 1495 1495 W StatusBarWindowManager: Apply window without WALLPAPER
08-03 22:36:48.787 1155 1166 W ActivityManager: Sending non-protected broadcast com.android.systemui.statusbar.visible.change from system 1495:com.android.systemui/u0a40 pkg com.android.systemui
08-03 22:36:48.787 1155 1166 W ActivityManager: Sending non-protected broadcast com.android.systemui.statusbar.visible.change from system 1495:com.android.systemui/u0a40 pkg com.android.systemui
08-03 22:36:48.792 2268 2502 I ash : screen off not care panel fully open
08-03 22:36:48.794 1155 1155 D HwWifiCHRStateManager: handlUpdateScreenState screen on is 0
08-03 22:36:48.796 663 663 E WifiHAL : enter wifi_get_link_stats
08-03 22:36:48.799 1407 1407 D wpa_supplicant: wpa_driver_nl80211_driver_cmd:cmd = SETSUSPENDMODE 1
08-03 22:36:48.799 1407 1407 D wpa_supplicant: wpa_driver_nl80211_driver_cmd: 1:ifr_name= wlan0,buf:SETSUSPENDMODE 1 ,len = 16
08-03 22:36:48.800 1407 1407 D wpa_supplicant: wpa_driver_nl80211_driver_cmd SETSUSPENDMODE 1 len = 0, 16
08-03 22:36:48.801 1155 1155 D HwInnerWifiManagerImpl: SupplicantState = COMPLETED
08-03 22:36:48.801 1155 1155 D HwInnerWifiManagerImpl: isPhoneAP = false
08-03 22:36:48.803 1155 1155 D HwWifiP2pService: onReceive, action:android.intent.action.SCREEN_OFF
08-03 22:36:48.804 1155 1330 D WifiP2pService: InactiveState143467
08-03 22:36:48.804 1155 1330 E HwWifiP2pService: Unhandled message when=3221024 what=143467 arg1=0 arg2=0
08-03 22:36:48.804 1155 1330 D WifiP2pService: P2pEnabledState when=3221024 what=143467 arg1=0 arg2=0
08-03 22:36:48.804 1155 1330 D WifiP2pService: DefaultState{ when=-1ms what=143467 target=com.android.internal.util.StateMachine$SmHandler }
08-03 22:36:48.804 1155 1330 D HwWifiP2pService: SleepPolicy:2
08-03 22:36:48.804 1155 1330 D HwWifiP2pService: wifi or p2p is not connected.
08-03 22:36:48.806 656 656 D lights : set_light_notification not set for battery_light is on
08-03 22:36:48.809 656 656 D lights : set_light_battery colorRGB=00000000, onMS=0, offMS=0
08-03 22:36:48.812 656 656 D lights : set_light_battery colorRGB=FFFFFF00, onMS=500, offMS=2000
08-03 22:36:48.816 645 944 I spk_dev_interface: spk_set_parameters: use new smartpakit version
08-03 22:36:48.823 1155 1155 D HwBastetService: BroadcastReceiver android.intent.action.SCREEN_OFF
08-03 22:36:48.825 638 638 I GRALLOC : shrFd=10,fmt=0x1,intFmt=0x200000001,btStrd=4352,size=9547776,pid=638
08-03 22:36:48.825 638 638 I GRALLOC : yuv=2,w=1080,h=2160,Stride u=0 v=0,offset u=0 v=0
08-03 22:36:48.825 638 638 I GRALLOC : iova_size=9547776,conUsg=0xb00,proUsg=0xb00, strd=1088,[afbc]HdrStrd=1088 PyldStrd=69632 Scrmbl=0,ionhnd = 1
08-03 22:36:48.826 1155 1155 D EmcomManagerService: EmcomManagerReceiver actionandroid.intent.action.SCREEN_OFF
08-03 22:36:48.826 1155 1365 D EmcomManagerService: doBroadcastMessage action id: 7
08-03 22:36:48.826 1155 1365 D EmcomManagerService: handlerScreenStatus actionId = 7
08-03 22:36:48.826 1155 1365 D ParaManager: updateScreenStatus screenStatus = 2
08-03 22:36:48.829 1155 1155 D WifiService: onReceive, action:android.intent.action.SCREEN_OFF
08-03 22:36:48.831 1155 1365 D HighSpeedDevicesManager: reportScreenState CONNECTED_DEVICE_STATE_OFF.
08-03 22:36:48.831 1155 1365 D XEngineProcessor: delayToHandleScreenStatusChanged : 7
08-03 22:36:48.831 1155 1365 D HicomPolicyManager: delayToHandleScreenStatusChanged : 7
08-03 22:36:48.839 1155 1383 E hwintelligencewifi: DefaultState MSG_SCREEN_OFF mIsAutoOpenSearch = false
08-03 22:36:48.842 1429 1429 D HwKeyguardManagerImpl: isLockScreenDisabled HwKeyguardManagerImpl result = false
08-03 22:36:48.847 1155 6503 D NetdConnector: SND -> {376 bandwidth gettetherstats}
08-03 22:36:48.849 1155 1313 D NetdConnector: RCV <- {200 376 Tethering stats list completed}
08-03 22:36:48.853 667 851 E BufferQueueProducer: [NavigationBar#0] disconnect: not connected (req=1)
08-03 22:36:48.853 1495 1929 W libEGL : EGLNativeWindowType 0x7e46588010 disconnect failed
08-03 22:36:48.855 1155 6503 W NetworkStatsFactory: mStatsXtProcUid: /proc/net/comm/stats does not exist!
08-03 22:36:48.855 1155 6503 D HwNetworkStatsService: hwRecordUidAndProcSnapshotLocked currentTime = 1533325008844
08-03 22:36:48.858 1155 1166 W WindowManager: reset canBeSeen for statusbar when keyguard on
08-03 22:36:48.860 1155 6503 I NetworkStatsFactory: javaReadNetworkStatsUidAndProcDetail. cost time = 5
08-03 22:36:48.863 1155 6503 D HwNetworkStatsService: hwMaybeUidAndProcPersistLocked currentTime = 1533325008844
08-03 22:36:48.863 1495 1495 D ImageWallpaper: onVisibilityChanged: mVisible, visible=true, false
08-03 22:36:48.863 1495 1495 D ImageWallpaper: Visibility changed to visible=false
08-03 22:36:48.864 1495 1495 D KeyguardViewMediator: send keyguard locked intent
08-03 22:36:48.865 1155 1166 W ActivityManager: Sending non-protected broadcast com.android.keyguard.keyguardlocked from system 1495:com.android.systemui/u0a40 pkg com.android.systemui
08-03 22:36:48.866 1495 1495 W AppHandler: sendMessage 21 with args (2, 0)
08-03 22:36:48.866 1495 1495 V KeyguardStatusView: Disable transport text marquee
08-03 22:36:48.866 1495 1495 V KeyguardUpdateMonitor: FingerStat showing: true; Interactive: false; Switching: false; Bouncer:false; GoingToSleep: false Occluded: false; dreaming: false; Authenticated: false
08-03 22:36:48.866 1495 1495 I KeyguardUpdateMonitor: Ignore update FP: 0 false
08-03 22:36:48.866 1495 1495 W HwBackDropView: MSG_FINISHED_GOING_SLEEP isQsExpanded false
08-03 22:36:48.866 1495 1495 I HwBackDropView: restore param to 0
08-03 22:36:48.867 1495 1495 I HwBackDropView: checkVisibility : true; true
08-03 22:36:48.867 1495 1495 W HwKeyguardBottomArea: updateBatteryInfo : false true
08-03 22:36:48.868 1495 1495 E KeyguardUpdateMonitor: isSimPinSecure mSimDatas is null or empty
08-03 22:36:48.868 1495 1495 W HwKeyguardBottomArea: updateBatteryInfo : false true
08-03 22:36:48.869 1495 1495 W HwKeyguardBottomArea: updateBatteryInfo : false true
08-03 22:36:48.869 1495 1495 D MagazineDetailView: resetPagerState
08-03 22:36:48.869 1495 1495 D MagazineSwitchViewPager: invoke callSetCurrentItemInternal
08-03 22:36:48.871 1495 1495 W HwLockScreenPanel: Handle message: 15
08-03 22:36:48.872 1495 1495 W HwLockScreenPanel: Handle message: 4
08-03 22:36:48.872 1495 1495 D KeyguardUpdateMonitor: handleKeyguardReset
08-03 22:36:48.873 1495 1495 V KeyguardUpdateMonitor: FingerStat showing: true; Interactive: false; Switching: false; Bouncer:false; GoingToSleep: false Occluded: false; dreaming: false; Authenticated: false
08-03 22:36:48.873 1495 1495 I KeyguardUpdateMonitor: Ignore update FP: 0 false
08-03 22:36:48.874 1495 1495 D ToolBoxView: mOrderShortCutLayout
08-03 22:36:48.874 1495 1495 V ToolBoxView: icon 4 is visible: true
08-03 22:36:48.874 1495 1495 D ToolBoxView: mOrderShortCutLayout
08-03 22:36:48.875 1495 1495 V ToolBoxView: icon 3 is visible: true
08-03 22:36:48.875 1495 1495 D ToolBoxView: mOrderShortCutLayout
08-03 22:36:48.875 1495 1495 V ToolBoxView: icon 2 is visible: true
08-03 22:36:48.875 1495 1495 D ToolBoxView: mOrderShortCutLayout
08-03 22:36:48.875 1495 1495 V ToolBoxView: icon 1 is visible: true
08-03 22:36:48.875 1495 1495 D ToolBoxView: mOrderShortCutLayout
08-03 22:36:48.875 1495 1495 V ToolBoxView: icon 0 is visible: true
08-03 22:36:48.875 1495 1495 D ToolBoxView: mOrderIconExpandViews
08-03 22:36:48.875 1495 1495 I chatty : uid=10040(u0_a40) com.android.systemui identical 2 lines
08-03 22:36:48.875 1495 1495 D ToolBoxView: mOrderIconExpandViews
08-03 22:36:48.876 1495 1495 W KgBattery: getCharge info with type: text
08-03 22:36:48.878 1495 1495 I HwBackDropView: restore param to 0
08-03 22:36:48.878 1495 1495 I HwBackDropView: checkVisibility : true; true
08-03 22:36:48.878 1495 1495 I MagazineView: forceToUpdate imageView
08-03 22:36:48.878 1495 1495 I HwBackDropView: when SIM state changed, check to update fyuse pic
08-03 22:36:48.879 1495 1495 W HwKeyguardBottomArea: updateBatteryInfo : false true
08-03 22:36:48.879 1495 1495 E KeyguardUpdateMonitor: isSimPinSecure mSimDatas is null or empty
08-03 22:36:48.880 1495 1495 W HwKeyguardBottomArea: updateBatteryInfo : false true
08-03 22:36:48.880 1495 1495 W HwKeyguardBottomArea: updateBatteryInfo : false true
08-03 22:36:48.880 1495 1495 D MagazineDetailView: resetPagerState
08-03 22:36:48.880 1495 1495 D MagazineSwitchViewPager: invoke callSetCurrentItemInternal
08-03 22:36:48.882 1495 1495 W HwLockScreenPanel: Handle message: 10
08-03 22:36:48.888 1495 1495 D BarTransitions.HwNavigationBarView: MODE_TRANSLUCENT -> MODE_TRANSPARENT animate=false
08-03 22:36:48.888 1495 1495 D BarTransitions.HwNavigationBarView: applyModeBackground oldMode=MODE_TRANSLUCENT newMode=MODE_TRANSPARENT animate=false
08-03 22:36:48.888 1495 1495 D PhoneStatusBar: disable: < expand ICONS alerts SYSTEM_INFO BACK* HOME* RECENT* clock navigationbar SEARCH* quick_settings
> 08-03 22:36:48.888 1495 1495 V MagazineDetailView: Wallpaper changed
08-03 22:36:48.888 1495 1495 V MagazineUtils: Is User Assigned Wallpaper? : 0 false
08-03 22:36:48.888 1495 1495 D KGWallpaper_Magazine: getNextIndex: 0; from 22 to 22; size: 40
08-03 22:36:48.890 1495 17871 I ToolBoxView: updateFlashlightViewInner:isAvailabletrue;isEnabledfalse;lightControllercom.android.systemui.statusbar.policy.FlashlightController@66d1bdc
08-03 22:36:48.890 1495 1747 D KGWallpaper_Magazine: getNextIndex: 1; from 22 to 23; size: 40
08-03 22:36:48.890 1495 1495 E LocalLinkTextView: setDescription without uselink line!
08-03 22:36:48.894 1495 1747 W ExifData: The ifdData is null error!
08-03 22:36:48.895 1495 1747 D KGWallpaper_Magazine: getNextIndex: 0; from 22 to 22; size: 40
08-03 22:36:48.895 1495 1747 W ExifData: The ifdData is null error!
08-03 22:36:48.896 1495 1747 D KGWallpaper_Magazine: getNextIndex: -1; from 22 to 21; size: 40
08-03 22:36:48.896 1495 1747 W ExifData: The ifdData is null error!
08-03 22:36:48.897 1495 1495 D KGWallpaper_Magazine: getNextIndex: 0; from 22 to 22; size: 40
08-03 22:36:48.897 1495 1495 V MagazineUtils: Is User Assigned Wallpaper? : 0 false
08-03 22:36:48.899 1495 1495 V MagazineUtils: Is User Assigned Wallpaper? : 0 false
08-03 22:36:48.899 1495 1495 D KGWallpaper_Magazine: getNextIndex: 0; from 22 to 22; size: 40
08-03 22:36:48.899 1495 1747 D KGWallpaper_Magazine: getNextIndex: 1; from 22 to 23; size: 40
08-03 22:36:48.900 1495 1747 W ExifData: The ifdData is null error!
08-03 22:36:48.900 1495 1747 D KGWallpaper_Magazine: getNextIndex: 0; from 22 to 22; size: 40
08-03 22:36:48.901 1495 1495 I HwBackDropView: update Wallpaper with Bokeh.
08-03 22:36:48.901 1495 1495 W HwLockScreenPanel: Handle message: 21
08-03 22:36:48.901 1495 1747 W ExifData: The ifdData is null error!
08-03 22:36:48.902 1495 1747 D KGWallpaper_Magazine: getNextIndex: -1; from 22 to 21; size: 40
08-03 22:36:48.902 1495 1747 W ExifData: The ifdData is null error!
08-03 22:36:48.902 1495 1495 W HwKeyguardDragHelper: AnimationBlocked
08-03 22:36:48.903 1495 1495 W PanelView: set notification panel padding = 1676
08-03 22:36:48.903 1495 1495 W PanelView: set mBlockAnimation false
08-03 22:36:48.905 1495 1747 D KGWallpaper_Magazine: getNextIndex: 1; from 22 to 23; size: 40
08-03 22:36:48.905 1495 1747 W ExifData: The ifdData is null error!
08-03 22:36:48.906 1495 1747 D KGWallpaper_Magazine: getNextIndex: 0; from 22 to 22; size: 40
08-03 22:36:48.906 1495 1747 W ExifData: The ifdData is null error!
08-03 22:36:48.907 1495 1747 D KGWallpaper_Magazine: getNextIndex: -1; from 22 to 21; size: 40
08-03 22:36:48.909 1495 1747 W ExifData: The ifdData is null error!
08-03 22:36:48.920 1155 1155 I MQoS : onSignal: mSubId=1,currDataSubID=0
08-03 22:36:48.920 1155 1155 I MQoS : received cell-signal:5
08-03 22:36:48.924 1495 1719 I HwMobileSignalController(1): subId:1 phoneType:1 networktype:2 targetClass:1 masterLevel:4 slaveLevel:-1
08-03 22:36:48.932 638 638 I GRALLOC : shrFd=10,fmt=0x1,intFmt=0x200000001,btStrd=4352,size=9547776,pid=638
08-03 22:36:48.932 638 638 I GRALLOC : yuv=2,w=1080,h=2160,Stride u=0 v=0,offset u=0 v=0
08-03 22:36:48.932 638 638 I GRALLOC : iova_size=9547776,conUsg=0xb00,proUsg=0xb00, strd=1088,[afbc]HdrStrd=1088 PyldStrd=69632 Scrmbl=0,ionhnd = 1
08-03 22:36:48.941 1155 8132 D WindowManager: finishDrawingWindow: Window{fd89218 u0 StatusBar} mDrawState=DRAW_PENDING
08-03 22:36:48.943 1155 1267 W WindowManager: reset canBeSeen for statusbar when keyguard on
08-03 22:36:48.946 1495 1495 W HwKeyguardBottomArea: updateBatteryInfo : false true
08-03 22:36:48.947 1495 1495 E KeyguardUpdateMonitor: isSimPinSecure mSimDatas is null or empty
08-03 22:36:48.947 1495 1495 W HwKeyguardBottomArea: updateBatteryInfo : false true
08-03 22:36:48.948 1495 1495 W HwKeyguardBottomArea: updateBatteryInfo : false true
08-03 22:36:48.948 1495 1747 I WeatherUtils: getCurrentWeatherInfo currentTemperature is :23.0 mWeatherIcon Id is: 38
08-03 22:36:48.953 1495 1747 I WeatherUtils: getCurrentWeatherInfo currentTemperature is :23.0 mWeatherIcon Id is: 38
08-03 22:36:48.953 1495 1747 D WeatherHelper: homeWeatherInfo = com.huawei.keyguard.events.weather.WeatherInfo@8e8c5b4
08-03 22:36:48.960 1495 1495 W HwKeyguardDragHelper: AnimationBlocked
08-03 22:36:48.960 1495 1495 W PanelView: set notification panel padding = 1676
08-03 22:36:48.961 1495 1495 W PanelView: set mBlockAnimation false
08-03 22:36:48.961 1495 1495 I HwMobileSignalController(1): getTypeIconHuawei: mIsShowNetworkType is false and return 0
08-03 22:36:48.962 1155 2229 D HwLocationManagerService: receive broadcast intent, action: android.intent.action.SCREEN_OFF
08-03 22:36:48.964 1495 1495 D DateTimeView: Change to single clock mode!
08-03 22:36:48.964 1155 1155 I HwActivityManagerService: OverscanTimeout run
08-03 22:36:48.969 1495 1495 W ResourceType: No package identifier when getting value for resource number 0x00000000
08-03 22:36:48.969 1495 1495 E HwNotchUtils: setIconForView iconId is not found
08-03 22:36:48.971 1495 1495 W ResourceType: No package identifier when getting value for resource number 0x00000000
08-03 22:36:48.971 1495 1495 E HwNotchUtils: setIconForView iconId is not found
08-03 22:36:48.983 1495 1495 W HwKeyguardDragHelper: AnimationBlocked
08-03 22:36:48.983 1495 1495 W PanelView: set notification panel padding = 1676
08-03 22:36:48.983 1495 1495 W PanelView: set mBlockAnimation false
08-03 22:36:48.987 1155 2229 D GnssLocationProvider: receive broadcast intent, action: android.intent.action.SCREEN_OFF
08-03 22:36:48.987 1155 2229 I GnssLocationProvider: disableGps:false isEnabled()=true
08-03 22:36:48.990 1495 2055 D NetworkController.MobileSignalController(0): mSimSubId:0 onDataActivity: direction=0
08-03 22:36:48.992 1495 2055 D NetworkController.MobileSignalController(0): mSimSubId:0 onDataActivity: direction=0
08-03 22:36:48.996 1495 2055 D NetworkController.MobileSignalController(1): mSimSubId:1 onDataActivity: direction=0
08-03 22:36:48.998 1495 2055 D NetworkController.MobileSignalController(1): mSimSubId:1 onDataActivity: direction=0
08-03 22:36:48.999 1495 1495 I HwMobileSignalController(1): getTypeIconHuawei: mIsShowNetworkType is false and return 0
08-03 22:36:49.001 1495 1495 W ResourceType: No package identifier when getting value for resource number 0x00000000
08-03 22:36:49.002 1495 1495 E HwNotchUtils: setIconForView iconId is not found
08-03 22:36:49.003 1495 1495 W ResourceType: No package identifier when getting value for resource number 0x00000000
08-03 22:36:49.004 1495 1495 E HwNotchUtils: setIconForView iconId is not found
08-03 22:36:49.004 1495 1495 I HwMobileSignalController(1): getTypeIconHuawei: mIsShowNetworkType is false and return 0
08-03 22:36:49.005 1495 1495 W ResourceType: No package identifier when getting value for resource number 0x00000000
08-03 22:36:49.006 1495 1495 E HwNotchUtils: setIconForView iconId is not found
08-03 22:36:49.007 1495 1495 W ResourceType: No package identifier when getting value for resource number 0x00000000
08-03 22:36:49.007 1495 1495 E HwNotchUtils: setIconForView iconId is not found
08-03 22:36:49.016 2268 3233 I PGServer: getTopFrontApp. calling pkg: com.huawei.iaware
08-03 22:36:49.023 2268 2268 I MsgReceiver: intent action: android.intent.action.SCREEN_OFF
08-03 22:36:49.057 1155 1273 D HwBatteryService: onUEvent fcpStatus = 0,scpStatus =0,ovpStatus=0
08-03 22:36:49.058 1155 1273 I UsbDeviceManager: water_intrused state= 0
08-03 22:36:49.060 2575 2575 D [HwRecSys]EventCollectController: onScreenChange isScreenOn:false
08-03 22:36:49.060 2575 2575 D [HwRecSys]DataServiceController: onEvent
08-03 22:36:49.069 1495 1495 D KeyguardUpdateMonitor: received broadcast android.intent.action.BATTERY_CHANGED
08-03 22:36:49.070 1495 1495 W KeyguardUpdateMonitor: ACTION_BATTERY_CHANGED AMP: 500000; Volt: 5000000
08-03 22:36:49.070 1155 1155 D HwInnerWifiManagerImpl: SupplicantState = COMPLETED
08-03 22:36:49.070 1155 1155 D HwInnerWifiManagerImpl: isPhoneAP = false
08-03 22:36:49.070 1155 1155 D WifiStateMachine: mBcastReceiver: PluggedType = 2 mIsScanCtrlPluggedin = true
08-03 22:36:49.070 1155 1155 D HwWifiService: mPluggedType =2
08-03 22:36:49.071 1155 1155 D WifiService: onReceive, action:android.intent.action.BATTERY_CHANGED
08-03 22:36:49.071 1155 1155 D WifiService: ACTION_BATTERY_CHANGED pluggedType: 2
08-03 22:36:49.073 2268 2268 I MsgReceiver: intent action: android.intent.action.BATTERY_CHANGED
08-03 22:36:49.075 2575 2575 D [HwRecSys]DataServiceController: removeMessage type:1
08-03 22:36:49.075 2575 2575 I [HwRecSys]TimerController: isScreenOn:false
08-03 22:36:49.075 2575 2575 I [HwRecSys]HealthController: isScreenOn:false
08-03 22:36:49.075 2575 2575 I [HwRecSys]HealthController: isConnect:true
08-03 22:36:49.075 2575 2575 I [HwRecSys]EnrollController: onScreenChange:false
08-03 22:36:49.075 2575 6575 D ARMoudle.HwActivityRecognition: disableActivityEvent
08-03 22:36:49.075 2575 2575 E [HwRecSys]EnrollController: direct service is close no need enroll!
08-03 22:36:49.075 2575 6575 D ARMoudle.HwActivityRecognition: android.activity_recognition.in_vehicle,1
08-03 22:36:49.076 2575 2575 D [HwRecSys]DataServiceController: MyHander SEND_EVENT:Bundle[{time=2018-08-03 22:36:49, eventItem=null, eventOperator=ScreenOff}]
08-03 22:36:49.077 632 632 I ArData : (ar_enable_activity_event:1281):activity[0] event[1] latency[200000000000 ns]
