08-03 22:36:39.247 17796 17821 I mgd_interceptor: (17821): PassThroughGlesApi: Found the following libraries for 'gles': {/system/lib64/libGLESv3.so, /system/lib64/libGLESv2.so, /system/lib64/libGLESv1_CM.so}
08-03 22:36:39.250 1155 1290 D InputDispatcher: Dispatch frozen. Waiting some more. last for 820ms
08-03 22:36:39.250 1155 1267 E WindowManager: Performed 6 layouts in a row. Skipping
08-03 22:36:39.250 1155 1290 D InputDispatcher: Dispatch frozen. Waiting some more. last for 820ms
08-03 22:36:39.255 1155 1290 D InputDispatcher: Dispatch frozen. Waiting some more. last for 826ms
08-03 22:36:39.258 1155 1290 D InputDispatcher: Dispatch frozen. Waiting some more. last for 829ms
08-03 22:36:39.263 1155 1180 I ActivityManager: Displayed com.thephoridaeintertainment.sergeyloskutnikov.runningman/.RunActiv: +876ms
08-03 22:36:39.271 1155 1171 E NotificationManager: notifyAsUser: tag=null, id=40, user=UserHandle{0}
08-03 22:36:39.272 1155 1171 D HwNotificationManagerService: recognize: not in china
08-03 22:36:39.274 17796 17821 E mgd_interceptor: (17821): SocketMessagePort: Unable to connect socket: Unable to connect socket: errno = 13
08-03 22:36:39.274 1155 1155 D NotificationService: mGameDndStatus is:false ,isGameDndSwitchOn is:false
08-03 22:36:39.274 17796 17821 W mgd_interceptor: (17821): GatorConnection: Not connected to gatord, the application will run normally but Streamline will not collect annotations. To collect annotations, please verify you are running gatord 5.22 or later and that SELinux is disabled.
08-03 22:36:39.275 1155 1267 D WindowManager: finishDrawingWindow: Window{feb9444 u0 Splash Screen com.thephoridaeintertainment.sergeyloskutnikov.runningman} mDrawState=DRAW_PENDING
08-03 22:36:39.279 1155 1290 D InputDispatcher: Dispatch frozen. Waiting some more. last for 850ms
08-03 22:36:39.284 1155 1290 D InputDispatcher: Dispatch frozen. Waiting some more. last for 855ms
08-03 22:36:39.285 1155 1290 D InputDispatcher: Dispatch frozen. Waiting some more. last for 856ms
08-03 22:36:39.287 17796 17821 E mgd_interceptor: (17821): Interceptor: MGD failed to read the process whitelist file: No reason provided. (Does the file exist & have correct permissions?)
08-03 22:36:39.287 17796 17821 E mgd_interceptor: (17821): Interceptor: Unable to create message port - using null
08-03 22:36:39.287 17796 17821 I mgd_interceptor: (17821): MarshallerBase: Connecting to daemon. Sending header...
08-03 22:36:39.287 1155 1267 V WindowManager: removeIfPossible: Window{feb9444 u0 Splash Screen com.thephoridaeintertainment.sergeyloskutnikov.runningman} callers=com.android.server.wm.WindowState.removeIfPossible:1914 com.android.server.wm.WindowManagerService.removeWindow:2031 com.android.server.wm.Session.remove:218 android.view.ViewRootImpl.dispatchDetachedFromWindow:3735 android.view.ViewRootImpl.doDie:6789
08-03 22:36:39.288 17796 17821 I mgd_interceptor: (17821): Interceptor: Interceptor loaded for 17796: com.thephoridaeintertainment.sergeyloskutnikov.runningman
08-03 22:36:39.288 1155 1290 D InputDispatcher: Dispatch frozen. Waiting some more. last for 858ms
08-03 22:36:39.288 17796 17821 I mgd_interceptor: (17821): Interceptor: Not activating tracing
08-03 22:36:39.288 17796 17821 I mgd_interceptor: (17821): Interceptor: Shutdown
08-03 22:36:39.288 17796 17821 I mgd_interceptor: (17821): Interceptor: Host detached
08-03 22:36:39.288 17796 17821 I mgd_interceptor: (17821): Interceptor: API TRACING: Disabled
08-03 22:36:39.288 17796 17821 I mgd_interceptor: (17821): Interceptor: ASSET TRACKING: Enabled
08-03 22:36:39.288 17796 17821 I mgd_interceptor: (17821): Interceptor: API TRACING: Disabled
08-03 22:36:39.288 17796 17821 I mgd_interceptor: (17821): Interceptor: ASSET TRACKING: Disabled
08-03 22:36:39.288 1155 1267 I WindowManager: Destroying surface Surface(name=Splash Screen com.thephoridaeintertainment.sergeyloskutnikov.runningman) called by com.android.server.wm.WindowStateAnimator.destroySurface:2066 com.android.server.wm.WindowStateAnimator.destroySurfaceLocked:879 com.android.server.wm.HwWindowStateAnimator.destroySurfaceLocked:1006 com.android.server.wm.WindowState.removeImmediately:1899 com.android.server.wm.WindowState.removeIfPossible:2051 com.android.server.wm.WindowState.removeIfPossible:1914 com.android.server.wm.WindowManagerService.removeWindow:2031 com.android.server.wm.Session.remove:218
08-03 22:36:39.289 1155 1267 V WindowManager: postWindowRemoveCleanupLocked: Window{feb9444 u0 Splash Screen com.thephoridaeintertainment.sergeyloskutnikov.runningman}
08-03 22:36:39.289 1155 1267 V WindowManager: Removing Window{feb9444 u0 Splash Screen com.thephoridaeintertainment.sergeyloskutnikov.runningman} from AppWindowToken{1a77bac token=Token{95e555f ActivityRecord{ab489fe u0 com.thephoridaeintertainment.sergeyloskutnikov.runningman/.RunActiv t5563}}}
08-03 22:36:39.293 1155 1290 D InputDispatcher: Dispatch frozen. Waiting some more. last for 863ms
08-03 22:36:39.293 1155 1290 D InputDispatcher: Dispatch frozen. Waiting some more. last for 864ms
08-03 22:36:39.293 1155 6505 V WindowManager: notifyAppStopped: AppWindowToken{3c03cd9 token=Token{5fbdb20 ActivityRecord{51b7a23 u0 com.arm.mgd.androidapp/.MainActivity t5560}}}
08-03 22:36:39.293 1495 1495 D HwCust : Create obj success use class com.android.systemui.statusbar.notification.HwCustNotificationInflaterImpl
08-03 22:36:39.293 1155 6505 E WindowManager: win=Window{24e2faf u0 SetFullScreenWindow} destroySurfaces: appStopped=true win.mWindowRemovalAllowed=false win.mRemoveOnExit=false
08-03 22:36:39.294 1155 6505 I WindowManager: Destroying surface Surface(name=SetFullScreenWindow) called by com.android.server.wm.WindowStateAnimator.destroySurface:2066 com.android.server.wm.WindowStateAnimator.destroySurfaceLocked:879 com.android.server.wm.HwWindowStateAnimator.destroySurfaceLocked:1006 com.android.server.wm.WindowState.destroyOrSaveSurfaceUnchecked:2990 com.android.server.wm.WindowState.destroySurface:2951 com.android.server.wm.AppWindowToken.destroySurfaces:664 com.android.server.wm.AppWindowToken.destroySurfaces:648 com.android.server.wm.AppWindowToken.notifyAppStopped:692
08-03 22:36:39.294 1155 6505 E WindowManager: win=Window{37530bd u0 com.arm.mgd.androidapp/com.arm.mgd.androidapp.MainActivity} destroySurfaces: appStopped=true win.mWindowRemovalAllowed=false win.mRemoveOnExit=false
08-03 22:36:39.295 1155 6505 I WindowManager: Destroying surface Surface(name=com.arm.mgd.androidapp/com.arm.mgd.androidapp.MainActivity) called by com.android.server.wm.WindowStateAnimator.destroySurface:2066 com.android.server.wm.WindowStateAnimator.destroySurfaceLocked:879 com.android.server.wm.HwWindowStateAnimator.destroySurfaceLocked:1006 com.android.server.wm.WindowState.destroyOrSaveSurfaceUnchecked:2990 com.android.server.wm.WindowState.destroySurface:2951 com.android.server.wm.AppWindowToken.destroySurfaces:664 com.android.server.wm.AppWindowToken.destroySurfaces:648 com.android.server.wm.AppWindowToken.notifyAppStopped:692
08-03 22:36:39.296 1495 1495 I FakeShadowView: radius18
08-03 22:36:39.297 1155 1172 D HwGameAssistantController: pid=16839, uid=10212, foreground=false
08-03 22:36:39.302 1155 1287 W AwareLog: SchedLevelBoost: onFgActivitiesChanged config not set!
08-03 22:36:39.302 1155 1267 I WindowManager: orientation change is complete, call stopFreezingDisplayLocked
08-03 22:36:39.302 1155 1267 I WindowManager: Screen frozen for +875ms due to Window{feb9444 u0 Splash Screen com.thephoridaeintertainment.sergeyloskutnikov.runningman}
08-03 22:36:39.302 1155 1267 D WindowManager: startAnimation begin
08-03 22:36:39.304 1495 1495 W HwPhoneLayoutInflater: onCreateView : ClassNotFoundException, In this case we want to let the base class take a crack at it
08-03 22:36:39.304 1495 1495 W HwPhoneLayoutInflater: onCreateView : ClassNotFoundException, In this case we want to let the base class take a crack at it
08-03 22:36:39.310 17796 17821 D mali_winsys: EGLint new_window_surface(egl_winsys_display *, void *, EGLSurface, EGLConfig, egl_winsys_surface **, egl_color_buffer_format *, EGLBoolean) returns 0x3000
08-03 22:36:39.314 1495 1495 W HwPhoneLayoutInflater: onCreateView : ClassNotFoundException, In this case we want to let the base class take a crack at it
08-03 22:36:39.314 1495 1495 W HwPhoneLayoutInflater: onCreateView : ClassNotFoundException, In this case we want to let the base class take a crack at it
08-03 22:36:39.315 1155 1267 D CubicBezierInterpolator: CubicBezierInterpolator mControlPoint1x = 0.5, mControlPoint1y = 0.15, mControlPoint2x = 0.55, mControlPoint2y = 0.95
08-03 22:36:39.316 1155 1267 D CubicBezierInterpolator: CubicBezierInterpolator mControlPoint1x = 0.5, mControlPoint1y = 0.15, mControlPoint2x = 0.55, mControlPoint2y = 0.95
08-03 22:36:39.316 1495 1495 W ResourceType: Failure getting entry for 0x01040255 (t=3 e=597) (error -75)
08-03 22:36:39.317 17796 17821 I RunGame : CurrentGameLevel == 1
08-03 22:36:39.318 17796 17821 I RunGame : parse levels !
08-03 22:36:39.318 17796 17821 I RunGame : adfKoll integer == 2
08-03 22:36:39.318 17796 17821 I RunGame : adfKoll integer == 4
08-03 22:36:39.318 17796 17821 I RunGame : adfKoll integer == 5
08-03 22:36:39.318 17796 17821 I RunGame : adfKoll integer == 6
08-03 22:36:39.318 17796 17821 I RunGame : adfKoll integer == 7
08-03 22:36:39.318 17796 17821 I RunGame : adfKoll integer == 9
08-03 22:36:39.318 17796 17821 I RunGame : adfKoll integer == 10
08-03 22:36:39.318 17796 17821 I RunGame : LosVec float == 0.297340
08-03 22:36:39.318 17796 17821 I RunGame : LosVec float == 0.908730
08-03 22:36:39.318 17796 17821 I RunGame : LosVec float == 0.183400
08-03 22:36:39.318 17796 17821 I RunGame : LosVec float == 0.023400
08-03 22:36:39.318 17796 17821 I RunGame : LosVec float == 0.088340
08-03 22:36:39.318 17796 17821 I RunGame : LosVec float == 0.988300
08-03 22:36:39.318 17796 17821 I RunGame : LosVec float == 0.340010
08-03 22:36:39.318 17796 17821 I RunGame : LosVec float == 0.134030
08-03 22:36:39.318 17796 17821 I RunGame : LosVec float == 0.203010
08-03 22:36:39.318 17796 17821 I RunGame : LosVec float == 0.100330
08-03 22:36:39.318 17796 17821 I RunGame : LosVec float == 0.050550
08-03 22:36:39.318 17796 17821 I RunGame : LosVec float == 0.001340
08-03 22:36:39.318 17796 17821 I RunGame : LosVec float == 0.078340
08-03 22:36:39.318 17796 17821 I RunGame : buf string == I love this to do !
08-03 22:36:39.318 17796 17821 I RunGame : buf float == 8.123740
08-03 22:36:39.318 17796 17821 I RunGame : buf int == 11
08-03 22:36:39.322 1155 1267 D WindowManager: startAnimation end
08-03 22:36:39.329 17796 17821 I RunGame : in sound's
08-03 22:36:39.329 1495 1495 W HwPhoneLayoutInflater: onCreateView : ClassNotFoundException, In this case we want to let the base class take a crack at it
08-03 22:36:39.334 1495 1495 I chatty : uid=10040(u0_a40) com.android.systemui identical 2 lines
08-03 22:36:39.335 1495 1495 W HwPhoneLayoutInflater: onCreateView : ClassNotFoundException, In this case we want to let the base class take a crack at it
08-03 22:36:39.336 1495 1495 W ResourceType: Failure getting entry for 0x01040255 (t=3 e=597) (error -75)
08-03 22:36:39.346 1495 1495 W HwPhoneLayoutInflater: onCreateView : ClassNotFoundException, In this case we want to let the base class take a crack at it
08-03 22:36:39.353 1495 1495 I chatty : uid=10040(u0_a40) com.android.systemui identical 2 lines
08-03 22:36:39.353 1495 1495 W HwPhoneLayoutInflater: onCreateView : ClassNotFoundException, In this case we want to let the base class take a crack at it
08-03 22:36:39.355 1495 1495 W ResourceType: Failure getting entry for 0x01040255 (t=3 e=597) (error -75)
08-03 22:36:39.367 1495 1495 D StatusBar: No peeking: filtered notification: 0|android|40|null|1000, mCurrentUserId=0, mCurrentProfiles={0=UserInfo{0:Виктор:13}}, isLockscreenPublicMode=false, shouldHideNotifications by key=false, shouldHideNotifications by userId:=false, mDeviceProvisioned=true
08-03 22:36:39.368 1495 1495 I PhoneStatusBar: updateNotificationShade: total=7, active=6
08-03 22:36:39.368 1495 1495 W PhoneStatusBar: updateNotificationShade hasFaceDT: false; Detected:false
08-03 22:36:39.370 1495 1719 D ReporterUtil: e id:344 type:{pkg:android,hw_type:null,hw_btw:false,onGoing:true,importance:2}
08-03 22:36:39.374 1495 1495 W HwKeyguardDragHelper: AnimationBlocked
08-03 22:36:39.429 1155 1267 I WindowManager: rotationForOrientationLw(orient=11, last=1); user=0
08-03 22:36:39.429 1155 1267 D WindowManager: face_rotation: isIntelliServiceEnabled: ro swtich off
08-03 22:36:39.429 1155 1267 D HwPhoneWindowManager: face_rotation: not enabled,use sensor real
08-03 22:36:39.429 1155 1267 D HwPhoneWindowManager: face_rotation:real sensor rotation = -1
08-03 22:36:39.429 1155 1267 D HwPhoneWindowManager: face_rotation: rotation = 1
08-03 22:36:39.429 1155 1267 I WindowManager: Selected orientation 11, got rotation 1 which has compatible metrics
08-03 22:36:39.541 753 753 E wificond: Failed to get NL80211_RATE_INFO_NOISE
08-03 22:36:39.541 753 753 E wificond: Failed to get NL80211_RATE_INFO_SNR
08-03 22:36:39.541 753 753 E wificond: Failed to get NL80211_STA_INFO_CNAHLOAD
08-03 22:36:39.541 1155 1318 E WificondControl: Noise: 0, Snr: -1, Chload: -1
08-03 22:36:39.541 1155 1320 D HwWifiCHRStateManager: handleMessage : 1001
08-03 22:36:39.542 1155 1320 D HwWifiCHRStateManager: handleUpdateChannel:2457
08-03 22:36:39.542 1155 1320 V HwWifiServiceFactory: get AllImpl object = com.android.server.wifi.HwWifiServiceFactoryImpl@3effb29
08-03 22:36:39.543 645 944 I audio_hw_primary: usb_ext_get_parameters: check show hires (false)
08-03 22:36:39.543 710 710 I hash_map_utils: key: 'typec_need_show_hires' value: ''
08-03 22:36:39.544 1155 1155 I HwAudioService: check HiRes Icon false
08-03 22:36:39.544 753 753 E wificond: Failed to get NL80211_RATE_INFO_NOISE
08-03 22:36:39.544 753 753 E wificond: Failed to get NL80211_RATE_INFO_SNR
08-03 22:36:39.544 753 753 E wificond: Failed to get NL80211_STA_INFO_CNAHLOAD
08-03 22:36:39.544 1155 1155 W ActivityManager: Sending non-protected broadcast huawei.intent.action.hideHiResIcon from system uid 1000 pkg null
08-03 22:36:39.545 1155 1155 I HwAudioService: broadcastHiresIntent : false
08-03 22:36:39.545 1155 1385 D HuaweiWifiWatchdogStateMachine: LM mrssi=-55
08-03 22:36:39.545 1155 1385 D HuaweiWifiWatchdogStateMachine: c4:a8:**:**:ab:cb current loss[-55]=0%, volume=10
08-03 22:36:39.545 1155 1385 D HuaweiWifiWatchdogStateMachine: c4:a8:**:**:ab:cb history loss[-55]=0,23%, volume=612186
08-03 22:36:39.545 1155 1385 I HuaweiWifiWatchdogStateMachine: spd good count:0, add sc:0.0, rate:1.0
08-03 22:36:39.545 1155 1385 I HuaweiWifiWatchdogStateMachine: current mHighDataFlowRate = 0.6
08-03 22:36:39.545 1155 1385 I HuaweiWifiWatchdogStateMachine: POta txb txg rxg:0, 10, 0. Lr =0% Totpkt=10
08-03 22:36:39.546 1495 1495 D StatusBarIconController: setIconVisibility icon is null or visibility not change visibility=false
08-03 22:36:39.546 1155 1155 D WiFi_PRO: MSG_RETURN_AP_CURRY_RSSI rssi = -55
08-03 22:36:39.547 1155 1155 I QosMonitor: queryRtt: rtt_type = 3
08-03 22:36:39.547 1155 1155 I HwQoEJNI: send_cmd_kernel. begin
08-03 22:36:39.547 1155 1155 I HwQoEJNI: send_cmd_kernel. end
08-03 22:36:39.547 1155 1155 I QosMonitor: postEventFromNative: msg=100,arg1=4,arg2=10
08-03 22:36:39.547 1155 1155 I HwQoEJNI: send_cmd_kernel. begin
08-03 22:36:39.547 1155 1155 I HwQoEJNI: send_cmd_kernel. end
08-03 22:36:39.547 1155 1155 I QosMonitor: postEventFromNative: msg=100,arg1=0,arg2=10
08-03 22:36:39.547 1155 1155 D HuaweiWifiWatchdogStateMachine: c4:a8:**:**:ab:cb current RTT[-55]=1680, volume=3
08-03 22:36:39.547 1155 1155 D HuaweiWifiWatchdogStateMachine: c4:a8:**:**:ab:cb history RTT[-55]=449, volume=47949
08-03 22:36:39.547 1155 1155 D HuaweiWifiWatchdogStateMachine: setSampleRtt: rtt=1680,rtt_pkts =3,rtt_when=5
08-03 22:36:39.547 1155 1155 I MQoS : rtt=1680,tcp_tx_pkts=33965,tcp_rx_pkts=60435
08-03 22:36:39.547 1155 1155 I QosMonitor: resetRtt: rtt_type = 3
08-03 22:36:39.547 1155 1155 I HwQoEJNI: send_cmd_kernel. begin
08-03 22:36:39.547 1155 1155 I HwQoEJNI: send_cmd_kernel. end
08-03 22:36:39.547 1155 3418 D HwUidTcpMonitor: parseWlanUidTcpStatistics lastUidTcpStatInfo = [ mUid = 10182 mPacketName = com.andevapps.ontv mSendSegs = 214 mResendSegs = 0 mRcvSegs = 261 ]
08-03 22:36:39.547 1155 3418 D HwUidTcpMonitor: parseWlanUidTcpStatistics lastUidTcpStatInfo = [ mUid = 10144 mPacketName = com.opera.mini.native mSendSegs = 3425 mResendSegs = 3 mRcvSegs = 4449 ]
08-03 22:36:39.547 1155 1385 D HuaweiWifiWatchdogStateMachine: dumpTcpResult: len=10,rtt=1680,rttPkt=3,rttWn=5,cgt=0,cgtWn=0
08-03 22:36:39.547 1155 1385 I HuaweiWifiWatchdogStateMachine: PTcp RTT:1680, rtt pkt=3, tcp_rx=8, tcp_tx=9, tcp_reTran=0, rtRate=0
08-03 22:36:39.547 1155 1385 D HuaweiWifiWatchdogStateMachine: mRssiBadCount =0, RSSI not bad.
08-03 22:36:39.548 1155 1385 D HuaweiWifiWatchdogStateMachine: detectNetworkAvailable:hw.wifipro.dns_fail_count = 5
08-03 22:36:39.548 1155 1385 D HuaweiWifiWatchdogStateMachine: detectNetworkAvailable: tcpRxPkts != 0, reset
08-03 22:36:39.548 1155 4924 I MQoS : QOS_level:0(0),DataDisable;use level-0
08-03 22:36:39.548 1155 1385 I HuaweiWifiWatchdogStateMachine: rs ota tcp lr rttvb bad: false, false, false, false, false; rsth:-75
08-03 22:36:39.548 1155 1385 D HuaweiWifiWatchdogStateMachine: GSC:0, GSR:1.0, RSR:1.0, RTH:-75
08-03 22:36:39.548 1155 1385 D HuaweiWifiWatchdogStateMachine: bqeLevel = 2 rtt=1680,rtt_pkts=3 speed=67 rssi=-55
08-03 22:36:39.548 1155 1385 D HuaweiWifiWatchdogStateMachine: Enter updateQoeLevel level = 2
08-03 22:36:39.548 1155 1385 D HuaweiWifiWatchdogStateMachine: updateQoeLevel current level equal to mLastDetectLevel, return
08-03 22:36:39.548 1155 1385 I HuaweiWifiWatchdogStateMachine: pkt chk not bad, reset sc to 0.
08-03 22:36:39.548 1155 1385 D HuaweiWifiWatchdogStateMachine: ### mPktChkBadCnt=0
08-03 22:36:39.684 7101 7119 D OsUtil : hasStrictRequiredPermissions run true
08-03 22:36:39.688 7101 7101 V Mms_TXM_SVC: Creating TransactionService
08-03 22:36:39.690 7101 7101 D HwCust : Create obj success use class com.android.mms.transaction.HwCustTransactionServiceImpl
08-03 22:36:39.691 7101 7101 D HwCust : Create obj success use class com.huawei.mms.util.HwCustUpdateUserBehaviorImpl
08-03 22:36:39.691 7101 7101 D HwCust : Create obj success use class com.huawei.mms.util.HwCustHwMessageUtilsImpl
08-03 22:36:39.692 7101 7101 I Mms_TXM_SVC: onStartCommand send EVENT_NEW_INTENT. service-id 1
08-03 22:36:39.692 7101 17836 V Mms_TXM_SVC: Handling incoming message: { when=0 what=5 arg1=1 obj=Intent { cmp=com.android.mms/.transaction.TransactionService } target=com.android.mms.transaction.TransactionService$ServiceHandler } = EVENT_NEW_INTENT
08-03 22:36:39.692 7101 7101 W Mms_TXM_SVC: ConnectivityBroadcastReceiver.onReceive() action: android.net.conn.CONNECTIVITY_CHANGE
08-03 22:36:39.692 7101 7101 V Mms_TXM_SVC: MSG_APP_Handle ConnectivityBroadcastReceiver.onReceive(): [type: MOBILE_MMS[], state: DISCONNECTED/DISCONNECTED, reason: (unspecified), extra: (none), failover: false, available: true, roaming: false, metered: true]
08-03 22:36:39.692 7101 7101 V Mms_TXM_SVC: TYPE_MOBILE_MMS not connected, bail
08-03 22:36:39.692 7101 7101 V Mms_TXM_SVC: retrying mms connectivity for it's available and renew = false
08-03 22:36:39.695 7101 17836 D Mms : isWifiCallingAvailable = false isImsRegistered = false
08-03 22:36:39.695 7101 17836 V HwSpecialUtils: allowMms = 1
08-03 22:36:39.695 7101 17836 V HwSpecialUtils: indexs = 1
08-03 22:36:39.696 7101 17836 D Mms : card subscription = 0 is isRoaming false
08-03 22:36:39.696 7101 17836 V HwSpecialUtils: isNetworkRoaming = false
08-03 22:36:39.697 7101 17836 D Mms : card subscription = 0 is isRoaming false
08-03 22:36:39.697 7101 17836 V Mms_TXM_SVC: networkAvailable=true
08-03 22:36:39.702 7101 17836 V Mms_TXM_SVC: onNewIntent: cursor.count=0 action=null
08-03 22:36:39.702 7101 17836 V Mms_TXM_SVC: onNewIntent: no pending messages. Stopping service.
08-03 22:36:39.707 7101 17836 V Mms_TXM_SVC: stopSelfIfIdle: STOP!
08-03 22:36:39.708 7101 7101 V Mms_TXM_SVC: Destroying TransactionService
08-03 22:36:39.709 7101 17836 V Mms_TXM_SVC: Handling incoming message: { when=-17ms what=101 arg1=-1 target=com.android.mms.transaction.TransactionService$ServiceHandler } = EVENT_STOP_SERVICE
08-03 22:36:39.709 7101 17836 V Mms_TXM_SVC: stopSelfIfIdle: STOP!
08-03 22:36:39.709 7101 17836 V Mms_TXM_SVC: Handling incoming message: { when=-1ms what=100 target=com.android.mms.transaction.TransactionService$ServiceHandler } = EVENT_QUIT
08-03 22:36:39.832 1155 1155 I TrafficMonitor: update:rxPkts:0,txPkts:0,rxBytes:0,txBytes:0
08-03 22:36:39.832 1155 1155 I TrafficMonitor: start expired. level:-1
08-03 22:36:39.832 1155 1155 I TrafficMonitor: gettimer:interval=2000
08-03 22:36:39.871 761 9345 I Pged-IPgedBinderService: ****action is 2, pid num is 8***
08-03 22:36:39.871 761 9345 I Pged-Freezer: thawPids
08-03 22:36:39.879 2268 2436 D PgedBinderAdapter: unfrz ok, pid: [17506, 17391, 17236, 16586, 16009, 8252, 17616]
08-03 22:36:39.903 17236 17236 V HwWidgetFactory: : successes to get AllImpl object and return....
08-03 22:36:39.915 17616 17616 V HwWidgetFactory: : successes to get AllImpl object and return....
08-03 22:36:39.931 17796 17821 I RunGame : in sound's
08-03 22:36:39.940 17796 17821 I RunGame : in sound's
08-03 22:36:39.940 17796 17821 I libMGD : dlopen of libaaudio.so
08-03 22:36:39.940 17796 17821 I libMGD : Not patching libaaudio.so as we could not determine its full path
08-03 22:36:39.940 17796 17821 D OboeAudio: AAudioLoader(): dlopen(libaaudio.so) returned 0xc60b4d3aed6e7fc3
08-03 22:36:39.940 17796 17821 V OboeAudio: AAudioLoader(): dlsym(AAudioStreamBuilder_setChannelCount) succeeded.
08-03 22:36:39.940 17796 17821 V OboeAudio: AAudioLoader(): dlsym(AAudioStreamBuilder_setBufferCapacityInFrames) succeeded.
08-03 22:36:39.940 17796 17821 V OboeAudio: AAudioLoader(): dlsym(AAudioStreamBuilder_setDeviceId) succeeded.
08-03 22:36:39.940 17796 17821 V OboeAudio: AAudioLoader(): dlsym(AAudioStreamBuilder_setDirection) succeeded.
08-03 22:36:39.940 17796 17821 V OboeAudio: AAudioLoader(): dlsym(AAudioStreamBuilder_setFormat) succeeded.
08-03 22:36:39.940 17796 17821 V OboeAudio: AAudioLoader(): dlsym(AAudioStreamBuilder_setFramesPerDataCallback) succeeded.
08-03 22:36:39.941 17796 17821 V OboeAudio: AAudioLoader(): dlsym(AAudioStreamBuilder_setSharingMode) succeeded.
08-03 22:36:39.941 17796 17821 V OboeAudio: AAudioLoader(): dlsym(AAudioStreamBuilder_setPerformanceMode) succeeded.
08-03 22:36:39.941 17796 17821 V OboeAudio: AAudioLoader(): dlsym(AAudioStreamBuilder_setSampleRate) succeeded.
08-03 22:36:39.941 17796 17821 E OboeAudio: AAudioLoader could not find AAudioStreamBuilder_setUsage
08-03 22:36:39.941 17796 17821 E OboeAudio: AAudioLoader could not find AAudioStreamBuilder_setContentType
08-03 22:36:39.941 17796 17821 E OboeAudio: AAudioLoader could not find AAudioStreamBuilder_setInputPreset
08-03 22:36:39.941 17796 17821 E OboeAudio: AAudioLoader could not find AAudioStreamBuilder_setSessionId
08-03 22:36:39.941 17796 17821 V OboeAudio: AAudioLoader(): dlsym(AAudioStreamBuilder_delete) succeeded.
08-03 22:36:39.941 17796 17821 V OboeAudio: AAudioLoader(): dlsym(AAudioStream_getChannelCount) succeeded.
08-03 22:36:39.941 17796 17821 V OboeAudio: AAudioLoader(): dlsym(AAudioStream_close) succeeded.
08-03 22:36:39.941 17796 17821 V OboeAudio: AAudioLoader(): dlsym(AAudioStream_getBufferSizeInFrames) succeeded.
08-03 22:36:39.941 17796 17821 V OboeAudio: AAudioLoader(): dlsym(AAudioStream_getDeviceId) succeeded.
08-03 22:36:39.941 17796 17821 V OboeAudio: AAudioLoader(): dlsym(AAudioStream_getDirection) succeeded.
08-03 22:36:39.941 17796 17821 V OboeAudio: AAudioLoader(): dlsym(AAudioStream_getBufferCapacityInFrames) succeeded.
08-03 22:36:39.941 17796 17821 V OboeAudio: AAudioLoader(): dlsym(AAudioStream_getFramesPerBurst) succeeded.
08-03 22:36:39.941 17796 17821 V OboeAudio: AAudioLoader(): dlsym(AAudioStream_getFramesRead) succeeded.
08-03 22:36:39.941 17796 17821 V OboeAudio: AAudioLoader(): dlsym(AAudioStream_getFramesWritten) succeeded.
08-03 22:36:39.941 17796 17821 V OboeAudio: AAudioLoader(): dlsym(AAudioStream_getPerformanceMode) succeeded.
08-03 22:36:39.941 17796 17821 V OboeAudio: AAudioLoader(): dlsym(AAudioStream_getSampleRate) succeeded.
08-03 22:36:39.941 17796 17821 V OboeAudio: AAudioLoader(): dlsym(AAudioStream_getSharingMode) succeeded.
08-03 22:36:39.941 17796 17821 V OboeAudio: AAudioLoader(): dlsym(AAudioStream_getState) succeeded.
08-03 22:36:39.941 17796 17821 V OboeAudio: AAudioLoader(): dlsym(AAudioStream_getXRunCount) succeeded.
08-03 22:36:39.941 17796 17821 V OboeAudio: AAudioLoader(): dlsym(AAudioStream_requestStart) succeeded.
08-03 22:36:39.941 17796 17821 V OboeAudio: AAudioLoader(): dlsym(AAudioStream_requestPause) succeeded.
08-03 22:36:39.941 17796 17821 V OboeAudio: AAudioLoader(): dlsym(AAudioStream_requestFlush) succeeded.
08-03 22:36:39.941 17796 17821 V OboeAudio: AAudioLoader(): dlsym(AAudioStream_requestStop) succeeded.
08-03 22:36:39.941 17796 17821 V OboeAudio: AAudioLoader(): dlsym(AAudioStream_setBufferSizeInFrames) succeeded.
08-03 22:36:39.941 17796 17821 V OboeAudio: AAudioLoader(): dlsym(AAudio_convertResultToText) succeeded.
08-03 22:36:39.941 17796 17821 V OboeAudio: AAudioLoader(): dlsym(AAudio_convertStreamStateToText) succeeded.
08-03 22:36:39.941 17796 17821 E OboeAudio: AAudioLoader could not find AAudioStream_getUsage
08-03 22:36:39.941 17796 17821 E OboeAudio: AAudioLoader could not find AAudioStream_getContentType
08-03 22:36:39.941 17796 17821 E OboeAudio: AAudioLoader could not find AAudioStream_getInputPreset
08-03 22:36:39.941 17796 17821 E OboeAudio: AAudioLoader could not find AAudioStream_getSessionId
08-03 22:36:39.941 17796 17821 I OboeAudio: AudioStreamOpenSLES::open(chans:2, rate:48000)
08-03 22:36:39.943 17796 17821 D OboeAudio: AudioStreamOpenSLES(): mFramesPerCallback = 192
08-03 22:36:39.943 17796 17821 D OboeAudio: AudioStreamOpenSLES(): mBytesPerCallback = 768
08-03 22:36:39.946 710 710 D AudioFlinger: event 162
08-03 22:36:39.946 17796 17821 D : PlayerBase::PlayerBase()
08-03 22:36:39.948 17796 17821 D : TrackPlayerBase::TrackPlayerBase()
08-03 22:36:39.948 17796 17821 W libOpenSLES: Leaving Object::GetInterface (SL_RESULT_FEATURE_UNSUPPORTED)
08-03 22:36:39.948 17796 17821 I libOpenSLES: Emulating old channel mask behavior (ignoring positional mask 0x3, using default mask 0x3 based on channel count of 2)
08-03 22:36:39.950 710 710 I APM_AudioPolicyManager: getOutputForDevice() returns output 13
08-03 22:36:39.950 710 710 I APM_AudioPolicyManager: getOutputForAttr() returns output 13 stream 3
08-03 22:36:39.951 710 710 I hash_map_utils: key: 'mode' value: ''
08-03 22:36:39.951 710 710 D HuaweiAudioFlinger: AudioException do not check.now is not communication state!
08-03 22:36:39.952 710 710 D AudioFlinger: event 162
08-03 22:36:39.952 710 710 W AudioFlinger: createTrack_l(): mismatch between requested flags (00000104) and output flags (00000002)
08-03 22:36:39.952 710 710 I AudioMixer: Pid:710 add track (3)
08-03 22:36:39.953 710 710 D AudioFlinger: DevSched: uid is 10205, factor is 1.000000
08-03 22:36:39.953 17796 17821 W AudioTrack: AUDIO_OUTPUT_FLAG_FAST denied by server; frameCount 1924 -> 1924
08-03 22:36:39.954 17796 17821 D AudioTrack: OFFLOAD 0,mNotificationFrames -2,mStreamType =3,mOriginalSampleRate 48000,mAfSampleRate 48000,mTransfer 1
08-03 22:36:39.954 17796 17821 D AudioTrack: Client defaulted notificationFrames to 480 for frameCount 1924
08-03 22:36:39.954 2268 2386 D AudioState: SESSION_ID_NEW, containsKey, pid: 17796, sessionId: 337,uid: 10205
08-03 22:36:39.955 710 710 D AudioFlinger: event 162
08-03 22:36:39.955 17796 17821 I RunGame : Failed to set buffer size. Error: ErrorUnimplemented
08-03 22:36:39.955 17796 17821 D OboeAudio: AudioOutputStreamOpenSLES(): requestStart()
08-03 22:36:39.955 17796 17821 D OboeAudio: AudioOutputStreamOpenSLES(): setPlayState()
08-03 22:36:39.955 710 710 I APM_AudioPolicyManager: startOutput() output 13, stream 3, session 337
08-03 22:36:39.955 710 710 D APM_AudioPolicyManager: event 164
08-03 22:36:39.956 645 998 I spk_dev_interface: spk_set_parameters: use new smartpakit version
08-03 22:36:39.957 710 710 V APM_AudioPolicyManager: setBeaconMute(1) mBeaconMuteRefCount=1 mBeaconPlayingRefCount=0
08-03 22:36:39.957 710 710 V APM_AudioPolicyManager: selectOutputForMusicEffects activeOnly 1 outputs[0] flags 0x00000002
08-03 22:36:39.957 710 710 V APM_AudioPolicyManager: selectOutputForMusicEffects selected output 13
08-03 22:36:39.957 710 710 I APM_AudioPolicyManager: getNewOutputDevice() selected device 2
08-03 22:36:39.957 710 710 I APM_AudioPolicyManager: setOutputDevice() device 0x0002 delayMs 0 force 0
08-03 22:36:39.957 710 710 V APM_AudioPolicyManager: setOutputDevice() prevDevice 0x0002
08-03 22:36:39.957 710 710 I APM_AudioPolicyManager: setOutputDevice() setting same device 0x0002 or null device
08-03 22:36:39.957 710 710 D APM::Gains: volIndexToDb sUseVolCurveCust true
08-03 22:36:39.957 710 710 D APM_AudioPolicyManager: set streamType 3, volume = 1, device = 2 for sws
08-03 22:36:39.957 710 710 D APM::Gains: volIndexToDb sUseVolCurveCust true
08-03 22:36:39.958 645 944 I spk_dev_interface: spk_set_parameters: use new smartpakit version
08-03 22:36:39.960 2268 2386 I PGServer: report state:2 event type:1 pid:17796 uid:10205 pkg:null to pid: 2268
08-03 22:36:39.960 2268 2386 I PGServer: report state:2 event type:1 pid:17796 uid:10205 pkg:null to pid: 1155
08-03 22:36:39.960 2268 2386 D AudioState: auido type:out state:start pid:17796 uid:10205
08-03 22:36:39.961 645 944 I spk_dev_interface: spk_set_parameters: use new smartpakit version
08-03 22:36:39.961 710 953 E stereoWidening_frame: sws is turned on
08-03 22:36:39.961 645 944 I audio_hw_effect: offload effect sws state: [1]
08-03 22:36:39.961 645 944 I spk_dev_interface: spk_set_parameters: use new smartpakit version
08-03 22:36:39.962 645 944 I spk_dev_interface: spk_set_parameters: use new smartpakit version
08-03 22:36:39.963 710 710 I APM_AudioPolicyManager: checkOutputForStrategy() getDeviceForStrategy strategy=3 newDevice=2 oldDevice=2
08-03 22:36:39.964 17796 17821 D OboeAudio: AudioStream::fireCallback() scheduler = SCHED_OTHER
08-03 22:36:39.964 17796 17837 D AudioTrack: stop() called with 0 frames delivered
08-03 22:36:39.964 17796 17837 D : PlayerBase::stop() from IPlayer
08-03 22:36:39.964 17796 17821 I : send start state to pg
08-03 22:36:39.965 17796 17821 I RunGame : inShaderis Too
08-03 22:36:39.965 645 10541 I audio_hw_primary: start_output_stream++: out_type = 0, out_device = 0x2,out->pcm[PCM_CARD] = 0x0, out->voice_pcm = 0x0
08-03 22:36:39.965 645 10541 I audio_hw_primary: select_devices++ mode[0]
08-03 22:36:39.965 645 10541 I audio_hw_primary: input_source_id 0, output_device_id 0x2
08-03 22:36:39.965 645 10541 I audio_hw_primary: select_devices() devices 0x2 input src 0 output route media-speaker input route none in_device 0
08-03 22:36:39.966 645 10541 I spk_dev_interface: spk_dev_power_off: use new smartpakit version
08-03 22:36:39.966 645 10541 I smartpakit: pdata->device = 0, output_device = 2, pdata->mode = 0, mode = 0
08-03 22:36:39.966 645 10541 I smartpakit: check the same status, skip!
08-03 22:36:39.966 17796 17821 I RunGame : compiled shader Cube
08-03 22:36:39.966 645 10541 I dsp_common: dsp_common_control_algo:set device = 2
08-03 22:36:39.966 17796 17821 I RunGame : compiled shader Cube
08-03 22:36:39.966 645 10541 I audio_hw_primary: pa is on, cannot start ir study,device = 2
08-03 22:36:39.966 645 10541 I audio_hw_primary: pa is on, cannot start ir study,device = 2
08-03 22:36:39.966 17796 17821 I RunGame : setAxis 05
08-03 22:36:39.966 17796 17821 I RunGame : uniform size == 1
08-03 22:36:39.966 17796 17821 I RunGame : attribute size == 2
08-03 22:36:39.966 17796 17821 I RunGame : all attrib final
08-03 22:36:39.966 17796 17821 I RunGame : losGL->genBuffers.size() == 2
08-03 22:36:39.966 17796 17821 I RunGame : buffGo == 2
08-03 22:36:39.966 2268 2386 I AudioState: start from wilhelm, pid: 17796 sessionId: 337
08-03 22:36:39.967 17796 17821 I RunGame : inShaderis Too
08-03 22:36:39.967 2268 2386 I PGServer: report state:2 event type:1 pid:17796 uid:10205 pkg:null to pid: 2268
08-03 22:36:39.967 17796 17821 I RunGame : compiled shader Cube
08-03 22:36:39.967 17796 17821 I RunGame : compiled shader Cube
08-03 22:36:39.967 2268 2386 I PGServer: report state:2 event type:1 pid:17796 uid:10205 pkg:null to pid: 1155
08-03 22:36:39.967 2268 2386 D AudioState: auido type:out state:start pid:17796 uid:10205
08-03 22:36:39.967 17796 17821 I RunGame : setAxis 05
08-03 22:36:39.967 17796 17821 I RunGame : uniform size == 1
08-03 22:36:39.967 17796 17821 I RunGame : attribute size == 2
08-03 22:36:39.967 17796 17821 I RunGame : all attrib final
08-03 22:36:39.967 17796 17821 I RunGame : losGL->genBuffers.size() == 3
08-03 22:36:39.967 17796 17821 I RunGame : buffGo == 2
08-03 22:36:39.967 17796 17821 I RunGame : inShaderis Too
08-03 22:36:39.967 17796 17821 I RunGame : compiled shader Cube
08-03 22:36:39.967 17796 17821 I RunGame : compiled shader Cube
08-03 22:36:39.968 17796 17821 I RunGame : setAxis 05
08-03 22:36:39.968 17796 17821 I RunGame : uniform size == 1
08-03 22:36:39.968 17796 17821 I RunGame : attribute size == 2
08-03 22:36:39.968 17796 17821 I RunGame : all attrib final
08-03 22:36:39.968 17796 17821 I RunGame : losGL->genBuffers.size() == 2
08-03 22:36:39.968 17796 17821 I RunGame : buffGo == 2
08-03 22:36:39.968 17796 17821 I RunGame : compiled shader Cube
08-03 22:36:39.968 17796 17821 I RunGame : compiled shader Cube
08-03 22:36:39.968 17796 17821 I RunGame : setAxis 05
08-03 22:36:39.968 17796 17821 I RunGame : compiled shader Cube
08-03 22:36:39.968 17796 17821 I RunGame : compiled shader Cube
08-03 22:36:39.969 17796 17821 I RunGame : setAxis 05
08-03 22:36:39.969 17796 17821 I RunGame : compiled shader Cube
08-03 22:36:39.969 17796 17821 I RunGame : compiled shader Cube
08-03 22:36:39.969 17796 17821 I RunGame : setAxis 05
08-03 22:36:39.969 17796 17821 I RunGame : compiled shader Cube
08-03 22:36:39.970 17796 17821 I RunGame : compiled shader Cube
08-03 22:36:39.970 17796 17821 I RunGame : setAxis 05
08-03 22:36:39.970 17796 17821 I RunGame : compiled shader Cube
08-03 22:36:39.970 17796 17821 I RunGame : compiled shader Cube
08-03 22:36:39.970 17796 17821 I RunGame : setAxis 05
08-03 22:36:39.970 645 10541 I audio_pop: pop change SMT_MIXOUT_EAR_PU MIXER DACL dir 1
08-03 22:36:39.970 17796 17821 I RunGame : compiled shader Cube
08-03 22:36:39.970 645 10541 I audio_pop: pop change SMT_MIXOUT_EAR_PU MIXER DACR dir 1
08-03 22:36:39.970 17796 17821 I RunGame : compiled shader Cube
08-03 22:36:39.971 17796 17821 I RunGame : setAxis 05
08-03 22:36:39.971 17796 17821 I los_native_app_glue: los APP_CMD_WINDOW_RESIZED
08-03 22:36:39.971 17796 17821 I RunGame : in Los CMD !
08-03 22:36:39.971 17796 17821 I RunGame : APP_CMD_WINDOW_RESIZED
08-03 22:36:39.972 17796 17821 I los_native_app_glue: los APP_CMD_GAINED_FOCUS
08-03 22:36:39.972 17796 17821 I RunGame : in Los CMD !
08-03 22:36:39.972 17796 17821 I RunGame : APP_CMD_GAINED_FOCUS
08-03 22:36:39.974 638 638 I GRALLOC : shrFd=10,fmt=0x2,intFmt=0x200000002,btStrd=4352,size=9052160,pid=638
08-03 22:36:39.974 638 638 I GRALLOC : yuv=2,w=1080,h=2039,Stride u=0 v=0,offset u=0 v=0
08-03 22:36:39.974 638 638 I GRALLOC : iova_size=9052160,conUsg=0xb00,proUsg=0xb00, strd=1088,[afbc]HdrStrd=1088 PyldStrd=69632 Scrmbl=0,ionhnd = 1
08-03 22:36:39.982 638 638 I chatty : uid=1000(system) allocator@2.0-s identical 1 line
08-03 22:36:39.989 638 638 I GRALLOC : shrFd=10,fmt=0x2,intFmt=0x200000002,btStrd=4352,size=9052160,pid=638
08-03 22:36:39.989 638 638 I GRALLOC : yuv=2,w=1080,h=2039,Stride u=0 v=0,offset u=0 v=0
08-03 22:36:39.989 638 638 I GRALLOC : iova_size=9052160,conUsg=0xb00,proUsg=0xb00, strd=1088,[afbc]HdrStrd=1088 PyldStrd=69632 Scrmbl=0,ionhnd = 1
08-03 22:36:40.029 645 10541 I audio_pop: pop change CLASSD VIR_SWITCH CLASSD_EN dir 1
08-03 22:36:40.029 645 10541 I dsp_common: dsp_common_control_algo:set device = 2
08-03 22:36:40.029 645 10541 I spk_dev_interface: spk_dev_power_on: use new smartpakit version
08-03 22:36:40.029 645 10541 I smartpakit: pdata->device = 0, output_device = 2, pdata->mode = 0, mode = 0
08-03 22:36:40.029 645 10541 I smartpakit: pakit power on l(2) succ
08-03 22:36:40.029 645 10541 I audio_hw_primary: select_devices--
08-03 22:36:40.029 645 10541 I audio_hw_primary: start_output_stream--
08-03 22:36:40.051 710 1002 D AudioFlinger: mixer(0x76cf89f040) throttle end: throttle time(10)
08-03 22:36:40.071 645 10541 D asd : [asd_proc_hal_data],hal data soundness: L[401],R[401]
08-03 22:36:40.710 1155 1319 D HwWifiStatStore: handleMessage : 200
08-03 22:36:40.798 663 663 E WifiHAL : enter wifi_get_link_stats
08-03 22:36:40.811 753 753 E wificond: Failed to get NL80211_RATE_INFO_NOISE
08-03 22:36:40.811 753 753 E wificond: Failed to get NL80211_RATE_INFO_SNR
08-03 22:36:40.811 753 753 E wificond: Failed to get NL80211_STA_INFO_CNAHLOAD
08-03 22:36:40.812 1155 1318 E WificondControl: Noise: 0, Snr: -1, Chload: -1
08-03 22:36:40.813 1155 1320 D HwWifiCHRStateManager: handleMessage : 1001
08-03 22:36:40.814 1155 1320 D HwWifiCHRStateManager: handleUpdateChannel:2457
08-03 22:36:40.814 1155 1320 V HwWifiServiceFactory: get AllImpl object = com.android.server.wifi.HwWifiServiceFactoryImpl@3effb29
08-03 22:36:40.815 1155 1318 D WifiScoreReport: Score = 100, wifiConnectivityManagerEnabled = false, lowScoreCount = 0
08-03 22:36:40.830 1155 1155 I TrafficMonitor: expired arrive. level:-1
08-03 22:36:40.830 1155 1155 I TrafficMonitor: during_ms:2001,period_ms:2000
08-03 22:36:40.830 1155 1155 I TrafficMonitor: count:531,rx_sum:0,tx_sum:0,rxBytes:0,during_ms:2001,rx_speed:0.0,tx_speed:0.0,rto:0.0
08-03 22:36:40.830 1155 1155 D HuaweiWifiWatchdogStateMachine: speed: rxpkt:0, rxSpd:0B/s, txpkt:0, txSpd:0
08-03 22:36:41.150 871 986 W libc : Set property "ril.hw_modem1.rssi" to "-91"
08-03 22:36:41.158 2278 2278 W libc : Set property "gsm.rssi.sim2" to "-91"
08-03 22:36:41.180 752 752 E Thermal-daemon: [Thermal_Hw] temperature_valid, battery : temperature is invalid, invalid temperatrue is 32
08-03 22:36:41.180 752 752 E Thermal-daemon: [Thermal_Hw] temperature_filter: get invalid temperature, use old temp
08-03 22:36:41.181 752 752 E Thermal-daemon: [pa_0] temp_new :35 temp_old :34
08-03 22:36:41.182 2268 2420 I ThermalService: Receive temperature change, type: 1, temp: 35 from thermald
08-03 22:36:41.183 752 752 E Thermal-daemon: Report temperature: [pa_0] temp :35 report_threshold:1
08-03 22:36:41.243 1429 1625 W HSM : SmartControlRecordInfo:queryRecordInfoOldCount of content://com.huawei.systemmanager.smartcontrolprovider/smartcontrolrecord/SmartControlRecordTable can't find record, will insert new!
08-03 22:36:41.260 1429 1625 W HSM : SmartControlRecordInfo:queryRecordInfoOldCount of content://com.huawei.systemmanager.smartcontrolprovider/smartcontrolrecord/SmartControlRecordTable can't find record, will insert new!
08-03 22:36:41.548 1155 1288 D : motion-hal MotionHubChanel::readHwStepCounter record_count : 2001
08-03 22:36:41.548 661 661 D SensorHub: huawei Hal strandard_stepcounter is 59
08-03 22:36:41.548 1155 1288 D : HWExtMotionService valueSize:19
08-03 22:36:41.548 1155 1288 D : HWExtDeviceService getActiveConnections
08-03 22:36:41.548 1155 1288 D : HWExtDeviceService connSize:1
08-03 22:36:41.549 2255 2255 D HwStepCounter: onDeviceDataChanged
08-03 22:36:41.549 2255 2255 W HwStepCounter: version : 1
08-03 22:36:41.549 2255 2255 I HwStepCounter: dealReportData tm: 2018-08-03 22:36:42 steps_value[0] : 0 state_value[0]:0 level_value[0]:0
08-03 22:36:41.549 2255 2255 I HwStepCounter: isBeginOfToday: 3 -> 3
08-03 22:36:41.549 2255 2255 I HwStepCounter: isBeginOfToday: false
08-03 22:36:41.549 2255 2255 I HwStepCounter: dealReportData: diff = 0
08-03 22:36:41.560 2255 2444 D HwStepCounter: ReportProxy client : 1
08-03 22:36:41.560 2255 2443 I StepCounterRemoteStub: Report client count 1
08-03 22:36:41.707 1155 1180 I zygote64: Explicit concurrent copying GC freed 138367(7MB) AllocSpace objects, 14(280KB) LOS objects, 42% free, 31MB/54MB, paused 1.138ms total 381.370ms
08-03 22:36:41.746 1155 1375 D HwQoEUtils: onForegroundAppWifiSleepChange: config:false, sleeptime:-1,type: -1, appname:com.thephoridaeintertainment.sergeyloskutnikov.runningman
08-03 22:36:41.746 1155 1375 D HwQoEUtils: APP type: -1 appName= com.thephoridaeintertainment.sergeyloskutnikov.runningman
08-03 22:36:41.746 1155 1375 D HwQoEUtils: no game, APP_TYPE_GAME, appName =com.thephoridaeintertainment.sergeyloskutnikov.runningman
08-03 22:36:41.801 1155 1371 D HwArpVerifier: performPollAndLog:
08-03 22:36:41.804 1155 1371 D hw_netstat: total/0/0
08-03 22:36:41.833 1155 1155 I TrafficMonitor: update:rxPkts:0,txPkts:0,rxBytes:0,txBytes:0
08-03 22:36:41.833 1155 1155 I TrafficMonitor: start expired. level:-1
08-03 22:36:41.833 1155 1155 I TrafficMonitor: gettimer:interval=2000
08-03 22:36:41.855 1155 1286 W AlarmManager: mIsScreenOn is: true, WAKEUP alarm trigger action = com.google.android.intent.action.GCM_RECONNECT package name is: com.google.android.gms
08-03 22:36:41.861 1155 8168 V BroadcastQueue: Finished with ordered broadcast BroadcastRecord{7bbc43c u0 com.google.android.intent.action.GCM_RECONNECT}
08-03 22:36:42.071 645 10541 D asd : [asd_proc_hal_data],hal data soundness: L[241],R[241]
08-03 22:36:42.919 1155 1155 I MQoS : onSignal: mSubId=1,currDataSubID=0
08-03 22:36:42.919 1155 1155 I MQoS : received cell-signal:5
08-03 22:36:42.928 1155 1291 D libfingersense_wrapper: Searching fingersense_classify_touch symbol
08-03 22:36:42.928 1155 1291 E libfingersense_wrapper: libfingersense.so was not loaded
08-03 22:36:42.931 1495 1719 I HwMobileSignalController(1): subId:1 phoneType:1 networktype:2 targetClass:1 masterLevel:5 slaveLevel:-1
08-03 22:36:42.934 17796 17796 I libMGD : JVM_NativeLoad of /system/lib64/libhwaps.so
08-03 22:36:42.934 17796 17796 I libMGD : dlopen of /system/lib64/libhwaps.so
08-03 22:36:42.938 17796 17796 E linker : library "/system/lib64/libhwaps.so" ("/system/lib64/libhwaps.so") needed or dlopened by "/data/app/com.thephoridaeintertainment.sergeyloskutnikov.runningman-QWqG8yE397e9B0LOuDIP8Q==/lib/arm64/libMGD.so" is not accessible for the namespace: [name="classloader-namespace", ld_library_paths="", default_library_paths="/data/app/com.thephoridaeintertainment.sergeyloskutnikov.runningman-QWqG8yE397e9B0LOuDIP8Q==/lib/arm64:/data/app/com.thephoridaeintertainment.sergeyloskutnikov.runningman-QWqG8yE397e9B0LOuDIP8Q==/base.apk!/lib/arm64-v8a:/data/app/com.thephoridaeintertainment.sergeyloskutnikov.runningman-QWqG8yE397e9B0LOuDIP8Q==/split_lib_resources_apk.apk!/lib/arm64-v8a:/data/app/com.thephoridaeintertainment.sergeyloskutnikov.runningman-QWqG8yE397e9B0LOuDIP8Q==/split_lib_slice_0_apk.apk!/lib/arm64-v8a:/data/app/com.thephoridaeintertainment.sergeyloskutnikov.runningman-QWqG8yE397e9B0LOuDIP8Q==/split_lib_slice_1_apk.apk!/lib/arm64-v8a:/data/app/com.thephoridaeintertainment.sergeyloskutnikov.runningman-QWqG8yE397e9B0LO
08-03 22:36:42.938 17796 17796 I libMGD : Could not dlopen /system/lib64/libhwaps.so
08-03 22:36:42.938 17796 17796 I libMGD : Could not JVM_NativeLoad /system/lib64/libhwaps.so
08-03 22:36:42.940 17796 17796 W zygote64: Landroid/app/HwApsInterface; failed initialization
08-03 22:36:42.941 17796 17796 E InputEventReceiver: Exception dispatching input event.
08-03 22:36:42.941 17796 17796 E MessageQueue-JNI: Exception in MessageQueue callback: handleReceiveCallback
08-03 22:36:42.948 17796 17796 E MessageQueue-JNI: java.lang.UnsatisfiedLinkError:
08-03 22:36:42.948 17796 17796 E MessageQueue-JNI: at java.lang.Runtime.loadLibrary0(Runtime.java:1038)
08-03 22:36:42.948 17796 17796 E MessageQueue-JNI: at java.lang.System.loadLibrary(System.java:1660)
08-03 22:36:42.948 17796 17796 E MessageQueue-JNI: at android.app.HwApsInterface.(HwApsInterface.java:16)
08-03 22:36:42.948 17796 17796 E MessageQueue-JNI: at android.app.HwApsInterface.nativeSetTouchState(Native Method)
08-03 22:36:42.948 17796 17796 E MessageQueue-JNI: at com.huawei.android.hwaps.GameState.setTouchState(GameState.java:40)
08-03 22:36:42.948 17796 17796 E MessageQueue-JNI: at com.huawei.android.hwaps.EventAnalyzed.setTouchState(EventAnalyzed.java:2049)
08-03 22:36:42.948 17796 17796 E MessageQueue-JNI: at com.huawei.android.hwaps.EventAnalyzed.processAnalyze(EventAnalyzed.java:1693)
08-03 22:36:42.948 17796 17796 E MessageQueue-JNI: at android.view.HwNsdImpl.adaptPowerSave(HwNsdImpl.java:192)
08-03 22:36:42.948 17796 17796 E MessageQueue-JNI: at android.view.ViewRootImpl$EarlyPostImeInputStage.processPointerEvent(ViewRootImpl.java:4944)
08-03 22:36:42.948 17796 17796 E MessageQueue-JNI: at android.view.ViewRootImpl$EarlyPostImeInputStage.onProcess(ViewRootImpl.java:4903)
08-03 22:36:42.948 17796 17796 E MessageQueue-JNI: at android.view.ViewRootImpl$InputStage.deliver(ViewRootImpl.java:4544)
08-03 22:36:42.948 17796 17796 E MessageQueue-JNI: at android.view.ViewRootImpl.deliverInputEvent(ViewRootImpl.java:7123)
08-03 22:36:42.948 17796 17796 E MessageQueue-JNI: at android.view.ViewRootImpl.doProcessInputEvents(ViewRootImpl.java:7097)
08-03 22:36:42.948 17796 17796 E MessageQueue-JNI: at android.view.ViewRootImpl.enqueueInputEvent(ViewRootImpl.java:7058)
08-03 22:36:42.948 17796 17796 E MessageQueue-JNI: at android.view.ViewRootImpl$WindowInputEventReceiver.onInputEvent(ViewRootImpl.java:7279)
08-03 22:36:42.948 17796 17796 E MessageQueue-JNI: at android.view.InputEventReceiver.dispatchInputEvent(InputEventReceiver.java:192)
08-03 22:36:42.948 17796 17796 E MessageQueue-JNI: at android.os.MessageQueue.nativePollOnce(Native Method)
08-03 22:36:42.948 17796 17796 E MessageQueue-JNI: at android.os.MessageQueue.next(MessageQueue.java:379)
08-03 22:36:42.948 17796 17796 E MessageQueue-JNI: at android.os.Looper.loop(Looper.java:144)
08-03 22:36:42.948 17796 17796 E MessageQueue-JNI: at android.app.ActivityThread.main(ActivityThread.java:7425)
08-03 22:36:42.948 17796 17796 E MessageQueue-JNI: at java.lang.reflect.Method.invoke(Native Method)
08-03 22:36:42.948 17796 17796 E MessageQueue-JNI: at com.android.internal.os.Zygote$MethodAndArgsCaller.run(Zygote.java:245)
08-03 22:36:42.948 17796 17796 E MessageQueue-JNI: at com.android.internal.os.ZygoteInit.main(ZygoteInit.java:921)
08-03 22:36:42.949 17796 17796 D AndroidRuntime: Shutting down VM
08-03 22:36:42.954 17796 17796 E AndroidRuntime: FATAL EXCEPTION: main
08-03 22:36:42.954 17796 17796 E AndroidRuntime: Process: com.thephoridaeintertainment.sergeyloskutnikov.runningman, PID: 17796
08-03 22:36:42.954 17796 17796 E AndroidRuntime: java.lang.UnsatisfiedLinkError:
08-03 22:36:42.954 17796 17796 E AndroidRuntime: at java.lang.Runtime.loadLibrary0(Runtime.java:1038)
08-03 22:36:42.954 17796 17796 E AndroidRuntime: at java.lang.System.loadLibrary(System.java:1660)
08-03 22:36:42.954 17796 17796 E AndroidRuntime: at android.app.HwApsInterface.(HwApsInterface.java:16)
08-03 22:36:42.954 17796 17796 E AndroidRuntime: at android.app.HwApsInterface.nativeSetTouchState(Native Method)
08-03 22:36:42.954 17796 17796 E AndroidRuntime: at com.huawei.android.hwaps.GameState.setTouchState(GameState.java:40)
08-03 22:36:42.954 17796 17796 E AndroidRuntime: at com.huawei.android.hwaps.EventAnalyzed.setTouchState(EventAnalyzed.java:2049)
08-03 22:36:42.954 17796 17796 E AndroidRuntime: at com.huawei.android.hwaps.EventAnalyzed.processAnalyze(EventAnalyzed.java:1693)
08-03 22:36:42.954 17796 17796 E AndroidRuntime: at android.view.HwNsdImpl.adaptPowerSave(HwNsdImpl.java:192)
08-03 22:36:42.954 17796 17796 E AndroidRuntime: at android.view.ViewRootImpl$EarlyPostImeInputStage.processPointerEvent(ViewRootImpl.java:4944)
08-03 22:36:42.954 17796 17796 E AndroidRuntime: at android.view.ViewRootImpl$EarlyPostImeInputStage.onProcess(ViewRootImpl.java:4903)
08-03 22:36:42.954 17796 17796 E AndroidRuntime: at android.view.ViewRootImpl$InputStage.deliver(ViewRootImpl.java:4544)
08-03 22:36:42.954 17796 17796 E AndroidRuntime: at android.view.ViewRootImpl.deliverInputEvent(ViewRootImpl.java:7123)
08-03 22:36:42.954 17796 17796 E AndroidRuntime: at android.view.ViewRootImpl.doProcessInputEvents(ViewRootImpl.java:7097)
08-03 22:36:42.954 17796 17796 E AndroidRuntime: at android.view.ViewRootImpl.enqueueInputEvent(ViewRootImpl.java:7058)
08-03 22:36:42.954 17796 17796 E AndroidRuntime: at android.view.ViewRootImpl$WindowInputEventReceiver.onInputEvent(ViewRootImpl.java:7279)
08-03 22:36:42.954 17796 17796 E AndroidRuntime: at android.view.InputEventReceiver.dispatchInputEvent(InputEventReceiver.java:192)
08-03 22:36:42.954 17796 17796 E AndroidRuntime: at android.os.MessageQueue.nativePollOnce(Native Method)
08-03 22:36:42.954 17796 17796 E AndroidRuntime: at android.os.MessageQueue.next(MessageQueue.java:379)
08-03 22:36:42.954 17796 17796 E AndroidRuntime: at android.os.Looper.loop(Looper.java:144)
08-03 22:36:42.954 17796 17796 E AndroidRuntime: at android.app.ActivityThread.main(ActivityThread.java:7425)
08-03 22:36:42.954 17796 17796 E AndroidRuntime: at java.lang.reflect.Method.invoke(Native Method)
08-03 22:36:42.954 17796 17796 E AndroidRuntime: at com.android.internal.os.Zygote$MethodAndArgsCaller.run(Zygote.java:245)
08-03 22:36:42.954 17796 17796 E AndroidRuntime: at com.android.internal.os.ZygoteInit.main(ZygoteInit.java:921)
08-03 22:36:42.961 1155 8168 W ActivityManager: Force finishing activity com.thephoridaeintertainment.sergeyloskutnikov.runningman/.RunActiv
08-03 22:36:42.969 1155 2769 E ReportTools: This is not beta user build
