08-03 22:36:49.077 2575 6638 W ContextImpl: Calling a method in the system process without a qualified user: android.app.ContextImpl.bindService:1736 android.content.ContextWrapper.bindService:678 com.huawei.nb.dataservice.dsclient.RemoteServiceConnection.open:90 com.huawei.nb.dataservice.dsclient.DataServiceProxy.connect:105 com.huawei.nb.dataservice.rsclient.internal.RemoteRuleService.start:27
08-03 22:36:49.079 632 632 I ArData : (ar_data_enable_activity_event:587):successfully
08-03 22:36:49.080 2575 6575 D ARMoudle.HwActivityRecognition: disableActivityEvent
08-03 22:36:49.080 2575 6575 D ARMoudle.HwActivityRecognition: android.activity_recognition.in_vehicle,2
08-03 22:36:49.081 632 687 I ArData : (ar_data_netlink_cb:789):cmd[2].length[140]
08-03 22:36:49.081 632 632 I ArData : (ar_data_disable_activity_event:669):successfully
08-03 22:36:49.082 2575 6575 D ARMoudle.HwActivityRecognition: disableActivityEvent
08-03 22:36:49.082 2575 6575 D ARMoudle.HwActivityRecognition: android.activity_recognition.on_bicycle,1
08-03 22:36:49.083 632 632 I ArData : (ar_enable_activity_event:1281):activity[1] event[1] latency[200000000000 ns]
08-03 22:36:49.083 632 687 I ArData : (ar_data_netlink_cb:789):cmd[2].length[120]
08-03 22:36:49.084 7101 7101 D Mms_TX_NOTIFY: Get no-perm notification callback android.intent.action.SCREEN_OFF
08-03 22:36:49.084 2575 2575 I RuleEngine: Data service start to work[OK].
08-03 22:36:49.086 632 632 I ArData : (ar_data_enable_activity_event:587):successfully
08-03 22:36:49.086 2575 6575 D ARMoudle.HwActivityRecognition: disableActivityEvent
08-03 22:36:49.086 2575 6575 D ARMoudle.HwActivityRecognition: android.activity_recognition.on_bicycle,2
08-03 22:36:49.087 632 687 I ArData : (ar_data_netlink_cb:789):cmd[2].length[120]
08-03 22:36:49.088 2575 6638 I RuleEngine: Sending event(ScreenOff,null) to service.
08-03 22:36:49.089 632 632 I ArData : (ar_data_disable_activity_event:669):successfully
08-03 22:36:49.090 2575 6575 D ARMoudle.HwActivityRecognition: disableActivityEvent
08-03 22:36:49.090 2575 6575 D ARMoudle.HwActivityRecognition: android.activity_recognition.walking,1
08-03 22:36:49.090 632 687 I ArData : (ar_data_netlink_cb:789):cmd[2].length[100]
08-03 22:36:49.091 632 632 I ArData : (ar_enable_activity_event:1281):activity[2] event[1] latency[200000000000 ns]
08-03 22:36:49.092 632 632 I ArData : (ar_data_enable_activity_event:587):successfully
08-03 22:36:49.092 2575 6575 D ARMoudle.HwActivityRecognition: disableActivityEvent
08-03 22:36:49.092 2575 6575 D ARMoudle.HwActivityRecognition: android.activity_recognition.walking,2
08-03 22:36:49.093 632 687 I ArData : (ar_data_netlink_cb:789):cmd[2].length[100]
08-03 22:36:49.094 632 632 I ArData : (ar_data_disable_activity_event:669):successfully
08-03 22:36:49.095 2575 6575 D ARMoudle.HwActivityRecognition: disableActivityEvent
08-03 22:36:49.095 2575 6575 D ARMoudle.HwActivityRecognition: android.activity_recognition.running,1
08-03 22:36:49.095 632 687 I ArData : (ar_data_netlink_cb:789):cmd[2].length[80]
08-03 22:36:49.096 632 632 I ArData : (ar_enable_activity_event:1281):activity[3] event[1] latency[200000000000 ns]
08-03 22:36:49.096 632 632 I ArData : (ar_data_enable_activity_event:587):successfully
08-03 22:36:49.097 2575 6575 D ARMoudle.HwActivityRecognition: disableActivityEvent
08-03 22:36:49.097 2575 6575 D ARMoudle.HwActivityRecognition: android.activity_recognition.running,2
08-03 22:36:49.097 632 687 I ArData : (ar_data_netlink_cb:789):cmd[2].length[80]
08-03 22:36:49.098 632 632 I ArData : (ar_data_disable_activity_event:669):successfully
08-03 22:36:49.099 2575 6575 D ARMoudle.HwActivityRecognition: disableActivityEvent
08-03 22:36:49.099 2575 6575 D ARMoudle.HwActivityRecognition: android.activity_recognition.still,1
08-03 22:36:49.099 632 687 I ArData : (ar_data_netlink_cb:789):cmd[2].length[60]
08-03 22:36:49.100 632 632 I ArData : (ar_enable_activity_event:1281):activity[4] event[1] latency[200000000000 ns]
08-03 22:36:49.101 632 632 I ArData : (ar_data_enable_activity_event:587):successfully
08-03 22:36:49.101 2575 6575 D ARMoudle.HwActivityRecognition: disableActivityEvent
08-03 22:36:49.101 2575 6575 D ARMoudle.HwActivityRecognition: android.activity_recognition.still,2
08-03 22:36:49.101 632 687 I ArData : (ar_data_netlink_cb:789):cmd[2].length[60]
08-03 22:36:49.102 2575 17874 D RuleEngine: EventTimer 1:2,600000,0,0
08-03 22:36:49.102 632 632 I ArData : (ar_enable_activity_event:1281):activity[4] event[2] latency[200000000000 ns]
08-03 22:36:49.102 2575 17874 D RuleEngine: Event 1:5,0,null,126,Fri Aug 03 22:35:09 GMT+03:00 2018,Fri Aug 03 22:36:49 GMT+03:00 2018,0,0,0
08-03 22:36:49.103 632 632 I ArData : (ar_data_enable_activity_event:587):successfully
08-03 22:36:49.103 2575 6575 D ARMoudle.HwActivityRecognition: disableActivityEvent
08-03 22:36:49.103 2575 6575 D ARMoudle.HwActivityRecognition: android.activity_recognition.high_speed_rail,1
08-03 22:36:49.103 632 687 I ArData : (ar_data_netlink_cb:789):cmd[2].length[60]
08-03 22:36:49.105 632 632 I ArData : (ar_data_disable_activity_event:669):successfully
08-03 22:36:49.106 2575 6575 D ARMoudle.HwActivityRecognition: disableActivityEvent
08-03 22:36:49.106 2575 6575 D ARMoudle.HwActivityRecognition: android.activity_recognition.high_speed_rail,2
08-03 22:36:49.107 2575 6638 E [HwRecSys]DataServiceController: commend list is null!
08-03 22:36:49.107 632 632 I ArData : (ar_data_disable_activity_event:669):successfully
08-03 22:36:49.108 632 687 I ArData : (ar_data_netlink_cb:789):cmd[2].length[40]
08-03 22:36:49.108 632 687 I ArData : (ar_data_netlink_cb:789):cmd[2].length[40]
08-03 22:36:49.108 2575 6575 D ARMoudle.HwActivityRecognition: disableActivityEvent
08-03 22:36:49.108 2575 6575 D ARMoudle.HwActivityRecognition: android.activity_recognition.fast_walking,1
08-03 22:36:49.110 632 632 I ArData : (ar_data_disable_activity_event:669):successfully
08-03 22:36:49.110 2575 6575 D ARMoudle.HwActivityRecognition: disableActivityEvent
08-03 22:36:49.110 2575 6575 D ARMoudle.HwActivityRecognition: android.activity_recognition.fast_walking,2
08-03 22:36:49.110 632 687 I ArData : (ar_data_netlink_cb:789):cmd[2].length[40]
08-03 22:36:49.112 632 632 I ArData : (ar_data_disable_activity_event:669):successfully
08-03 22:36:49.112 632 687 I ArData : (ar_data_netlink_cb:789):cmd[2].length[20]
08-03 22:36:49.115 1495 1495 V KeyguardUpdateMonitor: RefreshBatteryInfo isBatteryLow: 74
08-03 22:36:49.115 1495 1495 W KeyguardUpdateMonitor: ChargingSpeed Wattage: 2500000 ST: 5000000 --> 7500000
08-03 22:36:49.115 1495 1495 I KgBattery: BatteryInfo updated: 2lPc0
08-03 22:36:49.115 1495 1495 W AppHandler: sendMessage with obj100
08-03 22:36:49.115 1495 1495 D KeyguardUpdateMonitor: handleBatteryUpdate
08-03 22:36:49.125 1495 1495 W KgBattery: getCharge info with type: text
08-03 22:36:49.127 1495 1495 W HwLockScreenPanel: refreshBatteryInfo: null
08-03 22:36:49.127 1495 1495 W HwKeyguardBottomArea: updateBatteryInfo : false true
08-03 22:36:49.127 1495 1495 W HwLockScreenPanel: Handle message: 100
08-03 22:36:49.135 10794 10794 I DeviceStatusMonitor: onReceive() : Action = android.intent.action.SCREEN_OFF
08-03 22:36:49.145 1495 1495 W HwKeyguardDragHelper: AnimationBlocked
08-03 22:36:49.145 1495 1495 W PanelView: set notification panel padding = 1676
08-03 22:36:49.146 1495 1495 W PanelView: set mBlockAnimation false
08-03 22:36:49.159 1495 1495 W HwKeyguardBottomArea: KG_FDT mShowIndicationRunner
08-03 22:36:49.160 1495 1495 W LockIcon: hideView: false
08-03 22:36:49.160 1495 1495 D TimeKeeper: getTimeTickInfo:[mMillisUntilFinished:0, mHour:0, mMinute:0, mSecond:0]
08-03 22:36:49.160 1495 1495 E KeyguardUpdateMonitor: isSimPinSecure mSimDatas is null or empty
08-03 22:36:49.160 1495 1495 D TimeKeeper: getTimeTickInfo:[mMillisUntilFinished:0, mHour:0, mMinute:0, mSecond:0]
08-03 22:36:49.160 1495 1495 W LockIcon: getState 1 <-> 0; fp running false
08-03 22:36:49.162 1495 1495 W LockIcon: getHintTextRes isMethodSecure: false isUserTrustIsManaged false
08-03 22:36:49.162 1495 1495 W LockIcon: update state skiped
08-03 22:36:49.167 1495 1495 W HwKeyguardBottomArea: updateBatteryInfo : false true
08-03 22:36:49.167 1495 1495 W HwKeyguardBottomArea: KG_FDT ShowIndicationRunner finish
08-03 22:36:49.170 2606 2606 D AutoCache: screen off
08-03 22:36:49.172 2606 2606 D AutoCache: [ScreenStateReceiver], charge in, battery ok, screen off
08-03 22:36:49.177 1495 1495 W HwKeyguardDragHelper: AnimationBlocked
08-03 22:36:49.177 1495 1495 W PanelView: set notification panel padding = 1676
08-03 22:36:49.178 1495 1495 W PanelView: set mBlockAnimation false
08-03 22:36:49.192 2635 2915 D WorkSource: Insert in WorkSource{} @ 0 uid 10013 name com.google.android.gms
08-03 22:36:49.204 1155 6503 V BroadcastQueue: Finished with ordered broadcast BroadcastRecord{60b5a3e u-1 android.intent.action.SCREEN_OFF}
08-03 22:36:49.374 2936 2936 W SearchServiceCore: Abort, client detached.
08-03 22:36:49.403 2776 2776 I AppWidgetHost: appWidget hostView is null
08-03 22:36:49.423 2776 2776 I AppWidgetHost: appWidget hostView is null
08-03 22:36:49.427 1155 6503 V BroadcastQueue: Finished with ordered broadcast BroadcastRecord{69986f0 u0 update-hint}
08-03 22:36:49.448 1495 1495 I PhoneStatusBarView: mDelayedGetViewPositionOnScreen getLocationInWindow 0 0
08-03 22:36:49.448 1495 1495 I PhoneStatusBarView: mDelayedGetViewPositionOnScreen getLocationOnScreen 0 0
08-03 22:36:49.477 1495 1495 W HwKeyguardBottomArea: ShowIndicationRunner End
08-03 22:36:49.725 1155 1319 D HwWifiStatStore: handleMessage : 200
08-03 22:36:49.763 2936 14496 I EventLogSendingHelper: Sending log events.
08-03 22:36:49.841 1155 1155 I TrafficMonitor: update:rxPkts:0,txPkts:0,rxBytes:0,txBytes:0
08-03 22:36:49.841 1155 1155 I TrafficMonitor: start expired. level:-1
08-03 22:36:49.841 1155 1155 I TrafficMonitor: gettimer:interval=2000
08-03 22:36:50.174 2606 2679 I AutoCache: DailyDecodeCount has been reset.
08-03 22:36:50.270 2606 2679 I AutoCache: thumbnail cache has been set up successfully.
08-03 22:36:50.420 2268 2502 I ScreenLockClean: Screen Off get Clean Apps Num:0 expend time(ms):14
08-03 22:36:50.834 1155 1365 D HicomPolicyManager: handlerScreenStatus type = 7
08-03 22:36:51.188 752 752 E Thermal-daemon: [Thermal_Hw] temperature_valid, battery : temperature is invalid, invalid temperatrue is 33
08-03 22:36:51.189 752 752 E Thermal-daemon: [Thermal_Hw] temperature_filter: get invalid temperature, use old temp
08-03 22:36:51.360 871 986 W libc : Set property "ril.hw_modem1.rssi" to "-83"
08-03 22:36:51.376 2278 2278 W libc : Set property "gsm.rssi.sim2" to "-83"
08-03 22:36:51.400 2268 2502 I InactiveClean: start clean inactive apps
08-03 22:36:51.412 2268 2502 I InactiveClean: can not clean clock app: com.clockai.alarmclock
08-03 22:36:51.425 2268 2502 I CommonAdapter: requestAppCleanFromPG pkgList=[com.google.android.apps.books, com.yandex.browser] userId=[0, 0] level=2 reason=inactive clean
08-03 22:36:51.440 1155 6503 D SmartHeartBeat: setAlarmsPending ...
08-03 22:36:51.443 2268 2502 I AlarmProxy: [pending] net alarms
08-03 22:36:51.451 1155 2238 D ProcessCleaner: [aware_mem] start process cleaner setPackageStoppedState
08-03 22:36:51.454 1155 2238 I ActivityManager: Killing 17236:com.google.android.apps.books/u0a101 (adj 906): iAwareF[PowerGenie](cch-empty)
08-03 22:36:51.459 1155 2238 D ActivityManager: cleanUpApplicationRecord app: ProcessRecord{bfb5a4e 17236:com.google.android.apps.books/u0a101}, app.bad: false, restarting: false, allowRestart: false
08-03 22:36:51.470 1155 2238 D ProcessCleaner: [aware_mem] process cleaner success pid:17236,uid:10101,com.google.android.apps.books,[com.google.android.apps.books],mHasShownUi:false,null,class:0,0,6,0,adj:902 is killed
08-03 22:36:51.475 1155 2238 D ProcessCleaner: [aware_mem] start process cleaner cleanPackageRes, clnAlarm:false, hasPerceptAlarm:false, isNative:true, cleanResult: false
08-03 22:36:51.475 1155 2238 D ProcessCleaner: [aware_mem] start process cleaner setPackageStoppedState
08-03 22:36:51.476 1155 2238 I ActivityManager: Killing 17616:com.yandex.browser:Metrica/u0a99 (adj 906): iAwareF[PowerGenie](cch-empty)
08-03 22:36:51.478 1155 2238 D ActivityManager: cleanUpApplicationRecord app: ProcessRecord{f3292a1 17616:com.yandex.browser:Metrica/u0a99}, app.bad: false, restarting: false, allowRestart: false
08-03 22:36:51.484 1155 2238 D ProcessCleaner: [aware_mem] process cleaner success pid:17616,uid:10099,com.yandex.browser:Metrica,[com.yandex.browser],mHasShownUi:false,null,class:0,0,6,0,adj:902 is killed
08-03 22:36:51.487 1155 2238 D ProcessCleaner: [aware_mem] start process cleaner cleanPackageRes, clnAlarm:false, hasPerceptAlarm:false, isNative:true, cleanResult: false
08-03 22:36:51.489 2255 2267 E HsmCoreServiceImpl: onTransact in code is: 102
08-03 22:36:51.489 2255 2267 I MediaProcessHandler: processOp opType: 1, uid: 10101, pid: 17236
08-03 22:36:51.489 2255 2267 W MediaProcessHandler: remove target not exist, maybe the UI process: uid: 10101, pid: 17236
08-03 22:36:51.489 2255 2267 I MediaProcessHandler: executedCallBack opType: 1 mMediaStatusObservers.size=0
08-03 22:36:51.489 1155 1155 V AlarmManager: UninstallReceiver onReceive action:android.intent.action.PACKAGE_RESTARTED
08-03 22:36:51.490 1155 1287 W AwareLog: SchedLevelBoost: onProcessDied config not set!
08-03 22:36:51.491 1155 1155 D HwBastetService: BroadcastReceiver android.intent.action.PACKAGE_RESTARTED
08-03 22:36:51.492 2255 2255 I HwCoreAppHelperService: LocalReceiver receives:android.intent.action.PACKAGE_RESTARTED,pkg:com.google.android.apps.books,uid:10101
08-03 22:36:51.496 2255 2255 I HwCoreAppHelperService: LocalReceiver receives:android.intent.action.PACKAGE_RESTARTED,pkg:com.yandex.browser,uid:10099
08-03 22:36:51.496 2278 2278 D CarrierSvcBindHelper: No carrier app for: 0
08-03 22:36:51.499 1155 1171 V BroadcastQueue: Finished with ordered broadcast BroadcastRecord{8eebfa u0 android.intent.action.PACKAGE_RESTARTED}
08-03 22:36:51.500 2278 2278 D CarrierSvcBindHelper: No carrier app for: 1
08-03 22:36:51.500 1155 1171 V BroadcastQueue: Finished with ordered broadcast BroadcastRecord{61cd5ab u0 android.intent.action.PACKAGE_RESTARTED}
08-03 22:36:51.503 1155 1155 D HwGpsPowerTracker: LocalReceiver receives:android.intent.action.PACKAGE_RESTARTED
08-03 22:36:51.504 2255 2267 E HsmCoreServiceImpl: onTransact in code is: 102
08-03 22:36:51.504 2255 2267 I MediaProcessHandler: processOp opType: 1, uid: 10099, pid: 17616
08-03 22:36:51.504 2255 2267 W MediaProcessHandler: remove target not exist, maybe the UI process: uid: 10099, pid: 17616
08-03 22:36:51.504 2255 2267 I MediaProcessHandler: executedCallBack opType: 1 mMediaStatusObservers.size=0
08-03 22:36:51.504 1155 1287 W AwareLog: SchedLevelBoost: onProcessDied config not set!
08-03 22:36:51.505 1155 1155 V AlarmManager: UninstallReceiver onReceive action:android.intent.action.PACKAGE_RESTARTED
08-03 22:36:51.506 1155 1155 D HwBastetService: BroadcastReceiver android.intent.action.PACKAGE_RESTARTED
08-03 22:36:51.507 1155 1155 D HwGpsPowerTracker: LocalReceiver receives:android.intent.action.PACKAGE_RESTARTED
08-03 22:36:51.508 2278 2278 D CarrierSvcBindHelper: No carrier app for: 0
08-03 22:36:51.512 2278 2278 D CarrierSvcBindHelper: No carrier app for: 1
08-03 22:36:51.674 1155 1155 V HwActivityManagerService: cleanupPackageNotifications, userId=0|[com.google.android.apps.books]
08-03 22:36:51.687 1155 1155 V HwActivityManagerService: cleanupPackageNotifications, userId=0|[com.yandex.browser]
08-03 22:36:51.819 1155 1371 D HwArpVerifier: performPollAndLog:
08-03 22:36:51.822 1155 1371 D hw_netstat: total/0/0
08-03 22:36:51.843 1155 1155 I TrafficMonitor: update:rxPkts:0,txPkts:0,rxBytes:0,txBytes:0
08-03 22:36:51.843 1155 1155 I TrafficMonitor: start expired. level:-1
08-03 22:36:51.843 1155 1155 I TrafficMonitor: gettimer:interval=2000
08-03 22:36:51.903 7101 7122 D TmoMonitor: Cache monitor msg as screen_off
08-03 22:36:51.908 871 986 W libc : Set property "ril.hw_modem1.rssi" to "-76"
08-03 22:36:51.926 871 985 W libc : Set property "persist.radio.nitz_hw_name1" to ""
08-03 22:36:51.939 871 985 W libc : Set property "ril.balong_cid" to "0"
08-03 22:36:51.942 2278 2278 W libc : Set property "gsm.rssi.sim2" to "-76"
08-03 22:36:51.945 871 985 W libc : Set property "ril.balong_cid" to "64301"
08-03 22:36:51.955 871 985 W libc : Set property "persist.radio.nitz_hw_name1" to ""
08-03 22:36:51.960 645 944 I audio_hw_primary: usb_ext_get_parameters: check show hires (false)
08-03 22:36:51.960 710 3640 I hash_map_utils: key: 'typec_need_show_hires' value: ''
08-03 22:36:51.961 1155 1155 I HwAudioService: check HiRes Icon false
08-03 22:36:51.961 871 985 W libc : Set property "ril.balong_cid" to "0"
08-03 22:36:51.961 1155 1155 W ActivityManager: Sending non-protected broadcast huawei.intent.action.hideHiResIcon from system uid 1000 pkg null
08-03 22:36:51.962 1155 1155 I HwAudioService: broadcastHiresIntent : false
08-03 22:36:51.963 1495 1495 D StatusBarIconController: setIconVisibility icon is null or visibility not change visibility=false
08-03 22:36:51.975 871 985 W libc : Set property "ril.balong_cid" to "64301"
08-03 22:36:51.979 645 944 I audio_hw_primary: usb_ext_get_parameters: check show hires (false)
08-03 22:36:51.979 710 3640 I hash_map_utils: key: 'typec_need_show_hires' value: ''
08-03 22:36:51.980 1155 1155 I HwAudioService: check HiRes Icon false
08-03 22:36:51.981 1155 1155 W ActivityManager: Sending non-protected broadcast huawei.intent.action.hideHiResIcon from system uid 1000 pkg null
08-03 22:36:51.981 1155 1155 I HwAudioService: broadcastHiresIntent : false
08-03 22:36:51.983 1495 1495 D StatusBarIconController: setIconVisibility icon is null or visibility not change visibility=false
08-03 22:36:52.004 871 985 W libc : Set property "persist.radio.nitz_hw_name1" to ""
08-03 22:36:52.012 871 985 W libc : Set property "ril.balong_cid" to "0"
08-03 22:36:52.026 871 985 W libc : Set property "ril.balong_cid" to "64301"
08-03 22:36:52.048 2278 2278 W libc : Set property "gsm.network.type" to "UMTS,GPRS"
08-03 22:36:52.059 2278 2278 W SettingsEx: SettingsEx.Systemex.getString deprecated use Settings.System.getString instead ;callers=com.android.internal.telephony.gsm.HwCustGsmServiceStateManagerImpl.isMccForShowNetname:211 com.android.internal.telephony.gsm.HwCustGsmServiceStateManagerImpl.isShowNetnameByMcc:202 com.android.internal.telephony.gsm.HwCustGsmServiceStateManagerImpl.setOnsDisplayCustomization:153
08-03 22:36:52.060 2278 2278 W libc : Set property "gsm.operator.alpha" to "Tele2,Beeline"
08-03 22:36:52.061 2278 2278 W libc : Set property "gsm.operator.alpha" to "Tele2,Beeline"
08-03 22:36:52.063 2278 2278 W libc : Set property "gsm.operator.numeric" to "25020,25099"
08-03 22:36:52.065 2278 2278 W libc : Set property "gsm.operator.iso-country" to "ru,ru"
08-03 22:36:52.066 2278 2278 W libc : Set property "gsm.operator.isroaming" to "false,false"
08-03 22:36:52.069 1155 1155 D HwCHRWifiCellID: 0 1 voice home data home Beeline Beeline 25099 Beeline Beeline 25099 GPRS GPRS CSS not supported -1 -1 RoamInd=-1 DefRoamInd=-1 EmergOnly=false IsDataRoamingFromRegistration=false IsUsingCarrierAggregation=false mLteEarfcnRsrpBoost=0
08-03 22:36:52.069 1155 1155 D HwCHRWifiCellID: onServiceStateChanged, state is 0 1 voice home data home Beeline Beeline 25099 Beeline Beeline 25099 GPRS GPRS CSS not supported -1 -1 RoamInd=-1 DefRoamInd=-1 EmergOnly=false IsDataRoamingFromRegistration=false IsUsingCarrierAggregation=false mLteEarfcnRsrpBoost=0
08-03 22:36:52.069 1155 1155 D HwCHRWifiCellID: 0 1 voice home data home Beeline Beeline 25099 Beeline Beeline 25099 GPRS GPRS CSS not supported -1 -1 RoamInd=-1 DefRoamInd=-1 EmergOnly=false IsDataRoamingFromRegistration=false IsUsingCarrierAggregation=false mLteEarfcnRsrpBoost=0
08-03 22:36:52.069 1155 1155 D HwCHRWifiCellID: onServiceStateChanged, state is 0 1 voice home data home Beeline Beeline 25099 Beeline Beeline 25099 GPRS GPRS CSS not supported -1 -1 RoamInd=-1 DefRoamInd=-1 EmergOnly=false IsDataRoamingFromRegistration=false IsUsingCarrierAggregation=false mLteEarfcnRsrpBoost=0
08-03 22:36:52.069 1155 1155 D HwCHRWifiCellID: 0 1 voice home data home Beeline Beeline 25099 Beeline Beeline 25099 GPRS GPRS CSS not supported -1 -1 RoamInd=-1 DefRoamInd=-1 EmergOnly=false IsDataRoamingFromRegistration=false IsUsingCarrierAggregation=false mLteEarfcnRsrpBoost=0
08-03 22:36:52.069 1155 1155 D HwCHRWifiCellID: onServiceStateChanged, state is 0 1 voice home data home Beeline Beeline 25099 Beeline Beeline 25099 GPRS GPRS CSS not supported -1 -1 RoamInd=-1 DefRoamInd=-1 EmergOnly=false IsDataRoamingFromRegistration=false IsUsingCarrierAggregation=false mLteEarfcnRsrpBoost=0
08-03 22:36:52.069 1155 1155 D HwMultiNlpPolicy: PhoneStateListener 1, mDataSub 0
08-03 22:36:52.071 1155 1155 I MQoS : mSubId=1,voiceState:0,dataState:1
08-03 22:36:52.072 1155 2229 D NtpPhoneStateListener: onServiceStateChanged subId:1 isCdma=false
08-03 22:36:52.074 2739 2739 I SUPL20_LocMan: onServiceStateChanged ServiceState.STATE_IN_SERVICE
08-03 22:36:52.075 2268 2386 I MsgHub : not in china opterator:25099
08-03 22:36:52.076 1155 1155 I HwQoEJNI: send_cmd_kernel. begin
08-03 22:36:52.076 1155 1155 I HwQoEJNI: send_cmd_kernel. end
08-03 22:36:52.079 2739 17877 D TelephonyManager: getCellLocation calling app is com.android.supl
08-03 22:36:52.082 2278 2298 W PhoneInterfaceManager: shouldBlockLocation running ...
08-03 22:36:52.082 2278 2298 I PhoneInterfaceManager: shouldBlockLocation ret:false
08-03 22:36:52.083 1495 1719 I HwMobileSignalController(1): subId:1 phoneType:1 networktype:1 targetClass:1 masterLevel:4 slaveLevel:-1
08-03 22:36:52.084 2278 2278 D ServiceStateProvider: subId=1
08-03 22:36:52.085 2278 2278 W libc : Set property "gsm.network.type" to "UMTS,GPRS"
08-03 22:36:52.085 1495 1495 D KeyguardUpdateMonitor: received broadcast android.intent.action.SERVICE_STATE
08-03 22:36:52.086 1495 1495 V KeyguardUpdateMonitor: action android.intent.action.SERVICE_STATE serviceState=0 1 voice home data home Beeline Beeline 25099 Beeline Beeline 25099 GPRS GPRS CSS not supported -1 -1 RoamInd=-1 DefRoamInd=-1 EmergOnly=false IsDataRoamingFromRegistration=false IsUsingCarrierAggregation=false mLteEarfcnRsrpBoost=0 subId=1
08-03 22:36:52.086 1495 1495 D KeyguardUpdateMonitor: handleServiceStateChange(subId=1, serviceState=0 1 voice home data home Beeline Beeline 25099 Beeline Beeline 25099 GPRS GPRS CSS not supported -1 -1 RoamInd=-1 DefRoamInd=-1 EmergOnly=false IsDataRoamingFromRegistration=false IsUsingCarrierAggregation=false mLteEarfcnRsrpBoost=0
08-03 22:36:52.086 1495 1495 W AppHandler: sendMessage 117
08-03 22:36:52.086 1495 1495 W HwLockScreenPanel: Handle message: 117
08-03 22:36:52.087 1155 1171 W BroadcastQueue: Permission Denial: broadcasting Intent { act=android.intent.action.SERVICE_STATE flg=0x1000010 (has extras) } from android (pid=2278, uid=1001) requires com.huawei.cust.android.phone.permission.HW_LTEONLY due to registered receiver BroadcastFilter{75b1d4d u0 ReceiverList{9f4e4e4 2278 com.android.phone/1001/u0 remote:8f74077}}
08-03 22:36:52.088 7101 7101 V DownloadManager: Service state changed: Bundle[mParcelledData.dataSize=1248]
08-03 22:36:52.088 7101 7101 V DownloadManager: roaming ------> false
08-03 22:36:52.088 7101 7101 V DownloadManager: auto download without roaming -> true
08-03 22:36:52.088 7101 7101 V DownloadManager: auto download during roaming -> false
08-03 22:36:52.088 7101 7101 V DownloadManager: mAutoDownload ------> true
08-03 22:36:52.089 1495 1495 I HwMobileSignalController(1): getTypeIconHuawei: mIsShowNetworkType is false and return 0
08-03 22:36:52.091 2739 17877 I SUPL20_LocMan: tm.getCellLocation() returned non-null
08-03 22:36:52.092 7101 7101 D Mms_TX_ServiceStateChangeReceiver: action: ACTION_SERVICE_STATE_CHANGED, serviceState = 0
08-03 22:36:52.092 7101 7101 E Mms_TXM_SVC: isSecondaryUser() start
08-03 22:36:52.092 7101 7101 E Mms_TXM_SVC: isSecondaryUser() end
08-03 22:36:52.092 7101 7101 E Mms_TXM_SVC: removeCallbacksAndMessages start
08-03 22:36:52.092 7101 7101 E Mms_TXM_SVC: removeCallbacksAndMessages end
08-03 22:36:52.092 7101 7101 E Mms_TXM_SVC: startService end
08-03 22:36:52.091 1495 1495 W ResourceType: No package identifier when getting value for resource number 0x00000000
08-03 22:36:52.093 1495 1495 E HwNotchUtils: setIconForView iconId is not found
08-03 22:36:52.098 1155 1166 V BroadcastQueue: Finished with ordered broadcast BroadcastRecord{a34408 u-1 android.intent.action.SERVICE_STATE}
08-03 22:36:52.099 1495 1495 W ResourceType: No package identifier when getting value for resource number 0x00000000
08-03 22:36:52.099 1495 1495 E HwNotchUtils: setIconForView iconId is not found
08-03 22:36:52.101 2739 17877 I SUPL20_LocMan: Phone type:GSM
08-03 22:36:52.104 1155 1155 E hwintelligencewifi: onCellLocationChanged
08-03 22:36:52.104 1155 1383 D HwInnerWifiManagerImpl: SupplicantState = COMPLETED
08-03 22:36:52.104 1155 1383 D HwInnerWifiManagerImpl: isPhoneAP = false
08-03 22:36:52.105 1155 1383 D TelephonyManager: getCellLocation calling app is android
08-03 22:36:52.106 2739 17877 I SUPL20_LocMan: Network Op Mnc= 20 MCC = 250
08-03 22:36:52.106 2739 17877 I SUPL20_LocMan: cellInfo NetworkType:UMTS,3
08-03 22:36:52.106 2739 17877 I SUPL20_LocMan: Network type is 3G, type is 3
08-03 22:36:52.108 2278 2298 W PhoneInterfaceManager: shouldBlockLocation running ...
08-03 22:36:52.109 2278 2298 I PhoneInterfaceManager: shouldBlockLocation ret:false
08-03 22:36:52.112 1155 1155 D WifiScanGenie_Controller: cellid has changed
08-03 22:36:52.116 647 647 D HISUPL_ADAPTER: platform_service send data to server
08-03 22:36:52.116 647 647 D HISUPL_ADAPTER: size:74
08-03 22:36:52.116 2739 3047 I SUPLHIDL: suplPlatformServiceSend2server send.
08-03 22:36:52.116 2739 2739 I SUPL20_LocMan: onCellLocationChanged network type:3
08-03 22:36:52.117 2739 3047 I SUPL20_SPIMESLP-SENDING: bBrokenPipe = false
08-03 22:36:52.117 1155 1383 E hwintelligencewifi: getCurrentCellid type type = PHONE_TYPE_GSM
08-03 22:36:52.117 1155 1383 E hwintelligencewifi: getCurrentCellid type is PHONE_TYPE_GSM
08-03 22:36:52.120 1155 1383 E hwintelligencewifi: getCurrentCellid PHONE_TYPE_GSM cellidString = 250204504515
08-03 22:36:52.120 1155 1383 E hwintelligencewifi: updataApInfo cellid =250204504515
08-03 22:36:52.120 1155 1383 E hwintelligencewifi: addCurrentApInfo cellid =250204504515
08-03 22:36:52.121 1155 1155 D WifiScanGenie_Controller: mCurrentCellId has Changed,try update
08-03 22:36:52.121 1155 1155 D WifiScanGenie_Controller: WifiScanGenie handleWiFiConnected, cellIdChanged:true
08-03 22:36:52.121 2278 2278 D Telephony-TelecomAccountRegistry: onServiceStateChanged1 newState : 0, mServiceState : 0
08-03 22:36:52.121 1155 1155 D HwInnerWifiManagerImpl: SupplicantState = COMPLETED
08-03 22:36:52.121 1155 1155 D HwInnerWifiManagerImpl: isPhoneAP = false
08-03 22:36:52.121 1155 1155 D WifiScanGenie_Controller: wifi connect,mCurrentPriority: 0
08-03 22:36:52.121 1155 1383 D hwintelligencewifi: getAuthType networkId= 3 config.getAuthType() = 1
08-03 22:36:52.121 1155 1383 E hwintelligencewifi: addCurrentApInfo info is already there
08-03 22:36:52.121 1155 1383 W hwintelligencewifi: updateBssidTimer time = 1533325012121
08-03 22:36:52.123 2739 2739 I SUPL20_LocMan: Phone type:GSM
08-03 22:36:52.123 2278 2278 D ManualLostSignal: onReceive in service
08-03 22:36:52.124 2278 2278 W libc : Set property "gsm.hw.operator.numeric.old" to "25020"
08-03 22:36:52.126 2278 2278 W libc : Set property "gsm.hw.operator.iso-country" to "ru"
08-03 22:36:52.126 2739 2739 I SUPL20_LocMan: Network Op Mnc= 20 MCC = 250
08-03 22:36:52.126 2739 2739 I SUPL20_LocMan: cellInfo NetworkType:UMTS,3
08-03 22:36:52.126 2739 2739 I SUPL20_LocMan: Network type is 3G, type is 3
08-03 22:36:52.126 2278 2278 W libc : Set property "gsm.hw.operator.numeric" to "25020"
08-03 22:36:52.129 2278 2278 W libc : Set property "gsm.hw.operator.isroaming" to "false"
08-03 22:36:52.131 1155 1383 E hwintelligencewifi: inlineAddCurrentApInfo mInfos.size()=5
08-03 22:36:52.132 2278 2278 I PhoneApp: onReceive,action = android.intent.action.SERVICE_STATE
08-03 22:36:52.135 2278 2278 D HwCustPhoneGlobalsImpl: full network is false old serivce state is 0 new service state is 0 subid is 1 hasNotification is false
08-03 22:36:52.135 647 647 D HISUPL_ADAPTER: platform_service send data to server
08-03 22:36:52.135 647 647 D HISUPL_ADAPTER: size:74
08-03 22:36:52.136 2739 3047 I SUPLHIDL: suplPlatformServiceSend2server send.
08-03 22:36:52.136 2739 3047 I SUPL20_SPIMESLP-SENDING: bBrokenPipe = false
08-03 22:36:52.424 7101 7119 D OsUtil : hasStrictRequiredPermissions run true
08-03 22:36:52.429 7101 7101 V Mms_TXM_SVC: Creating TransactionService
08-03 22:36:52.433 7101 7101 D HwCust : Create obj success use class com.android.mms.transaction.HwCustTransactionServiceImpl
08-03 22:36:52.435 7101 7101 D HwCust : Create obj success use class com.huawei.mms.util.HwCustUpdateUserBehaviorImpl
08-03 22:36:52.435 7101 7101 D HwCust : Create obj success use class com.huawei.mms.util.HwCustHwMessageUtilsImpl
08-03 22:36:52.435 7101 7101 I Mms_TXM_SVC: onStartCommand send EVENT_NEW_INTENT. service-id 1
08-03 22:36:52.436 7101 17878 V Mms_TXM_SVC: Handling incoming message: { when=0 what=5 arg1=1 obj=Intent { cmp=com.android.mms/.transaction.TransactionService } target=com.android.mms.transaction.TransactionService$ServiceHandler } = EVENT_NEW_INTENT
08-03 22:36:52.436 7101 7101 W Mms_TXM_SVC: ConnectivityBroadcastReceiver.onReceive() action: android.net.conn.CONNECTIVITY_CHANGE
08-03 22:36:52.437 7101 7101 V Mms_TXM_SVC: MSG_APP_Handle ConnectivityBroadcastReceiver.onReceive(): [type: MOBILE_MMS[], state: DISCONNECTED/DISCONNECTED, reason: (unspecified), extra: (none), failover: false, available: true, roaming: false, metered: true]
08-03 22:36:52.437 7101 7101 V Mms_TXM_SVC: TYPE_MOBILE_MMS not connected, bail
08-03 22:36:52.437 7101 7101 V Mms_TXM_SVC: retrying mms connectivity for it's available and renew = false
08-03 22:36:52.440 7101 17878 D Mms : isWifiCallingAvailable = false isImsRegistered = false
08-03 22:36:52.441 7101 17878 V HwSpecialUtils: allowMms = 1
08-03 22:36:52.441 7101 17878 V HwSpecialUtils: indexs = 1
08-03 22:36:52.442 7101 17878 D Mms : card subscription = 0 is isRoaming false
08-03 22:36:52.442 7101 17878 V HwSpecialUtils: isNetworkRoaming = false
08-03 22:36:52.443 7101 17878 D Mms : card subscription = 0 is isRoaming false
08-03 22:36:52.443 7101 17878 V Mms_TXM_SVC: networkAvailable=true
08-03 22:36:52.451 7101 17878 V Mms_TXM_SVC: onNewIntent: cursor.count=0 action=null
08-03 22:36:52.452 7101 17878 V Mms_TXM_SVC: onNewIntent: no pending messages. Stopping service.
08-03 22:36:52.460 7101 17878 V Mms_TXM_SVC: stopSelfIfIdle: STOP!
08-03 22:36:52.462 7101 7101 V Mms_TXM_SVC: Destroying TransactionService
08-03 22:36:52.464 7101 17878 V Mms_TXM_SVC: Handling incoming message: { when=-26ms what=101 arg1=-1 target=com.android.mms.transaction.TransactionService$ServiceHandler } = EVENT_STOP_SERVICE
08-03 22:36:52.464 7101 17878 V Mms_TXM_SVC: stopSelfIfIdle: STOP!
08-03 22:36:52.464 7101 17878 V Mms_TXM_SVC: Handling incoming message: { when=-1ms what=100 target=com.android.mms.transaction.TransactionService$ServiceHandler } = EVENT_QUIT
08-03 22:36:52.730 1155 1319 D HwWifiStatStore: handleMessage : 200