08-03 22:36:05.793 1429 1455 I chatty : uid=1000(system) Binder:1429_3 expire 3 lines
08-03 22:36:06.153 752 752 E Thermal-daemon: [Thermal_Hw] temperature_valid, battery : temperature is invalid, invalid temperatrue is 32
08-03 22:36:06.154 752 752 E Thermal-daemon: [Thermal_Hw] temperature_filter: get invalid temperature, use old temp
08-03 22:36:06.155 752 752 E Thermal-daemon: [charger_ic] temp_new :36 temp_old :35
08-03 22:36:06.157 752 752 E Thermal-daemon: Report temperature: [charger_ic] temp :36 report_threshold:1
08-03 22:36:06.437 14502 14502 I Finsky : [1] com.google.android.finsky.verifier.impl.PackageVerificationReceiver.onReceive(7): Verification requested, id = 6
08-03 22:36:06.457 14502 16807 I Finsky : [279] com.google.android.finsky.verifier.impl.df.a(185): Skipping verification because own installation
08-03 22:36:06.457 14502 16807 I Finsky : [279] com.google.android.finsky.verifier.impl.df.a(154): Skipping anti malware verification due to pre-check failure
08-03 22:36:06.458 14502 14502 I Finsky : [1] com.google.android.finsky.verifier.impl.ew.c(201): Verifying id=6, result=1
08-03 22:36:06.463 14502 14502 I Finsky : [1] com.google.android.finsky.verifier.impl.ew.c(97): Verification complete: id=6, package_name=com.andevapps.ontv
08-03 22:36:06.495 1155 1189 I chatty : uid=1000(system) PackageManager expire 1 line
08-03 22:36:06.503 743 2557 D installed: forkNotifyToRMS parcel pid = 17346, ppid = 743, pkgname = com.andevapps.ontv
08-03 22:36:06.552 17346 17346 I dex2oat : /system/bin/dex2oat Installd-com.andevapps.ontv --input-vdex-fd=-1 --output-vdex-fd=29 --compiler-filter=quicken -j4 --classpath-dir=/data/app/vmdl121375824.tmp
08-03 22:36:06.552 17346 17346 I cutils-trace: atrace_init_once, trace_marker_path = /sys/kernel/debug/tracing/trace_marker
08-03 22:36:07.519 753 753 E wificond: Failed to get NL80211_RATE_INFO_NOISE
08-03 22:36:07.519 753 753 E wificond: Failed to get NL80211_RATE_INFO_SNR
08-03 22:36:07.519 753 753 E wificond: Failed to get NL80211_STA_INFO_CNAHLOAD
08-03 22:36:07.521 753 753 E wificond: Failed to get NL80211_RATE_INFO_NOISE
08-03 22:36:07.521 753 753 E wificond: Failed to get NL80211_RATE_INFO_SNR
08-03 22:36:07.521 753 753 E wificond: Failed to get NL80211_STA_INFO_CNAHLOAD
08-03 22:36:08.885 871 973 W libc : Set property "persist.radio.nitz_hw_name" to "true"
08-03 22:36:08.900 871 973 W libc : Set property "ril.balong_cid" to "4504515"
08-03 22:36:08.914 871 973 W libc : Set property "ril.balong_cid" to "4504515"
08-03 22:36:08.941 871 973 W libc : Set property "persist.radio.nitz_hw_name" to "true"
08-03 22:36:08.947 871 973 W libc : Set property "ril.balong_cid" to "4504515"
08-03 22:36:08.960 871 973 W libc : Set property "ril.balong_cid" to "4504515"
08-03 22:36:08.995 2278 2278 W SettingsEx: SettingsEx.Systemex.getString deprecated use Settings.System.getString instead ;callers=com.android.internal.telephony.gsm.HwCustGsmServiceStateManagerImpl.isMccForShowNetname:211 com.android.internal.telephony.gsm.HwCustGsmServiceStateManagerImpl.isShowNetnameByMcc:202 com.android.internal.telephony.gsm.HwCustGsmServiceStateManagerImpl.setOnsDisplayCustomization:153
08-03 22:36:08.996 2278 2278 W libc : Set property "gsm.operator.alpha" to "Tele2,Beeline"
08-03 22:36:08.997 2278 2278 W libc : Set property "gsm.operator.alpha" to "Tele2,Beeline"
08-03 22:36:08.998 2278 2278 W libc : Set property "gsm.operator.numeric" to "25020,25099"
08-03 22:36:08.999 2278 2278 W libc : Set property "gsm.operator.iso-country" to "ru,ru"
08-03 22:36:09.002 2278 2278 W libc : Set property "gsm.operator.isroaming" to "false,false"
08-03 22:36:09.005 1155 1155 I chatty : uid=1000 system_server expire 171 lines
08-03 22:36:09.005 1155 1155 I chatty : uid=1000 system_server expire 3 lines
08-03 22:36:09.006 2739 2739 I chatty : uid=1000(system) com.android.supl expire 7 lines
08-03 22:36:09.013 2739 17352 I chatty : uid=1000(system) com.android.supl expire 6 lines
08-03 22:36:09.014 2278 2851 W PhoneInterfaceManager: shouldBlockLocation running ...
08-03 22:36:09.014 2278 2851 I PhoneInterfaceManager: shouldBlockLocation ret:false
08-03 22:36:09.021 2278 2278 D ServiceStateProvider: subId=0
08-03 22:36:09.024 7101 7101 V DownloadManager: Service state changed: Bundle[mParcelledData.dataSize=1232]
08-03 22:36:09.025 7101 7101 V DownloadManager: roaming ------> false
08-03 22:36:09.025 7101 7101 V DownloadManager: auto download without roaming -> true
08-03 22:36:09.025 7101 7101 V DownloadManager: auto download during roaming -> false
08-03 22:36:09.025 7101 7101 V DownloadManager: mAutoDownload ------> true
08-03 22:36:09.027 7101 7101 D Mms_TX_ServiceStateChangeReceiver: action: ACTION_SERVICE_STATE_CHANGED, serviceState = 0
08-03 22:36:09.027 7101 7101 E Mms_TXM_SVC: isSecondaryUser() start
08-03 22:36:09.027 7101 7101 E Mms_TXM_SVC: isSecondaryUser() end
08-03 22:36:09.027 7101 7101 E Mms_TXM_SVC: removeCallbacksAndMessages start
08-03 22:36:09.027 7101 7101 E Mms_TXM_SVC: removeCallbacksAndMessages end
08-03 22:36:09.028 7101 7101 E Mms_TXM_SVC: startService end
08-03 22:36:09.034 1155 1423 I chatty : uid=1000(system) Binder:1155_3 expire 1 line
08-03 22:36:09.035 1429 1667 I HwNetworkPolicyManager: forceUpdatePolicy isRoaming = false
08-03 22:36:09.048 647 647 D HISUPL_ADAPTER: platform_service send data to server
08-03 22:36:09.048 647 647 D HISUPL_ADAPTER: size:74
08-03 22:36:09.049 2739 3047 I chatty : uid=1000(system) WriterThread expire 4 lines
08-03 22:36:09.050 1155 1383 I chatty : uid=1000(system) HwIntelligenceS expire 36 lines
08-03 22:36:09.052 2278 2483 W PhoneInterfaceManager: shouldBlockLocation running ...
08-03 22:36:09.052 2278 2483 I PhoneInterfaceManager: shouldBlockLocation ret:false
08-03 22:36:09.064 2278 2278 D Telephony-TelecomAccountRegistry: onServiceStateChanged0 newState : 0, mServiceState : 0
08-03 22:36:09.067 2278 2278 D ManualLostSignal: onReceive in service
08-03 22:36:09.069 2278 2278 W libc : Set property "gsm.hw.operator.numeric.old" to "25020"
08-03 22:36:09.070 2278 2278 W libc : Set property "gsm.hw.operator.iso-country" to "ru"
08-03 22:36:09.071 2278 2278 W libc : Set property "gsm.hw.operator.numeric" to "25020"
08-03 22:36:09.073 2278 2278 W libc : Set property "gsm.hw.operator.isroaming" to "false"
08-03 22:36:09.076 647 647 D HISUPL_ADAPTER: platform_service send data to server
08-03 22:36:09.076 647 647 D HISUPL_ADAPTER: size:74
08-03 22:36:09.076 2278 2278 I PhoneApp: onReceive,action = android.intent.action.SERVICE_STATE
08-03 22:36:09.081 2278 2278 D HwCustPhoneGlobalsImpl: full network is false old serivce state is 0 new service state is 0 subid is 0 hasNotification is false
08-03 22:36:09.450 17346 17346 I dex2oat : dex2oat took 2.898s (6.811s cpu) (threads: 4) arena alloc=823KB (842960B) java alloc=9MB (10482992B) native alloc=13MB (13707776B) free=3MB (3593728B)
08-03 22:36:09.483 1155 1171 I chatty : uid=1000(system) ActivityManager expire 2 lines
08-03 22:36:09.708 1155 1189 I chatty : uid=1000(system) PackageManager expire 12 lines
08-03 22:36:10.783 743 2557 E : Couldn't opendir /data/app/vmdl121375824.tmp: No such file or directory
08-03 22:36:10.783 743 2557 E installd: Failed to delete /data/app/vmdl121375824.tmp: No such file or directory
08-03 22:36:10.835 2268 2502 I chatty : uid=1000(system) actions handler expire 28 lines
08-03 22:36:10.843 1155 1155 I chatty : uid=1000 system_server expire 21 lines
08-03 22:36:10.864 2776 2877 I HwLauncher: SimpleAllAppsList updatePackage : package[com.andevapps.ontv] matched activity's size is 1 and data List size is 0
08-03 22:36:10.872 14502 14502 I Finsky : [1] com.google.android.finsky.installer.a.bh.a(39): Successful install of com.andevapps.ontv (isid: P_TI42ubTpivcfFfmp2RcA)
08-03 22:36:10.877 1408 1408 W ContextImpl: Calling a method in the system process without a qualified user: android.app.ContextImpl.startService:1656 android.content.ContextWrapper.startService:644 android.content.ContextWrapper.startService:644 com.android.settings.applications.BlackListReceiver.onReceive:35 android.app.ActivityThread.handleReceiver:3695
08-03 22:36:10.883 1155 3079 I chatty : uid=1000(system) Binder:1155_10 expire 15 lines
08-03 22:36:10.885 2776 2877 I HwLauncher: SimpleAllAppsList findAndUpdateInfoInDB : found 0 shortcutInfo for package[com.andevapps.ontv] in db
08-03 22:36:10.885 2776 2877 I HwLauncher: SimpleAllAppsList updatePackage do not add new SimpleApplicationInfo,It's in normal now. package = com.andevapps.ontv
08-03 22:36:10.885 2776 2877 W HwLauncher: SimpleLauncherModeNobody to tell about the new app. Launcher is probably loading.
08-03 22:36:10.911 14502 14502 I Finsky : [1] com.google.android.finsky.p2p.c.a(9): Frosting ID looked up on UI thread. Caller should move to a background thread.
08-03 22:36:10.916 1155 1168 I chatty : uid=1000(system) android.bg expire 34 lines
08-03 22:36:10.948 14502 14502 E NotificationManager: notifyAsUser: tag=null, id=874755343, user=UserHandle{0}
08-03 22:36:10.949 1155 1168 I chatty : uid=1000(system) android.bg expire 1 line
08-03 22:36:10.955 1155 1423 I chatty : uid=1000(system) Binder:1155_3 expire 4 lines
08-03 22:36:10.977 14502 14502 I Finsky : [1] com.google.android.finsky.installer.a.ag.a(577): Installer kick - starting ru.mail.mailapp
08-03 22:36:10.980 14502 16964 I Finsky : [282] com.google.android.finsky.installer.a.c.a(60): Preloads directory was not found.
08-03 22:36:10.987 14502 14502 I Finsky : [1] com.google.android.finsky.p2p.c.a(9): Frosting ID looked up on UI thread. Caller should move to a background thread.
08-03 22:36:10.990 2268 2386 I chatty : uid=1000(system) core expire 56 lines
08-03 22:36:10.993 14502 14502 I Finsky : [1] com.google.android.finsky.installer.a.ax.b(321): isInstantAppSplitOnlyInstall false
08-03 22:36:11.014 14502 17034 I Finsky : [285] com.google.android.finsky.installer.a.n.doInBackground(5): File-by-File compatibility check result: true
08-03 22:36:11.022 14502 14502 I Finsky : [1] com.google.android.finsky.p2p.d.a(2): Wrote row to frosting DB: 1316
08-03 22:36:11.025 2278 2278 D CarrierSvcBindHelper: No carrier app for: 0
08-03 22:36:11.032 2278 2278 D CarrierSvcBindHelper: No carrier app for: 1
08-03 22:36:11.036 2278 2278 D CarrierSvcBindHelper: No carrier app for: 0
08-03 22:36:11.040 1155 1467 I chatty : uid=1000(system) Binder:1155_4 expire 7 lines
08-03 22:36:11.041 2278 2278 D CarrierSvcBindHelper: No carrier app for: 1
08-03 22:36:11.055 2575 2575 I chatty : uid=1000(system) com.huawei.recsys expire 19 lines
08-03 22:36:11.072 2278 2278 D CarrierConfigLoader: mHandler: 9 phoneId: 0
08-03 22:36:11.122 2885 2885 D WorkSource: i1=0 i2=0 N1=0: insert 10013 com.google.android.gms
08-03 22:36:11.122 2885 2885 D WorkSource: Insert in WorkSource{} @ 0 uid 10013 name com.google.android.gms
08-03 22:36:11.126 2885 4424 D WorkSource: Insert in WorkSource{} @ 0 uid 10182 name com.andevapps.ontv
08-03 22:36:11.127 2885 4424 D WorkSource: i1=1 i2=0 N1=1: insert 10182 com.andevapps.ontv
08-03 22:36:11.127 2885 4424 D WorkSource: Insert in WorkSource{10013 com.google.android.gms} @ 1 uid 10182 name com.andevapps.ontv
08-03 22:36:11.138 1155 16580 I chatty : uid=1000(system) Binder:1155_1D expire 22 lines
08-03 22:36:11.148 14936 14936 W ContextImpl: Calling a method in the system process without a qualified user: android.app.ContextImpl.startService:1656 android.content.ContextWrapper.startService:644 android.content.ContextWrapper.startService:644 com.huawei.systemmanager.antivirus.utils.AntiVirusTools.deleteVirusApk:632 com.huawei.systemmanager.antivirus.AntiVirusReceiver.handlerPackageRemoved:52
08-03 22:36:11.158 752 752 E Thermal-daemon: [Thermal_Hw] temperature_valid, battery : temperature is invalid, invalid temperatrue is 32
08-03 22:36:11.159 752 752 E Thermal-daemon: [Thermal_Hw] temperature_filter: get invalid temperature, use old temp
08-03 22:36:11.160 752 752 E Thermal-daemon: [charger_ic] temp_new :35 temp_old :36
08-03 22:36:11.161 752 752 E Thermal-daemon: Report temperature: [charger_ic] temp :35 report_threshold:1
08-03 22:36:11.165 14936 15771 W ContextImpl: Calling a method in the system process without a qualified user: android.app.ContextImpl.startService:1656 android.content.ContextWrapper.startService:644 com.huawei.systemmanager.spacecleanner.receiver.SpaceCleanReceiver.checkRarelyUsedApp:87 com.huawei.systemmanager.spacecleanner.receiver.SpaceCleanReceiver.doInBackground:39 java.lang.reflect.Method.invoke:-2
08-03 22:36:11.173 1155 1171 I chatty : uid=1000(system) ActivityManager expire 9 lines
08-03 22:36:11.178 14502 14502 I Finsky : [1] com.google.android.finsky.installer.a.ax.a(815): Required downloads: [ru.mail.mailapp]
08-03 22:36:11.179 14502 14591 I Finsky : [248] com.google.android.finsky.dd.p.run(8): Session for ru.mail.mailapp already exists, skipping creation
08-03 22:36:11.192 14502 14502 I Finsky : [1] com.google.android.finsky.p2p.c.a(9): Frosting ID looked up on UI thread. Caller should move to a background thread.
08-03 22:36:11.311 14502 14502 I Finsky : [1] com.google.android.finsky.p2p.d.a(2): Wrote row to frosting DB: 1317
08-03 22:36:11.312 1155 1365 I chatty : uid=1000(system) EmcomThread expire 15 lines
08-03 22:36:11.317 1155 6505 I chatty : uid=1000(system) Binder:1155_15 expire 5 lines
08-03 22:36:11.328 1408 1408 W ContextImpl: Calling a method in the system process without a qualified user: android.app.ContextImpl.startService:1656 android.content.ContextWrapper.startService:644 android.content.ContextWrapper.startService:644 com.android.settings.applications.BlackListReceiver.onReceive:35 android.app.ActivityThread.handleReceiver:3695
08-03 22:36:11.347 14502 14502 I Finsky : [1] com.google.android.finsky.p2p.c.a(9): Frosting ID looked up on UI thread. Caller should move to a background thread.
08-03 22:36:11.366 14502 14502 I Finsky : [1] com.google.android.finsky.wear.WearSupportService.onStartCommand(21): Starting WearSupportService for auto_install
08-03 22:36:11.372 14502 14502 I Finsky : [1] com.google.android.finsky.wear.ac.a(12): Connecting to wearable
08-03 22:36:11.376 14502 14502 I Finsky : [1] com.google.android.finsky.p2p.d.a(2): Wrote row to frosting DB: 1318
08-03 22:36:11.396 2635 2635 I Wear_Controller: Wear requires a companion app to be installed.
08-03 22:36:11.396 2635 2635 I WearableService: onCreate: Wearable Services not starting. Wear is not available on this device.
08-03 22:36:11.404 2635 2647 W WearableService: onGetService: Wear is not available on this device.
08-03 22:36:11.416 14502 14502 E Finsky : [1] com.google.android.finsky.wear.ad.a(3): onConnectionFailed: ConnectionResult{statusCode=API_UNAVAILABLE, resolution=null, message=null}
08-03 22:36:11.417 14502 14502 W Finsky : [1] com.google.android.finsky.wear.dx.run(8): Dropping command=auto_install due to Gms not connected
08-03 22:36:11.417 14502 14502 I Finsky : [1] com.google.android.finsky.wear.WearSupportService.b(41): Stopping WearSupportService
08-03 22:36:11.422 1155 1750 I chatty : uid=1000(system) Binder:1155_8 expire 11 lines
08-03 22:36:11.427 2885 17368 I Auth : [SupervisedAccountIntentOperation] onHandleIntent(): android.intent.action.PACKAGE_ADDED
08-03 22:36:11.428 2885 17368 I Auth : [SupervisedAccountIntentOperation] This operation is disabled
08-03 22:36:11.433 2885 17371 I ChromeSync: [Sync,SyncIntentOperation] Handling the intent: Intent { act=android.intent.action.PACKAGE_ADDED dat=package:com.andevapps.ontv flg=0x4000010 cmp=com.google.android.gms/.chimera.GmsIntentOperationService (has extras) }.
08-03 22:36:11.505 2885 2885 D WorkSource: i1=0 i2=0 N1=0: insert 10013 com.google.android.gms
08-03 22:36:11.506 2885 2885 D WorkSource: Insert in WorkSource{} @ 0 uid 10013 name com.google.android.gms
08-03 22:36:11.511 2885 4424 D WorkSource: i1=1 i2=0 N1=1: insert 10182 com.andevapps.ontv
08-03 22:36:11.511 2885 4424 D WorkSource: Insert in WorkSource{10013 com.google.android.gms} @ 1 uid 10182 name com.andevapps.ontv
08-03 22:36:11.511 1155 13498 I chatty : uid=1000(system) Binder:1155_1B expire 9 lines
08-03 22:36:11.550 2885 6024 D WorkSource: i1=0 i2=0 N1=1: insert 10013 com.google.android.gms
08-03 22:36:11.550 2885 6024 D WorkSource: Insert in WorkSource{10182 com.andevapps.ontv} @ 0 uid 10013 name com.google.android.gms
08-03 22:36:11.563 2885 5930 I Icing : IndexChimeraService.getServiceInterface callingPackage=com.google.android.gms componentName=AppsCorpus serviceId=36
08-03 22:36:11.565 2885 4906 I Icing : IndexChimeraService.getServiceInterface callingPackage=com.google.android.gms componentName=AppsCorpus serviceId=32
08-03 22:36:11.593 1495 1495 I chatty : uid=10040(u0_a40) com.android.systemui expire 184 lines
08-03 22:36:11.612 14936 14936 W ContextImpl: Calling a method in the system process without a qualified user: android.app.ContextImpl.startService:1656 android.content.ContextWrapper.startService:644 android.content.ContextWrapper.startService:644 com.huawei.systemmanager.antivirus.utils.AntiVirusTools.checkVirusForNewInstalledApk:620 com.huawei.systemmanager.antivirus.AntiVirusReceiver.onReceive:36
08-03 22:36:11.623 2885 6024 I Icing : Usage reports ok 0, Failed Usage reports 0, indexed 0, rejected 0, imm upload false
08-03 22:36:11.628 14502 14502 I Finsky : [1] com.google.android.finsky.installer.a.bg.onPostExecute(73): Downloading patch for ru.mail.mailapp (adid: ru.mail.mailapp , isid: qVbqDq89SG6Roik2bGRxbQ)
08-03 22:36:11.629 14502 14502 I Finsky : [1] com.google.android.finsky.download.e.b(52): Duplicate state set for 'ru.mail.mailapp' (0). Already in that state
08-03 22:36:11.630 14502 14502 I Finsky : [1] com.google.android.finsky.download.n.a(22): Download ru.mail.mailapp added to DownloadQueue
08-03 22:36:11.634 14502 14502 I Finsky : [1] com.google.android.finsky.download.e.b(54): ru.mail.mailapp from 0 to 1.
08-03 22:36:11.647 1429 2788 I chatty : uid=1000(system) HsmExecutor #9 expire 1 line
08-03 22:36:11.654 2885 6024 I Icing : Usage reports ok 0, Failed Usage reports 0, indexed 0, rejected 0, imm upload false
08-03 22:36:11.660 14502 14502 I Finsky : [1] com.google.android.finsky.download.w.a(18): Download ru.mail.mailapp starting
08-03 22:36:11.666 14936 15775 E HSM : SecurityBroadcastReceiver:SecurityBroadcastReceiver the rainbow is not enabled!
08-03 22:36:11.681 14936 16004 W ContextImpl: Calling a method in the system process without a qualified user: android.app.ContextImpl.startService:1656 android.content.ContextWrapper.startService:644 com.huawei.systemmanager.spacecleanner.receiver.SpaceCleanReceiver.checkRarelyUsedApp:87 com.huawei.systemmanager.spacecleanner.receiver.SpaceCleanReceiver.doInBackground:39 java.lang.reflect.Method.invoke:-2
08-03 22:36:11.712 1155 1371 I chatty : uid=1000(system) WiFiArpStateMac expire 10 lines
08-03 22:36:11.718 14502 14502 I Finsky : [1] com.google.android.finsky.download.u.onPostExecute(6): Enqueued ru.mail.mailapp as content://downloads/my_downloads/1416
08-03 22:36:11.718 14502 14502 I Finsky : [1] com.google.android.finsky.download.e.b(54): ru.mail.mailapp from 1 to 2.
08-03 22:36:11.719 14502 14502 I Finsky : [1] com.google.android.finsky.download.n.h(88): ru.mail.mailapp: onStart
08-03 22:36:11.733 2606 2606 D HwCust : Create obj success use class com.android.providers.downloads.HwCustDownloadThreadImpl
08-03 22:36:11.747 2606 17383 D DownloadManager: [1416] Starting
08-03 22:36:11.751 14502 14502 I Finsky : [1] com.google.android.finsky.p2p.c.a(9): Frosting ID looked up on UI thread. Caller should move to a background thread.
08-03 22:36:11.756 2776 2776 I HwLauncher: Model onPackageChanged packageName = com.andevapps.ontv user = UserHandle{0}
08-03 22:36:11.757 2776 2776 I HwLauncher: PowerSaveLauncherModel onPackageChanged packageName = com.andevapps.ontv user = UserHandle{0}
08-03 22:36:11.757 2776 2776 E HwLauncher: PowerSaveLauncherModel onPackageChanged: not inPowerSaveLauncher
08-03 22:36:11.758 2776 2776 I HwLauncher: StreetModeLauncherModel onPackageChanged packageName = com.andevapps.ontv user = UserHandle{0}
08-03 22:36:11.758 2776 2776 E HwLauncher: StreetModeLauncherModel onPackageChanged: not inStreetModeLauncher
08-03 22:36:11.760 2776 2867 I HwLauncher: AllIdleAppsList updatePackage : package[com.andevapps.ontv] matched activity's size is 1 and data List size is 141
08-03 22:36:11.777 1408 1408 W ContextImpl: Calling a method in the system process without a qualified user: android.app.ContextImpl.startService:1656 android.content.ContextWrapper.startService:644 android.content.ContextWrapper.startService:644 com.android.settings.applications.BlackListReceiver.onReceive:35 android.app.ActivityThread.handleReceiver:3695
08-03 22:36:11.777 14502 14502 I Finsky : [1] com.google.android.finsky.wear.WearSupportService.onStartCommand(21): Starting WearSupportService for auto_install
08-03 22:36:11.782 14502 14502 I Finsky : [1] com.google.android.finsky.wear.ac.a(12): Connecting to wearable
08-03 22:36:11.787 14502 14502 I Finsky : [1] com.google.android.finsky.p2p.d.a(2): Wrote row to frosting DB: 1319
08-03 22:36:11.794 2606 17383 D NetworkSecurityConfig: No Network Security Config specified, using platform default
08-03 22:36:11.800 480 17387 W libc : Set property "hw.wifi.dns_stat" to "317,11,5022,1,14848"
08-03 22:36:11.810 14502 14502 I Finsky : [1] com.google.android.finsky.download.n.a(76): ru.mail.mailapp: onProgress 0/-1 Status: 192 URI: content://downloads/my_downloads/1416.
08-03 22:36:11.810 2606 3643 E NotificationManager: notifyAsUser: tag=1:com.android.vending, id=0, user=UserHandle{0}
08-03 22:36:11.812 2635 2647 W WearableService: onGetService: Wear is not available on this device.
08-03 22:36:11.815 1155 1750 I chatty : uid=1000(system) Binder:1155_8 expire 10 lines
08-03 22:36:11.816 1155 2346 I chatty : uid=1000(system) Binder:1155_B expire 5 lines
08-03 22:36:11.823 14502 14502 E Finsky : [1] com.google.android.finsky.wear.ad.a(3): onConnectionFailed: ConnectionResult{statusCode=API_UNAVAILABLE, resolution=null, message=null}
08-03 22:36:11.824 14502 14502 W Finsky : [1] com.google.android.finsky.wear.dx.run(8): Dropping command=auto_install due to Gms not connected
08-03 22:36:11.825 14502 14502 I Finsky : [1] com.google.android.finsky.wear.WearSupportService.b(41): Stopping WearSupportService
08-03 22:36:11.904 2885 2898 I zygote64: Background concurrent copying GC freed 315256(12MB) AllocSpace objects, 19(480KB) LOS objects, 52% free, 10MB/22MB, paused 779us total 149.446ms
08-03 22:36:11.915 1155 6503 I chatty : uid=1000(system) Binder:1155_14 expire 4 lines
08-03 22:36:11.915 2885 4424 D WorkSource: i1=1 i2=0 N1=1: insert 10182 com.andevapps.ontv
08-03 22:36:11.915 2885 4424 D WorkSource: Insert in WorkSource{10013 com.google.android.gms} @ 1 uid 10182 name com.andevapps.ontv
08-03 22:36:11.941 17391 17391 I : power log dlsym ok
08-03 22:36:11.948 17391 17391 I chatty : uid=10182(u0_a182) com.andevapps.ontv identical 278 lines
08-03 22:36:11.965 17391 17391 D ActivityThread: ActivityThread,attachApplication
08-03 22:36:11.980 406 406 W /system/bin/hwservicemanager: Cannot open /odm/manifest.xml
08-03 22:36:11.999 11471 11471 W kworker/u16:6: type=1400 audit(0.0:16445): avc: denied { dac_override } for capability=1 scontext=u:r:kernel:s0 tcontext=u:r:kernel:s0 tclass=capability permissive=0
08-03 22:36:12.000 2635 3630 D WorkSource: Insert in WorkSource{} @ 0 uid 10013 name com.google.android.gms
08-03 22:36:12.010 2885 4906 I Icing : IndexChimeraService.getServiceInterface callingPackage=com.google.android.gms componentName=AppsCorpus serviceId=36
08-03 22:36:12.010 2606 3643 E NotificationManager: notifyAsUser: tag=1:com.android.vending, id=0, user=UserHandle{0}
08-03 22:36:12.011 2885 5930 I Icing : IndexChimeraService.getServiceInterface callingPackage=com.google.android.gms componentName=AppsCorpus serviceId=32
08-03 22:36:12.019 2606 17383 I DownloadManager: file:/data/user/0/com.android.providers.downloads/files/downloadfile.bin is exist, create destFileObserver
08-03 22:36:12.020 2606 17383 D DownloadManager: enter DestFileChangeObServer begin:
08-03 22:36:12.022 406 406 W /system/bin/hwservicemanager: Cannot open /odm/manifest.xml
08-03 22:36:12.040 2885 17335 I Icing : Usage reports ok 0, Failed Usage reports 0, indexed 0, rejected 0, imm upload false
08-03 22:36:12.050 1495 1719 I chatty : uid=10040(u0_a40) SystemUI_subThr expire 2 lines
08-03 22:36:12.058 2885 17335 I Icing : Usage reports ok 0, Failed Usage reports 0, indexed 0, rejected 0, imm upload false
08-03 22:36:12.102 17391 17412 I chatty : uid=10182(u0_a182) pool-2-thread-1 expire 2 lines
08-03 22:36:12.115 2606 3643 E NotificationManager: notifyAsUser: tag=1:com.android.vending, id=0, user=UserHandle{0}
08-03 22:36:12.140 17391 17413 I chatty : uid=10182(u0_a182) Measurement Wor expire 3 lines
08-03 22:36:12.212 17391 17415 I chatty : uid=10182(u0_a182) Queue expire 1 line
08-03 22:36:12.246 2606 5958 D DownloadManager: enter DestFileChangeObServer::event(event:8000 mode:0 file:null)
08-03 22:36:12.265 2606 17383 D DownloadManager: [1416] Finished with status SUCCESS
08-03 22:36:12.294 14502 14502 I Finsky : [1] com.google.android.finsky.download.DownloadBroadcastReceiver.a(2): Intent received at DownloadBroadcastReceiver
08-03 22:36:12.302 13574 13574 W Isotope : UID: [10037] PID: [13574] DownloadDataStoreImpl : No matching entry found, returning null.
08-03 22:36:12.302 13574 13574 I Isotope : UID: [10037] PID: [13574] DownloadDataStoreImpl : no data for downloadId 1416
08-03 22:36:12.303 13574 13574 I Finsky : [1] com.google.android.finsky.instantapps.dna.ArchiveDownloadBroadcastReceiver.onReceive(7): Skipping download id 1416, not a prefetch
08-03 22:36:12.305 2606 17383 W DownloadDrmHelper: AfterDownload get mimetype is:application/vnd.android.package-delta
08-03 22:36:12.311 14502 14502 I Finsky : [1] com.google.android.finsky.download.n.a(76): ru.mail.mailapp: onProgress 850167/850167 Status: 200 URI: content://downloads/my_downloads/1416.
08-03 22:36:12.322 14502 14502 I Finsky : [1] com.google.android.finsky.download.e.b(54): ru.mail.mailapp from 2 to 3.
08-03 22:36:12.323 14502 14502 I Finsky : [1] com.google.android.finsky.download.n.f(83): ru.mail.mailapp: onComplete
08-03 22:36:12.323 14502 14502 I Finsky : [1] com.google.android.finsky.download.n.i(90): Download ru.mail.mailapp removed from DownloadQueue
08-03 22:36:12.329 14502 14502 I Finsky : [1] com.google.android.finsky.installer.a.ax.b(288): Prepare to patch ru.mail.mailapp (adid: ru.mail.mailapp , isid: qVbqDq89SG6Roik2bGRxbQ) from content://downloads/my_downloads/1416 format 5
08-03 22:36:12.353 14502 17034 I Finsky : [285] com.google.android.finsky.apkprocessor.d.a(2): APK integrity will be verified using [SHA-256] method
08-03 22:36:12.449 11471 11471 W kworker/u16:6: type=1400 audit(0.0:16446): avc: denied { dac_override } for capability=1 scontext=u:r:kernel:s0 tcontext=u:r:kernel:s0 tclass=capability permissive=0
08-03 22:36:12.481 480 617 W SocketListener: sending broadcast to Pid = 1155, Uid = 1000
08-03 22:36:12.482 1155 1313 I chatty : uid=1000(system) NetdConnector expire 6 lines
08-03 22:36:12.485 1155 1178 I chatty : uid=1000(system) android.fg expire 1 line
08-03 22:36:12.491 1155 1314 I chatty : uid=1000(system) NetworkStats expire 5 lines
08-03 22:36:12.542 17391 17439 I chatty : uid=10182(u0_a182) AdWorker(Defaul expire 1 line
08-03 22:36:12.671 2885 17335 I Icing : Indexing com.google.android.gms-apps from com.google.android.gms
08-03 22:36:12.831 2885 17335 I Icing : Indexing done com.google.android.gms-apps
08-03 22:36:12.832 2885 17335 I Icing : Indexing com.google.android.gms-internal.3p:MobileApplication from com.google.android.gms
08-03 22:36:12.845 2885 17335 I Icing : Indexing com.google.android.gms-internal.3p:MusicGroup from com.google.android.gms
08-03 22:36:12.854 2885 17335 I Icing : Indexing com.google.android.gms-internal.3p:Contact_no_gsa from com.google.android.gms
08-03 22:36:12.864 2885 17335 I Icing : Indexing com.google.android.gms-internal.3p:DigitalDocument from com.google.android.gms
08-03 22:36:12.874 2885 17335 I Icing : Indexing com.google.android.gms-internal.3p:Message from com.google.android.gms
08-03 22:36:12.885 2885 17335 I Icing : Indexing com.google.android.gms-internal.3p:Event from com.google.android.gms
08-03 22:36:12.888 17391 17451 I chatty : uid=10182(u0_a182) Chrome_ProcessL expire 1 line
08-03 22:36:12.894 2885 17335 I Icing : Indexing com.google.android.gms-internal.3p:Photograph from com.google.android.gms
08-03 22:36:12.904 2885 17335 I Icing : Indexing com.google.android.gms-internal.3p:MusicRecording from com.google.android.gms
08-03 22:36:12.913 17453 17453 I : power log dlsym ok
08-03 22:36:12.915 17453 17453 E /system/bin/webview_zygote32: failed to make and chown /acct/uid_99006: Permission denied
08-03 22:36:12.915 17453 17453 E Zygote : createProcessGroup(99006, 0) failed: Permission denied
08-03 22:36:12.918 17453 17453 I /system/bin/webview_zygote32: Reinit property: dalvik.vm.checkjni= false
08-03 22:36:12.926 2885 17335 I Icing : Indexing done com.google.android.gms-internal.3p:MobileApplication
08-03 22:36:12.931 2885 17335 I Icing : Indexing done com.google.android.gms-internal.3p:MusicGroup
08-03 22:36:12.937 2885 17335 I Icing : Indexing done com.google.android.gms-internal.3p:Contact_no_gsa
08-03 22:36:12.943 2885 17335 I Icing : Indexing done com.google.android.gms-internal.3p:DigitalDocument
08-03 22:36:12.949 17453 17453 W re-initialized>: type=1400 audit(0.0:16447): avc: denied { read } for name="u:object_r:mmi_prop:s0" dev="tmpfs" ino=4505 scontext=u:r:isolated_app:s0:c512,c768 tcontext=u:object_r:mmi_prop:s0 tclass=file permissive=0
08-03 22:36:12.949 2885 17335 I Icing : Indexing done com.google.android.gms-internal.3p:Message
08-03 22:36:12.955 2885 17335 I Icing : Indexing done com.google.android.gms-internal.3p:Event
08-03 22:36:12.959 2885 17335 I Icing : Indexing done com.google.android.gms-internal.3p:Photograph
08-03 22:36:12.963 2885 17335 I Icing : Indexing done com.google.android.gms-internal.3p:MusicRecording
08-03 22:36:12.966 17453 17453 I SamplingProfilerIntegration: Profiling disabled.
08-03 22:36:12.968 17453 17453 E libc : Access denied finding property "runtime.mmitest.isrunning"
08-03 22:36:12.981 17453 17453 D ActivityThread: ActivityThread,attachApplication
08-03 22:36:12.996 406 406 W /system/bin/hwservicemanager: Cannot open /odm/manifest.xml
08-03 22:36:13.002 17453 17453 I HwCust : Constructor found for class android.app.HwCustApplicationPackageManagerImpl
08-03 22:36:13.002 17453 17453 D HwCust : Create obj success use class android.app.HwCustApplicationPackageManagerImpl
08-03 22:36:13.064 406 406 W /system/bin/hwservicemanager: Cannot open /odm/manifest.xml
08-03 22:36:13.073 2885 17335 I Icing : Indexing com.google.android.gms-apps from com.google.android.gms
08-03 22:36:13.074 2885 17335 I Icing : Indexing done com.google.android.gms-apps
08-03 22:36:13.083 2885 17335 I Icing : Indexing com.google.android.gms-internal.3p:MobileApplication from com.google.android.gms
08-03 22:36:13.087 2885 17335 I Icing : Indexing done com.google.android.gms-internal.3p:MobileApplication
08-03 22:36:13.087 405 405 E ServiceManager: try to find service failed, not allowed access from isolated processes.
08-03 22:36:13.090 2885 17335 I Icing : Indexing com.google.android.gms-internal.3p:MusicGroup from com.google.android.gms
08-03 22:36:13.094 2885 17335 I Icing : Indexing done com.google.android.gms-internal.3p:MusicGroup
08-03 22:36:13.095 17453 17453 D HwFLClassLoader: USE_FEATURE_LIST had not init!
08-03 22:36:13.096 2885 17335 I Icing : Indexing com.google.android.gms-internal.3p:Contact_no_gsa from com.google.android.gms
08-03 22:36:13.100 2885 17335 I Icing : Indexing done com.google.android.gms-internal.3p:Contact_no_gsa
08-03 22:36:13.110 2885 17335 I Icing : Indexing com.google.android.gms-internal.3p:DigitalDocument from com.google.android.gms
08-03 22:36:13.114 2885 17335 I Icing : Indexing done com.google.android.gms-internal.3p:DigitalDocument
08-03 22:36:13.125 2885 17335 I Icing : Indexing com.google.android.gms-internal.3p:Message from com.google.android.gms
08-03 22:36:13.130 2885 17335 I Icing : Indexing done com.google.android.gms-internal.3p:Message
08-03 22:36:13.151 2885 17335 I Icing : Indexing com.google.android.gms-internal.3p:Event from com.google.android.gms
08-03 22:36:13.157 2885 17335 I Icing : Indexing done com.google.android.gms-internal.3p:Event
08-03 22:36:13.159 2885 17335 I Icing : Indexing com.google.android.gms-internal.3p:Photograph from com.google.android.gms
08-03 22:36:13.164 2885 17335 I Icing : Indexing done com.google.android.gms-internal.3p:Photograph
08-03 22:36:13.167 2885 17335 I Icing : Indexing com.google.android.gms-internal.3p:MusicRecording from com.google.android.gms
08-03 22:36:13.171 2885 17335 I Icing : Indexing done com.google.android.gms-internal.3p:MusicRecording
08-03 22:36:13.200 1155 1333 I chatty : uid=1000(system) ConnectivitySer expire 20 lines
08-03 22:36:13.275 17453 17453 E asset : createFromFile(): lock file /data/resource-cache/product@overlay@frameworkResOverlay.apk@idmap.
08-03 22:36:13.285 17484 17484 E asset : setgid: Operation not permitted
08-03 22:36:13.354 17391 17476 I chatty : uid=10182(u0_a182) AudioThread expire 1 line
08-03 22:36:13.451 17506 17506 I : power log dlsym ok
08-03 22:36:13.456 17506 17506 I chatty : uid=10182(u0_a182) com.andevapps.ontv:Metrica identical 95 lines
08-03 22:36:13.472 17506 17506 D ActivityThread: ActivityThread,attachApplication
08-03 22:36:13.488 406 406 W /system/bin/hwservicemanager: Cannot open /odm/manifest.xml
08-03 22:36:13.514 17453 17453 E EasyInvokeUtils: no target fieldName
08-03 22:36:13.516 17453 17453 I chatty : uid=99006(u0_i6) dboxed_process0 identical 6 lines
08-03 22:36:13.517 17453 17453 E EasyInvokeUtils: no target fieldName
08-03 22:36:13.533 406 406 W /system/bin/hwservicemanager: Cannot open /odm/manifest.xml
08-03 22:36:13.545 17453 17453 E MemoryLeakMonitorManager: MemoryLeakMonitor.jar is not exist!
08-03 22:36:13.559 1155 1291 I chatty : uid=1000(system) InputReader expire 6 lines
08-03 22:36:13.563 1155 1183 I chatty : uid=1000(system) PowerManagerSer expire 6 lines
08-03 22:36:13.563 1495 11030 I chatty : uid=10040(u0_a40) Binder:1495_E expire 12 lines
08-03 22:36:13.565 739 2421 D DE N SR : immidiatelyActionIntent:262: DE_SCENE_ACTION_3D_COLORTMP_CHANGE intent.int:0
08-03 22:36:13.565 739 1360 D DE N VH : start:45: Wake up
08-03 22:36:13.566 739 2421 D DE N SR : setThreeDimensionColorTemperature:1087: R=32768 G=32768 B=32768 len=12
08-03 22:36:13.566 739 1401 D DE N VH : run:118: Start
08-03 22:36:13.569 661 852 I chatty : uid=1000(system) HwBinder:661_1 expire 6 lines
08-03 22:36:13.574 739 2421 D DE N SR : immidiatelyAction:243: DE_SCENE_ACTION_SCREEN_ON
08-03 22:36:13.578 739 2421 D DE N SR : setPowerMode:339: scene invalid
08-03 22:36:13.579 1155 1183 I chatty : uid=1000(system) PowerManagerSer expire 3 lines
08-03 22:36:13.581 1155 6888 I chatty : uid=1000(system) Binder:1155_17 expire 10 lines
08-03 22:36:13.585 661 852 I /vendor/bin/hw/vendor.huawei.hardware.sensors@1.0-service: activate-4 frameOpenedAls-1 enabled-1 cameraOpenedAls-0 frameOpenedColor-0 cameraOpenedColor-0
08-03 22:36:13.585 1155 1267 I chatty : uid=1000(system) android.anim expire 8 lines
08-03 22:36:13.585 661 852 D SensorHub: Channel activate-> handle: 4, enabled:1, err: 0
08-03 22:36:13.585 661 852 E SensorHub: PS activate 1
08-03 22:36:13.587 17391 17485 I chatty : uid=10182(u0_a182) Chrome_InProcGp expire 13 lines
08-03 22:36:13.588 1155 1164 I chatty : uid=1000(system) HeapTaskDaemon expire 2 lines
08-03 22:36:13.589 17391 17528 I chatty : uid=10182(u0_a182) AsyncTask #3 expire 1 line
08-03 22:36:13.590 1155 1400 I chatty : uid=1000(system) PhotonicModulat expire 3 lines
08-03 22:36:13.590 1155 1400 I chatty : uid=1000(system) PhotonicModulat expire 1 line
08-03 22:36:13.590 661 852 D SensorHub: batch called handle:4 sample_ns:20000000 latency_ns:0
08-03 22:36:13.590 661 852 D SensorHub: in batch, handle = 4, flags = 0, period_ns = 20000000, timeout = 0
08-03 22:36:13.591 667 667 I chatty : uid=1000(system) /system/bin/surfaceflinger expire 2 lines
08-03 22:36:13.592 1155 1180 I chatty : uid=1000(system) android.display expire 5 lines
08-03 22:36:13.600 661 661 D SensorHub: -------------------------->SENSOR_TYPE_PROXIMITY data[0] = 5.000000
08-03 22:36:13.605 661 852 D SensorHub: -------------------------->SENSOR_TYPE_PROXIMITY data[0] = 5.000000
08-03 22:36:13.610 661 852 D SensorHub: -------------------------->SENSOR_TYPE_PROXIMITY data[0] = 5.000000
08-03 22:36:13.613 4448 4453 I zygote : Method exceeds compiler instruction limit: 16800 in java.lang.Object X.1f3.a(int, X.0Jh)
08-03 22:36:13.615 661 852 D SensorHub: -------------------------->SENSOR_TYPE_PROXIMITY data[0] = 5.000000
08-03 22:36:13.618 739 1403 D DE N HWC: apply:87: FEATURE_XCC:
08-03 22:36:13.618 739 1403 D DE N HW : setEffect:71: FEATURE_XCC mode:0x1e size:12
08-03 22:36:13.620 661 661 D SensorHub: -------------------------->SENSOR_TYPE_PROXIMITY data[0] = 5.000000
08-03 22:36:13.625 661 852 D SensorHub: -------------------------->SENSOR_TYPE_PROXIMITY data[0] = 5.000000
08-03 22:36:13.630 661 852 D SensorHub: -------------------------->SENSOR_TYPE_PROXIMITY data[0] = 5.000000
08-03 22:36:13.632 17506 17531 I chatty : uid=10182(u0_a182) pool-2-thread-1 expire 2 lines
08-03 22:36:13.634 739 1401 D DE N VH : run:148: Stop
08-03 22:36:13.635 661 852 D SensorHub: -------------------------->SENSOR_TYPE_PROXIMITY data[0] = 5.000000
08-03 22:36:13.635 1495 1929 I chatty : uid=10040(u0_a40) RenderThread expire 8 lines
08-03 22:36:13.643 1155 1319 I chatty : uid=1000(system) HwWifiStatStore expire 8 lines
08-03 22:36:13.653 1155 1303 I chatty : uid=1000(system) StorageManagerS expire 2 lines
08-03 22:36:13.656 425 453 I vold : TrimTask running tasks: 0
08-03 22:36:13.657 1155 1306 I chatty : uid=1000(system) VoldConnector expire 1 line
08-03 22:36:13.657 480 17532 D libc : GetAddrInfoHandler addr: xxx.168.0.1
08-03 22:36:13.658 1155 1291 I chatty : uid=1000(system) InputReader expire 20 lines
08-03 22:36:13.680 663 663 E WifiHAL : enter wifi_get_link_stats
08-03 22:36:13.685 753 753 E wificond: Failed to get NL80211_RATE_INFO_NOISE
08-03 22:36:13.685 753 753 E wificond: Failed to get NL80211_RATE_INFO_SNR
08-03 22:36:13.685 753 753 E wificond: Failed to get NL80211_STA_INFO_CNAHLOAD
08-03 22:36:13.687 1407 1407 D wpa_supplicant: wpa_driver_nl80211_driver_cmd:cmd = SETSUSPENDMODE 0
08-03 22:36:13.687 1407 1407 D wpa_supplicant: wpa_driver_nl80211_driver_cmd: 1:ifr_name= wlan0,buf:SETSUSPENDMODE 0 ,len = 16
08-03 22:36:13.687 1407 1407 D wpa_supplicant: wpa_driver_nl80211_driver_cmd SETSUSPENDMODE 0 len = 0, 16
08-03 22:36:13.689 1155 1330 I chatty : uid=1000(system) WifiP2pService expire 5 lines
08-03 22:36:13.692 656 656 D lights : set_light_notification not set for battery_light is on
08-03 22:36:13.693 656 656 D lights : set_light_battery colorRGB=FFFFFF00, onMS=0, offMS=0
08-03 22:36:13.696 645 944 I spk_dev_interface: spk_set_parameters: use new smartpakit version
08-03 22:36:13.702 17506 17534 I chatty : uid=10182(u0_a182) Measurement Wor expire 3 lines
08-03 22:36:13.713 1155 1380 I chatty : uid=1000(system) WifiProStateMac expire 11 lines
08-03 22:36:13.714 1155 1381 I chatty : uid=1000(system) StatisticsCHRMs expire 1 line
08-03 22:36:13.728 2278 2484 W PhoneInterfaceManager: shouldBlockLocation running ...
08-03 22:36:13.728 2278 2484 I PhoneInterfaceManager: shouldBlockLocation ret:false
08-03 22:36:13.732 739 2421 I DE N ALA: updateLux:96: fist sensor lux, smoothLux=4.000000, timestamp=36317956
08-03 22:36:13.732 739 2421 D DE N SR : immidiatelyActionIntent:262: DE_SCENE_ACTION_AMBIENT_CHANGE intent.int:0
08-03 22:36:13.732 739 2421 D DE N SR : setAmbientParam:938: DE_SCENE_ACTION_AMBIENT_CHANGE set mLux:4 mCt:7
08-03 22:36:13.733 739 2421 D DE N SR : immidiatelyAction:243: DE_SCENE_ACTION_INDOOR_STEADY
08-03 22:36:13.758 1155 2229 I chatty : uid=1000(system) LocationThread expire 7 lines
08-03 22:36:13.769 1495 2055 I chatty : uid=10040(u0_a40) PhoneStatusBar expire 4 lines
08-03 22:36:13.771 1155 1172 I chatty : uid=1000(system) android.ui expire 2 lines
08-03 22:36:13.771 1155 1172 I chatty : uid=1000(system) android.ui expire 12 lines
08-03 22:36:13.817 2268 3233 I chatty : uid=1000(system) iAwareNRT expire 1 line
08-03 22:36:13.818 2268 2268 I chatty : uid=1000(system) com.huawei.powergenie expire 4 lines
08-03 22:36:13.875 661 661 D SensorHub: in flush, handle = 17
08-03 22:36:13.876 661 852 D SensorHub: huawei Hal strandard_stepcounter is 59
08-03 22:36:13.876 661 852 D SensorHub: getSensorType get meta data! handle =17
08-03 22:36:13.877 2635 3630 D WorkSource: Insert in WorkSource{} @ 0 uid 10013 name com.google.android.gms
08-03 22:36:13.885 2575 6575 I chatty : uid=1000(system) HealthControlle expire 29 lines
08-03 22:36:13.887 2255 2277 I chatty : uid=1000(system) Binder:2255_2 expire 1 line
08-03 22:36:13.888 2575 11437 W ContextImpl: Calling a method in the system process without a qualified user: android.app.ContextImpl.bindService:1736 android.content.ContextWrapper.bindService:678 com.huawei.nb.dataservice.dsclient.RemoteServiceConnection.open:90 com.huawei.nb.dataservice.dsclient.DataServiceProxy.connect:105 com.huawei.nb.dataservice.rsclient.internal.RemoteRuleService.start:27
08-03 22:36:13.889 632 632 I chatty : uid=1000(system) activity_recogn expire 17 lines
08-03 22:36:13.890 7101 7101 D Mms_TX_NOTIFY: Get no-perm notification callback android.intent.action.SCREEN_ON
08-03 22:36:13.891 7101 7101 D Mms_TX_NOTIFY: ScreenState lock
08-03 22:36:13.893 2635 17131 D WorkSource: Insert in WorkSource{} @ 0 uid 10013 name com.google.android.gms
08-03 22:36:13.893 632 687 I chatty : uid=1000(system) activity_recogn expire 6 lines
08-03 22:36:13.895 17506 17544 I chatty : uid=10182(u0_a182) com.andevapps.ontv:Metrica expire 1 line
08-03 22:36:13.904 17506 17548 I chatty : uid=10182(u0_a182) AdWorker(Defaul expire 1 line
08-03 22:36:13.911 1155 1288 I chatty : uid=1000(system) HWExtMotionServ expire 12 lines
08-03 22:36:13.913 632 632 I ArData : (ar_data_enable_activity_event:587):successfully
08-03 22:36:13.913 2575 11437 I chatty : uid=1000(system) pool-1-thread-8 expire 2 lines
08-03 22:36:13.913 632 687 I ArData : (ar_data_netlink_cb:789):cmd[2].length[100]
08-03 22:36:13.916 632 632 I ArData : (ar_enable_activity_event:1281):activity[4] event[1] latency[60000000000 ns]
08-03 22:36:13.917 632 632 I ArData : (ar_data_enable_activity_event:587):successfully
08-03 22:36:13.917 632 632 I ArData : (ar_data_get_state:1203):id[2]
08-03 22:36:13.918 632 687 I ArData : (ar_data_netlink_cb:789):cmd[2].length[100]
08-03 22:36:13.920 632 632 I ArData : (ar_enable_activity_event:1281):activity[4] event[2] latency[60000000000 ns]
08-03 22:36:13.921 632 632 I ArData : (ar_data_enable_activity_event:587):successfully
08-03 22:36:13.921 632 632 I ArData : (ar_data_get_state:1203):id[2]
08-03 22:36:13.922 632 687 I ArData : (ar_data_netlink_cb:789):cmd[2].length[100]
08-03 22:36:13.922 10794 10794 I DeviceStatusMonitor: onReceive() : Action = android.intent.action.SCREEN_ON
08-03 22:36:13.924 632 632 I ArData : (ar_enable_activity_event:1281):activity[6] event[1] latency[60000000000 ns]
08-03 22:36:13.926 632 632 I ArData : (ar_data_enable_activity_event:587):successfully
08-03 22:36:13.927 632 687 I ArData : (ar_data_netlink_cb:789):cmd[2].length[100]
08-03 22:36:13.927 632 632 I ArData : (ar_enable_activity_event:1281):activity[6] event[2] latency[60000000000 ns]
08-03 22:36:13.928 632 632 I ArData : (ar_data_enable_activity_event:587):successfully
08-03 22:36:13.931 632 687 I ArData : (ar_data_netlink_cb:789):cmd[2].length[120]
08-03 22:36:13.931 632 632 I ArData : (ar_enable_activity_event:1281):activity[5] event[1] latency[60000000000 ns]
08-03 22:36:13.932 2575 17549 I chatty : uid=1000(system) com.huawei.recsys expire 2 lines
08-03 22:36:13.934 632 632 I ArData : (ar_data_enable_activity_event:587):successfully
08-03 22:36:13.935 632 687 I ArData : (ar_data_netlink_cb:789):cmd[2].length[120]
08-03 22:36:13.935 632 632 I ArData : (ar_enable_activity_event:1281):activity[5] event[2] latency[60000000000 ns]
08-03 22:36:13.936 632 632 I ArData : (ar_data_enable_activity_event:587):successfully
08-03 22:36:13.937 632 687 I ArData : (ar_data_netlink_cb:789):cmd[2].length[140]
08-03 22:36:13.941 2593 2593 D InCall - InCallActivity: mScreenOnReceiver mCallEndOptionsDialog = null
08-03 22:36:13.976 661 661 D SensorHub: huawei Hal strandard_stepcounter is 59
08-03 22:36:13.989 2255 2444 I chatty : uid=1000(system) HwStepCounterTh expire 1 line
08-03 22:36:13.989 2255 2443 I chatty : uid=1000(system) StepCounterRemo expire 1 line
08-03 22:36:14.003 871 973 W libc : Set property "persist.radio.nitz_hw_name" to "true"
08-03 22:36:14.047 17506 17556 I chatty : uid=10182(u0_a182) Chrome_ProcessL expire 1 line
08-03 22:36:14.050 7101 7119 D OsUtil : hasStrictRequiredPermissions run true
08-03 22:36:14.054 871 973 W libc : Set property "ril.balong_cid" to "4504512"
08-03 22:36:14.054 7101 7101 V Mms_TXM_SVC: Creating TransactionService
08-03 22:36:14.057 7101 7101 D HwCust : Create obj success use class com.android.mms.transaction.HwCustTransactionServiceImpl
08-03 22:36:14.059 7101 7101 D HwCust : Create obj success use class com.huawei.mms.util.HwCustUpdateUserBehaviorImpl
08-03 22:36:14.059 7101 7101 D HwCust : Create obj success use class com.huawei.mms.util.HwCustHwMessageUtilsImpl
08-03 22:36:14.059 7101 7101 I Mms_TXM_SVC: onStartCommand send EVENT_NEW_INTENT. service-id 1
08-03 22:36:14.060 7101 7101 W Mms_TXM_SVC: ConnectivityBroadcastReceiver.onReceive() action: android.net.conn.CONNECTIVITY_CHANGE
08-03 22:36:14.060 7101 7101 V Mms_TXM_SVC: mConnMgr is null, bail
08-03 22:36:14.060 7101 17557 V Mms_TXM_SVC: Handling incoming message: { when=0 what=5 arg1=1 obj=Intent { cmp=com.android.mms/.transaction.TransactionService } target=com.android.mms.transaction.TransactionService$ServiceHandler } = EVENT_NEW_INTENT
08-03 22:36:14.060 7101 7101 V Mms_TXM_SVC: MSG_APP_Handle ConnectivityBroadcastReceiver.onReceive(): null
08-03 22:36:14.060 7101 7101 V Mms_TXM_SVC: MSG_APP_mms type is null or mobile data is turned off, bail
08-03 22:36:14.065 7101 17557 D Mms : isWifiCallingAvailable = false isImsRegistered = false
08-03 22:36:14.065 7101 17557 V HwSpecialUtils: allowMms = 1
08-03 22:36:14.065 7101 17557 V HwSpecialUtils: indexs = 1
08-03 22:36:14.067 7101 17557 D Mms : card subscription = 0 is isRoaming false
08-03 22:36:14.067 7101 17557 V HwSpecialUtils: isNetworkRoaming = false
08-03 22:36:14.068 7101 17557 D Mms : card subscription = 0 is isRoaming false
08-03 22:36:14.068 7101 17557 V Mms_TXM_SVC: networkAvailable=true
08-03 22:36:14.076 7101 17557 V Mms_TXM_SVC: onNewIntent: cursor.count=0 action=null
08-03 22:36:14.076 7101 17557 V Mms_TXM_SVC: onNewIntent: no pending messages. Stopping service.
08-03 22:36:14.078 871 973 W libc : Set property "ril.balong_cid" to "4504512"
08-03 22:36:14.084 7101 17557 V Mms_TXM_SVC: stopSelfIfIdle: STOP!
08-03 22:36:14.085 7101 7101 V Mms_TXM_SVC: Destroying TransactionService
08-03 22:36:14.086 7101 17557 V Mms_TXM_SVC: Handling incoming message: { when=0 what=100 target=com.android.mms.transaction.TransactionService$ServiceHandler } = EVENT_QUIT
08-03 22:36:14.106 871 973 W libc : Set property "persist.radio.nitz_hw_name" to "true"
08-03 22:36:14.129 17506 17506 I zygote64: at void com.google.android.gms.ads.i.a(android.content.Context, java.lang.String) ((null):-1)
08-03 22:36:14.129 17506 17506 I zygote64: at void com.andevapps.ontv.MyApp.onCreate() ((null):-1)
08-03 22:36:14.129 17506 17506 I zygote64: at void android.app.Instrumentation.callApplicationOnCreate(android.app.Application) (Instrumentation.java:1122)
08-03 22:36:14.129 17506 17506 I zygote64: at void android.app.ActivityThread.handleBindApplication(android.app.ActivityThread$AppBindData) (ActivityThread.java:6517)
08-03 22:36:14.129 17506 17506 I zygote64: at void android.app.ActivityThread.-wrap2(android.app.ActivityThread, android.app.ActivityThread$AppBindData) (ActivityThread.java:-1)
08-03 22:36:14.129 17506 17506 I zygote64: at void android.app.ActivityThread$H.handleMessage(android.os.Message) (ActivityThread.java:1963)
08-03 22:36:14.129 17506 17506 I zygote64: at void android.os.Handler.dispatchMessage(android.os.Message) (Handler.java:108)
08-03 22:36:14.129 17506 17506 I zygote64: at void android.os.Looper.loop() (Looper.java:166)
08-03 22:36:14.129 17506 17506 I zygote64: at void android.app.ActivityThread.main(java.lang.String[]) (ActivityThread.java:7425)
08-03 22:36:14.129 17506 17506 I zygote64: at java.lang.Object java.lang.reflect.Method.invoke(java.lang.Object, java.lang.Object[]) (Method.java:-2)
08-03 22:36:14.129 17506 17506 I zygote64: at void com.android.internal.os.Zygote$MethodAndArgsCaller.run() (Zygote.java:245)
08-03 22:36:14.129 17506 17506 I zygote64: at void com.android.internal.os.ZygoteInit.main(java.lang.String[]) (ZygoteInit.java:921)
08-03 22:36:14.129 17506 17506 I zygote64:
08-03 22:36:14.130 17506 17506 I zygote64: Rejecting re-init on previously-failed class java.lang.Class: java.lang.NoClassDefFoundError: Failed resolution of: Landroid/webkit/SafeBrowsingResponse;
08-03 22:36:14.130 17506 17506 I zygote64: at void com.android.webview.chromium.WebViewChromium.init(java.util.Map, boolean) (PG:53)
08-03 22:36:14.130 17506 17506 I zygote64: at void android.webkit.WebView.(android.content.Context, android.util.AttributeSet, int, int, java.util.Map, boolean) (WebView.java:651)
08-03 22:36:14.130 17506 17506 I zygote64: at void android.webkit.WebView.(android.content.Context, android.util.AttributeSet, int, int) (WebView.java:581)
