08-03 22:36:38.958 17796 17796 I libMGD : Parsing /system/lib64/libdng_sdk.so
08-03 22:36:38.959 1155 1290 D InputDispatcher: Dispatch frozen. Waiting some more. last for 530ms
08-03 22:36:38.959 17796 17796 I libMGD : Found 0 symbol relocations in /system/lib64/libdng_sdk.so
08-03 22:36:38.960 17796 17796 I libMGD : Parsing /system/lib64/libdrmbitmap.huawei.so
08-03 22:36:38.960 17796 17796 I libMGD : Found 0 symbol relocations in /system/lib64/libdrmbitmap.huawei.so
08-03 22:36:38.960 17796 17796 I libMGD : Parsing /system/lib64/libdrmframework.so
08-03 22:36:38.960 17796 17796 I libMGD : Found 0 symbol relocations in /system/lib64/libdrmframework.so
08-03 22:36:38.960 17796 17796 I libMGD : Parsing /system/lib64/libexif.so
08-03 22:36:38.961 17796 17796 I libMGD : Found 0 symbol relocations in /system/lib64/libexif.so
08-03 22:36:38.961 17796 17796 I libMGD : Parsing /system/lib64/libexpat.so
08-03 22:36:38.961 17796 17796 I libMGD : Found 0 symbol relocations in /system/lib64/libexpat.so
08-03 22:36:38.961 17796 17796 I libMGD : Parsing /system/lib64/libft2.so
08-03 22:36:38.961 17796 17796 I libMGD : Found 0 symbol relocations in /system/lib64/libft2.so
08-03 22:36:38.961 17796 17796 I libMGD : Parsing /system/lib64/libgpuassistant_client.so
08-03 22:36:38.961 17796 17796 I libMGD : Found 5 symbol relocations in /system/lib64/libgpuassistant_client.so
08-03 22:36:38.961 17796 17796 I libMGD : Parsing /system/lib64/libgui.so
08-03 22:36:38.962 639 707 I GRALLOC : shrFd=53,fmt=0x1,intFmt=0x200000001,btStrd=4352,size=9547776,pid=639
08-03 22:36:38.962 639 707 I GRALLOC : yuv=2,w=1080,h=2160,Stride u=0 v=0,offset u=0 v=0
08-03 22:36:38.962 639 707 I GRALLOC : iova_size=9547776,conUsg=0x0,proUsg=0x8000100, strd=1088,[afbc]HdrStrd=1088 PyldStrd=69632 Scrmbl=0,ionhnd = 4
08-03 22:36:38.963 17796 17796 I libMGD : Found 21 symbol relocations in /system/lib64/libgui.so
08-03 22:36:38.963 17796 17796 I libMGD : Parsing /system/lib64/libhardware.so
08-03 22:36:38.963 17796 17796 I libMGD : Found 2 symbol relocations in /system/lib64/libhardware.so
08-03 22:36:38.963 17796 17796 I libMGD : Parsing /system/lib64/libhardware_legacy.so
08-03 22:36:38.964 17796 17796 I libMGD : Found 0 symbol relocations in /system/lib64/libhardware_legacy.so
08-03 22:36:38.964 17796 17796 I libMGD : Parsing /system/lib64/libharfbuzz_ng.so
08-03 22:36:38.964 17796 17796 I libMGD : Found 0 symbol relocations in /system/lib64/libharfbuzz_ng.so
08-03 22:36:38.964 17796 17796 I libMGD : Parsing /system/lib64/libhidlbase.so
08-03 22:36:38.964 17796 17796 I libMGD : Found 0 symbol relocations in /system/lib64/libhidlbase.so
08-03 22:36:38.964 17796 17796 I libMGD : Parsing /system/lib64/libhidlmemory.so
08-03 22:36:38.964 17796 17796 I libMGD : Found 0 symbol relocations in /system/lib64/libhidlmemory.so
08-03 22:36:38.964 17796 17796 I libMGD : Parsing /system/lib64/libhidltransport.so
08-03 22:36:38.965 17796 17796 I libMGD : Found 3 symbol relocations in /system/lib64/libhidltransport.so
08-03 22:36:38.965 17796 17796 I libMGD : Parsing /system/lib64/libhme_jpeg_dec.so
08-03 22:36:38.965 17796 17796 I libMGD : Found 0 symbol relocations in /system/lib64/libhme_jpeg_dec.so
08-03 22:36:38.965 17796 17796 I libMGD : Parsing /system/lib64/libhuaweicust.so
08-03 22:36:38.966 17796 17796 I libMGD : Found 0 symbol relocations in /system/lib64/libhuaweicust.so
08-03 22:36:38.966 17796 17796 I libMGD : Parsing /system/lib64/libhwbinder.so
08-03 22:36:38.966 17796 17796 I libMGD : Found 0 symbol relocations in /system/lib64/libhwbinder.so
08-03 22:36:38.966 17796 17796 I libMGD : Parsing /system/lib64/libhwextdevice.so
08-03 22:36:38.967 17796 17796 I libMGD : Found 0 symbol relocations in /system/lib64/libhwextdevice.so
08-03 22:36:38.967 17796 17796 I libMGD : Parsing /system/lib64/libhwgl.so
08-03 22:36:38.967 17796 17796 I libMGD : Found 3 symbol relocations in /system/lib64/libhwgl.so
08-03 22:36:38.967 17796 17796 I libMGD : Parsing /system/lib64/libhwlog.so
08-03 22:36:38.967 17796 17796 I libMGD : Found 0 symbol relocations in /system/lib64/libhwlog.so
08-03 22:36:38.967 17796 17796 I libMGD : Parsing /system/lib64/libhwlog_jni.so
08-03 22:36:38.967 17796 17796 I libMGD : Found 2 symbol relocations in /system/lib64/libhwlog_jni.so
08-03 22:36:38.967 17796 17796 I libMGD : Parsing /system/lib64/libhwui.so
08-03 22:36:38.969 17796 17796 I libMGD : Found 102 symbol relocations in /system/lib64/libhwui.so
08-03 22:36:38.970 17796 17796 I libMGD : Parsing /system/lib64/libiAwareSdkAdapter.so
08-03 22:36:38.970 17796 17796 I libMGD : Found 2 symbol relocations in /system/lib64/libiAwareSdkAdapter.so
08-03 22:36:38.970 17796 17796 I libMGD : Parsing /system/lib64/libiawareperf_client.so
08-03 22:36:38.970 17796 17796 I libMGD : Found 0 symbol relocations in /system/lib64/libiawareperf_client.so
08-03 22:36:38.970 17796 17796 I libMGD : Parsing /system/lib64/libicui18n.so
08-03 22:36:38.970 1155 1290 D InputDispatcher: Dispatch frozen. Waiting some more. last for 541ms
08-03 22:36:38.972 1155 1290 D InputDispatcher: Dispatch frozen. Waiting some more. last for 543ms
08-03 22:36:38.974 639 707 I GRALLOC : shrFd=55,fmt=0x1,intFmt=0x200000001,btStrd=4352,size=9547776,pid=639
08-03 22:36:38.974 639 707 I GRALLOC : yuv=2,w=1080,h=2160,Stride u=0 v=0,offset u=0 v=0
08-03 22:36:38.974 639 707 I GRALLOC : iova_size=9547776,conUsg=0x0,proUsg=0x8000100, strd=1088,[afbc]HdrStrd=1088 PyldStrd=69632 Scrmbl=0,ionhnd = 6
08-03 22:36:38.975 17796 17796 I libMGD : Found 0 symbol relocations in /system/lib64/libicui18n.so
08-03 22:36:38.975 17796 17796 I libMGD : Parsing /system/lib64/libicuuc.so
08-03 22:36:38.976 17796 17796 I libMGD : Found 2 symbol relocations in /system/lib64/libicuuc.so
08-03 22:36:38.977 17796 17796 I libMGD : Parsing /system/lib64/libimg_utils.so
08-03 22:36:38.977 17796 17796 I libMGD : Found 0 symbol relocations in /system/lib64/libimg_utils.so
08-03 22:36:38.977 17796 17796 I libMGD : Parsing /system/lib64/libimonitor.so
08-03 22:36:38.977 17796 17796 I libMGD : Found 0 symbol relocations in /system/lib64/libimonitor.so
08-03 22:36:38.978 17796 17796 I libMGD : Parsing /system/lib64/libinput.so
08-03 22:36:38.978 17796 17796 I libMGD : Found 0 symbol relocations in /system/lib64/libinput.so
08-03 22:36:38.978 17796 17796 I libMGD : Parsing /system/lib64/libion.so
08-03 22:36:38.978 17796 17796 I libMGD : Found 0 symbol relocations in /system/lib64/libion.so
08-03 22:36:38.978 17796 17796 I libMGD : Parsing /system/lib64/libjavacore.so
08-03 22:36:38.979 17796 17796 I libMGD : Found 0 symbol relocations in /system/lib64/libjavacore.so
08-03 22:36:38.979 17796 17796 I libMGD : Parsing /system/lib64/libjavacrypto.so
08-03 22:36:38.979 17796 17796 I libMGD : Found 0 symbol relocations in /system/lib64/libjavacrypto.so
08-03 22:36:38.979 17796 17796 I libMGD : Parsing /system/lib64/libjnigraphics.so
08-03 22:36:38.979 17796 17796 I libMGD : Found 0 symbol relocations in /system/lib64/libjnigraphics.so
08-03 22:36:38.979 17796 17796 I libMGD : Parsing /system/lib64/libjpeg.so
08-03 22:36:38.980 17796 17796 I libMGD : Found 0 symbol relocations in /system/lib64/libjpeg.so
08-03 22:36:38.980 17796 17796 I libMGD : Parsing /system/lib64/liblog.so
08-03 22:36:38.980 17796 17796 I libMGD : Found 0 symbol relocations in /system/lib64/liblog.so
08-03 22:36:38.980 17796 17796 I libMGD : Parsing /system/lib64/liblz4.so
08-03 22:36:38.980 17796 17796 I libMGD : Found 0 symbol relocations in /system/lib64/liblz4.so
08-03 22:36:38.980 17796 17796 I libMGD : Parsing /system/lib64/liblzma.so
08-03 22:36:38.980 17796 17796 I libMGD : Found 0 symbol relocations in /system/lib64/liblzma.so
08-03 22:36:38.980 17796 17796 I libMGD : Parsing /system/lib64/libm.so
08-03 22:36:38.980 17796 17796 I libMGD : Found 0 symbol relocations in /system/lib64/libm.so
08-03 22:36:38.980 17796 17796 I libMGD : Parsing /system/lib64/libmedia.so
08-03 22:36:38.981 1155 6505 I ActivityManager: Killing 16523:com.google.android.googlequicksearchbox/u0a41 (adj 906): empty #25
08-03 22:36:38.982 17796 17796 I libMGD : Found 0 symbol relocations in /system/lib64/libmedia.so
08-03 22:36:38.982 17796 17796 I libMGD : Parsing /system/lib64/libmedia_helper.so
08-03 22:36:38.982 17796 17796 I libMGD : Found 0 symbol relocations in /system/lib64/libmedia_helper.so
08-03 22:36:38.982 17796 17796 I libMGD : Parsing /system/lib64/libmedia_jni.huawei.so
08-03 22:36:38.983 17796 17796 I libMGD : Found 0 symbol relocations in /system/lib64/libmedia_jni.huawei.so
08-03 22:36:38.983 17796 17796 I libMGD : Parsing /system/lib64/libmedia_jni.so
08-03 22:36:38.983 17796 17796 I libMGD : Found 0 symbol relocations in /system/lib64/libmedia_jni.so
08-03 22:36:38.984 17796 17796 I libMGD : Parsing /system/lib64/libmediadrm.so
08-03 22:36:38.984 17796 17796 I libMGD : Found 2 symbol relocations in /system/lib64/libmediadrm.so
08-03 22:36:38.984 17796 17796 I libMGD : Parsing /system/lib64/libmediametrics.so
08-03 22:36:38.984 17796 17796 I libMGD : Found 0 symbol relocations in /system/lib64/libmediametrics.so
08-03 22:36:38.985 17796 17796 I libMGD : Parsing /system/lib64/libmediandk.so
08-03 22:36:38.985 17796 17796 I libMGD : Found 0 symbol relocations in /system/lib64/libmediandk.so
08-03 22:36:38.985 17796 17796 I libMGD : Parsing /system/lib64/libmediautils.so
08-03 22:36:38.985 17796 17796 I libMGD : Found 0 symbol relocations in /system/lib64/libmediautils.so
08-03 22:36:38.985 17796 17796 I libMGD : Parsing /system/lib64/libmemtrack.so
08-03 22:36:38.985 17796 17796 I libMGD : Found 0 symbol relocations in /system/lib64/libmemtrack.so
08-03 22:36:38.985 17796 17796 I libMGD : Parsing /system/lib64/libmemunreachable.so
08-03 22:36:38.985 17796 17796 I libMGD : Found 0 symbol relocations in /system/lib64/libmemunreachable.so
08-03 22:36:38.985 17796 17796 I libMGD : Parsing /system/lib64/libmiddlevare_xmlparser.so
08-03 22:36:38.985 17796 17796 I libMGD : Found 0 symbol relocations in /system/lib64/libmiddlevare_xmlparser.so
08-03 22:36:38.985 17796 17796 I libMGD : Parsing /system/lib64/libmidi.so
08-03 22:36:38.986 17796 17796 I libMGD : Found 0 symbol relocations in /system/lib64/libmidi.so
08-03 22:36:38.986 17796 17796 I libMGD : Parsing /system/lib64/libminikin.so
08-03 22:36:38.986 17796 17796 I libMGD : Found 0 symbol relocations in /system/lib64/libminikin.so
08-03 22:36:38.986 17796 17796 I libMGD : Parsing /system/lib64/libmtp.so
08-03 22:36:38.986 17796 17796 I libMGD : Found 0 symbol relocations in /system/lib64/libmtp.so
08-03 22:36:38.986 17796 17796 I libMGD : Parsing /system/lib64/libnativebridge.so
08-03 22:36:38.986 17796 17796 I libMGD : Found 2 symbol relocations in /system/lib64/libnativebridge.so
08-03 22:36:38.986 17796 17796 I libMGD : Parsing /system/lib64/libnativehelper.so
08-03 22:36:38.986 17796 17796 I libMGD : Found 2 symbol relocations in /system/lib64/libnativehelper.so
08-03 22:36:38.986 17796 17796 I libMGD : Parsing /system/lib64/libnativeloader.so
08-03 22:36:38.987 17796 17796 I libMGD : Found 2 symbol relocations in /system/lib64/libnativeloader.so
08-03 22:36:38.987 17796 17796 I libMGD : Parsing /system/lib64/libnativewindow.so
08-03 22:36:38.987 17796 17796 I libMGD : Found 0 symbol relocations in /system/lib64/libnativewindow.so
08-03 22:36:38.987 17796 17796 I libMGD : Parsing /system/lib64/libnetd_client.so
08-03 22:36:38.987 17796 17796 I libMGD : Found 0 symbol relocations in /system/lib64/libnetd_client.so
08-03 22:36:38.987 17796 17796 I libMGD : Parsing /system/lib64/libnetutils.so
08-03 22:36:38.987 17796 17796 I libMGD : Found 0 symbol relocations in /system/lib64/libnetutils.so
08-03 22:36:38.987 17796 17796 I libMGD : Parsing /system/lib64/libnvme.so
08-03 22:36:38.987 17796 17796 I libMGD : Found 0 symbol relocations in /system/lib64/libnvme.so
08-03 22:36:38.987 17796 17796 I libMGD : Parsing /system/lib64/liboeminfo.so
08-03 22:36:38.987 17796 17796 I libMGD : Found 0 symbol relocations in /system/lib64/liboeminfo.so
08-03 22:36:38.987 17796 17796 I libMGD : Parsing /system/lib64/libopenjdk.so
08-03 22:36:38.988 17796 17796 I libMGD : Found 2 symbol relocations in /system/lib64/libopenjdk.so
08-03 22:36:38.988 17796 17796 I libMGD : Parsing /system/lib64/libopenjdkjvm.so
08-03 22:36:38.988 17796 17796 I libMGD : Found 1 symbol relocations in /system/lib64/libopenjdkjvm.so
08-03 22:36:38.988 17796 17796 I libMGD : Parsing /system/lib64/libpackagelistparser.so
08-03 22:36:38.988 17796 17796 I libMGD : Found 0 symbol relocations in /system/lib64/libpackagelistparser.so
08-03 22:36:38.988 17796 17796 I libMGD : Parsing /system/lib64/libpcre2.so
08-03 22:36:38.988 17796 17796 I libMGD : Found 0 symbol relocations in /system/lib64/libpcre2.so
08-03 22:36:38.988 17796 17796 I libMGD : Parsing /system/lib64/libpdfium.so
08-03 22:36:38.993 17796 17796 I libMGD : Found 0 symbol relocations in /system/lib64/libpdfium.so
08-03 22:36:38.993 17796 17796 I libMGD : Parsing /system/lib64/libpiex.so
08-03 22:36:38.993 17796 17796 I libMGD : Found 0 symbol relocations in /system/lib64/libpiex.so
08-03 22:36:38.993 17796 17796 I libMGD : Parsing /system/lib64/libpng.so
08-03 22:36:38.994 17796 17796 I libMGD : Found 0 symbol relocations in /system/lib64/libpng.so
08-03 22:36:38.994 17796 17796 I libMGD : Parsing /system/lib64/libpowergenie_native3.so
08-03 22:36:38.994 17796 17796 I libMGD : Found 2 symbol relocations in /system/lib64/libpowergenie_native3.so
08-03 22:36:38.994 17796 17796 I libMGD : Parsing /system/lib64/libpowerlog.so
08-03 22:36:38.994 17796 17796 I libMGD : Found 2 symbol relocations in /system/lib64/libpowerlog.so
08-03 22:36:38.994 17796 17796 I libMGD : Parsing /system/lib64/libpowermanager.so
08-03 22:36:38.994 17796 17796 I libMGD : Found 0 symbol relocations in /system/lib64/libpowermanager.so
08-03 22:36:38.994 1155 1290 D InputDispatcher: Dispatch frozen. Waiting some more. last for 565ms
08-03 22:36:38.994 17796 17796 I libMGD : Found 0 symbol relocations in /system/lib64/libpowermanager.so
08-03 22:36:38.994 17796 17796 I libMGD : Parsing /system/lib64/libprocessgroup.so
08-03 22:36:38.994 17796 17796 I libMGD : Found 0 symbol relocations in /system/lib64/libprocessgroup.so
08-03 22:36:38.994 17796 17796 I libMGD : Parsing /system/lib64/libprotobuf-cpp-full.so
08-03 22:36:38.997 17796 17796 I libMGD : Found 0 symbol relocations in /system/lib64/libprotobuf-cpp-full.so
08-03 22:36:38.998 1155 1290 D InputDispatcher: Dispatch frozen. Waiting some more. last for 568ms
08-03 22:36:38.998 17796 17796 I libMGD : Parsing /system/lib64/libradio.so
08-03 22:36:38.998 667 2625 E BufferQueueProducer: [NavigationBar#0] disconnect: not connected (req=1)
08-03 22:36:38.998 1495 1929 W libEGL : EGLNativeWindowType 0x7e46588010 disconnect failed
08-03 22:36:38.998 17796 17796 I libMGD : Found 0 symbol relocations in /system/lib64/libradio.so
08-03 22:36:38.998 17796 17796 I libMGD : Parsing /system/lib64/libradio_metadata.so
08-03 22:36:38.998 17796 17796 I libMGD : Found 0 symbol relocations in /system/lib64/libradio_metadata.so
08-03 22:36:38.998 17796 17796 I libMGD : Parsing /system/lib64/libselinux.so
08-03 22:36:38.999 17796 17796 I libMGD : Found 0 symbol relocations in /system/lib64/libselinux.so
08-03 22:36:38.999 17796 17796 I libMGD : Parsing /system/lib64/libsensor.so
08-03 22:36:38.999 17796 17796 I libMGD : Found 0 symbol relocations in /system/lib64/libsensor.so
08-03 22:36:38.999 17796 17796 I libMGD : Parsing /system/lib64/libservices.huawei.so
08-03 22:36:38.999 17796 17796 I libMGD : Found 2 symbol relocations in /system/lib64/libservices.huawei.so
08-03 22:36:38.999 17796 17796 I libMGD : Parsing /system/lib64/libsigchain.so
08-03 22:36:38.999 17796 17796 I libMGD : Found 0 symbol relocations in /system/lib64/libsigchain.so
08-03 22:36:38.999 17796 17796 I libMGD : Parsing /system/lib64/libskia.so
08-03 22:36:39.001 638 638 I GRALLOC : shrFd=10,fmt=0x1,intFmt=0x1,btStrd=4352,size=540672,pid=638
08-03 22:36:39.001 638 638 I GRALLOC : yuv=2,w=1080,h=121,Stride u=0 v=0,offset u=0 v=0
08-03 22:36:39.001 638 638 I GRALLOC : iova_size=540672,conUsg=0xb00,proUsg=0xb00, strd=1088,[afbc]HdrStrd=0 PyldStrd=0 Scrmbl=0,ionhnd = 1
08-03 22:36:39.004 1155 6505 D WindowManager: finishDrawingWindow: Window{976c73a u0 NavigationBar} mDrawState=HAS_DRAWN
08-03 22:36:39.008 17796 17796 I libMGD : Found 3 symbol relocations in /system/lib64/libskia.so
08-03 22:36:39.008 17796 17796 I libMGD : Parsing /system/lib64/libsonivox.so
08-03 22:36:39.009 1155 1290 D InputDispatcher: Dispatch frozen. Waiting some more. last for 579ms
08-03 22:36:39.009 17796 17796 I libMGD : Found 0 symbol relocations in /system/lib64/libsonivox.so
08-03 22:36:39.009 17796 17796 I libMGD : Parsing /system/lib64/libsoundpool.so
08-03 22:36:39.009 17796 17796 I libMGD : Found 0 symbol relocations in /system/lib64/libsoundpool.so
08-03 22:36:39.009 17796 17796 I libMGD : Parsing /system/lib64/libsoundtrigger.so
08-03 22:36:39.009 17796 17796 I libMGD : Found 0 symbol relocations in /system/lib64/libsoundtrigger.so
08-03 22:36:39.009 17796 17796 I libMGD : Parsing /system/lib64/libspeexresampler.so
08-03 22:36:39.009 17796 17796 I libMGD : Found 0 symbol relocations in /system/lib64/libspeexresampler.so
08-03 22:36:39.009 17796 17796 I libMGD : Parsing /system/lib64/libsqlite.so
08-03 22:36:39.010 17796 17796 I libMGD : Found 0 symbol relocations in /system/lib64/libsqlite.so
08-03 22:36:39.010 17796 17796 I libMGD : Parsing /system/lib64/libssl.so
08-03 22:36:39.010 1155 1290 D InputDispatcher: Dispatch frozen. Waiting some more. last for 580ms
08-03 22:36:39.010 17796 17796 I libMGD : Found 0 symbol relocations in /system/lib64/libssl.so
08-03 22:36:39.010 17796 17796 I libMGD : Parsing /system/lib64/libstagefright.so
08-03 22:36:39.014 17796 17796 I libMGD : Found 2 symbol relocations in /system/lib64/libstagefright.so
08-03 22:36:39.014 17796 17796 I libMGD : Parsing /system/lib64/libstagefright_foundation.so
08-03 22:36:39.015 17796 17796 I libMGD : Found 0 symbol relocations in /system/lib64/libstagefright_foundation.so
08-03 22:36:39.015 17796 17796 I libMGD : Parsing /system/lib64/libstagefright_http_support.so
08-03 22:36:39.015 17796 17796 I libMGD : Found 0 symbol relocations in /system/lib64/libstagefright_http_support.so
08-03 22:36:39.015 17796 17796 I libMGD : Parsing /system/lib64/libstagefright_hwextendedmediadrm.so
08-03 22:36:39.015 17796 17796 I libMGD : Found 0 symbol relocations in /system/lib64/libstagefright_hwextendedmediadrm.so
08-03 22:36:39.015 17796 17796 I libMGD : Parsing /system/lib64/libstagefright_omx.so
08-03 22:36:39.016 17796 17796 I libMGD : Found 2 symbol relocations in /system/lib64/libstagefright_omx.so
08-03 22:36:39.016 17796 17796 I libMGD : Parsing /system/lib64/libstagefright_xmlparser@1.0.so
08-03 22:36:39.017 17796 17796 I libMGD : Found 0 symbol relocations in /system/lib64/libstagefright_xmlparser@1.0.so
08-03 22:36:39.017 17796 17796 I libMGD : Parsing /system/lib64/libstdc++.so
08-03 22:36:39.017 17796 17796 I libMGD : Found 0 symbol relocations in /system/lib64/libstdc++.so
08-03 22:36:39.017 17796 17796 I libMGD : Parsing /system/lib64/libsync.so
08-03 22:36:39.017 17796 17796 I libMGD : Found 0 symbol relocations in /system/lib64/libsync.so
08-03 22:36:39.017 17796 17796 I libMGD : Parsing /system/lib64/libtinyxml2.so
08-03 22:36:39.017 17796 17796 I libMGD : Found 0 symbol relocations in /system/lib64/libtinyxml2.so
08-03 22:36:39.017 17796 17796 I libMGD : Parsing /system/lib64/libui.so
08-03 22:36:39.017 17796 17796 I libMGD : Found 0 symbol relocations in /system/lib64/libui.so
08-03 22:36:39.017 17796 17796 I libMGD : Parsing /system/lib64/libunwind.so
08-03 22:36:39.017 17796 17796 I libMGD : Found 0 symbol relocations in /system/lib64/libunwind.so
08-03 22:36:39.018 17796 17796 I libMGD : Parsing /system/lib64/libusbhost.so
08-03 22:36:39.018 17796 17796 I libMGD : Found 0 symbol relocations in /system/lib64/libusbhost.so
08-03 22:36:39.018 17796 17796 I libMGD : Parsing /system/lib64/libutils.so
08-03 22:36:39.018 17796 17796 I libMGD : Found 1 symbol relocations in /system/lib64/libutils.so
08-03 22:36:39.018 17796 17796 I libMGD : Parsing /system/lib64/libvintf.so
08-03 22:36:39.018 17796 17796 I libMGD : Found 0 symbol relocations in /system/lib64/libvintf.so
08-03 22:36:39.018 17796 17796 I libMGD : Parsing /system/lib64/libvixl-arm.so
08-03 22:36:39.018 1495 1495 E DateLunarView: mDateString is: пт, 3 авг.
08-03 22:36:39.019 17796 17796 I libMGD : Found 0 symbol relocations in /system/lib64/libvixl-arm.so
08-03 22:36:39.019 17796 17796 I libMGD : Parsing /system/lib64/libvixl-arm64.so
08-03 22:36:39.020 17796 17796 I libMGD : Found 0 symbol relocations in /system/lib64/libvixl-arm64.so
08-03 22:36:39.020 17796 17796 I libMGD : Parsing /system/lib64/libvndksupport.so
08-03 22:36:39.021 17796 17796 I libMGD : Found 2 symbol relocations in /system/lib64/libvndksupport.so
08-03 22:36:39.021 17796 17796 I libMGD : Parsing /system/lib64/libvorbisidec.so
08-03 22:36:39.021 17796 17796 I libMGD : Found 0 symbol relocations in /system/lib64/libvorbisidec.so
08-03 22:36:39.021 17796 17796 I libMGD : Parsing /system/lib64/libvulkan.so
08-03 22:36:39.021 17796 17796 I libMGD : Found 3 symbol relocations in /system/lib64/libvulkan.so
08-03 22:36:39.021 17796 17796 I libMGD : Parsing /system/lib64/libwebviewchromium_loader.so
08-03 22:36:39.021 17796 17796 I libMGD : Found 1 symbol relocations in /system/lib64/libwebviewchromium_loader.so
08-03 22:36:39.021 17796 17796 I libMGD : Parsing /system/lib64/libwebviewchromium_plat_support.so
08-03 22:36:39.021 17796 17796 I libMGD : Found 0 symbol relocations in /system/lib64/libwebviewchromium_plat_support.so
08-03 22:36:39.021 17796 17796 I libMGD : Parsing /system/lib64/libwilhelm.so
08-03 22:36:39.021 1495 1495 D CubicBezierInterpolator: CubicBezierInterpolator mControlPoint1x = 0.23, mControlPoint1y = 0.06, mControlPoint2x = 0.09, mControlPoint2y = 0.97
08-03 22:36:39.021 17796 17796 I libMGD : Found 0 symbol relocations in /system/lib64/libwilhelm.so
08-03 22:36:39.022 17796 17796 I libMGD : Parsing /system/lib64/libxcollie.so
08-03 22:36:39.022 17796 17796 I libMGD : Found 0 symbol relocations in /system/lib64/libxcollie.so
08-03 22:36:39.022 17796 17796 I libMGD : Parsing /system/lib64/libz.so
08-03 22:36:39.022 1495 1495 D CubicBezierInterpolator: CubicBezierInterpolator mControlPoint1x = 0.6, mControlPoint1y = 0.9, mControlPoint2x = 0.8, mControlPoint2y = 1.0
08-03 22:36:39.022 17796 17796 I libMGD : Found 0 symbol relocations in /system/lib64/libz.so
08-03 22:36:39.022 17796 17796 I libMGD : Parsing /system/lib64/libziparchive.so
08-03 22:36:39.022 17796 17796 I libMGD : Found 0 symbol relocations in /system/lib64/libziparchive.so
08-03 22:36:39.022 17796 17796 I libMGD : Parsing /system/lib64/vendor.huawei.hardware.graphics.displayeffect@1.0.so
08-03 22:36:39.022 1495 1495 D CubicBezierInterpolator: CubicBezierInterpolator mControlPoint1x = 0.23, mControlPoint1y = 0.06, mControlPoint2x = 0.09, mControlPoint2y = 0.97
08-03 22:36:39.022 1495 1495 D CubicBezierInterpolator: CubicBezierInterpolator mControlPoint1x = 0.6, mControlPoint1y = 0.9, mControlPoint2x = 0.8, mControlPoint2y = 1.0
08-03 22:36:39.022 17796 17796 I libMGD : Found 0 symbol relocations in /system/lib64/vendor.huawei.hardware.graphics.displayeffect@1.0.so
08-03 22:36:39.022 17796 17796 I libMGD : Parsing /system/lib64/vendor.huawei.hardware.iawareperf@1.0.so
08-03 22:36:39.023 17796 17796 I libMGD : Found 0 symbol relocations in /system/lib64/vendor.huawei.hardware.iawareperf@1.0.so
08-03 22:36:39.023 17796 17796 I libMGD : Parsing /system/lib64/vendor.huawei.hardware.jpegdec@1.0.so
08-03 22:36:39.023 17796 17796 I libMGD : Found 0 symbol relocations in /system/lib64/vendor.huawei.hardware.jpegdec@1.0.so
08-03 22:36:39.023 17796 17796 I libMGD : Parsing /system/lib64/vendor.huawei.hardware.sensors@1.0.so
08-03 22:36:39.023 17796 17796 I libMGD : Found 0 symbol relocations in /system/lib64/vendor.huawei.hardware.sensors@1.0.so
08-03 22:36:39.023 17796 17796 I libMGD : Parsing /system/lib64/vndk-sp/android.hardware.graphics.common@1.0.so
08-03 22:36:39.023 17796 17796 I libMGD : Found 0 symbol relocations in /system/lib64/vndk-sp/android.hardware.graphics.common@1.0.so
08-03 22:36:39.023 17796 17796 I libMGD : Parsing /system/lib64/vndk-sp/android.hardware.graphics.mapper@2.0.so
08-03 22:36:39.024 17796 17796 I libMGD : Found 0 symbol relocations in /system/lib64/vndk-sp/android.hardware.graphics.mapper@2.0.so
08-03 22:36:39.024 17796 17796 I libMGD : Parsing /system/lib64/vndk-sp/android.hidl.base@1.0.so
08-03 22:36:39.024 17796 17796 I libMGD : Found 0 symbol relocations in /system/lib64/vndk-sp/android.hidl.base@1.0.so
08-03 22:36:39.024 17796 17796 I libMGD : Parsing /system/lib64/vndk-sp/libbacktrace.so
08-03 22:36:39.024 17796 17796 I libMGD : Found 0 symbol relocations in /system/lib64/vndk-sp/libbacktrace.so
08-03 22:36:39.024 17796 17796 I libMGD : Parsing /system/lib64/vndk-sp/libbase.so
08-03 22:36:39.024 17796 17796 I libMGD : Found 0 symbol relocations in /system/lib64/vndk-sp/libbase.so
08-03 22:36:39.024 17796 17796 I libMGD : Parsing /system/lib64/vndk-sp/libc++.so
08-03 22:36:39.025 17796 17796 I libMGD : Found 0 symbol relocations in /system/lib64/vndk-sp/libc++.so
08-03 22:36:39.026 17796 17796 I libMGD : Parsing /system/lib64/vndk-sp/libcutils.so
08-03 22:36:39.026 17796 17796 I libMGD : Found 0 symbol relocations in /system/lib64/vndk-sp/libcutils.so
08-03 22:36:39.026 17796 17796 I libMGD : Parsing /system/lib64/vndk-sp/libhardware.so
08-03 22:36:39.026 17796 17796 I libMGD : Found 2 symbol relocations in /system/lib64/vndk-sp/libhardware.so
08-03 22:36:39.026 17796 17796 I libMGD : Parsing /system/lib64/vndk-sp/libhidlbase.so
08-03 22:36:39.026 17796 17796 I libMGD : Found 0 symbol relocations in /system/lib64/vndk-sp/libhidlbase.so
08-03 22:36:39.026 17796 17796 I libMGD : Parsing /system/lib64/vndk-sp/libhidltransport.so
08-03 22:36:39.026 1495 1495 E KeyguardUpdateMonitor: isSimPinSecure mSimDatas is null or empty
08-03 22:36:39.026 1495 1495 D TimeKeeper: getTimeTickInfo:[mMillisUntilFinished:0, mHour:0, mMinute:0, mSecond:0]
08-03 22:36:39.027 1495 1495 W LockIcon: getState 1 <-> 0; fp running false
08-03 22:36:39.027 17796 17796 I libMGD : Found 3 symbol relocations in /system/lib64/vndk-sp/libhidltransport.so
08-03 22:36:39.027 17796 17796 I libMGD : Parsing /system/lib64/vndk-sp/libhwbinder.so
08-03 22:36:39.027 17796 17796 I libMGD : Found 0 symbol relocations in /system/lib64/vndk-sp/libhwbinder.so
08-03 22:36:39.027 17796 17796 I libMGD : Parsing /system/lib64/vndk-sp/libion.so
08-03 22:36:39.028 17796 17796 I libMGD : Found 0 symbol relocations in /system/lib64/vndk-sp/libion.so
08-03 22:36:39.028 17796 17796 I libMGD : Parsing /system/lib64/vndk-sp/liblzma.so
08-03 22:36:39.028 17796 17796 I libMGD : Found 0 symbol relocations in /system/lib64/vndk-sp/liblzma.so
08-03 22:36:39.028 17796 17796 I libMGD : Parsing /system/lib64/vndk-sp/libunwind.so
08-03 22:36:39.028 17796 17796 I libMGD : Found 0 symbol relocations in /system/lib64/vndk-sp/libunwind.so
08-03 22:36:39.028 17796 17796 I libMGD : Parsing /system/lib64/vndk-sp/libutils.so
08-03 22:36:39.028 17796 17796 I libMGD : Found 1 symbol relocations in /system/lib64/vndk-sp/libutils.so
08-03 22:36:39.028 17796 17796 I libMGD : Parsing /vendor/lib64/hw/android.hardware.graphics.mapper@2.0-impl.so
08-03 22:36:39.028 17796 17796 I libMGD : Found 0 symbol relocations in /vendor/lib64/hw/android.hardware.graphics.mapper@2.0-impl.so
08-03 22:36:39.028 17796 17796 I libMGD : Parsing /vendor/lib64/libc_secshared.so
08-03 22:36:39.028 1495 1495 W LockIcon: getHintTextRes isMethodSecure: false isUserTrustIsManaged false
08-03 22:36:39.028 17796 17796 I libMGD : Found 0 symbol relocations in /vendor/lib64/libc_secshared.so
08-03 22:36:39.028 17796 17796 I libMGD : Parsing /vendor/lib64/libhiion.so
08-03 22:36:39.028 17796 17796 I libMGD : Found 0 symbol relocations in /vendor/lib64/libhiion.so
08-03 22:36:39.028 17796 17796 I libMGD : Parsing /vendor/lib64/libhilog.so
08-03 22:36:39.029 17796 17796 I libMGD : Found 2 symbol relocations in /vendor/lib64/libhilog.so
08-03 22:36:39.029 17796 17796 I libMGD : Patching GLES and EGL entry points.
08-03 22:36:39.029 17796 17796 I libMGD : Patching dlopen in /data/app/com.thephoridaeintertainment.sergeyloskutnikov.runningman-QWqG8yE397e9B0LOuDIP8Q==/lib/arm64/libLosGoLibrary.so
08-03 22:36:39.029 17796 17796 I libMGD : Patching dlsym in /data/app/com.thephoridaeintertainment.sergeyloskutnikov.runningman-QWqG8yE397e9B0LOuDIP8Q==/lib/arm64/libLosGoLibrary.so
08-03 22:36:39.029 17796 17796 I libMGD : Patching eglChooseConfig in /data/app/com.thephoridaeintertainment.sergeyloskutnikov.runningman-QWqG8yE397e9B0LOuDIP8Q==/lib/arm64/libLosGoLibrary.so
08-03 22:36:39.029 17796 17796 I libMGD : Patching eglCreateContext in /data/app/com.thephoridaeintertainment.sergeyloskutnikov.runningman-QWqG8yE397e9B0LOuDIP8Q==/lib/arm64/libLosGoLibrary.so
08-03 22:36:39.029 17796 17796 I libMGD : Patching eglCreateWindowSurface in /data/app/com.thephoridaeintertainment.sergeyloskutnikov.runningman-QWqG8yE397e9B0LOuDIP8Q==/lib/arm64/libLosGoLibrary.so
08-03 22:36:39.029 17796 17796 I libMGD : Patching eglGetConfigAttrib in /data/app/com.thephoridaeintertainment.sergeyloskutnikov.runningman-QWqG8yE397e9B0LOuDIP8Q==/lib/arm64/libLosGoLibrary.so
08-03 22:36:39.029 17796 17796 I libMGD : Patching eglGetDisplay in /data/app/com.thephoridaeintertainment.sergeyloskutnikov.runningman-QWqG8yE397e9B0LOuDIP8Q==/lib/arm64/libLosGoLibrary.so
08-03 22:36:39.029 17796 17796 I libMGD : Patching eglInitialize in /data/app/com.thephoridaeintertainment.sergeyloskutnikov.runningman-QWqG8yE397e9B0LOuDIP8Q==/lib/arm64/libLosGoLibrary.so
08-03 22:36:39.029 17796 17796 I libMGD : Patching eglMakeCurrent in /data/app/com.thephoridaeintertainment.sergeyloskutnikov.runningman-QWqG8yE397e9B0LOuDIP8Q==/lib/arm64/libLosGoLibrary.so
08-03 22:36:39.029 17796 17796 I libMGD : Patching eglQuerySurface in /data/app/com.thephoridaeintertainment.sergeyloskutnikov.runningman-QWqG8yE397e9B0LOuDIP8Q==/lib/arm64/libLosGoLibrary.so
08-03 22:36:39.029 17796 17796 I libMGD : Patching eglSwapBuffers in /data/app/com.thephoridaeintertainment.sergeyloskutnikov.runningman-QWqG8yE397e9B0LOuDIP8Q==/lib/arm64/libLosGoLibrary.so
08-03 22:36:39.029 17796 17796 I libMGD : Patching glAttachShader in /data/app/com.thephoridaeintertainment.sergeyloskutnikov.runningman-QWqG8yE397e9B0LOuDIP8Q==/lib/arm64/libLosGoLibrary.so
08-03 22:36:39.029 17796 17796 I libMGD : Patching glBindBuffer in /data/app/com.thephoridaeintertainment.sergeyloskutnikov.runningman-QWqG8yE397e9B0LOuDIP8Q==/lib/arm64/libLosGoLibrary.so
08-03 22:36:39.029 17796 17796 I libMGD : Patching glBindVertexArray in /data/app/com.thephoridaeintertainment.sergeyloskutnikov.runningman-QWqG8yE397e9B0LOuDIP8Q==/lib/arm64/libLosGoLibrary.so
08-03 22:36:39.029 17796 17796 I libMGD : Patching glBlendFunc in /data/app/com.thephoridaeintertainment.sergeyloskutnikov.runningman-QWqG8yE397e9B0LOuDIP8Q==/lib/arm64/libLosGoLibrary.so
08-03 22:36:39.029 17796 17796 I libMGD : Patching glBufferData in /data/app/com.thephoridaeintertainment.sergeyloskutnikov.runningman-QWqG8yE397e9B0LOuDIP8Q==/lib/arm64/libLosGoLibrary.so
08-03 22:36:39.029 17796 17796 I libMGD : Patching glClear in /data/app/com.thephoridaeintertainment.sergeyloskutnikov.runningman-QWqG8yE397e9B0LOuDIP8Q==/lib/arm64/libLosGoLibrary.so
08-03 22:36:39.029 17796 17796 I libMGD : Patching glClearColor in /data/app/com.thephoridaeintertainment.sergeyloskutnikov.runningman-QWqG8yE397e9B0LOuDIP8Q==/lib/arm64/libLosGoLibrary.so
08-03 22:36:39.029 17796 17796 I libMGD : Patching glCompileShader in /data/app/com.thephoridaeintertainment.sergeyloskutnikov.runningman-QWqG8yE397e9B0LOuDIP8Q==/lib/arm64/libLosGoLibrary.so
08-03 22:36:39.029 17796 17796 I libMGD : Patching glCreateProgram in /data/app/com.thephoridaeintertainment.sergeyloskutnikov.runningman-QWqG8yE397e9B0LOuDIP8Q==/lib/arm64/libLosGoLibrary.so
08-03 22:36:39.029 1495 1495 W LockIcon: update state from 1 -->. 1
08-03 22:36:39.029 17796 17796 I libMGD : Patching glCreateShader in /data/app/com.thephoridaeintertainment.sergeyloskutnikov.runningman-QWqG8yE397e9B0LOuDIP8Q==/lib/arm64/libLosGoLibrary.so
08-03 22:36:39.029 17796 17796 I libMGD : Patching glDeleteProgram in /data/app/com.thephoridaeintertainment.sergeyloskutnikov.runningman-QWqG8yE397e9B0LOuDIP8Q==/lib/arm64/libLosGoLibrary.so
08-03 22:36:39.029 17796 17796 I libMGD : Patching glDeleteShader in /data/app/com.thephoridaeintertainment.sergeyloskutnikov.runningman-QWqG8yE397e9B0LOuDIP8Q==/lib/arm64/libLosGoLibrary.so
08-03 22:36:39.029 17796 17796 I libMGD : Patching glDisable in /data/app/com.thephoridaeintertainment.sergeyloskutnikov.runningman-QWqG8yE397e9B0LOuDIP8Q==/lib/arm64/libLosGoLibrary.so
08-03 22:36:39.029 17796 17796 I libMGD : Patching glDrawArrays in /data/app/com.thephoridaeintertainment.sergeyloskutnikov.runningman-QWqG8yE397e9B0LOuDIP8Q==/lib/arm64/libLosGoLibrary.so
08-03 22:36:39.029 17796 17796 I libMGD : Patching glDrawElements in /data/app/com.thephoridaeintertainment.sergeyloskutnikov.runningman-QWqG8yE397e9B0LOuDIP8Q==/lib/arm64/libLosGoLibrary.so
08-03 22:36:39.029 17796 17796 I libMGD : Patching glDrawElementsInstanced in /data/app/com.thephoridaeintertainment.sergeyloskutnikov.runningman-QWqG8yE397e9B0LOuDIP8Q==/lib/arm64/libLosGoLibrary.so
08-03 22:36:39.029 17796 17796 I libMGD : Patching glEnable in /data/app/com.thephoridaeintertainment.sergeyloskutnikov.runningman-QWqG8yE397e9B0LOuDIP8Q==/lib/arm64/libLosGoLibrary.so
08-03 22:36:39.029 17796 17796 I libMGD : Patching glEnableVertexAttribArray in /data/app/com.thephoridaeintertainment.sergeyloskutnikov.runningman-QWqG8yE397e9B0LOuDIP8Q==/lib/arm64/libLosGoLibrary.so
08-03 22:36:39.030 17796 17796 I libMGD : Patching glGenBuffers in /data/app/com.thephoridaeintertainment.sergeyloskutnikov.runningman-QWqG8yE397e9B0LOuDIP8Q==/lib/arm64/libLosGoLibrary.so
08-03 22:36:39.030 17796 17796 I libMGD : Patching glGenVertexArrays in /data/app/com.thephoridaeintertainment.sergeyloskutnikov.runningman-QWqG8yE397e9B0LOuDIP8Q==/lib/arm64/libLosGoLibrary.so
08-03 22:36:39.030 17796 17796 I libMGD : Patching glGetAttribLocation in /data/app/com.thephoridaeintertainment.sergeyloskutnikov.runningman-QWqG8yE397e9B0LOuDIP8Q==/lib/arm64/libLosGoLibrary.so
08-03 22:36:39.030 17796 17796 I libMGD : Patching glGetError in /data/app/com.thephoridaeintertainment.sergeyloskutnikov.runningman-QWqG8yE397e9B0LOuDIP8Q==/lib/arm64/libLosGoLibrary.so
08-03 22:36:39.030 17796 17796 I libMGD : Patching glGetProgramBinary in /data/app/com.thephoridaeintertainment.sergeyloskutnikov.runningman-QWqG8yE397e9B0LOuDIP8Q==/lib/arm64/libLosGoLibrary.so
08-03 22:36:39.030 17796 17796 I libMGD : Patching glGetProgramInfoLog in /data/app/com.thephoridaeintertainment.sergeyloskutnikov.runningman-QWqG8yE397e9B0LOuDIP8Q==/lib/arm64/libLosGoLibrary.so
08-03 22:36:39.030 1495 1495 W HwKeyguardBottomArea: updateBatteryInfo : false true
08-03 22:36:39.030 17796 17796 I libMGD : Patching glGetProgramiv in /data/app/com.thephoridaeintertainment.sergeyloskutnikov.runningman-QWqG8yE397e9B0LOuDIP8Q==/lib/arm64/libLosGoLibrary.so
08-03 22:36:39.030 17796 17796 I libMGD : Patching glGetShaderInfoLog in /data/app/com.thephoridaeintertainment.sergeyloskutnikov.runningman-QWqG8yE397e9B0LOuDIP8Q==/lib/arm64/libLosGoLibrary.so
08-03 22:36:39.030 17796 17796 I libMGD : Patching glGetShaderiv in /data/app/com.thephoridaeintertainment.sergeyloskutnikov.runningman-QWqG8yE397e9B0LOuDIP8Q==/lib/arm64/libLosGoLibrary.so
08-03 22:36:39.030 17796 17796 I libMGD : Patching glGetUniformLocation in /data/app/com.thephoridaeintertainment.sergeyloskutnikov.runningman-QWqG8yE397e9B0LOuDIP8Q==/lib/arm64/libLosGoLibrary.so
08-03 22:36:39.030 17796 17796 I libMGD : Patching glLineWidth in /data/app/com.thephoridaeintertainment.sergeyloskutnikov.runningman-QWqG8yE397e9B0LOuDIP8Q==/lib/arm64/libLosGoLibrary.so
08-03 22:36:39.030 17796 17796 I libMGD : Patching glLinkProgram in /data/app/com.thephoridaeintertainment.sergeyloskutnikov.runningman-QWqG8yE397e9B0LOuDIP8Q==/lib/arm64/libLosGoLibrary.so
08-03 22:36:39.030 17796 17796 I libMGD : Patching glMapBufferRange in /data/app/com.thephoridaeintertainment.sergeyloskutnikov.runningman-QWqG8yE397e9B0LOuDIP8Q==/lib/arm64/libLosGoLibrary.so
08-03 22:36:39.030 17796 17796 I libMGD : Patching glProgramBinary in /data/app/com.thephoridaeintertainment.sergeyloskutnikov.runningman-QWqG8yE397e9B0LOuDIP8Q==/lib/arm64/libLosGoLibrary.so
08-03 22:36:39.030 17796 17796 I libMGD : Patching glShaderSource in /data/app/com.thephoridaeintertainment.sergeyloskutnikov.runningman-QWqG8yE397e9B0LOuDIP8Q==/lib/arm64/libLosGoLibrary.so
08-03 22:36:39.030 17796 17796 I libMGD : Patching glUniform1i in /data/app/com.thephoridaeintertainment.sergeyloskutnikov.runningman-QWqG8yE397e9B0LOuDIP8Q==/lib/arm64/libLosGoLibrary.so
08-03 22:36:39.030 17796 17796 I libMGD : Patching glUniformMatrix4fv in /data/app/com.thephoridaeintertainment.sergeyloskutnikov.runningman-QWqG8yE397e9B0LOuDIP8Q==/lib/arm64/libLosGoLibrary.so
08-03 22:36:39.030 17796 17796 I libMGD : Patching glUnmapBuffer in /data/app/com.thephoridaeintertainment.sergeyloskutnikov.runningman-QWqG8yE397e9B0LOuDIP8Q==/lib/arm64/libLosGoLibrary.so
08-03 22:36:39.030 17796 17796 I libMGD : Patching glUseProgram in /data/app/com.thephoridaeintertainment.sergeyloskutnikov.runningman-QWqG8yE397e9B0LOuDIP8Q==/lib/arm64/libLosGoLibrary.so
08-03 22:36:39.030 17796 17796 I libMGD : Patching glVertexAttribDivisor in /data/app/com.thephoridaeintertainment.sergeyloskutnikov.runningman-QWqG8yE397e9B0LOuDIP8Q==/lib/arm64/libLosGoLibrary.so
08-03 22:36:39.030 17796 17796 I libMGD : Patching glVertexAttribPointer in /data/app/com.thephoridaeintertainment.sergeyloskutnikov.runningman-QWqG8yE397e9B0LOuDIP8Q==/lib/arm64/libLosGoLibrary.so
08-03 22:36:39.030 17796 17796 I libMGD : Patching glViewport in /data/app/com.thephoridaeintertainment.sergeyloskutnikov.runningman-QWqG8yE397e9B0LOuDIP8Q==/lib/arm64/libLosGoLibrary.so
08-03 22:36:39.030 17796 17796 I libMGD : Patching dlsym in /system/bin/app_process64
08-03 22:36:39.032 1495 1495 E DateLunarView: mDateString is: пт, 3 авг.
08-03 22:36:39.033 17796 17796 I libMGD : Skip patching dlopen in /system/lib64/libRS.so
08-03 22:36:39.033 17796 17796 I libMGD : Patching dlsym in /system/lib64/libRS.so
08-03 22:36:39.033 17796 17796 I libMGD : Skip patching dlopen in /system/lib64/libRScpp.so
08-03 22:36:39.033 17796 17796 I libMGD : Patching dlsym in /system/lib64/libRScpp.so
08-03 22:36:39.033 17796 17796 I libMGD : Skip patching dlopen in /system/lib64/libandroid_runtime.so
08-03 22:36:39.033 17796 17796 I libMGD : Patching dlsym in /system/lib64/libandroid_runtime.so
08-03 22:36:39.033 17796 17796 I libMGD : Patching eglBindAPI in /system/lib64/libandroid_runtime.so
08-03 22:36:39.033 17796 17796 I libMGD : Patching eglBindTexImage in /system/lib64/libandroid_runtime.so
08-03 22:36:39.033 17796 17796 I libMGD : Patching eglChooseConfig in /system/lib64/libandroid_runtime.so
08-03 22:36:39.033 17796 17796 I libMGD : Patching eglCreateContext in /system/lib64/libandroid_runtime.so
08-03 22:36:39.033 17796 17796 I libMGD : Patching eglCreatePbufferFromClientBuffer in /system/lib64/libandroid_runtime.so
08-03 22:36:39.033 17796 17796 I libMGD : Patching eglCreatePbufferSurface in /system/lib64/libandroid_runtime.so
08-03 22:36:39.033 17796 17796 I libMGD : Patching eglCreateWindowSurface in /system/lib64/libandroid_runtime.so
08-03 22:36:39.033 17796 17796 I libMGD : Patching eglDestroyContext in /system/lib64/libandroid_runtime.so
08-03 22:36:39.033 17796 17796 I libMGD : Patching eglDestroySurface in /system/lib64/libandroid_runtime.so
08-03 22:36:39.034 17796 17796 I libMGD : Patching eglGetConfigAttrib in /system/lib64/libandroid_runtime.so
08-03 22:36:39.034 17796 17796 I libMGD : Patching eglGetConfigs in /system/lib64/libandroid_runtime.so
08-03 22:36:39.034 17796 17796 I libMGD : Patching eglGetCurrentContext in /system/lib64/libandroid_runtime.so
08-03 22:36:39.034 17796 17796 I libMGD : Patching eglGetCurrentDisplay in /system/lib64/libandroid_runtime.so
08-03 22:36:39.034 17796 17796 I libMGD : Patching eglGetCurrentSurface in /system/lib64/libandroid_runtime.so
08-03 22:36:39.034 17796 17796 I libMGD : Patching eglGetDisplay in /system/lib64/libandroid_runtime.so
08-03 22:36:39.034 17796 17796 I libMGD : Patching eglGetError in /system/lib64/libandroid_runtime.so
08-03 22:36:39.034 17796 17796 I libMGD : Patching eglInitialize in /system/lib64/libandroid_runtime.so
08-03 22:36:39.034 17796 17796 I libMGD : Patching eglMakeCurrent in /system/lib64/libandroid_runtime.so
08-03 22:36:39.034 17796 17796 I libMGD : Patching eglQueryAPI in /system/lib64/libandroid_runtime.so
08-03 22:36:39.034 17796 17796 I libMGD : Patching eglQueryContext in /system/lib64/libandroid_runtime.so
08-03 22:36:39.034 17796 17796 I libMGD : Patching eglQueryString in /system/lib64/libandroid_runtime.so
08-03 22:36:39.034 17796 17796 I libMGD : Patching eglQuerySurface in /system/lib64/libandroid_runtime.so
08-03 22:36:39.034 17796 17796 I libMGD : Patching eglReleaseTexImage in /system/lib64/libandroid_runtime.so
08-03 22:36:39.034 17796 17796 I libMGD : Patching eglReleaseThread in /system/lib64/libandroid_runtime.so
08-03 22:36:39.034 17796 17796 I libMGD : Patching eglSurfaceAttrib in /system/lib64/libandroid_runtime.so
08-03 22:36:39.034 17796 17796 I libMGD : Patching eglSwapBuffers in /system/lib64/libandroid_runtime.so
08-03 22:36:39.034 17796 17796 I libMGD : Patching eglSwapInterval in /system/lib64/libandroid_runtime.so
08-03 22:36:39.034 17796 17796 I libMGD : Patching eglTerminate in /system/lib64/libandroid_runtime.so
08-03 22:36:39.034 17796 17796 I libMGD : Patching eglWaitClient in /system/lib64/libandroid_runtime.so
08-03 22:36:39.034 17796 17796 I libMGD : Patching eglWaitGL in /system/lib64/libandroid_runtime.so
08-03 22:36:39.034 17796 17796 I libMGD : Patching eglWaitNative in /system/lib64/libandroid_runtime.so
08-03 22:36:39.034 1155 1290 D InputDispatcher: Dispatch frozen. Waiting some more. last for 605ms
08-03 22:36:39.034 17796 17796 I libMGD : Patching glActiveShaderProgram in /system/lib64/libandroid_runtime.so
08-03 22:36:39.034 17796 17796 I libMGD : Patching glActiveTexture in /system/lib64/libandroid_runtime.so
08-03 22:36:39.034 17796 17796 I libMGD : Patching glAlphaFunc in /system/lib64/libandroid_runtime.so
08-03 22:36:39.034 17796 17796 I libMGD : Patching glAlphaFuncx in /system/lib64/libandroid_runtime.so
08-03 22:36:39.034 17796 17796 I libMGD : Patching glAlphaFuncxOES in /system/lib64/libandroid_runtime.so
08-03 22:36:39.034 17796 17796 I libMGD : Patching glAttachShader in /system/lib64/libandroid_runtime.so
08-03 22:36:39.034 17796 17796 I libMGD : Patching glBeginQuery in /system/lib64/libandroid_runtime.so
08-03 22:36:39.034 17796 17796 I libMGD : Patching glBeginQueryEXT in /system/lib64/libandroid_runtime.so
08-03 22:36:39.034 17796 17796 I libMGD : Patching glBeginTransformFeedback in /system/lib64/libandroid_runtime.so
08-03 22:36:39.034 17796 17796 I libMGD : Patching glBindAttribLocation in /system/lib64/libandroid_runtime.so
08-03 22:36:39.034 17796 17796 I libMGD : Patching glBindBuffer in /system/lib64/libandroid_runtime.so
08-03 22:36:39.034 17796 17796 I libMGD : Patching glBindBufferBase in /system/lib64/libandroid_runtime.so
08-03 22:36:39.034 17796 17796 I libMGD : Patching glBindBufferRange in /system/lib64/libandroid_runtime.so
08-03 22:36:39.034 17796 17796 I libMGD : Patching glBindFramebuffer in /system/lib64/libandroid_runtime.so
08-03 22:36:39.034 17796 17796 I libMGD : Patching glBindFramebufferOES in /system/lib64/libandroid_runtime.so
08-03 22:36:39.034 17796 17796 I libMGD : Patching glBindImageTexture in /system/lib64/libandroid_runtime.so
08-03 22:36:39.034 17796 17796 I libMGD : Patching glBindProgramPipeline in /system/lib64/libandroid_runtime.so
08-03 22:36:39.034 17796 17796 I libMGD : Patching glBindRenderbuffer in /system/lib64/libandroid_runtime.so
08-03 22:36:39.034 17796 17796 I libMGD : Patching glBindRenderbufferOES in /system/lib64/libandroid_runtime.so
08-03 22:36:39.034 17796 17796 I libMGD : Patching glBindSampler in /system/lib64/libandroid_runtime.so
08-03 22:36:39.034 17796 17796 I libMGD : Patching glBindTexture in /system/lib64/libandroid_runtime.so
08-03 22:36:39.034 17796 17796 I libMGD : Patching glBindTransformFeedback in /system/lib64/libandroid_runtime.so
08-03 22:36:39.034 17796 17796 I libMGD : Patching glBindVertexArray in /system/lib64/libandroid_runtime.so
08-03 22:36:39.034 17796 17796 I libMGD : Patching glBindVertexBuffer in /system/lib64/libandroid_runtime.so
08-03 22:36:39.034 17796 17796 I libMGD : Patching glBlendBarrier in /system/lib64/libandroid_runtime.so
08-03 22:36:39.034 17796 17796 I libMGD : Patching glBlendBarrierKHR in /system/lib64/libandroid_runtime.so
08-03 22:36:39.035 17796 17796 I libMGD : Patching glBlendColor in /system/lib64/libandroid_runtime.so
08-03 22:36:39.035 17796 17796 I libMGD : Patching glBlendEquation in /system/lib64/libandroid_runtime.so
08-03 22:36:39.035 17796 17796 I libMGD : Patching glBlendEquationOES in /system/lib64/libandroid_runtime.so
08-03 22:36:39.035 17796 17796 I libMGD : Patching glBlendEquationSeparate in /system/lib64/libandroid_runtime.so
08-03 22:36:39.035 17796 17796 I libMGD : Patching glBlendEquationSeparateOES in /system/lib64/libandroid_runtime.so
08-03 22:36:39.035 17796 17796 I libMGD : Patching glBlendEquationSeparatei in /system/lib64/libandroid_runtime.so
08-03 22:36:39.035 17796 17796 I libMGD : Patching glBlendEquationSeparateiEXT in /system/lib64/libandroid_runtime.so
08-03 22:36:39.035 17796 17796 I libMGD : Patching glBlendEquationi in /system/lib64/libandroid_runtime.so
08-03 22:36:39.035 17796 17796 I libMGD : Patching glBlendEquationiEXT in /system/lib64/libandroid_runtime.so
08-03 22:36:39.035 17796 17796 I libMGD : Patching glBlendFunc in /system/lib64/libandroid_runtime.so
08-03 22:36:39.035 17796 17796 I libMGD : Patching glBlendFuncSeparate in /system/lib64/libandroid_runtime.so
08-03 22:36:39.035 17796 17796 I libMGD : Patching glBlendFuncSeparateOES in /system/lib64/libandroid_runtime.so
08-03 22:36:39.035 17796 17796 I libMGD : Patching glBlendFuncSeparatei in /system/lib64/libandroid_runtime.so
08-03 22:36:39.035 17796 17796 I libMGD : Patching glBlendFuncSeparateiEXT in /system/lib64/libandroid_runtime.so
08-03 22:36:39.035 17796 17796 I libMGD : Patching glBlendFunci in /system/lib64/libandroid_runtime.so
08-03 22:36:39.035 17796 17796 I libMGD : Patching glBlendFunciEXT in /system/lib64/libandroid_runtime.so
08-03 22:36:39.035 17796 17796 I libMGD : Patching glBlitFramebuffer in /system/lib64/libandroid_runtime.so
08-03 22:36:39.035 17796 17796 I libMGD : Patching glBufferData in /system/lib64/libandroid_runtime.so
08-03 22:36:39.035 17796 17796 I libMGD : Patching glBufferSubData in /system/lib64/libandroid_runtime.so
08-03 22:36:39.035 17796 17796 I libMGD : Patching glCheckFramebufferStatus in /system/lib64/libandroid_runtime.so
08-03 22:36:39.035 1155 8168 V WindowManager: Removing Window{d48bfe3 u0 DividerMenusView} from WindowToken{f030de0 android.os.BinderProxy@75bbc12}
08-03 22:36:39.035 17796 17796 I libMGD : Patching glCheckFramebufferStatusOES in /system/lib64/libandroid_runtime.so
08-03 22:36:39.035 17796 17796 I libMGD : Patching glClear in /system/lib64/libandroid_runtime.so
08-03 22:36:39.035 17796 17796 I libMGD : Patching glClearBufferfi in /system/lib64/libandroid_runtime.so
08-03 22:36:39.035 17796 17796 I libMGD : Patching glClearBufferfv in /system/lib64/libandroid_runtime.so
08-03 22:36:39.035 17796 17796 I libMGD : Patching glClearBufferiv in /system/lib64/libandroid_runtime.so
08-03 22:36:39.035 17796 17796 I libMGD : Patching glClearBufferuiv in /system/lib64/libandroid_runtime.so
08-03 22:36:39.035 17796 17796 I libMGD : Patching glClearColor in /system/lib64/libandroid_runtime.so
08-03 22:36:39.035 17796 17796 I libMGD : Patching glClearColorx in /system/lib64/libandroid_runtime.so
08-03 22:36:39.035 17796 17796 I libMGD : Patching glClearColorxOES in /system/lib64/libandroid_runtime.so
08-03 22:36:39.035 17796 17796 I libMGD : Patching glClearDepthf in /system/lib64/libandroid_runtime.so
08-03 22:36:39.035 17796 17796 I libMGD : Patching glClearDepthfOES in /system/lib64/libandroid_runtime.so
08-03 22:36:39.035 17796 17796 I libMGD : Patching glClearDepthx in /system/lib64/libandroid_runtime.so
08-03 22:36:39.035 17796 17796 I libMGD : Patching glClearDepthxOES in /system/lib64/libandroid_runtime.so
08-03 22:36:39.035 17796 17796 I libMGD : Patching glClearStencil in /system/lib64/libandroid_runtime.so
08-03 22:36:39.035 17796 17796 I libMGD : Patching glClientActiveTexture in /system/lib64/libandroid_runtime.so
08-03 22:36:39.035 17796 17796 I libMGD : Patching glClientWaitSync in /system/lib64/libandroid_runtime.so
08-03 22:36:39.035 17796 17796 I libMGD : Patching glClipPlanef in /system/lib64/libandroid_runtime.so
08-03 22:36:39.035 17796 17796 I libMGD : Patching glClipPlanefOES in /system/lib64/libandroid_runtime.so
08-03 22:36:39.035 17796 17796 I libMGD : Patching glClipPlanex in /system/lib64/libandroid_runtime.so
08-03 22:36:39.035 17796 17796 I libMGD : Patching glClipPlanexOES in /system/lib64/libandroid_runtime.so
08-03 22:36:39.035 17796 17796 I libMGD : Patching glColor4f in /system/lib64/libandroid_runtime.so
08-03 22:36:39.035 17796 17796 I libMGD : Patching glColor4ub in /system/lib64/libandroid_runtime.so
08-03 22:36:39.035 17796 17796 I libMGD : Patching glColor4x in /system/lib64/libandroid_runtime.so
