08-03 22:36:42.970 17796 17796 I Process : Sending signal. PID: 17796 SIG: 9
08-03 22:36:42.970 768 2567 E iMonitor: FaultDetect: DUMPTOOL_PRINTF return.
08-03 22:36:42.975 768 2567 I chatty : uid=0(root) engine identical 3 lines
08-03 22:36:42.975 768 2567 E iMonitor: FaultDetect: DUMPTOOL_PRINTF return.
08-03 22:36:42.975 768 2567 I iMonitor: create: 901001001
08-03 22:36:42.975 768 2567 I iMonitor: send: 901001001
08-03 22:36:42.975 768 2567 E iMonitor: FaultDetect: DUMPTOOL_PRINTF return.
08-03 22:36:42.999 1155 8168 V BroadcastQueue: Finished with ordered broadcast BroadcastRecord{32505c5 u0 android.intent.action.DROPBOX_ENTRY_ADDED}
08-03 22:36:43.032 710 1002 I AudioTrackShared: server obtain null buf part1:0 rear:144004 front:144004 mFrameCount:1924
08-03 22:36:43.046 2635 2915 D WorkSource: Insert in WorkSource{} @ 0 uid 10013 name com.google.android.gms
08-03 22:36:43.051 645 10541 D asd : [asd_proc_hal_data],hal data soundness: L[0],R[0]
08-03 22:36:43.055 2635 2915 D WorkSource: Insert in WorkSource{} @ 0 uid 10013 name com.google.android.gms
08-03 22:36:43.060 1155 1291 D InputReader: L1:330
08-03 22:36:43.060 1155 1291 D libfingersense_wrapper: Searching fingersense_touch_up symbol
08-03 22:36:43.060 1155 1291 E libfingersense_wrapper: libfingersense.so was not loaded
08-03 22:36:43.061 1155 1290 I InputDispatcher: touch process [17796], send to pg
08-03 22:36:43.064 1495 11030 D HwRecentsLockUtils: Search
08-03 22:36:43.064 2255 2277 E HsmCoreServiceImpl: onTransact in code is: 103
08-03 22:36:43.064 2255 2277 I MediaProcessHandler: playingUids:
08-03 22:36:43.065 2635 2915 D WorkSource: Insert in WorkSource{} @ 0 uid 10013 name com.google.android.gms
08-03 22:36:43.065 1155 2301 D ActivityManager: Skipping, home or recents stack task: TaskRecord{97479c7 #5540 A=com.huawei.android.launcher U=0 StackId=0 sz=1}
08-03 22:36:43.065 1155 2301 D ActivityManager: Skipping intent:flg=0x10804000 cmp=com.android.systemui/.recents.RecentsActivity
08-03 22:36:43.066 1155 2301 D ActivityManager: Skipping intent:flg=0x10800000 cmp=com.android.phone/.MMIDialogActivity
08-03 22:36:43.066 1155 2301 D ActivityManager: Skipping intent:act=android.intent.action.MAIN flg=0x10840000 cmp=com.android.incallui/.InCallActivity
08-03 22:36:43.066 1155 2301 D ActivityManager: Skipping intent:act=com.android.contacts.action.CHOOSE_SUB dat=tel:xxxxxxxxxx-xx-xx flg=0x10808000 pkg=com.android.contacts cmp=com.android.contacts/.ChooseSubActivity
08-03 22:36:43.066 1155 2301 D ActivityManager: Skipping intent:flg=0x70840000 cmp=com.android.stk/.StkDialogActivity
08-03 22:36:43.066 1155 2301 D ActivityManager: Skipping intent:act=android.intent.action.MAIN cat=[android.intent.category.HOME] flg=0x10800300 cmp=com.android.settings/.FallbackHome
08-03 22:36:43.140 1155 1290 W InputDispatcher: channel 'c22400c com.thephoridaeintertainment.sergeyloskutnikov.runningman/com.thephoridaeintertainment.sergeyloskutnikov.runningman.RunActiv (server)' ~ Consumer closed input channel or an error occurred. events=0xd
08-03 22:36:43.140 1155 1290 E InputDispatcher: channel 'c22400c com.thephoridaeintertainment.sergeyloskutnikov.runningman/com.thephoridaeintertainment.sergeyloskutnikov.runningman.RunActiv (server)' ~ Channel is unrecoverably broken and will be disposed!
08-03 22:36:43.142 710 956 D AudioFlinger: event 163
08-03 22:36:43.143 1155 2346 I ActivityManager: Process com.thephoridaeintertainment.sergeyloskutnikov.runningman (pid 17796) has died: fore TOP
08-03 22:36:43.144 1155 2346 D ActivityManager: cleanUpApplicationRecord app: ProcessRecord{f064075 17796:com.thephoridaeintertainment.sergeyloskutnikov.runningman/u0a205}, app.bad: false, restarting: false, allowRestart: true
08-03 22:36:43.145 2268 2386 I AudioState: release session->not remove session id: 337, uid : 10205 refCount : 1
08-03 22:36:43.145 2268 2386 I AudioState: not stop auido out because auido active pid: 17796 uid:10205
08-03 22:36:43.145 1155 8168 I WindowManager: WIN DEATH: Window{c22400c u0 com.thephoridaeintertainment.sergeyloskutnikov.runningman/com.thephoridaeintertainment.sergeyloskutnikov.runningman.RunActiv}
08-03 22:36:43.146 2255 2277 E HsmCoreServiceImpl: onTransact in code is: 102
08-03 22:36:43.146 2255 2277 I MediaProcessHandler: processOp opType: 1, uid: 10205, pid: 17796
08-03 22:36:43.146 1155 8168 V WindowManager: removeIfPossible: Window{c22400c u0 com.thephoridaeintertainment.sergeyloskutnikov.runningman/com.thephoridaeintertainment.sergeyloskutnikov.runningman.RunActiv} callers=com.android.server.wm.WindowState.-wrap1:0 com.android.server.wm.WindowState$DeathRecipient.binderDied:2481 android.os.BinderProxy.sendDeathNotice:840
08-03 22:36:43.146 2255 2277 W MediaProcessHandler: remove target not exist, maybe the UI process: uid: 10205, pid: 17796
08-03 22:36:43.146 2255 2277 I MediaProcessHandler: executedCallBack opType: 1 mMediaStatusObservers.size=0
08-03 22:36:43.146 1155 8168 W InputDispatcher: Attempted to unregister already unregistered input channel 'c22400c com.thephoridaeintertainment.sergeyloskutnikov.runningman/com.thephoridaeintertainment.sergeyloskutnikov.runningman.RunActiv (server)'
08-03 22:36:43.146 1155 8168 I WindowManager: Destroying surface Surface(name=com.thephoridaeintertainment.sergeyloskutnikov.runningman/com.thephoridaeintertainment.sergeyloskutnikov.runningman.RunActiv) called by com.android.server.wm.WindowStateAnimator.destroySurface:2066 com.android.server.wm.WindowStateAnimator.destroySurfaceLocked:879 com.android.server.wm.HwWindowStateAnimator.destroySurfaceLocked:1006 com.android.server.wm.WindowState.removeImmediately:1899 com.android.server.wm.WindowState.removeIfPossible:2051 com.android.server.wm.WindowState.-wrap1:0 com.android.server.wm.WindowState$DeathRecipient.binderDied:2481 android.os.BinderProxy.sendDeathNotice:840
08-03 22:36:43.148 1155 1287 W AwareLog: SchedLevelBoost: onProcessDied config not set!
08-03 22:36:43.149 1155 8168 V WindowManager: postWindowRemoveCleanupLocked: Window{c22400c u0 com.thephoridaeintertainment.sergeyloskutnikov.runningman/com.thephoridaeintertainment.sergeyloskutnikov.runningman.RunActiv}
08-03 22:36:43.149 1155 8168 V WindowManager: Removing Window{c22400c u0 com.thephoridaeintertainment.sergeyloskutnikov.runningman/com.thephoridaeintertainment.sergeyloskutnikov.runningman.RunActiv} from AppWindowToken{1a77bac token=Token{95e555f ActivityRecord{ab489fe u0 com.thephoridaeintertainment.sergeyloskutnikov.runningman/.RunActiv t5563}}}
08-03 22:36:43.157 1155 2346 V WindowManager: removeAppToken: AppWindowToken{1a77bac token=Token{95e555f ActivityRecord{ab489fe u0 com.thephoridaeintertainment.sergeyloskutnikov.runningman/.RunActiv t5563}}} delayed=true Callers=com.android.server.wm.DisplayContent.removeAppToken:994 com.android.server.wm.AppWindowContainerController.removeContainer:355 com.android.server.am.ActivityRecord.removeWindowContainer:1041 com.android.server.am.ActivityStack.removeActivityFromHistoryLocked:4493
08-03 22:36:43.164 1155 2346 V WindowManager: No longer Stopped: AppWindowToken{3c03cd9 token=Token{5fbdb20 ActivityRecord{51b7a23 u0 com.arm.mgd.androidapp/.MainActivity t5560}}}
08-03 22:36:43.168 2268 2386 D ScenarioService: front pkg : com.arm.mgd.androidapp launcher: false
08-03 22:36:43.168 2268 2502 I BacklightControl: can't adjust backlight when app launch from other scene.
08-03 22:36:43.168 2268 2386 I ScenarioService: old above launcher pkgs: [com.arm.mgd.androidapp, com.thephoridaeintertainment.sergeyloskutnikov.runningman] new front:com.arm.mgd.androidapp
08-03 22:36:43.169 2268 2386 D ScenarioService: new above launcher front pkgs: [com.arm.mgd.androidapp]
08-03 22:36:43.169 2268 2386 I AppsUsage: scnOff:false FgAPP:com.arm.mgd.androidapp BgAPP:com.thephoridaeintertainment.sergeyloskutnikov.runningman
08-03 22:36:43.170 2268 2502 I ash : front pkg : com.arm.mgd.androidapp launcher: false
08-03 22:36:43.171 2268 2502 I ash : above launcher front pkgs: [com.arm.mgd.androidapp]
08-03 22:36:43.175 2268 3782 I PGServer: checkPkgType. calling pkg: com.huawei.android.hwaps
08-03 22:36:43.177 1155 2346 D WindowManager: face_rotation: isIntelliServiceEnabled: ro swtich off
08-03 22:36:43.177 2575 6637 D [HwRecSys]HwRecSysService: onEvent actionID: 10000 msg:com.arm.mgd.androidapp
08-03 22:36:43.177 1155 2346 I WindowManager: rotationForOrientationLw(orient=-1, last=1); user=0
08-03 22:36:43.177 1155 2346 D WindowManager: face_rotation: isIntelliServiceEnabled: ro swtich off
08-03 22:36:43.177 1155 2346 D HwPhoneWindowManager: face_rotation: not enabled,use sensor real
08-03 22:36:43.177 2575 6637 E [HwRecSys]HwRecSysService: getIsRportDirectService is false!
08-03 22:36:43.177 1155 2346 D HwPhoneWindowManager: face_rotation:real sensor rotation = -1
08-03 22:36:43.177 1155 2346 D HwPhoneWindowManager: face_rotation: rotation = 1
08-03 22:36:43.177 1155 2346 I WindowManager: Selected orientation -1, got rotation 1 which has compatible metrics
08-03 22:36:43.178 1155 1365 D EmcomManagerService: forePackage name is com.arm.mgd.androidapp
08-03 22:36:43.178 1155 1365 I XEngineProcessor: Feature is not enable.
08-03 22:36:43.179 2268 2529 I PGServer: report state:10000 event type:2 pid:0 uid:0 pkg:com.thephoridaeintertainment.sergeyloskutnikov.runningman to pid: 2268
08-03 22:36:43.179 2268 2529 I SceneReceiver: state type: 10000 eventType:2 pid:0 uid:0 pkg:com.thephoridaeintertainment.sergeyloskutnikov.runningman
08-03 22:36:43.179 2268 2529 I PGServer: report state:10000 event type:2 pid:0 uid:0 pkg:com.thephoridaeintertainment.sergeyloskutnikov.runningman to pid: 1155
08-03 22:36:43.179 2268 2529 I PGServer: report state:10000 event type:1 pid:0 uid:0 pkg:com.arm.mgd.androidapp to pid: 2268
08-03 22:36:43.179 2268 2529 I SceneReceiver: state type: 10000 eventType:1 pid:0 uid:0 pkg:com.arm.mgd.androidapp
08-03 22:36:43.179 2268 2529 I PGServer: report state:10000 event type:1 pid:0 uid:0 pkg:com.arm.mgd.androidapp to pid: 1155
08-03 22:36:43.180 2268 2420 I PGServer: checkPkgType. calling pkg: android
08-03 22:36:43.180 2268 3245 D HwThermalStateManager: current foreapp pkg : com.arm.mgd.androidapp
08-03 22:36:43.181 2268 2420 I PGServer: checkPkgType. calling pkg: android
08-03 22:36:43.181 2268 2420 I PGServer: checkPkgType. calling pkg: android
08-03 22:36:43.183 2268 3782 W libc : Set property "sys.aps.gameProcessName" to ""
08-03 22:36:43.185 1155 2346 V WindowManager: notifyAppResumed: wasStopped=true AppWindowToken{3c03cd9 token=Token{5fbdb20 ActivityRecord{51b7a23 u0 com.arm.mgd.androidapp/.MainActivity t5560}}}
08-03 22:36:43.187 2268 3782 W libc : Set property "sys.aps.browserProcessName" to ""
08-03 22:36:43.189 1155 2346 V WindowManager: Checking 1 opening apps (frozen=false timeout=false)...
08-03 22:36:43.189 1155 2346 V WindowManager: Check opening app=AppWindowToken{3c03cd9 token=Token{5fbdb20 ActivityRecord{51b7a23 u0 com.arm.mgd.androidapp/.MainActivity t5560}}}: allDrawn=false startingDisplayed=false startingMoved=false isRelaunching()=false
08-03 22:36:43.193 1155 8168 V WindowManager: Checking 1 opening apps (frozen=false timeout=false)...
08-03 22:36:43.193 1155 8168 V WindowManager: Check opening app=AppWindowToken{3c03cd9 token=Token{5fbdb20 ActivityRecord{51b7a23 u0 com.arm.mgd.androidapp/.MainActivity t5560}}}: allDrawn=false startingDisplayed=false startingMoved=false isRelaunching()=false
08-03 22:36:43.197 1155 1180 W ActivityManager: setHasOverlayUi called on unknown pid: 17796
08-03 22:36:43.198 1155 1172 D HwGameAssistantController: pid=16839, uid=10212, foreground=true
08-03 22:36:43.199 1155 1172 D HwQoEUtils: mForegroundAppPackageName: com.arm.mgd.androidapp ,score: 0
08-03 22:36:43.200 1155 1172 D HwQoEUtils: APP type: -1 appName= com.arm.mgd.androidapp
08-03 22:36:43.200 1155 1172 D HwQoEUtils: no game, APP_TYPE_GAME, appName =com.arm.mgd.androidapp
08-03 22:36:43.201 1155 1287 W AwareLog: SchedLevelBoost: onFgActivitiesChanged config not set!
08-03 22:36:43.203 710 1002 I AudioMixer: Pid:710 deleteTrackName(3)
08-03 22:36:43.204 1155 1287 E AwareLog: RMS.AwareAppAssociate: Unknown EventID: 21
08-03 22:36:43.206 1155 1287 I chatty : uid=1000(system) sManagerService identical 1 line
08-03 22:36:43.206 1155 1287 E AwareLog: RMS.AwareAppAssociate: Unknown EventID: 21
08-03 22:36:43.206 1495 1495 D BarTransitions.HwPhoneStatusBarView: MODE_OPAQUE -> MODE_TRANSPARENT animate=false
08-03 22:36:43.206 1495 1495 D BarTransitions.HwPhoneStatusBarView: applyModeBackground oldMode=MODE_OPAQUE newMode=MODE_TRANSPARENT animate=false
08-03 22:36:43.208 2268 2386 I DeviceMonitor: last release audio mix uid:10205 pid:-2
08-03 22:36:43.209 1155 2346 I HwNetworkPolicy: onTransact, code = 203
08-03 22:36:43.209 1429 1669 I HwNetworkPolicyManager: getHwUidPolicy uid = 10212 policy = 0
08-03 22:36:43.212 1155 2346 I WindowManager: relayoutVisibleWindow: set isFormatChanged
08-03 22:36:43.215 710 954 I APM_AudioPolicyManager: stopOutput() output 13, stream 3, session 337
08-03 22:36:43.216 645 998 I spk_dev_interface: spk_set_parameters: use new smartpakit version
08-03 22:36:43.217 710 954 D APM_AudioPolicyManager: event 165
08-03 22:36:43.217 710 954 V APM_AudioPolicyManager: setBeaconMute(1) mBeaconMuteRefCount=0 mBeaconPlayingRefCount=0
08-03 22:36:43.217 710 954 I APM_AudioPolicyManager: getNewOutputDevice() selected device 0
08-03 22:36:43.217 710 954 I APM_AudioPolicyManager: setOutputDevice() device 0x0000 delayMs 80 force 0
08-03 22:36:43.217 710 954 V APM_AudioPolicyManager: setOutputDevice() prevDevice 0x0002
08-03 22:36:43.217 710 954 I APM_AudioPolicyManager: setOutputDevice() setting same device 0x0000 or null device
08-03 22:36:43.217 710 954 I APM_AudioPolicyManager: checkOutputForStrategy() getDeviceForStrategy strategy=3 newDevice=2 oldDevice=2
08-03 22:36:43.217 710 954 V APM_AudioPolicyManager: selectOutputForMusicEffects selected output 13
08-03 22:36:43.217 710 954 V APM_AudioPolicyManager: releaseOutput() 13
08-03 22:36:43.217 1155 2346 V WindowManager: Checking 1 opening apps (frozen=false timeout=false)...
08-03 22:36:43.218 1155 2346 V WindowManager: Check opening app=AppWindowToken{3c03cd9 token=Token{5fbdb20 ActivityRecord{51b7a23 u0 com.arm.mgd.androidapp/.MainActivity t5560}}}: allDrawn=false startingDisplayed=false startingMoved=false isRelaunching()=false
08-03 22:36:43.218 2268 2386 I AudioState: remove already release session 337 when stop , ref : 0
08-03 22:36:43.218 2268 2386 I PGServer: report state:2 event type:2 pid:17796 uid:10205 pkg:null to pid: 2268
08-03 22:36:43.218 2268 2386 I PGServer: report state:2 event type:2 pid:17796 uid:10205 pkg:null to pid: 1155
08-03 22:36:43.218 2268 2386 D AudioState: auido type:out state:stop pid:17796 uid:10205
08-03 22:36:43.220 1155 6505 E ProcessInfoCollector: getProcessInfo: failed to find this proc
08-03 22:36:43.222 1495 1507 I zygote64: Background concurrent copying GC freed 205326(11MB) AllocSpace objects, 10(484KB) LOS objects, 57% free, 8MB/20MB, paused 765us total 124.982ms
08-03 22:36:43.222 1155 6505 V WindowManager: removeIfPossible: Window{24e2faf u0 SetFullScreenWindow} callers=com.android.server.wm.WindowState.removeIfPossible:1914 com.android.server.wm.WindowManagerService.removeWindow:2031 com.android.server.wm.Session.remove:218 android.view.IWindowSession$Stub.onTransact:242 com.android.server.wm.Session.onTransact:161
08-03 22:36:43.222 1155 6505 V WindowManager: postWindowRemoveCleanupLocked: Window{24e2faf u0 SetFullScreenWindow}
08-03 22:36:43.223 1155 6505 V WindowManager: Removing Window{24e2faf u0 SetFullScreenWindow} from AppWindowToken{3c03cd9 token=Token{5fbdb20 ActivityRecord{51b7a23 u0 com.arm.mgd.androidapp/.MainActivity t5560}}}
08-03 22:36:43.223 1495 1495 I FloatNotificationManager: removeNotification: key =0|android|40|null|1000;mKey=null
08-03 22:36:43.225 1155 6505 V WindowManager: Checking 1 opening apps (frozen=false timeout=false)...
08-03 22:36:43.225 1155 6505 V WindowManager: Check opening app=AppWindowToken{3c03cd9 token=Token{5fbdb20 ActivityRecord{51b7a23 u0 com.arm.mgd.androidapp/.MainActivity t5560}}}: allDrawn=false startingDisplayed=false startingMoved=false isRelaunching()=false
08-03 22:36:43.225 1495 1495 I PhoneStatusBar: updateNotificationShade: total=6, active=6
08-03 22:36:43.226 1495 1495 W PhoneStatusBar: updateNotificationShade hasFaceDT: false; Detected:false
08-03 22:36:43.233 16839 16859 D OpenGLRenderer: HWUI Binary is enabled
08-03 22:36:43.235 1155 2346 V WindowManager: Adding Window{43df4b1 u0 SetFullScreenWindow} to AppWindowToken{3c03cd9 token=Token{5fbdb20 ActivityRecord{51b7a23 u0 com.arm.mgd.androidapp/.MainActivity t5560}}}
08-03 22:36:43.235 1155 2346 V WindowManager: addWindow: New client android.os.BinderProxy@a70ab58: window=Window{43df4b1 u0 SetFullScreenWindow} Callers=com.android.server.wm.HwWindowManagerService.addWindow:574 com.android.server.wm.Session.addToDisplay:199 android.view.IWindowSession$Stub.onTransact:124 com.android.server.wm.Session.onTransact:161 android.os.Binder.execTransact:675
08-03 22:36:43.237 16839 16839 I PressGestureDetector: ORIENTATION_LANDSCAPE
08-03 22:36:43.238 16839 16839 D CubicBezierInterpolator: CubicBezierInterpolator mControlPoint1x = 0.23, mControlPoint1y = 0.06, mControlPoint2x = 0.09, mControlPoint2y = 0.97
08-03 22:36:43.238 16839 16839 D CubicBezierInterpolator: CubicBezierInterpolator mControlPoint1x = 0.6, mControlPoint1y = 0.9, mControlPoint2x = 0.8, mControlPoint2y = 1.0
08-03 22:36:43.238 16839 16839 D CubicBezierInterpolator: CubicBezierInterpolator mControlPoint1x = 0.23, mControlPoint1y = 0.06, mControlPoint2x = 0.09, mControlPoint2y = 0.97
08-03 22:36:43.238 16839 16839 D CubicBezierInterpolator: CubicBezierInterpolator mControlPoint1x = 0.6, mControlPoint1y = 0.9, mControlPoint2x = 0.8, mControlPoint2y = 1.0
08-03 22:36:43.241 1495 1495 W HwKeyguardDragHelper: AnimationBlocked
08-03 22:36:43.242 16839 16859 D mali_winsys: EGLint new_window_surface(egl_winsys_display *, void *, EGLSurface, EGLConfig, egl_winsys_surface **, egl_color_buffer_format *, EGLBoolean) returns 0x3000
08-03 22:36:43.257 16839 16874 D mali_winsys: EGLint new_window_surface(egl_winsys_display *, void *, EGLSurface, EGLConfig, egl_winsys_surface **, egl_color_buffer_format *, EGLBoolean) returns 0x3000
08-03 22:36:43.258 638 638 I GRALLOC : shrFd=10,fmt=0x2,intFmt=0x2,btStrd=256,size=475136,pid=638
08-03 22:36:43.258 638 638 I GRALLOC : yuv=2,w=1,h=1848,Stride u=0 v=0,offset u=0 v=0
08-03 22:36:43.258 638 638 I GRALLOC : iova_size=475136,conUsg=0xb00,proUsg=0xb00, strd=64,[afbc]HdrStrd=0 PyldStrd=0 Scrmbl=0,ionhnd = 1
08-03 22:36:43.259 16839 16839 W InputMethodManager: startInputReason = 1
08-03 22:36:43.259 2268 2386 I AppBlackWhitelist: Scene strict ctrl apps: []
08-03 22:36:43.263 638 638 I GRALLOC : shrFd=10,fmt=0x2,intFmt=0x2,btStrd=256,size=475136,pid=638
08-03 22:36:43.263 638 638 I GRALLOC : yuv=2,w=1,h=1848,Stride u=0 v=0,offset u=0 v=0
08-03 22:36:43.263 638 638 I GRALLOC : iova_size=475136,conUsg=0xb00,proUsg=0xb00, strd=64,[afbc]HdrStrd=0 PyldStrd=0 Scrmbl=0,ionhnd = 1
08-03 22:36:43.264 1155 2346 V WindowManager: Checking 1 opening apps (frozen=false timeout=false)...
08-03 22:36:43.264 1155 2346 V WindowManager: Check opening app=AppWindowToken{3c03cd9 token=Token{5fbdb20 ActivityRecord{51b7a23 u0 com.arm.mgd.androidapp/.MainActivity t5560}}}: allDrawn=false startingDisplayed=false startingMoved=false isRelaunching()=false
08-03 22:36:43.270 1155 2346 V WindowManager: Checking 1 opening apps (frozen=false timeout=false)...
08-03 22:36:43.270 1155 2346 V WindowManager: Check opening app=AppWindowToken{3c03cd9 token=Token{5fbdb20 ActivityRecord{51b7a23 u0 com.arm.mgd.androidapp/.MainActivity t5560}}}: allDrawn=false startingDisplayed=false startingMoved=false isRelaunching()=false
08-03 22:36:43.273 638 638 I GRALLOC : shrFd=10,fmt=0x1,intFmt=0x1,btStrd=1024,size=1105920,pid=638
08-03 22:36:43.273 638 638 I GRALLOC : yuv=2,w=243,h=1080,Stride u=0 v=0,offset u=0 v=0
08-03 22:36:43.273 638 638 I GRALLOC : iova_size=1105920,conUsg=0x900,proUsg=0x900, strd=256,[afbc]HdrStrd=0 PyldStrd=0 Scrmbl=0,ionhnd = 1
08-03 22:36:43.273 16839 16859 D mali_winsys: EGLint new_window_surface(egl_winsys_display *, void *, EGLSurface, EGLConfig, egl_winsys_surface **, egl_color_buffer_format *, EGLBoolean) returns 0x3000
08-03 22:36:43.274 638 638 I GRALLOC : shrFd=10,fmt=0x1,intFmt=0x1,btStrd=1024,size=1105920,pid=638
08-03 22:36:43.274 638 638 I GRALLOC : yuv=2,w=243,h=1080,Stride u=0 v=0,offset u=0 v=0
08-03 22:36:43.274 638 638 I GRALLOC : iova_size=1105920,conUsg=0x900,proUsg=0x900, strd=256,[afbc]HdrStrd=0 PyldStrd=0 Scrmbl=0,ionhnd = 1
08-03 22:36:43.276 1155 2346 V WindowManager: Checking 1 opening apps (frozen=false timeout=false)...
08-03 22:36:43.276 1155 2346 V WindowManager: Check opening app=AppWindowToken{3c03cd9 token=Token{5fbdb20 ActivityRecord{51b7a23 u0 com.arm.mgd.androidapp/.MainActivity t5560}}}: allDrawn=false startingDisplayed=false startingMoved=false isRelaunching()=false
08-03 22:36:43.278 667 839 E BufferQueueProducer: [com.arm.mgd.androidapp/com.arm.mgd.androidapp.MainActivity#0] disconnect: not connected (req=1)
08-03 22:36:43.278 16839 16859 W libEGL : EGLNativeWindowType 0x7e50e84010 disconnect failed
08-03 22:36:43.279 16839 16859 D mali_winsys: EGLint new_window_surface(egl_winsys_display *, void *, EGLSurface, EGLConfig, egl_winsys_surface **, egl_color_buffer_format *, EGLBoolean) returns 0x3000
08-03 22:36:43.287 638 638 I GRALLOC : shrFd=10,fmt=0x1,intFmt=0x200000001,btStrd=4352,size=8486912,pid=638
08-03 22:36:43.287 638 638 I GRALLOC : yuv=2,w=1080,h=1920,Stride u=0 v=0,offset u=0 v=0
08-03 22:36:43.287 638 638 I GRALLOC : iova_size=8486912,conUsg=0xb00,proUsg=0xb00, strd=1088,[afbc]HdrStrd=1088 PyldStrd=69632 Scrmbl=0,ionhnd = 1
08-03 22:36:43.294 16839 16859 D OpenGLRenderer: HWUI Binary is enabled
08-03 22:36:43.295 1155 2346 D WindowManager: finishDrawingWindow: Window{37530bd u0 com.arm.mgd.androidapp/com.arm.mgd.androidapp.MainActivity} mDrawState=DRAW_PENDING
08-03 22:36:43.297 1155 1267 V WindowManager: Checking 1 opening apps (frozen=false timeout=false)...
08-03 22:36:43.297 1155 1267 V WindowManager: Check opening app=AppWindowToken{3c03cd9 token=Token{5fbdb20 ActivityRecord{51b7a23 u0 com.arm.mgd.androidapp/.MainActivity t5560}}}: allDrawn=false startingDisplayed=false startingMoved=false isRelaunching()=false
08-03 22:36:43.298 638 638 I GRALLOC : shrFd=10,fmt=0x1,intFmt=0x1,btStrd=4352,size=1064960,pid=638
08-03 22:36:43.298 638 638 I GRALLOC : yuv=2,w=1080,h=243,Stride u=0 v=0,offset u=0 v=0
08-03 22:36:43.298 638 638 I GRALLOC : iova_size=1064960,conUsg=0xb00,proUsg=0xb00, strd=1088,[afbc]HdrStrd=0 PyldStrd=0 Scrmbl=0,ionhnd = 1
08-03 22:36:43.302 1155 2346 D WindowManager: finishDrawingWindow: Window{43df4b1 u0 SetFullScreenWindow} mDrawState=DRAW_PENDING
08-03 22:36:43.305 1155 1267 V WindowManager: Checking 1 opening apps (frozen=false timeout=false)...
08-03 22:36:43.305 1155 1267 V WindowManager: Check opening app=AppWindowToken{3c03cd9 token=Token{5fbdb20 ActivityRecord{51b7a23 u0 com.arm.mgd.androidapp/.MainActivity t5560}}}: allDrawn=true startingDisplayed=false startingMoved=false isRelaunching()=false
08-03 22:36:43.340 639 639 W hwcomposer: ScfCanHandle:243: layer use scf but not satisfy scf 16*16(input) or 16*16(output)
08-03 22:36:43.342 638 638 I GRALLOC : shrFd=10,fmt=0x1,intFmt=0x200000001,btStrd=4352,size=8486912,pid=638
08-03 22:36:43.342 638 638 I GRALLOC : yuv=2,w=1080,h=1920,Stride u=0 v=0,offset u=0 v=0
08-03 22:36:43.342 638 638 I GRALLOC : iova_size=8486912,conUsg=0xb00,proUsg=0xb00, strd=1088,[afbc]HdrStrd=1088 PyldStrd=69632 Scrmbl=0,ionhnd = 1
08-03 22:36:43.344 1495 1495 D BarTransitions.HwNavigationBarView: MODE_OPAQUE -> MODE_TRANSPARENT animate=false
08-03 22:36:43.344 1495 1495 D BarTransitions.HwNavigationBarView: applyModeBackground oldMode=MODE_OPAQUE newMode=MODE_TRANSPARENT animate=false
08-03 22:36:43.349 638 638 I GRALLOC : shrFd=10,fmt=0x1,intFmt=0x200000001,btStrd=4352,size=8486912,pid=638
08-03 22:36:43.349 638 638 I GRALLOC : yuv=2,w=1080,h=1920,Stride u=0 v=0,offset u=0 v=0
08-03 22:36:43.349 638 638 I GRALLOC : iova_size=8486912,conUsg=0xb00,proUsg=0xb00, strd=1088,[afbc]HdrStrd=1088 PyldStrd=69632 Scrmbl=0,ionhnd = 1
08-03 22:36:43.357 639 639 W hwcomposer: ScfCanHandle:243: layer use scf but not satisfy scf 16*16(input) or 16*16(output)
08-03 22:36:43.440 639 639 I chatty : uid=1000(system) composer@2.1-se identical 5 lines
08-03 22:36:43.457 639 639 W hwcomposer: ScfCanHandle:243: layer use scf but not satisfy scf 16*16(input) or 16*16(output)
08-03 22:36:43.459 17391 17478 E chromium: [ERROR:connection.cc(1888)] Quota sqlite error 5, errno 0: database is locked, sql: COMMIT
08-03 22:36:43.467 17391 17478 E chromium: [ERROR:connection.cc(1888)] Quota sqlite error 1, errno 0: cannot start a transaction within a transaction, sql: BEGIN TRANSACTION
08-03 22:36:43.474 639 639 W hwcomposer: ScfCanHandle:243: layer use scf but not satisfy scf 16*16(input) or 16*16(output)
08-03 22:36:43.557 639 639 I chatty : uid=1000(system) composer@2.1-se identical 5 lines
08-03 22:36:43.573 639 639 W hwcomposer: ScfCanHandle:243: layer use scf but not satisfy scf 16*16(input) or 16*16(output)
08-03 22:36:43.583 1155 2346 W ActivityManager: Sending non-protected broadcast com.huawei.intent.action.PG_AR_STATE_ACTION from system 2268:com.huawei.powergenie/1000 pkg com.huawei.powergenie
08-03 22:36:43.583 1155 2346 W ActivityManager: Sending non-protected broadcast com.huawei.intent.action.PG_AR_STATE_ACTION from system 2268:com.huawei.powergenie/1000 pkg com.huawei.powergenie
08-03 22:36:43.584 2268 2386 I BroadcastAdapter: sendStationaryState isStationary:true
08-03 22:36:43.584 1155 1155 D HwWifiService: mIsAbsoluteRest =true
08-03 22:36:43.590 639 639 W hwcomposer: ScfCanHandle:243: layer use scf but not satisfy scf 16*16(input) or 16*16(output)
08-03 22:36:43.624 639 639 I chatty : uid=1000(system) composer@2.1-se identical 2 lines
08-03 22:36:43.640 639 639 W hwcomposer: ScfCanHandle:243: layer use scf but not satisfy scf 16*16(input) or 16*16(output)
08-03 22:36:43.645 645 998 I audio_hw_primary: usb_ext_get_parameters: check show hires (false)
08-03 22:36:43.645 710 17843 I hash_map_utils: key: 'typec_need_show_hires' value: ''
08-03 22:36:43.646 1155 1155 I HwAudioService: check HiRes Icon false
08-03 22:36:43.646 1155 1155 W ActivityManager: Sending non-protected broadcast huawei.intent.action.hideHiResIcon from system uid 1000 pkg null
08-03 22:36:43.647 1155 1155 I HwAudioService: broadcastHiresIntent : false
08-03 22:36:43.647 1155 1155 W ActivityManager: Sending non-protected broadcast huawei.intent.action.hideHiResIcon from system uid 1000 pkg null
08-03 22:36:43.648 1495 1495 D StatusBarIconController: setIconVisibility icon is null or visibility not change visibility=false
08-03 22:36:43.657 639 639 W hwcomposer: ScfCanHandle:243: layer use scf but not satisfy scf 16*16(input) or 16*16(output)
08-03 22:36:43.690 639 639 I chatty : uid=1000(system) composer@2.1-se identical 2 lines
08-03 22:36:43.706 639 639 W hwcomposer: ScfCanHandle:243: layer use scf but not satisfy scf 16*16(input) or 16*16(output)
08-03 22:36:43.716 1155 1319 D HwWifiStatStore: handleMessage : 200
08-03 22:36:43.723 639 639 W hwcomposer: ScfCanHandle:243: layer use scf but not satisfy scf 16*16(input) or 16*16(output)
08-03 22:36:43.819 663 663 E WifiHAL : enter wifi_get_link_stats
08-03 22:36:43.829 753 753 E wificond: Failed to get NL80211_RATE_INFO_NOISE
08-03 22:36:43.829 753 753 E wificond: Failed to get NL80211_RATE_INFO_SNR
08-03 22:36:43.829 753 753 E wificond: Failed to get NL80211_STA_INFO_CNAHLOAD
08-03 22:36:43.829 1155 1318 E WificondControl: Noise: 0, Snr: -1, Chload: -1
08-03 22:36:43.829 1155 1320 D HwWifiCHRStateManager: handleMessage : 1001
08-03 22:36:43.829 1155 1320 D HwWifiCHRStateManager: handleUpdateChannel:2457
08-03 22:36:43.829 1155 1320 V HwWifiServiceFactory: get AllImpl object = com.android.server.wifi.HwWifiServiceFactoryImpl@3effb29
08-03 22:36:43.830 1155 1318 D WifiScoreReport: Score = 100, wifiConnectivityManagerEnabled = false, lowScoreCount = 0
08-03 22:36:43.834 1155 1155 I TrafficMonitor: update:rxPkts:0,txPkts:0,rxBytes:0,txBytes:0
08-03 22:36:43.834 1155 1155 I TrafficMonitor: start expired. level:-1
08-03 22:36:43.834 1155 1155 I TrafficMonitor: gettimer:interval=2000
08-03 22:36:43.839 639 639 W hwcomposer: ScfCanHandle:243: layer use scf but not satisfy scf 16*16(input) or 16*16(output)
08-03 22:36:44.358 1155 1291 D libfingersense_wrapper: Searching fingersense_classify_touch symbol
08-03 22:36:44.359 1155 1291 E libfingersense_wrapper: libfingersense.so was not loaded
08-03 22:36:44.371 1155 16729 D KeyEvent: obtain, mHwFlags=0
08-03 22:36:44.372 1155 16729 D HwCustPhoneWindowManager: answer call by keyCode = 3, down = true, isSupVolumnkeyAnswerCall = false
08-03 22:36:44.374 1155 16729 D WindowManager: interceptKeyBeforeQueueing: key 3 , result : 1
08-03 22:36:44.375 1155 1290 D KeyEvent: obtain, mHwFlags=1296788560
08-03 22:36:44.377 1155 1290 D HwGameAssistantController: Keycontrol mode is 2 for user 0
08-03 22:36:44.378 1155 1290 D HwPhoneWindowManager: deviceId:-1 mFingerPrintId:0 isGameKeyControlOn:false,EnableKey=false,mLastKeyDownDropped=false
08-03 22:36:44.407 639 639 W hwcomposer: ScfCanHandle:243: layer use scf but not satisfy scf 16*16(input) or 16*16(output)
08-03 22:36:44.411 638 638 I GRALLOC : shrFd=10,fmt=0x1,intFmt=0x1,btStrd=4352,size=540672,pid=638
08-03 22:36:44.411 638 638 I GRALLOC : yuv=2,w=1080,h=121,Stride u=0 v=0,offset u=0 v=0
08-03 22:36:44.411 638 638 I GRALLOC : iova_size=540672,conUsg=0xb00,proUsg=0xb00, strd=1088,[afbc]HdrStrd=0 PyldStrd=0 Scrmbl=0,ionhnd = 1
08-03 22:36:44.425 639 639 W hwcomposer: ScfCanHandle:243: layer use scf but not satisfy scf 16*16(input) or 16*16(output)
08-03 22:36:44.427 1155 1291 D InputReader: L1:330
08-03 22:36:44.427 1155 1291 D libfingersense_wrapper: Searching fingersense_touch_up symbol
08-03 22:36:44.427 1155 1291 E libfingersense_wrapper: libfingersense.so was not loaded
08-03 22:36:44.432 1495 1719 D ReporterUtil: c id:5
08-03 22:36:44.434 1155 2346 D KeyEvent: obtain, mHwFlags=0
08-03 22:36:44.434 1155 2346 D HwCustPhoneWindowManager: answer call by keyCode = 3, down = false, isSupVolumnkeyAnswerCall = false
08-03 22:36:44.434 1155 2346 D WindowManager: interceptKeyBeforeQueueing: key 3 , result : 1
08-03 22:36:44.435 1155 1290 D KeyEvent: obtain, mHwFlags=1296788560
08-03 22:36:44.435 1155 1290 I InputManager: preStart Home return.
08-03 22:36:44.437 1155 1290 D HwGameAssistantController: Keycontrol mode is 2 for user 0
08-03 22:36:44.437 1155 1290 D HwPhoneWindowManager: deviceId:-1 mFingerPrintId:0 isGameKeyControlOn:false,EnableKey=false,mLastKeyDownDropped=false
08-03 22:36:44.441 639 639 W hwcomposer: ScfCanHandle:243: layer use scf but not satisfy scf 16*16(input) or 16*16(output)
08-03 22:36:44.448 6954 6954 I CommonUtilMethods: enabledInPad = false,isPcCastMode = false
08-03 22:36:44.450 1495 1495 W HwKeyguardDragHelper: AnimationBlocked
08-03 22:36:44.456 1155 1290 I ActivityManager: START u0 {act=android.intent.action.MAIN cat=[android.intent.category.HOME] flg=0x10200200 cmp=com.huawei.android.launcher/.unihome.UniHomeLauncher (has extras)} from uid 1000
08-03 22:36:44.457 639 639 W hwcomposer: ScfCanHandle:243: layer use scf but not satisfy scf 16*16(input) or 16*16(output)
08-03 22:36:44.457 1155 1290 I ActivityManager: ActivityRecord info: ActivityInfo{3258839 com.huawei.android.launcher.unihome.UniHomeLauncher}
08-03 22:36:44.459 2268 2502 I ash : front pkg : com.huawei.android.launcher launcher: false
08-03 22:36:44.459 2268 2502 I ash : above launcher front pkgs: [com.arm.mgd.androidapp, com.huawei.android.launcher]
08-03 22:36:44.466 1155 1290 E asset : createFromFile(): lock file /data/resource-cache/system@emui@base@overlay@frameworkhwexthonor@frameworkhwexthonor.apk@idmap.
08-03 22:36:44.466 1155 1290 E asset : createFromFile(): lock file /data/resource-cache/system@emui@base@overlay@frameworkhwexthonor@frameworkhwexthonor.apk@idmap.
08-03 22:36:44.466 1155 1290 W ResourceType: Found multiple library tables, ignoring...
08-03 22:36:44.473 639 639 W hwcomposer: ScfCanHandle:243: layer use scf but not satisfy scf 16*16(input) or 16*16(output)
08-03 22:36:44.476 16839 16839 V MGD Daemon GUI: onPause
08-03 22:36:44.477 1155 1290 D ActivityManager: allPausedActivitiesComplete: r=ActivityRecord{51b7a23 u0 com.arm.mgd.androidapp/.MainActivity t5560} state=PAUSING
08-03 22:36:44.483 1155 2346 V WindowManager: No longer Stopped: AppWindowToken{4027b93 token=Token{1d5882 ActivityRecord{a3ce7cd u0 com.huawei.android.launcher/.unihome.UniHomeLauncher t5540}}}
08-03 22:36:44.484 1155 2346 V WindowManager: findFocusedWindow: AppWindowToken{3c03cd9 token=Token{5fbdb20 ActivityRecord{51b7a23 u0 com.arm.mgd.androidapp/.MainActivity t5560}}} below Reached focused app=AppWindowToken{4027b93 token=Token{1d5882 ActivityRecord{a3ce7cd u0 com.huawei.android.launcher/.unihome.UniHomeLauncher t5540}}}
08-03 22:36:44.487 2268 2386 D ScenarioService: front pkg : com.huawei.android.launcher launcher: true
08-03 22:36:44.487 2268 2386 I AppsUsage: scnOff:false FgAPP:com.huawei.android.launcher BgAPP:com.arm.mgd.androidapp
08-03 22:36:44.488 2268 2502 I ash : front pkg : com.huawei.android.launcher launcher: true
08-03 22:36:44.491 639 639 W hwcomposer: ScfCanHandle:243: layer use scf but not satisfy scf 16*16(input) or 16*16(output)
08-03 22:36:44.494 2575 6637 D [HwRecSys]HwRecSysService: onEvent actionID: 10010 msg:com.huawei.android.launcher
08-03 22:36:44.494 2575 6637 E [HwRecSys]HwRecSysService: getIsRportDirectService is false!
08-03 22:36:44.495 2268 2529 I PGServer: report state:10000 event type:2 pid:0 uid:0 pkg:com.arm.mgd.androidapp to pid: 2268
08-03 22:36:44.495 2268 2529 I SceneReceiver: state type: 10000 eventType:2 pid:0 uid:0 pkg:com.arm.mgd.androidapp
08-03 22:36:44.495 2268 2529 I PGServer: report state:10000 event type:2 pid:0 uid:0 pkg:com.arm.mgd.androidapp to pid: 1155
08-03 22:36:44.495 2268 2529 I PGServer: report state:10010 event type:1 pid:0 uid:0 pkg:com.huawei.android.launcher to pid: 2268
08-03 22:36:44.495 2268 2529 I SceneReceiver: state type: 10010 eventType:1 pid:0 uid:0 pkg:com.huawei.android.launcher
08-03 22:36:44.495 2268 2529 I PGServer: report state:10010 event type:1 pid:0 uid:0 pkg:com.huawei.android.launcher to pid: 1155
08-03 22:36:44.495 2268 3245 D HwThermalStateManager: current foreapp pkg : com.huawei.android.launcher
08-03 22:36:44.496 1155 1365 D EmcomManagerService: forePackage name is com.huawei.android.launcher
08-03 22:36:44.496 1155 1365 I XEngineProcessor: Feature is not enable.
08-03 22:36:44.497 2268 3905 I PGServer: checkPkgType. calling pkg: android
08-03 22:36:44.498 2268 3905 I PGServer: checkPkgType. calling pkg: android
08-03 22:36:44.501 2268 3782 I PGServer: checkPkgType. calling pkg: com.huawei.android.hwaps
08-03 22:36:44.504 1155 2761 V WindowManager: findFocusedWindow: AppWindowToken{3c03cd9 token=Token{5fbdb20 ActivityRecord{51b7a23 u0 com.arm.mgd.androidapp/.MainActivity t5560}}} below Reached focused app=AppWindowToken{4027b93 token=Token{1d5882 ActivityRecord{a3ce7cd u0 com.huawei.android.launcher/.unihome.UniHomeLauncher t5540}}}
08-03 22:36:44.504 1155 2761 D WindowManager: face_rotation: isIntelliServiceEnabled: ro swtich off
08-03 22:36:44.504 1155 2761 I WindowManager: rotationForOrientationLw(orient=1, last=1); user=0
08-03 22:36:44.505 1155 2761 D WindowManager: face_rotation: isIntelliServiceEnabled: ro swtich off
08-03 22:36:44.505 1155 2761 D HwPhoneWindowManager: face_rotation: not enabled,use sensor real
08-03 22:36:44.505 1155 2761 D HwPhoneWindowManager: face_rotation:real sensor rotation = -1
08-03 22:36:44.505 1155 2761 D HwPhoneWindowManager: face_rotation: rotation = 1
08-03 22:36:44.505 1155 2761 I WindowManager: Selected orientation 1, got rotation 0 which has compatible metrics
08-03 22:36:44.505 1155 2761 I WindowManager: Rotation changed to 0 from 1, lastOrientation=1
08-03 22:36:44.505 1155 2761 D HwPhoneWindowManager: PhoneWindowManager setRotationLw(0)
08-03 22:36:44.505 1155 1155 I HwAftPolicyService: call aft hidl set orientation=0
08-03 22:36:44.506 1155 1290 D InputDispatcher: Dispatch frozen. Waiting some more. last for 0ms
08-03 22:36:44.506 662 662 I TS_HAL : ts_set_aft_orientation:called
08-03 22:36:44.506 662 662 I aptouch_daemon, [--aptouch_interface_client--]: thp_execute_cmd_parms starting. cmd: aftouch.orientation
08-03 22:36:44.506 662 662 I aptouch_daemon, [--aptouch_interface_client--]: thp_execute_cmd_parms, the screen is not support debug cmd. is_thp(0), is_tpp_support_cmd(0)
08-03 22:36:44.507 639 639 W hwcomposer: ScfCanHandle:243: layer use scf but not satisfy scf 16*16(input) or 16*16(output)
08-03 22:36:44.508 2268 3782 W libc : Set property "sys.aps.gameProcessName" to ""
08-03 22:36:44.509 2268 3782 W libc : Set property "sys.aps.browserProcessName" to ""
08-03 22:36:44.517 667 1154 D SurfaceFlinger: setSecureScreenRecShotFlag, value = 4, mask = 4
08-03 22:36:44.519 739 2421 D DE N ACA: updateParam:145: mFilteredCct = 11.666667, mAscendDeltaCctMax = 3.266667, mDescendDeltaCctMax = 2.000000
08-03 22:36:44.519 739 2421 D DE N SR : setAmbientParam:938: DE_SCENE_ACTION_AMBIENT_CHANGE set mLux:31 mCt:11
08-03 22:36:44.520 638 638 I GRALLOC : shrFd=10,fmt=0x1,intFmt=0x1,btStrd=4352,size=9400320,pid=638
08-03 22:36:44.520 638 638 I GRALLOC : yuv=2,w=1080,h=2160,Stride u=0 v=0,offset u=0 v=0
08-03 22:36:44.520 638 638 I GRALLOC : iova_size=9400320,conUsg=0xb06,proUsg=0xb66, strd=1088,[afbc]HdrStrd=0 PyldStrd=0 Scrmbl=0,ionhnd = 1
08-03 22:36:44.529 639 639 W hwcomposer: ScfCanHandle:243: layer use scf but not satisfy scf 16*16(input) or 16*16(output)
08-03 22:36:44.539 1155 1290 D InputDispatcher: Dispatch frozen. Waiting some more. last for 34ms
08-03 22:36:44.540 1155 16729 V WindowManager: findFocusedWindow: AppWindowToken{3c03cd9 token=Token{5fbdb20 ActivityRecord{51b7a23 u0 com.arm.mgd.androidapp/.MainActivity t5560}}} below Reached focused app=AppWindowToken{4027b93 token=Token{1d5882 ActivityRecord{a3ce7cd u0 com.huawei.android.launcher/.unihome.UniHomeLauncher t5540}}}
08-03 22:36:44.540 1155 1290 D InputDispatcher: Dispatch frozen. Waiting some more. last for 35ms
08-03 22:36:44.541 1155 2346 I ActivityManager: Config changes=480 {1.0 250mcc20mnc [ru_RU] ldltr sw360dp w360dp h655dp 480dpi nrml long port finger -keyb/v/h -nav/h appBounds=Rect(0, 0 - 1080, 2038) nonFullScreen=0 suim:1 s.13}
08-03 22:36:44.561 638 638 I GRALLOC : shrFd=10,fmt=0x1,intFmt=0x1,btStrd=512,size=552960,pid=638
08-03 22:36:44.561 638 638 I GRALLOC : yuv=2,w=121,h=1080,Stride u=0 v=0,offset u=0 v=0
08-03 22:36:44.561 638 638 I GRALLOC : iova_size=552960,conUsg=0xb00,proUsg=0xb00, strd=128,[afbc]HdrStrd=0 PyldStrd=0 Scrmbl=0,ionhnd = 1
08-03 22:36:44.561 1155 2346 I ActivityManager: Override config changes=480 {1.0 250mcc20mnc [ru_RU] ldltr sw360dp w360dp h655dp 480dpi nrml long port finger -keyb/v/h -nav/h appBounds=Rect(0, 0 - 1080, 2038) nonFullScreen=0 suim:1 s.13} for displayId=0
08-03 22:36:44.585 1155 2346 I WindowManager: Taking screenshot from Surface with crop:[Rect(0, 0 - 1080, 1080)], width:[648], height:[648], minLayer:[11000], maxLayer:[21045], inRotation:[false], rot:[0]
08-03 22:36:44.603 7101 7101 D MSG_APP_Mms: onConfigurationChanged...
08-03 22:36:44.607 638 638 I GRALLOC : shrFd=10,fmt=0x1,intFmt=0x1,btStrd=2816,size=1826816,pid=638
08-03 22:36:44.607 638 638 I GRALLOC : yuv=2,w=648,h=648,Stride u=0 v=0,offset u=0 v=0
08-03 22:36:44.607 638 638 I GRALLOC : iova_size=1826816,conUsg=0x306,proUsg=0x366, strd=704,[afbc]HdrStrd=0 PyldStrd=0 Scrmbl=0,ionhnd = 1
08-03 22:36:44.622 1155 1290 D InputDispatcher: Dispatch frozen. Waiting some more. last for 117ms
08-03 22:36:44.624 1155 2346 V WindowManager: notifyAppResumed: wasStopped=true AppWindowToken{4027b93 token=Token{1d5882 ActivityRecord{a3ce7cd u0 com.huawei.android.launcher/.unihome.UniHomeLauncher t5540}}}
08-03 22:36:44.624 2776 2776 I HwLauncher: Launcher onNewIntent() DragLayer visibility = 0, alpha = 1.0
08-03 22:36:44.624 2776 2776 I HwSecImmHelper: mSecurityInputMethodService is null
08-03 22:36:44.625 1155 2301 W InputMethodManagerService: Ignoring hideSoftInput of uid 10060: com.android.internal.view.IInputMethodClient$Stub$Proxy@d0d88e9
08-03 22:36:44.626 2776 2776 W HwLauncher: Workspace changeState() state no change.
08-03 22:36:44.627 638 638 I GRALLOC : shrFd=10,fmt=0x1,intFmt=0x1,btStrd=512,size=552960,pid=638
08-03 22:36:44.627 638 638 I GRALLOC : yuv=2,w=121,h=1080,Stride u=0 v=0,offset u=0 v=0
08-03 22:36:44.627 638 638 I GRALLOC : iova_size=552960,conUsg=0xb00,proUsg=0xb00, strd=128,[afbc]HdrStrd=0 PyldStrd=0 Scrmbl=0,ionhnd = 1
08-03 22:36:44.627 1155 1290 D InputDispatcher: Dispatch frozen. Waiting some more. last for 122ms
08-03 22:36:44.630 1155 2346 V WindowManager: Checking 1 opening apps (frozen=true timeout=false)...
08-03 22:36:44.630 1155 2346 V WindowManager: Check opening app=AppWindowToken{4027b93 token=Token{1d5882 ActivityRecord{a3ce7cd u0 com.huawei.android.launcher/.unihome.UniHomeLauncher t5540}}}: allDrawn=false startingDisplayed=false startingMoved=false isRelaunching()=false
08-03 22:36:44.632 1155 1290 D InputDispatcher: Dispatch frozen. Waiting some more. last for 126ms
08-03 22:36:44.632 1155 1172 D HwGameAssistantController: pid=2776, uid=10060, foreground=true
08-03 22:36:44.636 1155 2761 V WindowManager: Checking 1 opening apps (frozen=true timeout=false)...
08-03 22:36:44.636 1155 2761 V WindowManager: Check opening app=AppWindowToken{4027b93 token=Token{1d5882 ActivityRecord{a3ce7cd u0 com.huawei.android.launcher/.unihome.UniHomeLauncher t5540}}}: allDrawn=false startingDisplayed=false startingMoved=false isRelaunching()=false
08-03 22:36:44.637 1155 1290 D InputDispatcher: Dispatch frozen. Waiting some more. last for 131ms
08-03 22:36:44.639 1155 1267 V WindowManager: Checking 1 opening apps (frozen=true timeout=false)...
08-03 22:36:44.639 1155 1267 V WindowManager: Check opening app=AppWindowToken{4027b93 token=Token{1d5882 ActivityRecord{a3ce7cd u0 com.huawei.android.launcher/.unihome.UniHomeLauncher t5540}}}: allDrawn=false startingDisplayed=false startingMoved=false isRelaunching()=false
08-03 22:36:44.640 1155 1290 D InputDispatcher: Dispatch frozen. Waiting some more. last for 135ms
08-03 22:36:44.640 1155 1291 I InputReader: Reconfiguring input devices. changes=0x00000004
08-03 22:36:44.640 1155 1291 I InputReader: Device reconfigured: id=4, name='huawei,ts_kit', size 1080x2160, orientation 0, mode 1, display id 0
08-03 22:36:44.641 1155 1290 D InputDispatcher: Dispatch frozen. Waiting some more. last for 135ms
08-03 22:36:44.644 638 638 I GRALLOC : shrFd=10,fmt=0x1,intFmt=0x1,btStrd=512,size=552960,pid=638
08-03 22:36:44.644 638 638 I GRALLOC : yuv=2,w=121,h=1080,Stride u=0 v=0,offset u=0 v=0
08-03 22:36:44.644 638 638 I GRALLOC : iova_size=552960,conUsg=0xb00,proUsg=0xb00, strd=128,[afbc]HdrStrd=0 PyldStrd=0 Scrmbl=0,ionhnd = 1
08-03 22:36:44.645 1155 1267 V WindowManager: Checking 1 opening apps (frozen=true timeout=false)...
08-03 22:36:44.646 1155 1267 V WindowManager: Check opening app=AppWindowToken{4027b93 token=Token{1d5882 ActivityRecord{a3ce7cd u0 com.huawei.android.launcher/.unihome.UniHomeLauncher t5540}}}: allDrawn=false startingDisplayed=false startingMoved=false isRelaunching()=false
08-03 22:36:44.647 1155 1290 D InputDispatcher: Dispatch frozen. Waiting some more. last for 141ms
08-03 22:36:44.650 2776 2867 E HwLauncher: SettingsEx , no such field.
08-03 22:36:44.650 2776 2867 W HwLauncher: Clock getDataFormat the getSystemString failed.
08-03 22:36:44.650 639 707 I GRALLOC : shrFd=56,fmt=0x1,intFmt=0x1,btStrd=4352,size=9400320,pid=639
08-03 22:36:44.650 639 707 I GRALLOC : yuv=2,w=1080,h=2160,Stride u=0 v=0,offset u=0 v=0
08-03 22:36:44.650 639 707 I GRALLOC : iova_size=9400320,conUsg=0x0,proUsg=0x2100, strd=1088,[afbc]HdrStrd=0 PyldStrd=0 Scrmbl=0,ionhnd = 4
08-03 22:36:44.653 2268 2386 I AppManager: dependence has been existed:2776 -> 2936
08-03 22:36:44.654 638 638 I GRALLOC : shrFd=10,fmt=0x1,intFmt=0x200000001,btStrd=4352,size=9547776,pid=638
08-03 22:36:44.654 638 638 I GRALLOC : yuv=2,w=1080,h=2160,Stride u=0 v=0,offset u=0 v=0
08-03 22:36:44.654 638 638 I GRALLOC : iova_size=9547776,conUsg=0x900,proUsg=0x900, strd=1088,[afbc]HdrStrd=1088 PyldStrd=69632 Scrmbl=0,ionhnd = 1
08-03 22:36:44.655 7101 7101 I MSG_APP_Mms: Broadcast ACTION_CONFIGURATION_CHANGED received.
08-03 22:36:44.657 639 707 I GRALLOC : shrFd=70,fmt=0x1,intFmt=0x1,btStrd=4352,size=9400320,pid=639
08-03 22:36:44.657 639 707 I GRALLOC : yuv=2,w=1080,h=2160,Stride u=0 v=0,offset u=0 v=0
08-03 22:36:44.657 639 707 I GRALLOC : iova_size=9400320,conUsg=0x0,proUsg=0x2100, strd=1088,[afbc]HdrStrd=0 PyldStrd=0 Scrmbl=0,ionhnd = 5
08-03 22:36:44.658 638 638 I GRALLOC : shrFd=10,fmt=0x1,intFmt=0x200000001,btStrd=4352,size=9547776,pid=638
08-03 22:36:44.658 638 638 I GRALLOC : yuv=2,w=1080,h=2160,Stride u=0 v=0,offset u=0 v=0
08-03 22:36:44.658 638 638 I GRALLOC : iova_size=9547776,conUsg=0x900,proUsg=0x900, strd=1088,[afbc]HdrStrd=1088 PyldStrd=69632 Scrmbl=0,ionhnd = 1
08-03 22:36:44.660 639 707 I GRALLOC : shrFd=74,fmt=0x1,intFmt=0x1,btStrd=4352,size=9400320,pid=639
08-03 22:36:44.660 639 707 I GRALLOC : yuv=2,w=1080,h=2160,Stride u=0 v=0,offset u=0 v=0
08-03 22:36:44.660 639 707 I GRALLOC : iova_size=9400320,conUsg=0x0,proUsg=0x2100, strd=1088,[afbc]HdrStrd=0 PyldStrd=0 Scrmbl=0,ionhnd = 6
08-03 22:36:44.661 2278 4104 D PhoneInterfaceManager: [PhoneIntfMgr] getTetherApnRequired: subId=0 phoneId=0
08-03 22:36:44.661 2278 4104 D GlobalParamsAdaptor: waitingForSetupData = false
08-03 22:36:44.661 2278 4104 D GlobalParamsAdaptor: IS_PRE_POST_PAY = true
08-03 22:36:44.662 638 638 I GRALLOC : shrFd=10,fmt=0x1,intFmt=0x200000001,btStrd=4352,size=9547776,pid=638
08-03 22:36:44.662 638 638 I GRALLOC : yuv=2,w=1080,h=2160,Stride u=0 v=0,offset u=0 v=0
08-03 22:36:44.662 638 638 I GRALLOC : iova_size=9547776,conUsg=0x900,proUsg=0x900, strd=1088,[afbc]HdrStrd=1088 PyldStrd=69632 Scrmbl=0,ionhnd = 1
08-03 22:36:44.665 2936 3077 D mali_winsys: EGLint new_window_surface(egl_winsys_display *, void *, EGLSurface, EGLConfig, egl_winsys_surface **, egl_color_buffer_format *, EGLBoolean) returns 0x3000
08-03 22:36:44.666 1155 1267 V WindowManager: Checking 1 opening apps (frozen=true timeout=false)...
08-03 22:36:44.666 1155 1267 V WindowManager: Check opening app=AppWindowToken{4027b93 token=Token{1d5882 ActivityRecord{a3ce7cd u0 com.huawei.android.launcher/.unihome.UniHomeLauncher t5540}}}: allDrawn=false startingDisplayed=false startingMoved=false isRelaunching()=false
08-03 22:36:44.667 1155 1290 D InputDispatcher: Dispatch frozen. Waiting some more. last for 162ms
08-03 22:36:44.670 1155 1172 D HwQoEUtils: mForegroundAppPackageName: com.huawei.android.launcher ,score: 0
08-03 22:36:44.670 1155 1172 D HwQoEUtils: onForegroundAppWifiSleepChange: config:false, sleeptime:-1,type: 255, appname:com.huawei.android.launcher
08-03 22:36:44.671 1155 1172 D HwQoEUtils: APP type: 255 appName= com.huawei.android.launcher
08-03 22:36:44.671 1155 1172 D HwQoEUtils: no game, APP_TYPE_GAME, appName =com.huawei.android.launcher
08-03 22:36:44.671 667 667 D SurfaceFlinger: duplicate layer name: changing com.huawei.android.launcher/com.huawei.android.launcher.unihome.UniHomeLauncher to com.huawei.android.launcher/com.huawei.android.launcher.unihome.UniHomeLauncher#1
08-03 22:36:44.672 1155 1172 W Looper : Dispatch took 181ms on android.ui, h=Handler (com.android.server.am.ActivityManagerService$UiHandler) {a96de2b} cb=null msg=31
08-03 22:36:44.673 1155 1287 W AwareLog: SchedLevelBoost: onFgActivitiesChanged config not set!
08-03 22:36:44.679 1155 5401 V HwPhoneWindowManager: updateSystemUiColorLw window=Window{d1a5ce u0 com.huawei.android.launcher/com.huawei.android.launcher.unihome.UniHomeLauncher},EmuiStyle=-1,StatusBarColor=0xff00acc1,NavigationBarColor=0x0, mLastIsEmuiLightStyle=-1, mForceNotchStatusBar=false
08-03 22:36:44.679 1155 1172 D HwPhoneWindowManager: Transact:setSystemUIColor to status bar service
08-03 22:36:44.680 1495 11030 I CommandQueue: updateBarBgColor
08-03 22:36:44.680 1495 11030 D CommandQueue: CommandQueue, setBarBackgroundColor
08-03 22:36:44.683 1155 5401 V WindowManager: Checking 1 opening apps (frozen=true timeout=false)...
08-03 22:36:44.683 1155 5401 V WindowManager: Check opening app=AppWindowToken{4027b93 token=Token{1d5882 ActivityRecord{a3ce7cd u0 com.huawei.android.launcher/.unihome.UniHomeLauncher t5540}}}: allDrawn=false startingDisplayed=false startingMoved=false isRelaunching()=false
08-03 22:36:44.684 1155 1290 D InputDispatcher: Dispatch frozen. Waiting some more. last for 179ms
08-03 22:36:44.685 1155 1290 D InputDispatcher: Dispatch frozen. Waiting some more. last for 180ms
08-03 22:36:44.689 2776 2974 D mali_winsys: EGLint new_window_surface(egl_winsys_display *, void *, EGLSurface, EGLConfig, egl_winsys_surface **, egl_color_buffer_format *, EGLBoolean) returns 0x3000
08-03 22:36:44.689 2776 2776 I HwLauncher: Model onReceive intent=Intent { act=android.intent.action.CONFIGURATION_CHANGED flg=0x70200010 }
08-03 22:36:44.689 2776 2776 I HwLauncher: Model onReceive user=UserHandle{0}
08-03 22:36:44.689 2776 2776 I HwLauncher: Launcher.Settings updateIconTitleSize fontSize = 10.0
08-03 22:36:44.690 1155 1166 V WindowManager: Checking 1 opening apps (frozen=true timeout=false)...
08-03 22:36:44.691 1155 1166 V WindowManager: Check opening app=AppWindowToken{4027b93 token=Token{1d5882 ActivityRecord{a3ce7cd u0 com.huawei.android.launcher/.unihome.UniHomeLauncher t5540}}}: allDrawn=false startingDisplayed=false startingMoved=false isRelaunching()=false
