08-03 21:27:51.350 2278 2278 I Telephony-TelecomAccountRegistry: Registered phoneAccount: [[ ] PhoneAccount: ComponentInfo{com.android.phone/com.android.services.telephony.TelephonyConnectionService}, [****], UserHandle{0} Capabilities: CallProvider MultiUser PlaceEmerg SimSub Audio Routes: BESW Schemes: tel voicemail Extras: null GroupId: [****]] with handle: ComponentInfo{com.android.phone/com.android.services.telephony.TelephonyConnectionService}, [****], UserHandle{0}
08-03 21:27:51.350 2278 2278 I Telephony-PstnIncomingCallNotifier: Registering: Handler (com.android.internal.telephony.GsmCdmaPhone) {d35998c}
08-03 21:27:51.350 2278 2278 D Telephony-PstnPhoneCapabilitiesNotifier: Registering: Handler (com.android.internal.telephony.GsmCdmaPhone) {d35998c}
08-03 21:27:51.351 2278 2278 D Telephony-TelecomAccountRegistry: Phone with subscription id 1
08-03 21:27:51.384 2278 2278 I Telephony-TelecomAccountRegistry: Registered phoneAccount: [[ ] PhoneAccount: ComponentInfo{com.android.phone/com.android.services.telephony.TelephonyConnectionService}, [****], UserHandle{0} Capabilities: CallProvider MultiUser PlaceEmerg SimSub Audio Routes: BESW Schemes: tel voicemail Extras: null GroupId: [****]] with handle: ComponentInfo{com.android.phone/com.android.services.telephony.TelephonyConnectionService}, [****], UserHandle{0}
08-03 21:27:51.384 2278 2278 I Telephony-PstnIncomingCallNotifier: Registering: Handler (com.android.internal.telephony.GsmCdmaPhone) {2e338d5}
08-03 21:27:51.384 2278 2278 D Telephony-PstnPhoneCapabilitiesNotifier: Registering: Handler (com.android.internal.telephony.GsmCdmaPhone) {2e338d5}
08-03 21:27:51.407 2278 2278 I Telephony-PstnPhoneCapabilitiesNotifier: handleVideoCapabilitesChanged. Video capability - false
08-03 21:27:51.426 1155 6320 I chatty : uid=1000(system) Binder:1155_13 expire 10 lines
08-03 21:27:51.433 2278 2278 I Telephony-PstnPhoneCapabilitiesNotifier: handleVideoCapabilitesChanged. Video capability - false
08-03 21:27:55.095 2243 3603 W ContextImpl: Calling a method in the system process without a qualified user: android.app.ContextImpl.sendBroadcast:1095 com.huawei.android.chr.ProtocolLogManager.setChrInfo2DbEx:1749 com.huawei.android.chr.ProtocolLogManager.setChrInfo2Db:1646 com.huawei.android.chr.network.ChrNetwork.handleMmRejectInfo:729 com.huawei.android.chr.network.ChrNetwork.reportNetworkChr:907
08-03 21:29:46.154 480 615 W SocketListener: sending broadcast to Pid = 1155, Uid = 1000
08-03 21:29:46.156 1155 1313 I chatty : uid=1000(system) NetdConnector expire 10 lines
08-03 21:29:46.159 1155 1178 I chatty : uid=1000(system) android.fg expire 10 lines
08-03 21:30:56.082 480 615 W SocketListener: sending broadcast to Pid = 1155, Uid = 1000
08-03 21:30:56.127 1155 1155 I chatty : uid=1000 system_server expire 12 lines
08-03 21:31:15.482 1155 1314 I chatty : uid=1000(system) NetworkStats expire 7 lines
08-03 21:31:15.488 480 615 W SocketListener: sending broadcast to Pid = 1155, Uid = 1000
08-03 21:31:15.521 1155 6503 I chatty : uid=1000(system) Binder:1155_14 expire 9 lines
08-03 21:31:16.013 753 753 E wificond: Failed to get NL80211_RATE_INFO_NOISE
08-03 21:31:16.014 753 753 E wificond: Failed to get NL80211_RATE_INFO_SNR
08-03 21:31:16.014 753 753 E wificond: Failed to get NL80211_STA_INFO_CNAHLOAD
08-03 21:31:16.018 753 753 E wificond: Failed to get NL80211_RATE_INFO_NOISE
08-03 21:31:16.018 753 753 E wificond: Failed to get NL80211_RATE_INFO_SNR
08-03 21:31:16.018 753 753 E wificond: Failed to get NL80211_STA_INFO_CNAHLOAD
08-03 21:31:46.091 480 615 W SocketListener: sending broadcast to Pid = 1155, Uid = 1000
08-03 21:31:46.092 1155 1313 I chatty : uid=1000(system) NetdConnector expire 10 lines
08-03 21:32:54.088 2243 3603 W ContextImpl: Calling a method in the system process without a qualified user: android.app.ContextImpl.sendBroadcast:1095 com.huawei.android.chr.ProtocolLogManager.setChrInfo2DbEx:1749 com.huawei.android.chr.ProtocolLogManager.setChrInfo2Db:1646 com.huawei.android.chr.network.ChrNetwork.setMmRejectEvent:1655 com.huawei.android.chr.network.ChrNetwork.handleMessage:404
08-03 21:32:55.220 753 753 E wificond: Failed to get NL80211_RATE_INFO_NOISE
08-03 21:32:55.220 753 753 E wificond: Failed to get NL80211_RATE_INFO_SNR
08-03 21:32:55.220 753 753 E wificond: Failed to get NL80211_STA_INFO_CNAHLOAD
08-03 21:32:55.222 753 753 E wificond: Failed to get NL80211_RATE_INFO_NOISE
08-03 21:32:55.222 753 753 E wificond: Failed to get NL80211_RATE_INFO_SNR
08-03 21:32:55.222 753 753 E wificond: Failed to get NL80211_STA_INFO_CNAHLOAD
08-03 21:33:00.103 2243 3603 W ContextImpl: Calling a method in the system process without a qualified user: android.app.ContextImpl.sendBroadcast:1095 com.huawei.android.chr.ProtocolLogManager.setChrInfo2DbEx:1749 com.huawei.android.chr.ProtocolLogManager.setChrInfo2Db:1646 com.huawei.android.chr.network.ChrNetwork.handleMmRejectInfo:729 com.huawei.android.chr.network.ChrNetwork.reportNetworkChr:907
08-03 21:33:11.120 2243 3603 W ContextImpl: Calling a method in the system process without a qualified user: android.app.ContextImpl.sendBroadcast:1095 com.huawei.android.chr.ProtocolLogManager.setChrInfo2DbEx:1749 com.huawei.android.chr.ProtocolLogManager.setChrInfo2Db:1646 com.huawei.android.chr.network.ChrNetwork.handleMmRejectInfo:729 com.huawei.android.chr.network.ChrNetwork.reportNetworkChr:907
08-03 21:33:18.187 2278 2278 W SettingsEx: SettingsEx.Systemex.getString deprecated use Settings.System.getString instead ;callers=com.android.internal.telephony.gsm.HwCustGsmServiceStateManagerImpl.isMccForShowNetname:211 com.android.internal.telephony.gsm.HwCustGsmServiceStateManagerImpl.isShowNetnameByMcc:202 com.android.internal.telephony.gsm.HwCustGsmServiceStateManagerImpl.setOnsDisplayCustomization:153
08-03 21:33:18.215 1155 1171 I chatty : uid=1000(system) ActivityManager expire 7 lines
08-03 21:33:18.242 1429 1667 I HwNetworkPolicyManager: forceUpdatePolicy isRoaming = false
08-03 21:33:18.243 2278 2278 D Telephony-TelecomAccountRegistry: onServiceStateChanged0 newState : 0, mServiceState : 0
08-03 21:33:22.102 2243 3603 W ContextImpl: Calling a method in the system process without a qualified user: android.app.ContextImpl.sendBroadcast:1095 com.huawei.android.chr.ProtocolLogManager.setChrInfo2DbEx:1749 com.huawei.android.chr.ProtocolLogManager.setChrInfo2Db:1646 com.huawei.android.chr.network.ChrNetwork.handleMmRejectInfo:729 com.huawei.android.chr.network.ChrNetwork.reportNetworkChr:907
08-03 21:35:05.518 480 615 W SocketListener: sending broadcast to Pid = 1155, Uid = 1000
08-03 21:35:35.097 480 615 W SocketListener: sending broadcast to Pid = 1155, Uid = 1000
08-03 21:35:56.092 1155 1155 I chatty : uid=1000 system_server expire 12 lines
08-03 21:35:56.104 480 615 W SocketListener: sending broadcast to Pid = 1155, Uid = 1000
08-03 21:38:21.078 480 615 W SocketListener: sending broadcast to Pid = 1155, Uid = 1000
08-03 21:38:21.085 753 753 E wificond: Failed to get NL80211_RATE_INFO_NOISE
08-03 21:38:21.085 753 753 E wificond: Failed to get NL80211_RATE_INFO_SNR
08-03 21:38:21.085 753 753 E wificond: Failed to get NL80211_STA_INFO_CNAHLOAD
08-03 21:38:21.085 1155 6888 I chatty : uid=1000(system) Binder:1155_17 expire 9 lines
08-03 21:38:21.087 753 753 E wificond: Failed to get NL80211_RATE_INFO_NOISE
08-03 21:38:21.087 753 753 E wificond: Failed to get NL80211_RATE_INFO_SNR
08-03 21:38:21.087 753 753 E wificond: Failed to get NL80211_STA_INFO_CNAHLOAD
08-03 21:38:21.092 2243 3603 W ContextImpl: Calling a method in the system process without a qualified user: android.app.ContextImpl.sendBroadcast:1095 com.huawei.android.chr.ProtocolLogManager.setChrInfo2DbEx:1749 com.huawei.android.chr.ProtocolLogManager.setChrInfo2Db:1646 com.huawei.android.chr.network.ChrNetwork.setMmRejectEvent:1655 com.huawei.android.chr.network.ChrNetwork.handleMessage:404
08-03 21:38:27.107 2243 3603 W ContextImpl: Calling a method in the system process without a qualified user: android.app.ContextImpl.sendBroadcast:1095 com.huawei.android.chr.ProtocolLogManager.setChrInfo2DbEx:1749 com.huawei.android.chr.ProtocolLogManager.setChrInfo2Db:1646 com.huawei.android.chr.network.ChrNetwork.handleMmRejectInfo:729 com.huawei.android.chr.network.ChrNetwork.reportNetworkChr:907
08-03 21:38:32.054 1155 1273 I chatty : uid=1000(system) UEventObserver expire 2 lines
08-03 21:38:32.064 1155 1176 I chatty : uid=1000(system) batterystats-sy expire 2 lines
08-03 21:38:38.091 2243 3603 W ContextImpl: Calling a method in the system process without a qualified user: android.app.ContextImpl.sendBroadcast:1095 com.huawei.android.chr.ProtocolLogManager.setChrInfo2DbEx:1749 com.huawei.android.chr.ProtocolLogManager.setChrInfo2Db:1646 com.huawei.android.chr.network.ChrNetwork.handleMmRejectInfo:729 com.huawei.android.chr.network.ChrNetwork.reportNetworkChr:907
08-03 21:38:45.153 1155 6320 I chatty : uid=1000(system) Binder:1155_13 expire 3 lines
08-03 21:38:45.161 1429 1667 I HwNetworkPolicyManager: forceUpdatePolicy isRoaming = false
08-03 21:38:45.175 2278 2278 D Telephony-TelecomAccountRegistry: onServiceStateChanged0 newState : 1, mServiceState : 0
08-03 21:38:45.232 2278 2278 W SettingsEx: SettingsEx.Systemex.getString deprecated use Settings.System.getString instead ;callers=com.android.internal.telephony.gsm.HwCustGsmServiceStateManagerImpl.isMccForShowNetname:211 com.android.internal.telephony.gsm.HwCustGsmServiceStateManagerImpl.isShowNetnameByMcc:202 com.android.internal.telephony.gsm.HwCustGsmServiceStateManagerImpl.setOnsDisplayCustomization:153
08-03 21:38:45.240 1155 1155 I chatty : uid=1000 system_server expire 10 lines
08-03 21:38:45.265 1155 1581 I chatty : uid=1000(system) Binder:1155_7 expire 10 lines
08-03 21:38:45.266 1429 1667 I HwNetworkPolicyManager: forceUpdatePolicy isRoaming = false
08-03 21:38:45.277 2278 2278 D Telephony-TelecomAccountRegistry: onServiceStateChanged0 newState : 0, mServiceState : 1
08-03 21:38:45.277 2278 2278 I Telephony-PstnIncomingCallNotifier: Unregistering: Handler (com.android.internal.telephony.GsmCdmaPhone) {d35998c}
08-03 21:38:45.277 2278 2278 D Telephony-PstnPhoneCapabilitiesNotifier: Unregistering: Handler (com.android.internal.telephony.GsmCdmaPhone) {d35998c}
08-03 21:38:45.277 2278 2278 I Telephony-PstnIncomingCallNotifier: Unregistering: Handler (com.android.internal.telephony.GsmCdmaPhone) {2e338d5}
08-03 21:38:45.277 2278 2278 D Telephony-PstnPhoneCapabilitiesNotifier: Unregistering: Handler (com.android.internal.telephony.GsmCdmaPhone) {2e338d5}
08-03 21:38:45.277 2278 2278 D Telephony-TelecomAccountRegistry: onServiceStateChanged0 call setupAccounts
08-03 21:38:45.277 2278 2278 D Telephony-TelecomAccountRegistry: Found 2 phones. Attempting to register.
08-03 21:38:45.277 2278 2278 D Telephony-TelecomAccountRegistry: Phone with subscription id 0
08-03 21:38:45.316 2278 2278 I Telephony-TelecomAccountRegistry: Registered phoneAccount: [[ ] PhoneAccount: ComponentInfo{com.android.phone/com.android.services.telephony.TelephonyConnectionService}, [****], UserHandle{0} Capabilities: CallProvider MultiUser PlaceEmerg SimSub Audio Routes: BESW Schemes: tel voicemail Extras: null GroupId: [****]] with handle: ComponentInfo{com.android.phone/com.android.services.telephony.TelephonyConnectionService}, [****], UserHandle{0}
08-03 21:38:45.316 2278 2278 I Telephony-PstnIncomingCallNotifier: Registering: Handler (com.android.internal.telephony.GsmCdmaPhone) {d35998c}
08-03 21:38:45.316 2278 2278 D Telephony-PstnPhoneCapabilitiesNotifier: Registering: Handler (com.android.internal.telephony.GsmCdmaPhone) {d35998c}
08-03 21:38:45.316 2278 2278 D Telephony-TelecomAccountRegistry: Phone with subscription id 1
08-03 21:38:45.349 2278 2278 I Telephony-TelecomAccountRegistry: Registered phoneAccount: [[ ] PhoneAccount: ComponentInfo{com.android.phone/com.android.services.telephony.TelephonyConnectionService}, [****], UserHandle{0} Capabilities: CallProvider MultiUser PlaceEmerg SimSub Audio Routes: BESW Schemes: tel voicemail Extras: null GroupId: [****]] with handle: ComponentInfo{com.android.phone/com.android.services.telephony.TelephonyConnectionService}, [****], UserHandle{0}
08-03 21:38:45.349 2278 2278 I Telephony-PstnIncomingCallNotifier: Registering: Handler (com.android.internal.telephony.GsmCdmaPhone) {2e338d5}
08-03 21:38:45.349 2278 2278 D Telephony-PstnPhoneCapabilitiesNotifier: Registering: Handler (com.android.internal.telephony.GsmCdmaPhone) {2e338d5}
08-03 21:38:45.370 2278 2278 I Telephony-PstnPhoneCapabilitiesNotifier: handleVideoCapabilitesChanged. Video capability - false
08-03 21:38:45.390 1155 2346 I chatty : uid=1000(system) Binder:1155_B expire 10 lines
08-03 21:38:45.396 2278 2278 I Telephony-PstnPhoneCapabilitiesNotifier: handleVideoCapabilitesChanged. Video capability - false
08-03 21:38:48.098 2243 3603 W ContextImpl: Calling a method in the system process without a qualified user: android.app.ContextImpl.sendBroadcast:1095 com.huawei.android.chr.ProtocolLogManager.setChrInfo2DbEx:1749 com.huawei.android.chr.ProtocolLogManager.setChrInfo2Db:1646 com.huawei.android.chr.network.ChrNetwork.handleMmRejectInfo:729 com.huawei.android.chr.network.ChrNetwork.reportNetworkChr:907
08-03 21:39:47.115 480 615 W SocketListener: sending broadcast to Pid = 1155, Uid = 1000
08-03 21:39:47.116 1155 1313 I chatty : uid=1000(system) NetdConnector expire 10 lines
08-03 21:40:56.093 480 615 W SocketListener: sending broadcast to Pid = 1155, Uid = 1000
08-03 21:40:56.142 480 615 W SocketListener: sending broadcast to Pid = 1155, Uid = 1000
08-03 21:40:56.148 1155 1178 I chatty : uid=1000(system) android.fg expire 7 lines
08-03 21:43:56.081 480 615 W SocketListener: sending broadcast to Pid = 1155, Uid = 1000
08-03 21:43:56.088 753 753 E wificond: Failed to get NL80211_RATE_INFO_NOISE
08-03 21:43:56.088 753 753 E wificond: Failed to get NL80211_RATE_INFO_SNR
08-03 21:43:56.088 753 753 E wificond: Failed to get NL80211_STA_INFO_CNAHLOAD
08-03 21:43:56.090 753 753 E wificond: Failed to get NL80211_RATE_INFO_NOISE
08-03 21:43:56.090 753 753 E wificond: Failed to get NL80211_RATE_INFO_SNR
08-03 21:43:56.090 753 753 E wificond: Failed to get NL80211_STA_INFO_CNAHLOAD
08-03 21:43:56.097 2243 3603 W ContextImpl: Calling a method in the system process without a qualified user: android.app.ContextImpl.sendBroadcast:1095 com.huawei.android.chr.ProtocolLogManager.setChrInfo2DbEx:1749 com.huawei.android.chr.ProtocolLogManager.setChrInfo2Db:1646 com.huawei.android.chr.network.ChrNetwork.setMmRejectEvent:1655 com.huawei.android.chr.network.ChrNetwork.handleMessage:404
08-03 21:44:02.118 2243 3603 W ContextImpl: Calling a method in the system process without a qualified user: android.app.ContextImpl.sendBroadcast:1095 com.huawei.android.chr.ProtocolLogManager.setChrInfo2DbEx:1749 com.huawei.android.chr.ProtocolLogManager.setChrInfo2Db:1646 com.huawei.android.chr.network.ChrNetwork.handleMmRejectInfo:729 com.huawei.android.chr.network.ChrNetwork.reportNetworkChr:907
08-03 21:44:02.667 1155 2219 I chatty : uid=1000(system) watchdog expire 1 line
08-03 21:44:13.100 2243 3603 W ContextImpl: Calling a method in the system process without a qualified user: android.app.ContextImpl.sendBroadcast:1095 com.huawei.android.chr.ProtocolLogManager.setChrInfo2DbEx:1749 com.huawei.android.chr.ProtocolLogManager.setChrInfo2Db:1646 com.huawei.android.chr.network.ChrNetwork.handleMmRejectInfo:729 com.huawei.android.chr.network.ChrNetwork.reportNetworkChr:907
08-03 21:44:20.140 1155 1155 I chatty : uid=1000 system_server expire 13 lines
08-03 21:44:20.183 2278 2278 D Telephony-TelecomAccountRegistry: onServiceStateChanged0 newState : 1, mServiceState : 0
08-03 21:44:20.187 1155 2346 I chatty : uid=1000(system) Binder:1155_B expire 8 lines
08-03 21:44:20.187 1429 1667 I HwNetworkPolicyManager: forceUpdatePolicy isRoaming = false
08-03 21:44:20.223 2278 2278 W SettingsEx: SettingsEx.Systemex.getString deprecated use Settings.System.getString instead ;callers=com.android.internal.telephony.gsm.HwCustGsmServiceStateManagerImpl.isMccForShowNetname:211 com.android.internal.telephony.gsm.HwCustGsmServiceStateManagerImpl.isShowNetnameByMcc:202 com.android.internal.telephony.gsm.HwCustGsmServiceStateManagerImpl.setOnsDisplayCustomization:153
08-03 21:44:20.252 1155 8132 I chatty : uid=1000(system) Binder:1155_18 expire 10 lines
08-03 21:44:20.263 1429 1667 I HwNetworkPolicyManager: forceUpdatePolicy isRoaming = false
08-03 21:44:20.280 2278 2278 D Telephony-TelecomAccountRegistry: onServiceStateChanged0 newState : 0, mServiceState : 1
08-03 21:44:20.280 2278 2278 I Telephony-PstnIncomingCallNotifier: Unregistering: Handler (com.android.internal.telephony.GsmCdmaPhone) {d35998c}
08-03 21:44:20.280 2278 2278 D Telephony-PstnPhoneCapabilitiesNotifier: Unregistering: Handler (com.android.internal.telephony.GsmCdmaPhone) {d35998c}
08-03 21:44:20.280 2278 2278 I Telephony-PstnIncomingCallNotifier: Unregistering: Handler (com.android.internal.telephony.GsmCdmaPhone) {2e338d5}
08-03 21:44:20.280 2278 2278 D Telephony-PstnPhoneCapabilitiesNotifier: Unregistering: Handler (com.android.internal.telephony.GsmCdmaPhone) {2e338d5}
08-03 21:44:20.280 2278 2278 D Telephony-TelecomAccountRegistry: onServiceStateChanged0 call setupAccounts
08-03 21:44:20.280 2278 2278 D Telephony-TelecomAccountRegistry: Found 2 phones. Attempting to register.
08-03 21:44:20.280 2278 2278 D Telephony-TelecomAccountRegistry: Phone with subscription id 0
08-03 21:44:20.313 2278 2278 I Telephony-TelecomAccountRegistry: Registered phoneAccount: [[ ] PhoneAccount: ComponentInfo{com.android.phone/com.android.services.telephony.TelephonyConnectionService}, [****], UserHandle{0} Capabilities: CallProvider MultiUser PlaceEmerg SimSub Audio Routes: BESW Schemes: tel voicemail Extras: null GroupId: [****]] with handle: ComponentInfo{com.android.phone/com.android.services.telephony.TelephonyConnectionService}, [****], UserHandle{0}
08-03 21:44:20.313 2278 2278 I Telephony-PstnIncomingCallNotifier: Registering: Handler (com.android.internal.telephony.GsmCdmaPhone) {d35998c}
08-03 21:44:20.313 2278 2278 D Telephony-PstnPhoneCapabilitiesNotifier: Registering: Handler (com.android.internal.telephony.GsmCdmaPhone) {d35998c}
08-03 21:44:20.313 2278 2278 D Telephony-TelecomAccountRegistry: Phone with subscription id 1
08-03 21:44:20.345 2278 2278 I Telephony-TelecomAccountRegistry: Registered phoneAccount: [[ ] PhoneAccount: ComponentInfo{com.android.phone/com.android.services.telephony.TelephonyConnectionService}, [****], UserHandle{0} Capabilities: CallProvider MultiUser PlaceEmerg SimSub Audio Routes: BESW Schemes: tel voicemail Extras: null GroupId: [****]] with handle: ComponentInfo{com.android.phone/com.android.services.telephony.TelephonyConnectionService}, [****], UserHandle{0}
08-03 21:44:20.345 2278 2278 I Telephony-PstnIncomingCallNotifier: Registering: Handler (com.android.internal.telephony.GsmCdmaPhone) {2e338d5}
08-03 21:44:20.346 2278 2278 D Telephony-PstnPhoneCapabilitiesNotifier: Registering: Handler (com.android.internal.telephony.GsmCdmaPhone) {2e338d5}
08-03 21:44:20.368 2278 2278 I Telephony-PstnPhoneCapabilitiesNotifier: handleVideoCapabilitesChanged. Video capability - false
08-03 21:44:20.392 2278 2278 I Telephony-PstnPhoneCapabilitiesNotifier: handleVideoCapabilitesChanged. Video capability - false
08-03 21:44:23.093 2243 3603 W ContextImpl: Calling a method in the system process without a qualified user: android.app.ContextImpl.sendBroadcast:1095 com.huawei.android.chr.ProtocolLogManager.setChrInfo2DbEx:1749 com.huawei.android.chr.ProtocolLogManager.setChrInfo2Db:1646 com.huawei.android.chr.network.ChrNetwork.handleMmRejectInfo:729 com.huawei.android.chr.network.ChrNetwork.reportNetworkChr:907
08-03 21:44:47.100 480 615 W SocketListener: sending broadcast to Pid = 1155, Uid = 1000
08-03 21:45:56.079 480 615 W SocketListener: sending broadcast to Pid = 1155, Uid = 1000
08-03 21:45:56.081 1155 1313 I chatty : uid=1000(system) NetdConnector expire 8 lines
08-03 21:45:56.097 480 615 W SocketListener: sending broadcast to Pid = 1155, Uid = 1000
08-03 21:46:46.091 480 615 W SocketListener: sending broadcast to Pid = 1155, Uid = 1000
08-03 21:46:46.097 753 753 E wificond: Failed to get NL80211_RATE_INFO_NOISE
08-03 21:46:46.097 753 753 E wificond: Failed to get NL80211_RATE_INFO_SNR
08-03 21:46:46.097 753 753 E wificond: Failed to get NL80211_STA_INFO_CNAHLOAD
08-03 21:46:46.100 753 753 E wificond: Failed to get NL80211_RATE_INFO_NOISE
08-03 21:46:46.100 753 753 E wificond: Failed to get NL80211_RATE_INFO_SNR
08-03 21:46:46.100 753 753 E wificond: Failed to get NL80211_STA_INFO_CNAHLOAD
08-03 21:49:22.182 2243 3603 W ContextImpl: Calling a method in the system process without a qualified user: android.app.ContextImpl.sendBroadcast:1095 com.huawei.android.chr.ProtocolLogManager.setChrInfo2DbEx:1749 com.huawei.android.chr.ProtocolLogManager.setChrInfo2Db:1646 com.huawei.android.chr.network.ChrNetwork.setMmRejectEvent:1655 com.huawei.android.chr.network.ChrNetwork.handleMessage:404
08-03 21:49:28.115 753 753 E wificond: Failed to get NL80211_RATE_INFO_NOISE
08-03 21:49:28.115 753 753 E wificond: Failed to get NL80211_RATE_INFO_SNR
08-03 21:49:28.115 753 753 E wificond: Failed to get NL80211_STA_INFO_CNAHLOAD
08-03 21:49:28.118 753 753 E wificond: Failed to get NL80211_RATE_INFO_NOISE
08-03 21:49:28.118 753 753 E wificond: Failed to get NL80211_RATE_INFO_SNR
08-03 21:49:28.118 753 753 E wificond: Failed to get NL80211_STA_INFO_CNAHLOAD
08-03 21:49:38.093 2243 3603 W ContextImpl: Calling a method in the system process without a qualified user: android.app.ContextImpl.sendBroadcast:1095 com.huawei.android.chr.ProtocolLogManager.setChrInfo2DbEx:1749 com.huawei.android.chr.ProtocolLogManager.setChrInfo2Db:1646 com.huawei.android.chr.network.ChrNetwork.handleMmRejectInfo:729 com.huawei.android.chr.network.ChrNetwork.reportNetworkChr:907
08-03 21:49:46.094 1155 1155 I chatty : uid=1000 system_server expire 3 lines
08-03 21:49:46.121 1155 8132 I chatty : uid=1000(system) Binder:1155_18 expire 16 lines
08-03 21:49:46.134 480 615 W SocketListener: sending broadcast to Pid = 1155, Uid = 1000
08-03 21:49:46.137 1429 1667 I HwNetworkPolicyManager: forceUpdatePolicy isRoaming = false
08-03 21:49:46.151 1155 6888 I chatty : uid=1000(system) Binder:1155_17 expire 7 lines
08-03 21:49:46.158 2278 2278 D Telephony-TelecomAccountRegistry: onServiceStateChanged0 newState : 1, mServiceState : 0
08-03 21:49:46.205 2278 2278 W SettingsEx: SettingsEx.Systemex.getString deprecated use Settings.System.getString instead ;callers=com.android.internal.telephony.gsm.HwCustGsmServiceStateManagerImpl.isMccForShowNetname:211 com.android.internal.telephony.gsm.HwCustGsmServiceStateManagerImpl.isShowNetnameByMcc:202 com.android.internal.telephony.gsm.HwCustGsmServiceStateManagerImpl.setOnsDisplayCustomization:153
08-03 21:49:46.213 1155 1155 I chatty : uid=1000 system_server expire 12 lines
08-03 21:49:46.224 1155 1171 I chatty : uid=1000(system) ActivityManager expire 6 lines
08-03 21:49:46.232 1429 1667 I HwNetworkPolicyManager: forceUpdatePolicy isRoaming = false
08-03 21:49:46.251 2278 2278 D Telephony-TelecomAccountRegistry: onServiceStateChanged0 newState : 0, mServiceState : 1
08-03 21:49:46.252 2278 2278 I Telephony-PstnIncomingCallNotifier: Unregistering: Handler (com.android.internal.telephony.GsmCdmaPhone) {d35998c}
08-03 21:49:46.252 2278 2278 D Telephony-PstnPhoneCapabilitiesNotifier: Unregistering: Handler (com.android.internal.telephony.GsmCdmaPhone) {d35998c}
08-03 21:49:46.252 2278 2278 I Telephony-PstnIncomingCallNotifier: Unregistering: Handler (com.android.internal.telephony.GsmCdmaPhone) {2e338d5}
08-03 21:49:46.252 2278 2278 D Telephony-PstnPhoneCapabilitiesNotifier: Unregistering: Handler (com.android.internal.telephony.GsmCdmaPhone) {2e338d5}
08-03 21:49:46.252 2278 2278 D Telephony-TelecomAccountRegistry: onServiceStateChanged0 call setupAccounts
08-03 21:49:46.252 2278 2278 D Telephony-TelecomAccountRegistry: Found 2 phones. Attempting to register.
08-03 21:49:46.252 2278 2278 D Telephony-TelecomAccountRegistry: Phone with subscription id 0
08-03 21:49:46.282 1155 6503 I chatty : uid=1000(system) Binder:1155_14 expire 11 lines
08-03 21:49:46.288 2278 2278 I Telephony-TelecomAccountRegistry: Registered phoneAccount: [[ ] PhoneAccount: ComponentInfo{com.android.phone/com.android.services.telephony.TelephonyConnectionService}, [****], UserHandle{0} Capabilities: CallProvider MultiUser PlaceEmerg SimSub Audio Routes: BESW Schemes: tel voicemail Extras: null GroupId: [****]] with handle: ComponentInfo{com.android.phone/com.android.services.telephony.TelephonyConnectionService}, [****], UserHandle{0}
08-03 21:49:46.289 2278 2278 I Telephony-PstnIncomingCallNotifier: Registering: Handler (com.android.internal.telephony.GsmCdmaPhone) {d35998c}
08-03 21:49:46.289 2278 2278 D Telephony-PstnPhoneCapabilitiesNotifier: Registering: Handler (com.android.internal.telephony.GsmCdmaPhone) {d35998c}
08-03 21:49:46.289 2278 2278 D Telephony-TelecomAccountRegistry: Phone with subscription id 1
08-03 21:49:46.329 2278 2278 I Telephony-TelecomAccountRegistry: Registered phoneAccount: [[ ] PhoneAccount: ComponentInfo{com.android.phone/com.android.services.telephony.TelephonyConnectionService}, [****], UserHandle{0} Capabilities: CallProvider MultiUser PlaceEmerg SimSub Audio Routes: BESW Schemes: tel voicemail Extras: null GroupId: [****]] with handle: ComponentInfo{com.android.phone/com.android.services.telephony.TelephonyConnectionService}, [****], UserHandle{0}
08-03 21:49:46.329 2278 2278 I Telephony-PstnIncomingCallNotifier: Registering: Handler (com.android.internal.telephony.GsmCdmaPhone) {2e338d5}
08-03 21:49:46.330 2278 2278 D Telephony-PstnPhoneCapabilitiesNotifier: Registering: Handler (com.android.internal.telephony.GsmCdmaPhone) {2e338d5}
08-03 21:49:46.353 2278 2278 I Telephony-PstnPhoneCapabilitiesNotifier: handleVideoCapabilitesChanged. Video capability - false
08-03 21:49:46.381 2278 2278 I Telephony-PstnPhoneCapabilitiesNotifier: handleVideoCapabilitesChanged. Video capability - false
08-03 21:49:50.100 2243 3603 W ContextImpl: Calling a method in the system process without a qualified user: android.app.ContextImpl.sendBroadcast:1095 com.huawei.android.chr.ProtocolLogManager.setChrInfo2DbEx:1749 com.huawei.android.chr.ProtocolLogManager.setChrInfo2Db:1646 com.huawei.android.chr.network.ChrNetwork.handleMmRejectInfo:729 com.huawei.android.chr.network.ChrNetwork.reportNetworkChr:907
08-03 21:50:00.087 753 753 E wificond: Failed to get NL80211_RATE_INFO_NOISE
08-03 21:50:00.087 753 753 E wificond: Failed to get NL80211_RATE_INFO_SNR
08-03 21:50:00.087 753 753 E wificond: Failed to get NL80211_STA_INFO_CNAHLOAD
08-03 21:50:00.090 753 753 E wificond: Failed to get NL80211_RATE_INFO_NOISE
08-03 21:50:00.090 753 753 E wificond: Failed to get NL80211_RATE_INFO_SNR
08-03 21:50:00.090 753 753 E wificond: Failed to get NL80211_STA_INFO_CNAHLOAD
08-03 21:50:57.084 480 615 W SocketListener: sending broadcast to Pid = 1155, Uid = 1000
08-03 21:50:57.090 1155 1313 I chatty : uid=1000(system) NetdConnector expire 10 lines
08-03 21:50:57.092 1155 1178 I chatty : uid=1000(system) android.fg expire 8 lines
08-03 21:50:57.129 480 615 W SocketListener: sending broadcast to Pid = 1155, Uid = 1000
08-03 21:50:57.138 1155 2346 I chatty : uid=1000(system) Binder:1155_B expire 9 lines
08-03 21:50:57.147 1155 6503 I chatty : uid=1000(system) Binder:1155_14 expire 9 lines
08-03 21:54:47.079 480 615 W SocketListener: sending broadcast to Pid = 1155, Uid = 1000
08-03 21:54:47.085 1155 6320 I chatty : uid=1000(system) Binder:1155_13 expire 10 lines
08-03 21:54:47.167 480 615 W SocketListener: sending broadcast to Pid = 1155, Uid = 1000
08-03 21:54:50.086 2243 3603 W ContextImpl: Calling a method in the system process without a qualified user: android.app.ContextImpl.sendBroadcast:1095 com.huawei.android.chr.ProtocolLogManager.setChrInfo2DbEx:1749 com.huawei.android.chr.ProtocolLogManager.setChrInfo2Db:1646 com.huawei.android.chr.network.ChrNetwork.setMmRejectEvent:1655 com.huawei.android.chr.network.ChrNetwork.handleMessage:404
08-03 21:54:56.122 2243 3603 W ContextImpl: Calling a method in the system process without a qualified user: android.app.ContextImpl.sendBroadcast:1095 com.huawei.android.chr.ProtocolLogManager.setChrInfo2DbEx:1749 com.huawei.android.chr.ProtocolLogManager.setChrInfo2Db:1646 com.huawei.android.chr.network.ChrNetwork.handleMmRejectInfo:729 com.huawei.android.chr.network.ChrNetwork.reportNetworkChr:907
08-03 21:55:01.542 480 615 W SocketListener: sending broadcast to Pid = 1155, Uid = 1000
08-03 21:55:06.101 2243 3603 W ContextImpl: Calling a method in the system process without a qualified user: android.app.ContextImpl.sendBroadcast:1095 com.huawei.android.chr.ProtocolLogManager.setChrInfo2DbEx:1749 com.huawei.android.chr.ProtocolLogManager.setChrInfo2Db:1646 com.huawei.android.chr.network.ChrNetwork.handleMmRejectInfo:729 com.huawei.android.chr.network.ChrNetwork.reportNetworkChr:907
08-03 21:55:14.077 1155 2219 I chatty : uid=1000(system) watchdog expire 1 line
08-03 21:55:14.145 1155 1155 I chatty : uid=1000 system_server expire 13 lines
08-03 21:55:14.184 1429 1667 I HwNetworkPolicyManager: forceUpdatePolicy isRoaming = false
08-03 21:55:14.198 2278 2278 D Telephony-TelecomAccountRegistry: onServiceStateChanged0 newState : 1, mServiceState : 0
08-03 21:55:14.238 2278 2278 W SettingsEx: SettingsEx.Systemex.getString deprecated use Settings.System.getString instead ;callers=com.android.internal.telephony.gsm.HwCustGsmServiceStateManagerImpl.isMccForShowNetname:211 com.android.internal.telephony.gsm.HwCustGsmServiceStateManagerImpl.isShowNetnameByMcc:202 com.android.internal.telephony.gsm.HwCustGsmServiceStateManagerImpl.setOnsDisplayCustomization:153
08-03 21:55:14.269 753 753 E wificond: Failed to get NL80211_RATE_INFO_NOISE
08-03 21:55:14.269 753 753 E wificond: Failed to get NL80211_RATE_INFO_SNR
08-03 21:55:14.269 753 753 E wificond: Failed to get NL80211_STA_INFO_CNAHLOAD
08-03 21:55:14.271 753 753 E wificond: Failed to get NL80211_RATE_INFO_NOISE
08-03 21:55:14.271 753 753 E wificond: Failed to get NL80211_RATE_INFO_SNR
08-03 21:55:14.271 753 753 E wificond: Failed to get NL80211_STA_INFO_CNAHLOAD
08-03 21:55:14.289 2278 2278 D Telephony-TelecomAccountRegistry: onServiceStateChanged0 newState : 0, mServiceState : 1
08-03 21:55:14.289 2278 2278 I Telephony-PstnIncomingCallNotifier: Unregistering: Handler (com.android.internal.telephony.GsmCdmaPhone) {d35998c}
08-03 21:55:14.289 2278 2278 D Telephony-PstnPhoneCapabilitiesNotifier: Unregistering: Handler (com.android.internal.telephony.GsmCdmaPhone) {d35998c}
08-03 21:55:14.289 2278 2278 I Telephony-PstnIncomingCallNotifier: Unregistering: Handler (com.android.internal.telephony.GsmCdmaPhone) {2e338d5}
08-03 21:55:14.289 2278 2278 D Telephony-PstnPhoneCapabilitiesNotifier: Unregistering: Handler (com.android.internal.telephony.GsmCdmaPhone) {2e338d5}
08-03 21:55:14.289 2278 2278 D Telephony-TelecomAccountRegistry: onServiceStateChanged0 call setupAccounts
08-03 21:55:14.289 2278 2278 D Telephony-TelecomAccountRegistry: Found 2 phones. Attempting to register.
08-03 21:55:14.289 2278 2278 D Telephony-TelecomAccountRegistry: Phone with subscription id 0
08-03 21:55:14.293 1429 1667 I HwNetworkPolicyManager: forceUpdatePolicy isRoaming = false
08-03 21:55:14.333 2278 2278 I Telephony-TelecomAccountRegistry: Registered phoneAccount: [[ ] PhoneAccount: ComponentInfo{com.android.phone/com.android.services.telephony.TelephonyConnectionService}, [****], UserHandle{0} Capabilities: CallProvider MultiUser PlaceEmerg SimSub Audio Routes: BESW Schemes: tel voicemail Extras: null GroupId: [****]] with handle: ComponentInfo{com.android.phone/com.android.services.telephony.TelephonyConnectionService}, [****], UserHandle{0}
08-03 21:55:14.333 2278 2278 I Telephony-PstnIncomingCallNotifier: Registering: Handler (com.android.internal.telephony.GsmCdmaPhone) {d35998c}
08-03 21:55:14.333 2278 2278 D Telephony-PstnPhoneCapabilitiesNotifier: Registering: Handler (com.android.internal.telephony.GsmCdmaPhone) {d35998c}
08-03 21:55:14.333 2278 2278 D Telephony-TelecomAccountRegistry: Phone with subscription id 1
08-03 21:55:14.365 2278 2278 I Telephony-TelecomAccountRegistry: Registered phoneAccount: [[ ] PhoneAccount: ComponentInfo{com.android.phone/com.android.services.telephony.TelephonyConnectionService}, [****], UserHandle{0} Capabilities: CallProvider MultiUser PlaceEmerg SimSub Audio Routes: BESW Schemes: tel voicemail Extras: null GroupId: [****]] with handle: ComponentInfo{com.android.phone/com.android.services.telephony.TelephonyConnectionService}, [****], UserHandle{0}
08-03 21:55:14.365 2278 2278 I Telephony-PstnIncomingCallNotifier: Registering: Handler (com.android.internal.telephony.GsmCdmaPhone) {2e338d5}
08-03 21:55:14.365 2278 2278 D Telephony-PstnPhoneCapabilitiesNotifier: Registering: Handler (com.android.internal.telephony.GsmCdmaPhone) {2e338d5}
08-03 21:55:14.368 1155 6320 I chatty : uid=1000(system) Binder:1155_13 expire 6 lines
08-03 21:55:14.388 2278 2278 I Telephony-PstnPhoneCapabilitiesNotifier: handleVideoCapabilitesChanged. Video capability - false
08-03 21:55:14.412 2278 2278 I Telephony-PstnPhoneCapabilitiesNotifier: handleVideoCapabilitesChanged. Video capability - false
08-03 21:55:17.121 2243 3603 W ContextImpl: Calling a method in the system process without a qualified user: android.app.ContextImpl.sendBroadcast:1095 com.huawei.android.chr.ProtocolLogManager.setChrInfo2DbEx:1749 com.huawei.android.chr.ProtocolLogManager.setChrInfo2Db:1646 com.huawei.android.chr.network.ChrNetwork.handleMmRejectInfo:729 com.huawei.android.chr.network.ChrNetwork.reportNetworkChr:907
08-03 21:55:57.114 480 615 W SocketListener: sending broadcast to Pid = 1155, Uid = 1000
08-03 21:55:57.115 1155 1313 I chatty : uid=1000(system) NetdConnector expire 12 lines
08-03 21:59:47.092 480 615 W SocketListener: sending broadcast to Pid = 1155, Uid = 1000
08-03 21:59:47.161 480 615 W SocketListener: sending broadcast to Pid = 1155, Uid = 1000
08-03 21:59:54.093 1155 1291 I chatty : uid=1000(system) InputReader expire 6 lines
08-03 21:59:54.098 1155 1183 I chatty : uid=1000(system) PowerManagerSer expire 6 lines
08-03 21:59:54.125 1155 1303 I chatty : uid=1000(system) StorageManagerS expire 2 lines
08-03 21:59:54.126 425 453 I vold : TrimTask running tasks: 0
08-03 21:59:54.128 1155 1306 I chatty : uid=1000(system) VoldConnector expire 1 line
08-03 21:59:54.128 1155 1155 I chatty : uid=1000 system_server expire 62 lines
08-03 21:59:54.139 1155 1267 I chatty : uid=1000(system) android.anim expire 4 lines
08-03 21:59:54.144 1155 1400 I chatty : uid=1000(system) PhotonicModulat expire 1 line
08-03 21:59:54.145 1155 1180 I chatty : uid=1000(system) android.display expire 4 lines
08-03 21:59:54.158 1155 2762 I chatty : uid=1000(system) Binder:1155_D expire 9 lines
08-03 21:59:54.162 1155 1315 I chatty : uid=1000(system) NetworkPolicy expire 1 line
08-03 21:59:54.183 753 753 E wificond: Failed to get NL80211_RATE_INFO_NOISE
08-03 21:59:54.183 753 753 E wificond: Failed to get NL80211_RATE_INFO_SNR
08-03 21:59:54.183 753 753 E wificond: Failed to get NL80211_STA_INFO_CNAHLOAD
08-03 21:59:54.210 1155 1580 I chatty : uid=1000(system) Binder:1155_6 expire 4 lines
08-03 21:59:54.229 1155 1330 I chatty : uid=1000(system) WifiP2pService expire 5 lines
08-03 21:59:54.244 1155 1581 I chatty : uid=1000(system) Binder:1155_7 expire 5 lines
08-03 21:59:54.287 2278 2278 W SettingsEx: SettingsEx.Systemex.getString deprecated use Settings.System.getString instead ;callers=com.android.internal.telephony.gsm.HwCustGsmServiceStateManagerImpl.isMccForShowNetname:211 com.android.internal.telephony.gsm.HwCustGsmServiceStateManagerImpl.isShowNetnameByMcc:202 com.android.internal.telephony.gsm.HwCustGsmServiceStateManagerImpl.setOnsDisplayCustomization:153
08-03 21:59:54.315 1155 1168 I chatty : uid=1000(system) android.bg expire 6 lines
08-03 21:59:54.344 2278 2278 D Telephony-TelecomAccountRegistry: onServiceStateChanged0 newState : 0, mServiceState : 0
08-03 21:59:54.348 1429 1667 I HwNetworkPolicyManager: forceUpdatePolicy isRoaming = false
08-03 21:59:54.372 1155 1172 I chatty : uid=1000(system) android.ui expire 2 lines
08-03 21:59:54.559 1155 1166 I chatty : uid=1000(system) Binder:1155_2 expire 10 lines
08-03 21:59:54.588 1155 1168 I chatty : uid=1000(system) android.bg expire 32 lines
08-03 21:59:54.601 1155 8132 I chatty : uid=1000(system) Binder:1155_18 expire 4 lines
08-03 21:59:54.623 1155 1155 I chatty : uid=1000 system_server expire 87 lines
08-03 21:59:54.708 2575 10348 W ContextImpl: Calling a method in the system process without a qualified user: android.app.ContextImpl.bindService:1736 android.content.ContextWrapper.bindService:678 com.huawei.nb.dataservice.dsclient.RemoteServiceConnection.open:90 com.huawei.nb.dataservice.dsclient.DataServiceProxy.connect:105 com.huawei.nb.dataservice.rsclient.internal.RemoteRuleService.start:27
08-03 21:59:54.809 1155 1580 I chatty : uid=1000(system) Binder:1155_6 expire 11 lines
08-03 21:59:54.872 1155 6505 I chatty : uid=1000(system) Binder:1155_15 expire 2 lines
08-03 21:59:54.936 1155 1581 I chatty : uid=1000(system) Binder:1155_7 expire 9 lines
08-03 21:59:54.960 1155 6503 I chatty : uid=1000(system) Binder:1155_14 expire 3 lines
08-03 21:59:55.030 1155 1165 I chatty : uid=1000(system) Binder:1155_1 expire 8 lines
08-03 21:59:55.091 14376 14376 D ActivityThread: ActivityThread,attachApplication
08-03 21:59:55.206 14397 14397 D ActivityThread: ActivityThread,attachApplication
08-03 21:59:55.208 1155 2762 I chatty : uid=1000(system) Binder:1155_D expire 3 lines
08-03 21:59:55.219 1155 2346 I chatty : uid=1000(system) Binder:1155_B expire 8 lines
08-03 21:59:55.422 1155 6888 I chatty : uid=1000(system) Binder:1155_17 expire 5 lines
08-03 21:59:55.423 1155 1172 I chatty : uid=1000(system) android.ui expire 30 lines
08-03 21:59:55.554 14376 14376 D ActivityThread: Loading provider com.google.android.gm.sapi: com.google.android.gm.sapi.SapiUiProvider
08-03 21:59:56.260 14502 14502 D ActivityThread: ActivityThread,attachApplication
08-03 21:59:56.398 1155 1155 I chatty : uid=1000 system_server expire 20 lines
08-03 21:59:56.403 1155 2346 I chatty : uid=1000(system) Binder:1155_B expire 11 lines
08-03 21:59:56.404 1155 1581 I chatty : uid=1000(system) Binder:1155_7 expire 16 lines
08-03 21:59:56.409 1155 1580 I chatty : uid=1000(system) Binder:1155_6 expire 1 line
08-03 21:59:56.416 1155 8132 I chatty : uid=1000(system) Binder:1155_18 expire 7 lines
08-03 21:59:56.422 1155 2762 I chatty : uid=1000(system) Binder:1155_D expire 3 lines
08-03 21:59:56.431 1155 1166 I chatty : uid=1000(system) Binder:1155_2 expire 7 lines
08-03 21:59:56.685 1155 1333 I chatty : uid=1000(system) ConnectivitySer expire 5 lines
08-03 21:59:56.772 1155 1168 I chatty : uid=1000(system) android.bg expire 2 lines
08-03 21:59:56.992 1155 6503 I chatty : uid=1000(system) Binder:1155_14 expire 1 line
08-03 21:59:56.995 1155 6888 I chatty : uid=1000(system) Binder:1155_17 expire 6 lines
08-03 21:59:57.194 1155 1165 I chatty : uid=1000(system) Binder:1155_1 expire 3 lines
08-03 21:59:57.195 753 753 E wificond: Failed to get NL80211_RATE_INFO_NOISE
08-03 21:59:57.196 753 753 E wificond: Failed to get NL80211_RATE_INFO_SNR
08-03 21:59:57.196 753 753 E wificond: Failed to get NL80211_STA_INFO_CNAHLOAD
08-03 21:59:57.224 2278 2278 W SettingsEx: SettingsEx.Systemex.getString deprecated use Settings.System.getString instead ;callers=com.android.internal.telephony.gsm.HwCustGsmServiceStateManagerImpl.isMccForShowNetname:211 com.android.internal.telephony.gsm.HwCustGsmServiceStateManagerImpl.isShowNetnameByMcc:202 com.android.internal.telephony.gsm.HwCustGsmServiceStateManagerImpl.setOnsDisplayCustomization:153
08-03 21:59:57.270 1155 1171 I chatty : uid=1000(system) ActivityManager expire 3 lines
08-03 21:59:57.317 2278 2278 D Telephony-TelecomAccountRegistry: onServiceStateChanged1 newState : 0, mServiceState : 0
08-03 21:59:58.540 1155 1291 I chatty : uid=1000(system) InputReader expire 2 lines
08-03 21:59:58.563 14671 14671 D ActivityThread: ActivityThread,attachApplication
08-03 21:59:58.698 1155 1183 I chatty : uid=1000(system) PowerManagerSer expire 11 lines
08-03 21:59:58.917 1155 1400 I chatty : uid=1000(system) PhotonicModulat expire 1 line
08-03 21:59:58.917 1155 1180 I chatty : uid=1000(system) android.display expire 3 lines
08-03 21:59:58.945 1155 1155 I chatty : uid=1000 system_server expire 3 lines
08-03 21:59:58.959 1155 6888 I chatty : uid=1000(system) Binder:1155_17 expire 1 line
08-03 21:59:58.976 1155 1580 I chatty : uid=1000(system) Binder:1155_6 expire 1 line
08-03 21:59:59.028 1155 1330 I chatty : uid=1000(system) WifiP2pService expire 6 lines
08-03 21:59:59.046 1155 1155 I chatty : uid=1000 system_server expire 1 line
08-03 21:59:59.118 1155 1172 I chatty : uid=1000(system) android.ui expire 1 line
08-03 21:59:59.144 1155 1166 I chatty : uid=1000(system) Binder:1155_2 expire 3 lines
08-03 21:59:59.185 2575 10988 W ContextImpl: Calling a method in the system process without a qualified user: android.app.ContextImpl.bindService:1736 android.content.ContextWrapper.bindService:678 com.huawei.nb.dataservice.dsclient.RemoteServiceConnection.open:90 com.huawei.nb.dataservice.dsclient.DataServiceProxy.connect:105 com.huawei.nb.dataservice.rsclient.internal.RemoteRuleService.start:27
08-03 21:59:59.185 753 753 E wificond: Failed to get NL80211_RATE_INFO_NOISE
08-03 21:59:59.185 753 753 E wificond: Failed to get NL80211_RATE_INFO_SNR
08-03 21:59:59.185 753 753 E wificond: Failed to get NL80211_STA_INFO_CNAHLOAD
08-03 21:59:59.191 753 753 E wificond: Failed to get NL80211_RATE_INFO_NOISE
08-03 21:59:59.191 753 753 E wificond: Failed to get NL80211_RATE_INFO_SNR
08-03 21:59:59.191 753 753 E wificond: Failed to get NL80211_STA_INFO_CNAHLOAD
08-03 21:59:59.265 1155 2346 I chatty : uid=1000(system) Binder:1155_B expire 2 lines
08-03 21:59:59.318 1155 6888 I chatty : uid=1000(system) Binder:1155_17 expire 4 lines
08-03 21:59:59.343 1155 1166 I chatty : uid=1000(system) Binder:1155_2 expire 1 line
08-03 21:59:59.837 1155 1581 I chatty : uid=1000(system) Binder:1155_7 expire 2 lines
08-03 21:59:59.846 1155 6320 I chatty : uid=1000(system) Binder:1155_13 expire 2 lines
08-03 21:59:59.871 1155 8132 I chatty : uid=1000(system) Binder:1155_18 expire 2 lines
08-03 21:59:59.914 1155 6888 I chatty : uid=1000(system) Binder:1155_17 expire 15 lines
08-03 21:59:59.953 1155 6320 I chatty : uid=1000(system) Binder:1155_13 expire 2 lines
08-03 22:00:00.002 1155 1155 I chatty : uid=1000 system_server expire 11 lines
08-03 22:00:00.005 1155 8132 I chatty : uid=1000(system) Binder:1155_18 expire 1 line
08-03 22:00:00.054 1155 1581 I chatty : uid=1000(system) Binder:1155_7 expire 19 lines
08-03 22:00:00.744 1155 1168 I chatty : uid=1000(system) android.bg expire 1 line
08-03 22:00:01.094 1155 1165 I chatty : uid=1000(system) Binder:1155_1 expire 10 lines
08-03 22:00:05.034 1155 1313 I chatty : uid=1000(system) NetdConnector expire 10 lines
08-03 22:00:07.192 753 753 E wificond: Failed to get NL80211_RATE_INFO_NOISE
08-03 22:00:07.192 753 753 E wificond: Failed to get NL80211_RATE_INFO_SNR
08-03 22:00:07.192 753 753 E wificond: Failed to get NL80211_STA_INFO_CNAHLOAD
08-03 22:00:07.194 753 753 E wificond: Failed to get NL80211_RATE_INFO_NOISE
08-03 22:00:07.194 753 753 E wificond: Failed to get NL80211_RATE_INFO_SNR
08-03 22:00:07.194 753 753 E wificond: Failed to get NL80211_STA_INFO_CNAHLOAD
08-03 22:00:14.125 480 615 W SocketListener: sending broadcast to Pid = 1155, Uid = 1000
08-03 22:00:14.128 1155 1178 I chatty : uid=1000(system) android.fg expire 7 lines
08-03 22:00:14.132 1155 1581 I chatty : uid=1000(system) Binder:1155_7 expire 7 lines
08-03 22:00:15.970 2243 3603 W ContextImpl: Calling a method in the system process without a qualified user: android.app.ContextImpl.sendBroadcast:1095 com.huawei.android.chr.ProtocolLogManager.setChrInfo2DbEx:1749 com.huawei.android.chr.ProtocolLogManager.setChrInfo2Db:1646 com.huawei.android.chr.network.ChrNetwork.setMmRejectEvent:1655 com.huawei.android.chr.network.ChrNetwork.handleMessage:404
08-03 22:00:17.828 753 753 E wificond: Failed to get NL80211_RATE_INFO_NOISE
08-03 22:00:17.828 753 753 E wificond: Failed to get NL80211_RATE_INFO_SNR
08-03 22:00:17.828 753 753 E wificond: Failed to get NL80211_STA_INFO_CNAHLOAD
08-03 22:00:17.831 753 753 E wificond: Failed to get NL80211_RATE_INFO_NOISE
08-03 22:00:17.831 753 753 E wificond: Failed to get NL80211_RATE_INFO_SNR
08-03 22:00:17.831 753 753 E wificond: Failed to get NL80211_STA_INFO_CNAHLOAD
08-03 22:00:24.255 1155 2346 I chatty : uid=1000(system) Binder:1155_B expire 3 lines
08-03 22:00:25.070 2243 3603 W ContextImpl: Calling a method in the system process without a qualified user: android.app.ContextImpl.sendBroadcast:1095 com.huawei.android.chr.ProtocolLogManager.setChrInfo2DbEx:1749 com.huawei.android.chr.ProtocolLogManager.setChrInfo2Db:1646 com.huawei.android.chr.network.ChrNetwork.handleMmRejectInfo:729 com.huawei.android.chr.network.ChrNetwork.reportNetworkChr:907
08-03 22:00:25.080 1155 6505 I chatty : uid=1000(system) Binder:1155_15 expire 3 lines
08-03 22:00:26.874 480 615 W SocketListener: sending broadcast to Pid = 1155, Uid = 1000
08-03 22:00:26.877 1155 1313 I chatty : uid=1000(system) NetdConnector expire 10 lines
08-03 22:00:27.591 1155 1171 I chatty : uid=1000(system) ActivityManager expire 2 lines
08-03 22:00:27.655 1155 6888 I chatty : uid=1000(system) Binder:1155_17 expire 10 lines
08-03 22:00:27.655 1155 1333 I chatty : uid=1000(system) ConnectivitySer expire 2 lines
08-03 22:00:27.656 1155 1165 I chatty : uid=1000(system) Binder:1155_1 expire 11 lines
08-03 22:00:28.063 1155 2219 I chatty : uid=1000(system) watchdog expire 1 line
08-03 22:00:28.158 1155 1155 I chatty : uid=1000 system_server expire 16 lines
08-03 22:00:32.280 2243 3603 W ContextImpl: Calling a method in the system process without a qualified user: android.app.ContextImpl.sendBroadcast:1095 com.huawei.android.chr.ProtocolLogManager.setChrInfo2DbEx:1749 com.huawei.android.chr.ProtocolLogManager.setChrInfo2Db:1646 com.huawei.android.chr.network.ChrNetwork.handleMmRejectInfo:729 com.huawei.android.chr.network.ChrNetwork.reportNetworkChr:907
08-03 22:00:32.615 753 753 E wificond: Failed to get NL80211_RATE_INFO_NOISE
08-03 22:00:32.615 753 753 E wificond: Failed to get NL80211_RATE_INFO_SNR
08-03 22:00:32.615 753 753 E wificond: Failed to get NL80211_STA_INFO_CNAHLOAD
08-03 22:00:32.617 753 753 E wificond: Failed to get NL80211_RATE_INFO_NOISE
08-03 22:00:32.617 753 753 E wificond: Failed to get NL80211_RATE_INFO_SNR
08-03 22:00:32.617 753 753 E wificond: Failed to get NL80211_STA_INFO_CNAHLOAD
08-03 22:00:40.183 2278 2278 W SettingsEx: SettingsEx.Systemex.getString deprecated use Settings.System.getString instead ;callers=com.android.internal.telephony.gsm.HwCustGsmServiceStateManagerImpl.isMccForShowNetname:211 com.android.internal.telephony.gsm.HwCustGsmServiceStateManagerImpl.isShowNetnameByMcc:202 com.android.internal.telephony.gsm.HwCustGsmServiceStateManagerImpl.setOnsDisplayCustomization:153
08-03 22:00:40.211 2278 2278 D Telephony-TelecomAccountRegistry: onServiceStateChanged0 newState : 0, mServiceState : 0
08-03 22:00:40.228 1429 1667 I HwNetworkPolicyManager: forceUpdatePolicy isRoaming = false
08-03 22:00:44.118 2243 3603 W ContextImpl: Calling a method in the system process without a qualified user: android.app.ContextImpl.sendBroadcast:1095 com.huawei.android.chr.ProtocolLogManager.setChrInfo2DbEx:1749 com.huawei.android.chr.ProtocolLogManager.setChrInfo2Db:1646 com.huawei.android.chr.network.ChrNetwork.handleMmRejectInfo:729 com.huawei.android.chr.network.ChrNetwork.reportNetworkChr:907
08-03 22:00:44.150 1155 1580 I chatty : uid=1000(system) Binder:1155_6 expire 6 lines
08-03 22:01:01.080 480 615 W SocketListener: sending broadcast to Pid = 1155, Uid = 1000
08-03 22:01:01.096 480 615 W SocketListener: sending broadcast to Pid = 1155, Uid = 1000
08-03 22:01:16.091 480 615 W SocketListener: sending broadcast to Pid = 1155, Uid = 1000
08-03 22:01:16.092 1155 1313 I chatty : uid=1000(system) NetdConnector expire 10 lines
08-03 22:01:16.125 480 615 W SocketListener: sending broadcast to Pid = 1155, Uid = 1000
08-03 22:01:16.130 1155 1166 I chatty : uid=1000(system) Binder:1155_2 expire 2 lines
08-03 22:01:16.134 1155 1314 I chatty : uid=1000(system) NetworkStats expire 7 lines
08-03 22:01:16.246 1155 6503 I chatty : uid=1000(system) Binder:1155_14 expire 2 lines
08-03 22:01:47.097 480 615 W SocketListener: sending broadcast to Pid = 1155, Uid = 1000
08-03 22:01:49.128 753 753 E wificond: Failed to get NL80211_RATE_INFO_NOISE
08-03 22:01:49.128 753 753 E wificond: Failed to get NL80211_RATE_INFO_SNR
08-03 22:01:49.128 753 753 E wificond: Failed to get NL80211_STA_INFO_CNAHLOAD
08-03 22:01:49.130 753 753 E wificond: Failed to get NL80211_RATE_INFO_NOISE
08-03 22:01:49.130 753 753 E wificond: Failed to get NL80211_RATE_INFO_SNR
08-03 22:01:49.130 753 753 E wificond: Failed to get NL80211_STA_INFO_CNAHLOAD
08-03 22:03:00.093 1155 1155 I chatty : uid=1000 system_server expire 3 lines
08-03 22:03:00.114 1155 6503 I chatty : uid=1000(system) Binder:1155_14 expire 2 lines
08-03 22:03:00.152 1155 1168 I chatty : uid=1000(system) android.bg expire 1 line
08-03 22:03:00.163 1155 1315 I chatty : uid=1000(system) NetworkPolicy expire 1 line
08-03 22:03:00.171 1155 1313 I chatty : uid=1000(system) NetdConnector expire 4 lines
08-03 22:03:00.181 480 615 W SocketListener: sending broadcast to Pid = 1155, Uid = 1000
08-03 22:03:00.185 1155 1178 I chatty : uid=1000(system) android.fg expire 2 lines
