08-03 22:33:22.045 2278 2278 I Telephony-TelecomAccountRegistry: Registered phoneAccount: [[ ] PhoneAccount: ComponentInfo{com.android.phone/com.android.services.telephony.TelephonyConnectionService}, [****], UserHandle{0} Capabilities: CallProvider MultiUser PlaceEmerg SimSub Audio Routes: BESW Schemes: tel voicemail Extras: null GroupId: [****]] with handle: ComponentInfo{com.android.phone/com.android.services.telephony.TelephonyConnectionService}, [****], UserHandle{0}
08-03 22:33:22.045 2278 2278 I Telephony-PstnIncomingCallNotifier: Registering: Handler (com.android.internal.telephony.GsmCdmaPhone) {2e338d5}
08-03 22:33:22.045 2278 2278 D Telephony-PstnPhoneCapabilitiesNotifier: Registering: Handler (com.android.internal.telephony.GsmCdmaPhone) {2e338d5}
08-03 22:33:22.069 2278 2278 I Telephony-PstnPhoneCapabilitiesNotifier: handleVideoCapabilitesChanged. Video capability - false
08-03 22:33:22.103 2278 2278 I Telephony-PstnPhoneCapabilitiesNotifier: handleVideoCapabilitesChanged. Video capability - false
08-03 22:33:22.712 753 753 E wificond: Failed to get NL80211_RATE_INFO_NOISE
08-03 22:33:22.712 753 753 E wificond: Failed to get NL80211_RATE_INFO_SNR
08-03 22:33:22.712 753 753 E wificond: Failed to get NL80211_STA_INFO_CNAHLOAD
08-03 22:33:24.796 2243 3603 W ContextImpl: Calling a method in the system process without a qualified user: android.app.ContextImpl.sendBroadcast:1095 com.huawei.android.chr.ProtocolLogManager.setChrInfo2DbEx:1749 com.huawei.android.chr.ProtocolLogManager.setChrInfo2Db:1646 com.huawei.android.chr.network.ChrNetwork.handleMmRejectInfo:729 com.huawei.android.chr.network.ChrNetwork.reportNetworkChr:907
08-03 22:33:25.727 753 753 E wificond: Failed to get NL80211_RATE_INFO_NOISE
08-03 22:33:25.728 753 753 E wificond: Failed to get NL80211_RATE_INFO_SNR
08-03 22:33:25.728 753 753 E wificond: Failed to get NL80211_STA_INFO_CNAHLOAD
08-03 22:33:27.397 753 753 E wificond: Failed to get NL80211_RATE_INFO_NOISE
08-03 22:33:27.398 753 753 E wificond: Failed to get NL80211_RATE_INFO_SNR
08-03 22:33:27.398 753 753 E wificond: Failed to get NL80211_STA_INFO_CNAHLOAD
08-03 22:33:27.402 753 753 E wificond: Failed to get NL80211_RATE_INFO_NOISE
08-03 22:33:27.402 753 753 E wificond: Failed to get NL80211_RATE_INFO_SNR
08-03 22:33:27.402 753 753 E wificond: Failed to get NL80211_STA_INFO_CNAHLOAD
08-03 22:33:28.740 753 753 E wificond: Failed to get NL80211_RATE_INFO_NOISE
08-03 22:33:28.740 753 753 E wificond: Failed to get NL80211_RATE_INFO_SNR
08-03 22:33:28.740 753 753 E wificond: Failed to get NL80211_STA_INFO_CNAHLOAD
08-03 22:33:31.626 1155 1155 I chatty : uid=1000 system_server expire 11 lines
08-03 22:33:31.752 753 753 E wificond: Failed to get NL80211_RATE_INFO_NOISE
08-03 22:33:31.752 753 753 E wificond: Failed to get NL80211_RATE_INFO_SNR
08-03 22:33:31.752 753 753 E wificond: Failed to get NL80211_STA_INFO_CNAHLOAD
08-03 22:33:32.615 1155 2219 I chatty : uid=1000(system) watchdog expire 2 lines
08-03 22:33:33.507 1155 8168 I chatty : uid=1000(system) Binder:1155_19 expire 3 lines
08-03 22:33:34.072 480 617 W SocketListener: sending broadcast to Pid = 1155, Uid = 1000
08-03 22:33:34.073 1155 1313 I chatty : uid=1000(system) NetdConnector expire 6 lines
08-03 22:33:34.076 1155 1178 I chatty : uid=1000(system) android.fg expire 1 line
08-03 22:33:34.085 1155 1314 I chatty : uid=1000(system) NetworkStats expire 5 lines
08-03 22:33:34.567 1155 16580 I chatty : uid=1000(system) Binder:1155_1D expire 8 lines
08-03 22:33:34.574 1155 2301 I chatty : uid=1000(system) Binder:1155_9 expire 3 lines
08-03 22:33:34.759 753 753 E wificond: Failed to get NL80211_RATE_INFO_NOISE
08-03 22:33:34.759 753 753 E wificond: Failed to get NL80211_RATE_INFO_SNR
08-03 22:33:34.759 753 753 E wificond: Failed to get NL80211_STA_INFO_CNAHLOAD
08-03 22:33:35.400 753 753 E wificond: Failed to get NL80211_RATE_INFO_NOISE
08-03 22:33:35.400 753 753 E wificond: Failed to get NL80211_RATE_INFO_SNR
08-03 22:33:35.400 753 753 E wificond: Failed to get NL80211_STA_INFO_CNAHLOAD
08-03 22:33:35.401 753 753 E wificond: Failed to get NL80211_RATE_INFO_NOISE
08-03 22:33:35.401 753 753 E wificond: Failed to get NL80211_RATE_INFO_SNR
08-03 22:33:35.401 753 753 E wificond: Failed to get NL80211_STA_INFO_CNAHLOAD
08-03 22:33:37.766 753 753 E wificond: Failed to get NL80211_RATE_INFO_NOISE
08-03 22:33:37.766 753 753 E wificond: Failed to get NL80211_RATE_INFO_SNR
08-03 22:33:37.766 753 753 E wificond: Failed to get NL80211_STA_INFO_CNAHLOAD
08-03 22:33:38.836 1155 1172 I chatty : uid=1000(system) android.ui expire 20 lines
08-03 22:33:40.776 753 753 E wificond: Failed to get NL80211_RATE_INFO_NOISE
08-03 22:33:40.776 753 753 E wificond: Failed to get NL80211_RATE_INFO_SNR
08-03 22:33:40.776 753 753 E wificond: Failed to get NL80211_STA_INFO_CNAHLOAD
08-03 22:33:43.410 753 753 E wificond: Failed to get NL80211_RATE_INFO_NOISE
08-03 22:33:43.410 753 753 E wificond: Failed to get NL80211_RATE_INFO_SNR
08-03 22:33:43.410 753 753 E wificond: Failed to get NL80211_STA_INFO_CNAHLOAD
08-03 22:33:43.412 753 753 E wificond: Failed to get NL80211_RATE_INFO_NOISE
08-03 22:33:43.412 753 753 E wificond: Failed to get NL80211_RATE_INFO_SNR
08-03 22:33:43.412 753 753 E wificond: Failed to get NL80211_STA_INFO_CNAHLOAD
08-03 22:33:43.781 753 753 E wificond: Failed to get NL80211_RATE_INFO_NOISE
08-03 22:33:43.781 753 753 E wificond: Failed to get NL80211_RATE_INFO_SNR
08-03 22:33:43.781 753 753 E wificond: Failed to get NL80211_STA_INFO_CNAHLOAD
08-03 22:33:46.793 753 753 E wificond: Failed to get NL80211_RATE_INFO_NOISE
08-03 22:33:46.793 753 753 E wificond: Failed to get NL80211_RATE_INFO_SNR
08-03 22:33:46.793 753 753 E wificond: Failed to get NL80211_STA_INFO_CNAHLOAD
08-03 22:33:49.803 753 753 E wificond: Failed to get NL80211_RATE_INFO_NOISE
08-03 22:33:49.803 753 753 E wificond: Failed to get NL80211_RATE_INFO_SNR
08-03 22:33:49.803 753 753 E wificond: Failed to get NL80211_STA_INFO_CNAHLOAD
08-03 22:33:51.419 753 753 E wificond: Failed to get NL80211_RATE_INFO_NOISE
08-03 22:33:51.419 753 753 E wificond: Failed to get NL80211_RATE_INFO_SNR
08-03 22:33:51.419 753 753 E wificond: Failed to get NL80211_STA_INFO_CNAHLOAD
08-03 22:33:51.421 753 753 E wificond: Failed to get NL80211_RATE_INFO_NOISE
08-03 22:33:51.421 753 753 E wificond: Failed to get NL80211_RATE_INFO_SNR
08-03 22:33:51.421 753 753 E wificond: Failed to get NL80211_STA_INFO_CNAHLOAD
08-03 22:33:52.373 1155 1333 I chatty : uid=1000(system) ConnectivitySer expire 2 lines
08-03 22:33:52.376 1155 6319 I chatty : uid=1000(system) Binder:1155_12 expire 9 lines
08-03 22:33:52.811 753 753 E wificond: Failed to get NL80211_RATE_INFO_NOISE
08-03 22:33:52.811 753 753 E wificond: Failed to get NL80211_RATE_INFO_SNR
08-03 22:33:52.811 753 753 E wificond: Failed to get NL80211_STA_INFO_CNAHLOAD
08-03 22:33:52.876 1155 1155 I chatty : uid=1000 system_server expire 4 lines
08-03 22:33:55.821 753 753 E wificond: Failed to get NL80211_RATE_INFO_NOISE
08-03 22:33:55.821 753 753 E wificond: Failed to get NL80211_RATE_INFO_SNR
08-03 22:33:55.821 753 753 E wificond: Failed to get NL80211_STA_INFO_CNAHLOAD
08-03 22:33:57.946 1155 1172 I chatty : uid=1000(system) android.ui expire 51 lines
08-03 22:33:58.831 753 753 E wificond: Failed to get NL80211_RATE_INFO_NOISE
08-03 22:33:58.831 753 753 E wificond: Failed to get NL80211_RATE_INFO_SNR
08-03 22:33:58.831 753 753 E wificond: Failed to get NL80211_STA_INFO_CNAHLOAD
08-03 22:33:59.420 753 753 E wificond: Failed to get NL80211_RATE_INFO_NOISE
08-03 22:33:59.420 753 753 E wificond: Failed to get NL80211_RATE_INFO_SNR
08-03 22:33:59.420 753 753 E wificond: Failed to get NL80211_STA_INFO_CNAHLOAD
08-03 22:33:59.421 753 753 E wificond: Failed to get NL80211_RATE_INFO_NOISE
08-03 22:33:59.421 753 753 E wificond: Failed to get NL80211_RATE_INFO_SNR
08-03 22:33:59.421 753 753 E wificond: Failed to get NL80211_STA_INFO_CNAHLOAD
08-03 22:34:00.066 1155 16780 I chatty : uid=1000(system) Binder:1155_1F expire 18 lines
08-03 22:34:01.841 753 753 E wificond: Failed to get NL80211_RATE_INFO_NOISE
08-03 22:34:01.841 753 753 E wificond: Failed to get NL80211_RATE_INFO_SNR
08-03 22:34:01.841 753 753 E wificond: Failed to get NL80211_STA_INFO_CNAHLOAD
08-03 22:34:02.374 1155 6888 I chatty : uid=1000(system) Binder:1155_17 expire 12 lines
08-03 22:34:02.440 1155 1267 I chatty : uid=1000(system) android.anim expire 26 lines
08-03 22:34:02.454 16839 16839 D ActivityThread: ActivityThread,attachApplication
08-03 22:34:02.496 1429 1669 I HwNetworkPolicyManager: getHwUidPolicy uid = 10212 policy = 0
08-03 22:34:02.576 16839 16839 V ActivityThread: ActivityThread,callActivityOnCreate
08-03 22:34:02.701 16839 16839 D ActivityThread: add activity client record, r= ActivityRecord{657531a token=android.os.BinderProxy@36a96ae {com.arm.mgd.androidapp/com.arm.mgd.androidapp.MainActivity}} token= android.os.BinderProxy@36a96ae
08-03 22:34:03.152 1155 16780 I chatty : uid=1000(system) Binder:1155_1F expire 6 lines
08-03 22:34:03.207 1155 1172 I chatty : uid=1000(system) android.ui expire 11 lines
08-03 22:34:03.329 1155 6319 I chatty : uid=1000(system) Binder:1155_12 expire 3 lines
08-03 22:34:03.433 1155 6888 I chatty : uid=1000(system) Binder:1155_17 expire 9 lines
08-03 22:34:03.435 1155 1171 I chatty : uid=1000(system) ActivityManager expire 4 lines
08-03 22:34:03.449 1155 6320 I chatty : uid=1000(system) Binder:1155_13 expire 9 lines
08-03 22:34:03.457 1155 1165 I chatty : uid=1000(system) Binder:1155_1 expire 21 lines
08-03 22:34:03.632 2776 2776 I AppWidgetHost: appWidget hostView is null
08-03 22:34:03.651 2776 2776 I AppWidgetHost: appWidget hostView is null
08-03 22:34:04.849 753 753 E wificond: Failed to get NL80211_RATE_INFO_NOISE
08-03 22:34:04.849 753 753 E wificond: Failed to get NL80211_RATE_INFO_SNR
08-03 22:34:04.849 753 753 E wificond: Failed to get NL80211_STA_INFO_CNAHLOAD
08-03 22:34:06.103 2278 2278 W SettingsEx: SettingsEx.Systemex.getString deprecated use Settings.System.getString instead ;callers=com.android.internal.telephony.gsm.HwCustGsmServiceStateManagerImpl.isMccForShowNetname:211 com.android.internal.telephony.gsm.HwCustGsmServiceStateManagerImpl.isShowNetnameByMcc:202 com.android.internal.telephony.gsm.HwCustGsmServiceStateManagerImpl.setOnsDisplayCustomization:153
08-03 22:34:06.111 1155 1155 I chatty : uid=1000 system_server expire 11 lines
08-03 22:34:06.156 1429 1667 I HwNetworkPolicyManager: forceUpdatePolicy isRoaming = false
08-03 22:34:06.164 2278 2278 D Telephony-TelecomAccountRegistry: onServiceStateChanged0 newState : 0, mServiceState : 0
08-03 22:34:07.423 753 753 E wificond: Failed to get NL80211_RATE_INFO_NOISE
08-03 22:34:07.423 753 753 E wificond: Failed to get NL80211_RATE_INFO_SNR
08-03 22:34:07.423 753 753 E wificond: Failed to get NL80211_STA_INFO_CNAHLOAD
08-03 22:34:07.425 753 753 E wificond: Failed to get NL80211_RATE_INFO_NOISE
08-03 22:34:07.425 753 753 E wificond: Failed to get NL80211_RATE_INFO_SNR
08-03 22:34:07.425 753 753 E wificond: Failed to get NL80211_STA_INFO_CNAHLOAD
08-03 22:34:07.853 753 753 E wificond: Failed to get NL80211_RATE_INFO_NOISE
08-03 22:34:07.853 753 753 E wificond: Failed to get NL80211_RATE_INFO_SNR
08-03 22:34:07.853 753 753 E wificond: Failed to get NL80211_STA_INFO_CNAHLOAD
08-03 22:34:08.295 1495 11030 I CommandQueue: updateBarBgColor
08-03 22:34:08.295 1495 11030 D CommandQueue: CommandQueue, setBarBackgroundColor
08-03 22:34:10.868 753 753 E wificond: Failed to get NL80211_RATE_INFO_NOISE
08-03 22:34:10.868 753 753 E wificond: Failed to get NL80211_RATE_INFO_SNR
08-03 22:34:10.868 753 753 E wificond: Failed to get NL80211_STA_INFO_CNAHLOAD
08-03 22:34:11.204 2278 2278 W SettingsEx: SettingsEx.Systemex.getString deprecated use Settings.System.getString instead ;callers=com.android.internal.telephony.gsm.HwCustGsmServiceStateManagerImpl.isMccForShowNetname:211 com.android.internal.telephony.gsm.HwCustGsmServiceStateManagerImpl.isShowNetnameByMcc:202 com.android.internal.telephony.gsm.HwCustGsmServiceStateManagerImpl.setOnsDisplayCustomization:153
08-03 22:34:11.242 1429 1667 I HwNetworkPolicyManager: forceUpdatePolicy isRoaming = false
08-03 22:34:11.251 2278 2278 D Telephony-TelecomAccountRegistry: onServiceStateChanged0 newState : 0, mServiceState : 0
08-03 22:34:13.882 753 753 E wificond: Failed to get NL80211_RATE_INFO_NOISE
08-03 22:34:13.883 753 753 E wificond: Failed to get NL80211_RATE_INFO_SNR
08-03 22:34:13.883 753 753 E wificond: Failed to get NL80211_STA_INFO_CNAHLOAD
08-03 22:34:15.432 753 753 E wificond: Failed to get NL80211_RATE_INFO_NOISE
08-03 22:34:15.432 753 753 E wificond: Failed to get NL80211_RATE_INFO_SNR
08-03 22:34:15.432 753 753 E wificond: Failed to get NL80211_STA_INFO_CNAHLOAD
08-03 22:34:15.434 753 753 E wificond: Failed to get NL80211_RATE_INFO_NOISE
08-03 22:34:15.434 753 753 E wificond: Failed to get NL80211_RATE_INFO_SNR
08-03 22:34:15.434 753 753 E wificond: Failed to get NL80211_STA_INFO_CNAHLOAD
08-03 22:34:16.895 753 753 E wificond: Failed to get NL80211_RATE_INFO_NOISE
08-03 22:34:16.895 753 753 E wificond: Failed to get NL80211_RATE_INFO_SNR
08-03 22:34:16.895 753 753 E wificond: Failed to get NL80211_STA_INFO_CNAHLOAD
08-03 22:34:18.656 1155 1273 I chatty : uid=1000(system) UEventObserver expire 2 lines
08-03 22:34:19.259 1155 1267 I chatty : uid=1000(system) android.anim expire 19 lines
08-03 22:34:19.910 753 753 E wificond: Failed to get NL80211_RATE_INFO_NOISE
08-03 22:34:19.910 753 753 E wificond: Failed to get NL80211_RATE_INFO_SNR
08-03 22:34:19.910 753 753 E wificond: Failed to get NL80211_STA_INFO_CNAHLOAD
08-03 22:34:22.923 753 753 E wificond: Failed to get NL80211_RATE_INFO_NOISE
08-03 22:34:22.923 753 753 E wificond: Failed to get NL80211_RATE_INFO_SNR
08-03 22:34:22.923 753 753 E wificond: Failed to get NL80211_STA_INFO_CNAHLOAD
08-03 22:34:23.430 753 753 E wificond: Failed to get NL80211_RATE_INFO_NOISE
08-03 22:34:23.430 753 753 E wificond: Failed to get NL80211_RATE_INFO_SNR
08-03 22:34:23.430 753 753 E wificond: Failed to get NL80211_STA_INFO_CNAHLOAD
08-03 22:34:23.431 753 753 E wificond: Failed to get NL80211_RATE_INFO_NOISE
08-03 22:34:23.431 753 753 E wificond: Failed to get NL80211_RATE_INFO_SNR
08-03 22:34:23.431 753 753 E wificond: Failed to get NL80211_STA_INFO_CNAHLOAD
08-03 22:34:25.176 1155 1172 I chatty : uid=1000(system) android.ui expire 22 lines
08-03 22:34:25.596 1155 3079 I chatty : uid=1000(system) Binder:1155_10 expire 16 lines
08-03 22:34:25.675 1155 1155 I chatty : uid=1000 system_server expire 1 line
08-03 22:34:25.695 16908 16908 D ActivityThread: ActivityThread,attachApplication
08-03 22:34:25.826 1155 1750 I chatty : uid=1000(system) Binder:1155_8 expire 7 lines
08-03 22:34:25.843 1155 2346 I chatty : uid=1000(system) Binder:1155_B expire 3 lines
08-03 22:34:25.843 1429 1669 I HwNetworkPolicyManager: getHwUidPolicy uid = 10205 policy = 1
08-03 22:34:25.878 1155 15425 I chatty : uid=1000(system) Binder:1155_1C expire 10 lines
08-03 22:34:25.881 1429 1669 I HwNetworkPolicyManager: getHwUidPolicy uid = 10205 policy = 1
08-03 22:34:25.935 753 753 E wificond: Failed to get NL80211_RATE_INFO_NOISE
08-03 22:34:25.935 753 753 E wificond: Failed to get NL80211_RATE_INFO_SNR
08-03 22:34:25.935 753 753 E wificond: Failed to get NL80211_STA_INFO_CNAHLOAD
08-03 22:34:26.225 16908 16908 V ActivityThread: ActivityThread,callActivityOnCreate
08-03 22:34:26.258 1155 6503 I chatty : uid=1000(system) Binder:1155_14 expire 28 lines
08-03 22:34:26.272 16908 16908 D ActivityThread: add activity client record, r= ActivityRecord{d52cd86 token=android.os.BinderProxy@6df5c4f {com.thephoridaeintertainment.sergeyloskutnikov.runningman/com.thephoridaeintertainment.sergeyloskutnikov.runningman.RunActiv}} token= android.os.BinderProxy@6df5c4f
08-03 22:34:26.273 1155 15425 I chatty : uid=1000(system) Binder:1155_1C expire 10 lines
08-03 22:34:26.365 1155 1267 I chatty : uid=1000(system) android.anim expire 18 lines
08-03 22:34:26.431 1155 1172 I chatty : uid=1000(system) android.ui expire 52 lines
08-03 22:34:28.949 753 753 E wificond: Failed to get NL80211_RATE_INFO_NOISE
08-03 22:34:28.950 753 753 E wificond: Failed to get NL80211_RATE_INFO_SNR
08-03 22:34:28.950 753 753 E wificond: Failed to get NL80211_STA_INFO_CNAHLOAD
08-03 22:34:31.441 753 753 E wificond: Failed to get NL80211_RATE_INFO_NOISE
08-03 22:34:31.441 753 753 E wificond: Failed to get NL80211_RATE_INFO_SNR
08-03 22:34:31.441 753 753 E wificond: Failed to get NL80211_STA_INFO_CNAHLOAD
08-03 22:34:31.443 753 753 E wificond: Failed to get NL80211_RATE_INFO_NOISE
08-03 22:34:31.443 753 753 E wificond: Failed to get NL80211_RATE_INFO_SNR
08-03 22:34:31.443 753 753 E wificond: Failed to get NL80211_STA_INFO_CNAHLOAD
08-03 22:34:31.955 753 753 E wificond: Failed to get NL80211_RATE_INFO_NOISE
08-03 22:34:31.955 753 753 E wificond: Failed to get NL80211_RATE_INFO_SNR
08-03 22:34:31.955 753 753 E wificond: Failed to get NL80211_STA_INFO_CNAHLOAD --------- beginning of crash
08-03 22:34:32.222 16908 16908 E AndroidRuntime: FATAL EXCEPTION: main
08-03 22:34:32.222 16908 16908 E AndroidRuntime: Process: com.thephoridaeintertainment.sergeyloskutnikov.runningman, PID: 16908
08-03 22:34:32.222 16908 16908 E AndroidRuntime: java.lang.UnsatisfiedLinkError:
08-03 22:34:32.222 16908 16908 E AndroidRuntime: at java.lang.Runtime.loadLibrary0(Runtime.java:1038)
08-03 22:34:32.222 16908 16908 E AndroidRuntime: at java.lang.System.loadLibrary(System.java:1660)
08-03 22:34:32.222 16908 16908 E AndroidRuntime: at android.app.HwApsInterface.(HwApsInterface.java:16)
08-03 22:34:32.222 16908 16908 E AndroidRuntime: at android.app.HwApsInterface.nativeSetTouchState(Native Method)
08-03 22:34:32.222 16908 16908 E AndroidRuntime: at com.huawei.android.hwaps.GameState.setTouchState(GameState.java:40)
08-03 22:34:32.222 16908 16908 E AndroidRuntime: at com.huawei.android.hwaps.EventAnalyzed.setTouchState(EventAnalyzed.java:2049)
08-03 22:34:32.222 16908 16908 E AndroidRuntime: at com.huawei.android.hwaps.EventAnalyzed.processAnalyze(EventAnalyzed.java:1693)
08-03 22:34:32.222 16908 16908 E AndroidRuntime: at android.view.HwNsdImpl.adaptPowerSave(HwNsdImpl.java:192)
08-03 22:34:32.222 16908 16908 E AndroidRuntime: at android.view.ViewRootImpl$EarlyPostImeInputStage.processPointerEvent(ViewRootImpl.java:4944)
08-03 22:34:32.222 16908 16908 E AndroidRuntime: at android.view.ViewRootImpl$EarlyPostImeInputStage.onProcess(ViewRootImpl.java:4903)
08-03 22:34:32.222 16908 16908 E AndroidRuntime: at android.view.ViewRootImpl$InputStage.deliver(ViewRootImpl.java:4544)
08-03 22:34:32.222 16908 16908 E AndroidRuntime: at android.view.ViewRootImpl.deliverInputEvent(ViewRootImpl.java:7123)
08-03 22:34:32.222 16908 16908 E AndroidRuntime: at android.view.ViewRootImpl.doProcessInputEvents(ViewRootImpl.java:7097)
08-03 22:34:32.222 16908 16908 E AndroidRuntime: at android.view.ViewRootImpl.enqueueInputEvent(ViewRootImpl.java:7058)
08-03 22:34:32.222 16908 16908 E AndroidRuntime: at android.view.ViewRootImpl$WindowInputEventReceiver.onInputEvent(ViewRootImpl.java:7279)
08-03 22:34:32.222 16908 16908 E AndroidRuntime: at android.view.InputEventReceiver.dispatchInputEvent(InputEventReceiver.java:192)
08-03 22:34:32.222 16908 16908 E AndroidRuntime: at android.os.MessageQueue.nativePollOnce(Native Method)
08-03 22:34:32.222 16908 16908 E AndroidRuntime: at android.os.MessageQueue.next(MessageQueue.java:379)
08-03 22:34:32.222 16908 16908 E AndroidRuntime: at android.os.Looper.loop(Looper.java:144)
08-03 22:34:32.222 16908 16908 E AndroidRuntime: at android.app.ActivityThread.main(ActivityThread.java:7425)
08-03 22:34:32.222 16908 16908 E AndroidRuntime: at java.lang.reflect.Method.invoke(Native Method)
08-03 22:34:32.222 16908 16908 E AndroidRuntime: at com.android.internal.os.Zygote$MethodAndArgsCaller.run(Zygote.java:245)
08-03 22:34:32.222 16908 16908 E AndroidRuntime: at com.android.internal.os.ZygoteInit.main(ZygoteInit.java:921)
08-03 22:34:32.229 1155 1165 I chatty : uid=1000(system) Binder:1155_1 expire 33 lines
08-03 22:34:32.489 1155 1180 I chatty : uid=1000(system) android.display expire 1 line
08-03 22:34:32.490 1155 6320 I chatty : uid=1000(system) Binder:1155_13 expire 2 lines
08-03 22:34:32.507 1155 2346 I chatty : uid=1000(system) Binder:1155_B expire 11 lines
08-03 22:34:32.508 1429 1669 I HwNetworkPolicyManager: getHwUidPolicy uid = 10212 policy = 0
08-03 22:34:32.617 1155 2219 I chatty : uid=1000(system) watchdog expire 1 line
08-03 22:34:32.922 1155 1155 I chatty : uid=1000 system_server expire 2 lines
08-03 22:34:34.964 753 753 E wificond: Failed to get NL80211_RATE_INFO_NOISE
08-03 22:34:34.964 753 753 E wificond: Failed to get NL80211_RATE_INFO_SNR
08-03 22:34:34.964 753 753 E wificond: Failed to get NL80211_STA_INFO_CNAHLOAD
08-03 22:34:37.979 753 753 E wificond: Failed to get NL80211_RATE_INFO_NOISE
08-03 22:34:37.979 753 753 E wificond: Failed to get NL80211_RATE_INFO_SNR
08-03 22:34:37.979 753 753 E wificond: Failed to get NL80211_STA_INFO_CNAHLOAD
08-03 22:34:39.369 1155 1189 I chatty : uid=1000(system) PackageManager expire 1 line
08-03 22:34:39.457 753 753 E wificond: Failed to get NL80211_RATE_INFO_NOISE
08-03 22:34:39.457 753 753 E wificond: Failed to get NL80211_RATE_INFO_SNR
08-03 22:34:39.457 753 753 E wificond: Failed to get NL80211_STA_INFO_CNAHLOAD
08-03 22:34:39.458 753 753 E wificond: Failed to get NL80211_RATE_INFO_NOISE
08-03 22:34:39.458 753 753 E wificond: Failed to get NL80211_RATE_INFO_SNR
08-03 22:34:39.458 753 753 E wificond: Failed to get NL80211_STA_INFO_CNAHLOAD
08-03 22:34:40.990 753 753 E wificond: Failed to get NL80211_RATE_INFO_NOISE
08-03 22:34:40.991 753 753 E wificond: Failed to get NL80211_RATE_INFO_SNR
08-03 22:34:40.991 753 753 E wificond: Failed to get NL80211_STA_INFO_CNAHLOAD
08-03 22:34:41.946 1155 1267 I chatty : uid=1000(system) android.anim expire 3 lines
08-03 22:34:42.003 16972 16972 D ActivityThread: ActivityThread,attachApplication
08-03 22:34:42.007 1155 15425 I chatty : uid=1000(system) Binder:1155_1C expire 24 lines
08-03 22:34:42.038 1155 1172 I chatty : uid=1000(system) android.ui expire 2 lines
08-03 22:34:42.045 1429 1669 I HwNetworkPolicyManager: getHwUidPolicy uid = 10205 policy = 1
08-03 22:34:42.046 1155 6503 I chatty : uid=1000(system) Binder:1155_14 expire 8 lines
08-03 22:34:42.047 1429 1669 I HwNetworkPolicyManager: getHwUidPolicy uid = 10205 policy = 1
08-03 22:34:42.249 1155 1267 I chatty : uid=1000(system) android.anim expire 9 lines
08-03 22:34:42.324 16972 16972 V ActivityThread: ActivityThread,callActivityOnCreate
08-03 22:34:42.364 16972 16972 D ActivityThread: add activity client record, r= ActivityRecord{d52cd86 token=android.os.BinderProxy@6df5c4f {com.thephoridaeintertainment.sergeyloskutnikov.runningman/com.thephoridaeintertainment.sergeyloskutnikov.runningman.RunActiv}} token= android.os.BinderProxy@6df5c4f
08-03 22:34:44.010 753 753 E wificond: Failed to get NL80211_RATE_INFO_NOISE
08-03 22:34:44.011 753 753 E wificond: Failed to get NL80211_RATE_INFO_SNR
08-03 22:34:44.011 753 753 E wificond: Failed to get NL80211_STA_INFO_CNAHLOAD
08-03 22:34:44.544 2278 2278 W SettingsEx: SettingsEx.Systemex.getString deprecated use Settings.System.getString instead ;callers=com.android.internal.telephony.gsm.HwCustGsmServiceStateManagerImpl.isMccForShowNetname:211 com.android.internal.telephony.gsm.HwCustGsmServiceStateManagerImpl.isShowNetnameByMcc:202 com.android.internal.telephony.gsm.HwCustGsmServiceStateManagerImpl.setOnsDisplayCustomization:153
08-03 22:34:44.558 1155 1155 I chatty : uid=1000 system_server expire 19 lines
08-03 22:34:44.582 1155 1171 I chatty : uid=1000(system) ActivityManager expire 13 lines
08-03 22:34:44.590 1155 1165 I chatty : uid=1000(system) Binder:1155_1 expire 1 line
08-03 22:34:44.591 1429 1667 I HwNetworkPolicyManager: forceUpdatePolicy isRoaming = false
08-03 22:34:44.595 1155 2346 I chatty : uid=1000(system) Binder:1155_B expire 4 lines
08-03 22:34:44.611 2278 2278 D Telephony-TelecomAccountRegistry: onServiceStateChanged0 newState : 0, mServiceState : 0
08-03 22:34:45.330 1155 1189 I chatty : uid=1000(system) PackageManager expire 11 lines
08-03 22:34:45.466 1155 1180 I chatty : uid=1000(system) android.display expire 1 line
08-03 22:34:46.093 1155 3079 I chatty : uid=1000(system) Binder:1155_10 expire 5 lines
08-03 22:34:46.108 1408 1408 W ContextImpl: Calling a method in the system process without a qualified user: android.app.ContextImpl.startService:1656 android.content.ContextWrapper.startService:644 android.content.ContextWrapper.startService:644 com.android.settings.applications.BlackListReceiver.onReceive:35 android.app.ActivityThread.handleReceiver:3695
08-03 22:34:46.140 1155 2301 I chatty : uid=1000(system) Binder:1155_9 expire 7 lines
08-03 22:34:46.162 1155 1168 I chatty : uid=1000(system) android.bg expire 9 lines
08-03 22:34:46.245 1155 8168 I chatty : uid=1000(system) Binder:1155_19 expire 6 lines
08-03 22:34:46.349 14936 14936 W ContextImpl: Calling a method in the system process without a qualified user: android.app.ContextImpl.startService:1656 android.content.ContextWrapper.startService:644 android.content.ContextWrapper.startService:644 com.huawei.systemmanager.antivirus.utils.AntiVirusTools.deleteVirusApk:632 com.huawei.systemmanager.antivirus.AntiVirusReceiver.handlerPackageRemoved:52
08-03 22:34:46.366 14936 16000 W ContextImpl: Calling a method in the system process without a qualified user: android.app.ContextImpl.startService:1656 android.content.ContextWrapper.startService:644 com.huawei.systemmanager.spacecleanner.receiver.SpaceCleanReceiver.checkRarelyUsedApp:87 com.huawei.systemmanager.spacecleanner.receiver.SpaceCleanReceiver.doInBackground:39 java.lang.reflect.Method.invoke:-2
08-03 22:34:46.377 1155 6319 I chatty : uid=1000(system) Binder:1155_12 expire 8 lines
08-03 22:34:46.404 1408 1408 W ContextImpl: Calling a method in the system process without a qualified user: android.app.ContextImpl.startService:1656 android.content.ContextWrapper.startService:644 android.content.ContextWrapper.startService:644 com.android.settings.applications.BlackListReceiver.onReceive:35 android.app.ActivityThread.handleReceiver:3695
08-03 22:34:46.595 14936 14936 W ContextImpl: Calling a method in the system process without a qualified user: android.app.ContextImpl.startService:1656 android.content.ContextWrapper.startService:644 android.content.ContextWrapper.startService:644 com.huawei.systemmanager.antivirus.utils.AntiVirusTools.checkVirusForNewInstalledApk:620 com.huawei.systemmanager.antivirus.AntiVirusReceiver.onReceive:36
08-03 22:34:46.600 1155 2761 I chatty : uid=1000(system) Binder:1155_C expire 2 lines
08-03 22:34:46.621 1155 5401 I chatty : uid=1000(system) Binder:1155_11 expire 1 line
08-03 22:34:46.652 14936 15775 W ContextImpl: Calling a method in the system process without a qualified user: android.app.ContextImpl.startService:1656 android.content.ContextWrapper.startService:644 com.huawei.systemmanager.spacecleanner.receiver.SpaceCleanReceiver.checkRarelyUsedApp:87 com.huawei.systemmanager.spacecleanner.receiver.SpaceCleanReceiver.doInBackground:39 java.lang.reflect.Method.invoke:-2
08-03 22:34:46.655 1155 1467 I chatty : uid=1000(system) Binder:1155_4 expire 2 lines
08-03 22:34:46.691 1155 2762 I chatty : uid=1000(system) Binder:1155_D expire 2 lines
08-03 22:34:46.799 1408 1408 W ContextImpl: Calling a method in the system process without a qualified user: android.app.ContextImpl.startService:1656 android.content.ContextWrapper.startService:644 android.content.ContextWrapper.startService:644 com.android.settings.applications.BlackListReceiver.onReceive:35 android.app.ActivityThread.handleReceiver:3695
08-03 22:34:46.806 1155 1581 I chatty : uid=1000(system) Binder:1155_7 expire 8 lines
08-03 22:34:46.951 1155 1750 I chatty : uid=1000(system) Binder:1155_8 expire 7 lines
08-03 22:34:46.997 17056 17056 D ActivityThread: ActivityThread,attachApplication
08-03 22:34:47.027 753 753 E wificond: Failed to get NL80211_RATE_INFO_NOISE
08-03 22:34:47.027 753 753 E wificond: Failed to get NL80211_RATE_INFO_SNR
08-03 22:34:47.027 753 753 E wificond: Failed to get NL80211_STA_INFO_CNAHLOAD
08-03 22:34:47.450 753 753 E wificond: Failed to get NL80211_RATE_INFO_NOISE
08-03 22:34:47.450 753 753 E wificond: Failed to get NL80211_RATE_INFO_SNR
08-03 22:34:47.450 753 753 E wificond: Failed to get NL80211_STA_INFO_CNAHLOAD
08-03 22:34:47.453 753 753 E wificond: Failed to get NL80211_RATE_INFO_NOISE
08-03 22:34:47.454 753 753 E wificond: Failed to get NL80211_RATE_INFO_SNR
08-03 22:34:47.454 753 753 E wificond: Failed to get NL80211_STA_INFO_CNAHLOAD
08-03 22:34:48.135 480 617 W SocketListener: sending broadcast to Pid = 1155, Uid = 1000
08-03 22:34:48.138 1155 1313 I chatty : uid=1000(system) NetdConnector expire 30 lines
08-03 22:34:48.143 1155 1178 I chatty : uid=1000(system) android.fg expire 5 lines
08-03 22:34:48.150 1155 1314 I chatty : uid=1000(system) NetworkStats expire 25 lines
08-03 22:34:48.739 1155 1273 I chatty : uid=1000(system) UEventObserver expire 2 lines
08-03 22:34:50.033 753 753 E wificond: Failed to get NL80211_RATE_INFO_NOISE
08-03 22:34:50.033 753 753 E wificond: Failed to get NL80211_RATE_INFO_SNR
08-03 22:34:50.033 753 753 E wificond: Failed to get NL80211_STA_INFO_CNAHLOAD
08-03 22:34:50.140 480 617 W SocketListener: sending broadcast to Pid = 1155, Uid = 1000
08-03 22:34:52.149 480 617 W SocketListener: sending broadcast to Pid = 1155, Uid = 1000
08-03 22:34:53.041 753 753 E wificond: Failed to get NL80211_RATE_INFO_NOISE
08-03 22:34:53.041 753 753 E wificond: Failed to get NL80211_RATE_INFO_SNR
08-03 22:34:53.041 753 753 E wificond: Failed to get NL80211_STA_INFO_CNAHLOAD
08-03 22:34:54.159 480 617 W SocketListener: sending broadcast to Pid = 1155, Uid = 1000
08-03 22:34:55.456 753 753 E wificond: Failed to get NL80211_RATE_INFO_NOISE
08-03 22:34:55.457 753 753 E wificond: Failed to get NL80211_RATE_INFO_SNR
08-03 22:34:55.457 753 753 E wificond: Failed to get NL80211_STA_INFO_CNAHLOAD
08-03 22:34:55.459 753 753 E wificond: Failed to get NL80211_RATE_INFO_NOISE
08-03 22:34:55.459 753 753 E wificond: Failed to get NL80211_RATE_INFO_SNR
08-03 22:34:55.459 753 753 E wificond: Failed to get NL80211_STA_INFO_CNAHLOAD
08-03 22:34:56.045 753 753 E wificond: Failed to get NL80211_RATE_INFO_NOISE
08-03 22:34:56.045 753 753 E wificond: Failed to get NL80211_RATE_INFO_SNR
08-03 22:34:56.045 753 753 E wificond: Failed to get NL80211_STA_INFO_CNAHLOAD
08-03 22:34:57.567 480 617 W SocketListener: sending broadcast to Pid = 1155, Uid = 1000
08-03 22:34:59.069 753 753 E wificond: Failed to get NL80211_RATE_INFO_NOISE
08-03 22:34:59.070 753 753 E wificond: Failed to get NL80211_RATE_INFO_SNR
08-03 22:34:59.070 753 753 E wificond: Failed to get NL80211_STA_INFO_CNAHLOAD
08-03 22:35:00.001 1155 1155 I chatty : uid=1000 system_server expire 11 lines
08-03 22:35:00.070 1155 1581 I chatty : uid=1000(system) Binder:1155_7 expire 22 lines
08-03 22:35:01.352 1155 1750 I chatty : uid=1000(system) Binder:1155_8 expire 11 lines
08-03 22:35:02.078 753 753 E wificond: Failed to get NL80211_RATE_INFO_NOISE
08-03 22:35:02.078 753 753 E wificond: Failed to get NL80211_RATE_INFO_SNR
08-03 22:35:02.078 753 753 E wificond: Failed to get NL80211_STA_INFO_CNAHLOAD
08-03 22:35:02.618 1155 2219 I chatty : uid=1000(system) watchdog expire 1 line
08-03 22:35:03.453 1155 1290 I chatty : uid=1000(system) InputDispatcher expire 6 lines
08-03 22:35:03.469 753 753 E wificond: Failed to get NL80211_RATE_INFO_NOISE
08-03 22:35:03.469 753 753 E wificond: Failed to get NL80211_RATE_INFO_SNR
08-03 22:35:03.469 753 753 E wificond: Failed to get NL80211_STA_INFO_CNAHLOAD
08-03 22:35:03.470 753 753 E wificond: Failed to get NL80211_RATE_INFO_NOISE
08-03 22:35:03.470 753 753 E wificond: Failed to get NL80211_RATE_INFO_SNR
08-03 22:35:03.470 753 753 E wificond: Failed to get NL80211_STA_INFO_CNAHLOAD
08-03 22:35:03.576 1155 8168 I chatty : uid=1000(system) Binder:1155_19 expire 28 lines
08-03 22:35:03.608 1155 3079 I chatty : uid=1000(system) Binder:1155_10 expire 54 lines
08-03 22:35:03.739 1155 2799 I chatty : uid=1000(system) Binder:1155_E expire 1 line
08-03 22:35:03.777 1155 1172 I chatty : uid=1000(system) android.ui expire 23 lines
08-03 22:35:03.794 1155 1267 I chatty : uid=1000(system) android.anim expire 14 lines
08-03 22:35:03.828 1495 2047 I CommandQueue: updateBarBgColor
08-03 22:35:03.829 1495 2047 D CommandQueue: CommandQueue, setBarBackgroundColor
08-03 22:35:03.836 1429 1669 I HwNetworkPolicyManager: getHwUidPolicy uid = 10060 policy = 0
08-03 22:35:03.849 1155 6503 I chatty : uid=1000(system) Binder:1155_14 expire 12 lines
08-03 22:35:03.900 1155 16580 I chatty : uid=1000(system) Binder:1155_1D expire 9 lines
08-03 22:35:04.542 1155 1171 I chatty : uid=1000(system) ActivityManager expire 4 lines
08-03 22:35:04.937 2278 2278 W SettingsEx: SettingsEx.Systemex.getString deprecated use Settings.System.getString instead ;callers=com.android.internal.telephony.gsm.HwCustGsmServiceStateManagerImpl.isMccForShowNetname:211 com.android.internal.telephony.gsm.HwCustGsmServiceStateManagerImpl.isShowNetnameByMcc:202 com.android.internal.telephony.gsm.HwCustGsmServiceStateManagerImpl.setOnsDisplayCustomization:153
08-03 22:35:04.969 2278 2278 D Telephony-TelecomAccountRegistry: onServiceStateChanged0 newState : 0, mServiceState : 0
08-03 22:35:04.975 1429 1667 I HwNetworkPolicyManager: forceUpdatePolicy isRoaming = false
08-03 22:35:05.089 753 753 E wificond: Failed to get NL80211_RATE_INFO_NOISE
08-03 22:35:05.089 753 753 E wificond: Failed to get NL80211_RATE_INFO_SNR
08-03 22:35:05.089 753 753 E wificond: Failed to get NL80211_STA_INFO_CNAHLOAD
08-03 22:35:05.259 1495 2047 I CommandQueue: updateBarBgColor
08-03 22:35:05.259 1495 2047 D CommandQueue: CommandQueue, setBarBackgroundColor
08-03 22:35:05.319 1155 8168 I chatty : uid=1000(system) Binder:1155_19 expire 1 line
08-03 22:35:05.321 1155 1581 I chatty : uid=1000(system) Binder:1155_7 expire 8 lines
08-03 22:35:05.326 1155 6503 I chatty : uid=1000(system) Binder:1155_14 expire 10 lines
08-03 22:35:05.329 1155 1267 I chatty : uid=1000(system) android.anim expire 9 lines
08-03 22:35:05.357 1155 1172 I chatty : uid=1000(system) android.ui expire 44 lines
08-03 22:35:05.388 2776 2776 I AppWidgetHost: appWidget hostView is null
08-03 22:35:05.411 2776 2776 I AppWidgetHost: appWidget hostView is null
08-03 22:35:05.462 1155 13498 I chatty : uid=1000(system) Binder:1155_1B expire 16 lines
08-03 22:35:05.485 1155 1750 I chatty : uid=1000(system) Binder:1155_8 expire 16 lines
08-03 22:35:06.258 16972 16972 D ActivityThread: Remove activity client record, r= ActivityRecord{d52cd86 token=android.os.BinderProxy@6df5c4f {com.thephoridaeintertainment.sergeyloskutnikov.runningman/com.thephoridaeintertainment.sergeyloskutnikov.runningman.RunActiv}} token= android.os.BinderProxy@6df5c4f
08-03 22:35:06.297 1155 17138 I chatty : uid=1000 system_server expire 1 line
08-03 22:35:06.536 2776 2776 I AppWidgetHost: appWidget hostView is null
08-03 22:35:06.536 2776 2776 I AppWidgetHost: appWidget hostView is null
08-03 22:35:06.541 1155 2799 I chatty : uid=1000(system) Binder:1155_E expire 3 lines
08-03 22:35:06.561 1155 1180 I chatty : uid=1000(system) android.display expire 4 lines
08-03 22:35:06.812 1155 1290 I chatty : uid=1000(system) InputDispatcher expire 3 lines
08-03 22:35:07.043 1155 1155 I chatty : uid=1000 system_server expire 4 lines
08-03 22:35:07.255 1429 1669 I HwNetworkPolicyManager: getHwUidPolicy uid = 10060 policy = 0
08-03 22:35:07.257 1155 6320 I chatty : uid=1000(system) Binder:1155_13 expire 14 lines
08-03 22:35:07.258 1495 10155 I CommandQueue: updateBarBgColor
08-03 22:35:07.258 1495 10155 D CommandQueue: CommandQueue, setBarBackgroundColor --------- beginning of main
08-03 22:35:07.592 710 710 I APM_AudioPolicyManager: startInput() input 222
08-03 22:35:07.592 710 710 I APM_AudioPolicyManager: getNewInputDevice() selected device 0x80000004
08-03 22:35:07.592 710 710 I APM_AudioPolicyManager: setInputDevice() input 222 device 80000004 force 1
08-03 22:35:07.593 645 998 D audio_hw_primary: in_set_parameters_no_lock input_source: 6, in_device: 0x80000004
08-03 22:35:07.593 645 998 D dsp_interface: dsp_set_source:source = 6
08-03 22:35:07.593 645 998 D dsp_soc : set source 6 succ
08-03 22:35:07.593 645 998 I dsp_common: dsp_common_set_source:source = 6
08-03 22:35:07.594 710 710 I APM_AudioPolicyManager: setInputDevice() createAudioPatch returned 0 patchHandle 236
08-03 22:35:07.595 710 710 V SoundTrigger: setCaptureState(1)
08-03 22:35:07.595 710 710 V SoundTriggerHwService: setCaptureState 1
08-03 22:35:07.595 710 710 D APM_AudioPolicyManager: event 164
08-03 22:35:07.595 710 710 V APM_AudioPolicyManager: AudioPolicyManager::startInput() input source = 1999
08-03 22:35:07.595 2936 14491 I HwAudioRecordImpl: sendStateChangedIntent, state=3
08-03 22:35:07.596 710 710 V APM_AudioPolicyManager: listAudioPorts() role 0 type 0 num_ports 0 ports 0x76cf238170
08-03 22:35:07.596 710 710 V APM_AudioPolicyManager: listAudioPorts() got 0 ports needed 8
08-03 22:35:07.596 710 956 V APM_AudioPolicyManager: listAudioPorts() role 0 type 0 num_ports 8 ports 0x76cf979000
08-03 22:35:07.596 710 956 V APM_AudioPolicyManager: listAudioPorts() got 8 ports needed 8
08-03 22:35:07.597 645 17144 I audio_hw_primary: start_input_stream: adev->in_device = 0, in->device = 0x4
08-03 22:35:07.598 2936 14491 I MicrophoneInputStream: mic_started SR : 16000 CC : 16 SO : 1999
08-03 22:35:07.598 645 17144 I audio_hw_primary: select_devices++ mode[0]
08-03 22:35:07.598 645 17144 I audio_hw_primary: input_source_id 0x4, output_device_id 0x2
08-03 22:35:07.598 645 17144 I audio_hw_primary: select_devices() devices 0x2 input src 6 output route media-speaker input route voice-rec-handfree-mic in_device 0x4
08-03 22:35:07.598 645 17144 I spk_dev_interface: spk_dev_power_off: use new smartpakit version
08-03 22:35:07.598 645 17144 I smartpakit: pdata->device = 2, output_device = 2, pdata->mode = 0, mode = 0
08-03 22:35:07.598 645 17144 I smartpakit: check the same status, skip!
08-03 22:35:07.598 645 17144 I dsp_common: dsp_common_control_algo:set device = 2
08-03 22:35:07.598 645 17144 I audio_hw_primary: pa is on, cannot start ir study,device = 2
08-03 22:35:07.599 645 17144 I audio_hw_primary: pa is on, cannot start ir study,device = 2
08-03 22:35:07.620 645 17144 I dsp_common: dsp_common_control_algo:set device = 2
08-03 22:35:07.620 645 17144 I spk_dev_interface: spk_dev_power_on: use new smartpakit version
08-03 22:35:07.620 645 17144 I smartpakit: pdata->device = 2, output_device = 2, pdata->mode = 0, mode = 0
08-03 22:35:07.620 645 17144 I smartpakit: check the same status, skip!
08-03 22:35:07.620 645 17144 I audio_hw_primary: select_devices--
08-03 22:35:07.620 645 17144 I audio_hw_primary: start_input_stream OK. rate : 48000, period_size : 960, channel : 2
08-03 22:35:07.620 645 17144 D dsp_interface: dsp_set_source:source = 6
08-03 22:35:07.620 645 17144 D dsp_soc : set source 6 succ
08-03 22:35:07.620 645 17144 I dsp_common: dsp_common_set_source:source = 6
08-03 22:35:07.643 2936 2936 I MicroDetectionWorker: onReady
08-03 22:35:07.715 739 2421 D DE N ACA: updateParam:145: mFilteredCct = 7.000000, mAscendDeltaCctMax = 1.960000, mDescendDeltaCctMax = 1.200000
08-03 22:35:07.715 739 2421 D DE N SR : setAmbientParam:938: DE_SCENE_ACTION_AMBIENT_CHANGE set mLux:27 mCt:7
08-03 22:35:07.792 2776 2974 W OpenGLRenderer: Incorrectly called buildLayer on View: ShortcutAndWidgetContainer, destroying layer...
08-03 22:35:07.792 2776 2974 W OpenGLRenderer: Incorrectly called buildLayer on View: ShortcutAndWidgetContainer, destroying layer...
08-03 22:35:08.097 663 663 E WifiHAL : enter wifi_get_link_stats
08-03 22:35:08.106 753 753 E wificond: Failed to get NL80211_RATE_INFO_NOISE
08-03 22:35:08.106 753 753 E wificond: Failed to get NL80211_RATE_INFO_SNR
08-03 22:35:08.106 753 753 E wificond: Failed to get NL80211_STA_INFO_CNAHLOAD
08-03 22:35:08.131 1155 1291 I chatty : uid=1000(system) InputReader expire 2 lines
08-03 22:35:08.292 1155 1183 I chatty : uid=1000(system) PowerManagerSer expire 11 lines
08-03 22:35:08.292 2776 2776 W InputMethodManager: startInputReason = 8
08-03 22:35:08.293 661 852 D SensorHub: batch called handle:3 sample_ns:300000000 latency_ns:0
08-03 22:35:08.293 661 852 D SensorHub: in batch, handle = 3, flags = 0, period_ns = 300000000, timeout = 0
08-03 22:35:08.294 661 852 I /vendor/bin/hw/vendor.huawei.hardware.sensors@1.0-service: activate-3 frameOpenedAls-1 enabled-0 cameraOpenedAls-0 frameOpenedColor-0 cameraOpenedColor-0
08-03 22:35:08.295 661 852 D SensorHub: Channel activate-> handle: 3, enabled:0, err: 0
08-03 22:35:08.298 1495 11030 I chatty : uid=10040(u0_a40) Binder:1495_E expire 4 lines
08-03 22:35:08.301 2776 17145 D MotionDetectionManager: stopMotionAppsReco motionApps: 403
08-03 22:35:08.301 2776 17145 D MotionDetectionManager: stopMotionAppsReco not recognition motionApps 403
08-03 22:35:08.301 2776 17145 W HwLauncher: Launcher.MotionManager stopMotionAppsReco service flg 403 is unavailable
08-03 22:35:08.305 1155 1183 I chatty : uid=1000(system) PowerManagerSer expire 8 lines
08-03 22:35:08.340 2776 2776 V ActivityThread: Finishing stop of ActivityRecord{1ca12a5 token=android.os.BinderProxy@bd86555 {com.huawei.android.launcher/com.huawei.android.launcher.unihome.UniHomeLauncher}}
08-03 22:35:08.358 1495 1495 I chatty : uid=10040(u0_a40) com.android.systemui expire 349 lines
08-03 22:35:08.361 1495 1747 I chatty : uid=10040(u0_a40) KG_Background_H expire 35 lines
08-03 22:35:08.382 645 10541 D asd : [asd_proc_hal_data],hal data soundness: L[0],R[0]
08-03 22:35:08.443 2255 2267 E HsmCoreServiceImpl: onTransact in code is: 103
08-03 22:35:08.443 2255 2267 I MediaProcessHandler: playingUids:
08-03 22:35:08.474 2936 2936 I StreamRenderer: cleanUpRendererScope(nowcards-4158639703407793782)
08-03 22:35:08.480 2936 16414 I PBSessionCacheImpl: Deleted sessionId[11010449526203] from persistence.
08-03 22:35:08.487 2936 2936 W SearchServiceCore: Abort, client detached.
08-03 22:35:08.488 2936 2936 I StreamController: cleanUpControllerScope(nowcards-4158639703407793782)
08-03 22:35:08.490 667 1424 E BufferQueueProducer: [ColorFade#0] disconnect: not connected (req=1)
08-03 22:35:08.500 2278 2851 D PhoneInterfaceManager: [PhoneIntfMgr] getDataEnabled: subId=0 phoneId=0
08-03 22:35:08.501 2278 2851 D PhoneInterfaceManager: [PhoneIntfMgr] getDataEnabled: subId=0 retVal=false
08-03 22:35:08.502 1155 1400 I chatty : uid=1000(system) PhotonicModulat expire 1 line
08-03 22:35:08.502 2936 16422 I DeviceStateChecker: DeviceStateChecker cancelled
08-03 22:35:08.502 667 667 D SurfaceFlinger: Set power mode=0, type=0 flinger=0x780e25f000
08-03 22:35:08.502 2936 2936 I MicroDetector: Keeping mic open: false
08-03 22:35:08.503 2936 16414 I AudioController: internalShutdown
08-03 22:35:08.503 2936 17127 I MicroRecognitionRunner: Stopping hotword detection.
08-03 22:35:08.505 17115 17115 I dex2oat : dex2oat took 8.718s (12.452s cpu) (threads: 4) arena alloc=28KB (29688B) java alloc=24MB (25508224B) native alloc=18MB (19517800B) free=5MB (6172312B) swap=16MB (16777216B)
08-03 22:35:08.506 739 2421 D DE N SR : immidiatelyAction:243: DE_SCENE_ACTION_BACKLIGHT_CHANGE_OFF
08-03 22:35:08.506 739 2421 D DE N SR : immidiatelyAction:243: DE_SCENE_ACTION_SCREEN_OFF
08-03 22:35:08.509 2255 2277 D ARMoudle.ARHardware: mSupportedActivities:7
08-03 22:35:08.510 2255 2277 D ARMoudle.ARHardware: mSupportedActivities:7
08-03 22:35:08.511 632 632 I ArData : (ar_enable_activity_event:1281):activity[4] event[1] latency[60000000000 ns]
08-03 22:35:08.512 632 632 I ArData : (ar_data_enable_activity_event:587):successfully
08-03 22:35:08.515 632 687 I ArData : (ar_data_netlink_cb:789):cmd[2].length[160]
08-03 22:35:08.518 632 632 I ArData : (ar_data_get_state:1203):id[2]
08-03 22:35:08.519 655 738 I uniperf server: setConfig clientId=2, tagLen=1, tags[0]=2, configs[0]=1306000
08-03 22:35:08.523 645 998 I audio_hw_primary: do_in_standby standby: 0, in_device: 0x4
08-03 22:35:08.524 632 632 I ArData : (ar_enable_activity_event:1281):activity[4] event[2] latency[60000000000 ns]
08-03 22:35:08.524 655 738 I uniperf server: setConfig clientId=2, tagLen=1, tags[0]=5, configs[0]=1402000
08-03 22:35:08.525 632 632 I ArData : (ar_data_enable_activity_event:587):successfully
08-03 22:35:08.526 632 687 I ArData : (ar_data_netlink_cb:789):cmd[2].length[140]
08-03 22:35:08.527 632 632 I ArData : (ar_data_get_state:1203):id[2]
08-03 22:35:08.530 632 632 I ArData : (ar_enable_activity_event:1281):activity[3] event[1] latency[60000000000 ns]
08-03 22:35:08.531 632 632 I ArData : (ar_data_enable_activity_event:587):successfully
08-03 22:35:08.531 632 632 I ArData : (ar_data_get_state:1203):id[2]
08-03 22:35:08.532 632 687 I ArData : (ar_data_netlink_cb:789):cmd[2].length[140]
08-03 22:35:08.534 632 632 I ArData : (ar_enable_activity_event:1281):activity[2] event[1] latency[60000000000 ns]
08-03 22:35:08.536 632 632 I ArData : (ar_data_enable_activity_event:587):successfully
08-03 22:35:08.536 632 632 I ArData : (ar_data_get_state:1203):id[2]
08-03 22:35:08.539 632 632 I ArData : (ar_enable_activity_event:1281):activity[1] event[1] latency[60000000000 ns]
08-03 22:35:08.539 632 632 I ArData : (ar_data_enable_activity_event:587):successfully
08-03 22:35:08.539 645 998 I audio_hw_primary: select_devices++ mode[0]
08-03 22:35:08.539 645 998 I audio_hw_primary: input_source_id 0, output_device_id 0x2
08-03 22:35:08.539 645 998 I audio_hw_primary: select_devices() devices 0x2 input src 0 output route media-speaker input route none in_device 0
08-03 22:35:08.539 645 998 I spk_dev_interface: spk_dev_power_off: use new smartpakit version
08-03 22:35:08.539 645 998 I smartpakit: pdata->device = 2, output_device = 2, pdata->mode = 0, mode = 0
08-03 22:35:08.539 645 998 I smartpakit: check the same status, skip!
08-03 22:35:08.539 645 998 I dsp_common: dsp_common_control_algo:set device = 2
08-03 22:35:08.539 645 998 I audio_hw_primary: pa is on, cannot start ir study,device = 2
08-03 22:35:08.540 645 998 I audio_hw_primary: pa is on, cannot start ir study,device = 2
08-03 22:35:08.540 632 632 I ArData : (ar_data_get_state:1203):id[2]
08-03 22:35:08.541 645 998 I dsp_common: dsp_common_control_algo:set device = 2
08-03 22:35:08.541 645 998 I spk_dev_interface: spk_dev_power_on: use new smartpakit version
08-03 22:35:08.541 645 998 I smartpakit: pdata->device = 2, output_device = 2, pdata->mode = 0, mode = 0
08-03 22:35:08.541 645 998 I smartpakit: check the same status, skip!
08-03 22:35:08.541 645 998 I audio_hw_primary: select_devices--
08-03 22:35:08.541 710 956 I APM_AudioPolicyManager: stopInput() input 222
08-03 22:35:08.542 645 944 D audio_hw_primary: in_set_parameters_no_lock input_source: 0, in_device: 0
08-03 22:35:08.542 710 956 I APM_AudioPolicyManager: resetInputDevice() releaseAudioPatch returned 0, patchHandle 236
08-03 22:35:08.542 710 956 V SoundTrigger: setCaptureState(0)
08-03 22:35:08.542 710 956 V SoundTriggerHwService: setCaptureState 0
08-03 22:35:08.542 710 956 D APM_AudioPolicyManager: event 165
08-03 22:35:08.542 710 956 W HuaweiAudioFlinger: soundtrigger is now disable or not support, pls enable it first from setting
08-03 22:35:08.542 2936 16414 I HwAudioRecordImpl: sendStateChangedIntent, state=1
08-03 22:35:08.543 632 632 I ArData : (ar_enable_activity_event:1281):activity[0] event[1] latency[60000000000 ns]
08-03 22:35:08.543 632 632 I ArData : (ar_data_enable_activity_event:587):successfully
08-03 22:35:08.544 632 632 I ArData : (ar_data_get_state:1203):id[2]
08-03 22:35:08.544 2268 2526 I chatty : uid=1000(system) HookHub expire 5 lines
08-03 22:35:08.544 710 956 V APM_AudioPolicyManager: listAudioPorts() role 0 type 0 num_ports 0 ports 0x76cf82d168
08-03 22:35:08.544 710 956 V APM_AudioPolicyManager: listAudioPorts() got 0 ports needed 8
08-03 22:35:08.545 710 956 V APM_AudioPolicyManager: listAudioPorts() role 0 type 0 num_ports 8 ports 0x76cf979000
08-03 22:35:08.545 710 956 V APM_AudioPolicyManager: listAudioPorts() got 8 ports needed 8
08-03 22:35:08.546 632 687 I ArData : (ar_data_netlink_cb:789):cmd[2].length[140]
08-03 22:35:08.547 632 687 I chatty : uid=1000(system) activity_recogn identical 17 lines
08-03 22:35:08.549 2575 6637 I chatty : uid=1000(system) CallbackHandler expire 1 line
08-03 22:35:08.556 2936 16414 I HwAudioRecordImpl: sendStateChangedIntent, state=1
08-03 22:35:08.574 768 875 E JankService: JankFrequencyMonitor action return :0
08-03 22:35:08.733 710 956 V APM_AudioPolicyManager: releaseInput() 222
08-03 22:35:08.733 710 10735 D AudioFlinger: event 163
08-03 22:35:08.733 710 956 V APM_AudioPolicyManager: closeInput(222)
08-03 22:35:08.734 2936 16414 I MicrophoneInputStream: mic_close SR : 16000 CC : 16 SO : 1999
08-03 22:35:08.735 2936 14496 I MicroRecognitionRunner: Detection finished
08-03 22:35:08.737 710 956 V APM_AudioPolicyManager: releaseInput() exit
08-03 22:35:08.737 645 944 I audio_hw_primary: do_in_standby standby: 1, in_device: 0
08-03 22:35:08.737 645 944 D dsp_interface: dsp_set_source:source = 0
08-03 22:35:08.737 645 944 D dsp_soc : set source 0 succ
08-03 22:35:08.738 645 944 I dsp_common: dsp_common_set_source:source = 0
08-03 22:35:08.742 710 956 V APM_AudioPolicyManager: listAudioPorts() role 0 type 0 num_ports 0 ports 0x76cf238068
08-03 22:35:08.742 710 956 V APM_AudioPolicyManager: listAudioPorts() got 0 ports needed 7
08-03 22:35:08.742 710 16958 V APM_AudioPolicyManager: listAudioPorts() role 0 type 0 num_ports 7 ports 0x76cf95c800
08-03 22:35:08.742 710 16958 V APM_AudioPolicyManager: listAudioPorts() got 7 ports needed 7
08-03 22:35:08.745 1155 1189 I chatty : uid=1000(system) PackageManager expire 8 lines
