08-03 22:36:39.035 17796 17796 I libMGD : Patching glColor4xOES in /system/lib64/libandroid_runtime.so
08-03 22:36:39.035 17796 17796 I libMGD : Patching glColorMask in /system/lib64/libandroid_runtime.so
08-03 22:36:39.035 17796 17796 I libMGD : Patching glColorMaski in /system/lib64/libandroid_runtime.so
08-03 22:36:39.035 17796 17796 I libMGD : Patching glColorMaskiEXT in /system/lib64/libandroid_runtime.so
08-03 22:36:39.035 17796 17796 I libMGD : Patching glColorPointer in /system/lib64/libandroid_runtime.so
08-03 22:36:39.035 17796 17796 I libMGD : Patching glCompileShader in /system/lib64/libandroid_runtime.so
08-03 22:36:39.035 17796 17796 I libMGD : Patching glCompressedTexImage2D in /system/lib64/libandroid_runtime.so
08-03 22:36:39.036 17796 17796 I libMGD : Patching glCompressedTexImage3D in /system/lib64/libandroid_runtime.so
08-03 22:36:39.036 17796 17796 I libMGD : Patching glCompressedTexSubImage2D in /system/lib64/libandroid_runtime.so
08-03 22:36:39.036 17796 17796 I libMGD : Patching glCompressedTexSubImage3D in /system/lib64/libandroid_runtime.so
08-03 22:36:39.036 17796 17796 I libMGD : Patching glCopyBufferSubData in /system/lib64/libandroid_runtime.so
08-03 22:36:39.036 17796 17796 I libMGD : Patching glCopyImageSubData in /system/lib64/libandroid_runtime.so
08-03 22:36:39.036 17796 17796 I libMGD : Patching glCopyImageSubDataEXT in /system/lib64/libandroid_runtime.so
08-03 22:36:39.036 17796 17796 I libMGD : Patching glCopyTexImage2D in /system/lib64/libandroid_runtime.so
08-03 22:36:39.036 17796 17796 I libMGD : Patching glCopyTexSubImage2D in /system/lib64/libandroid_runtime.so
08-03 22:36:39.036 17796 17796 I libMGD : Patching glCopyTexSubImage3D in /system/lib64/libandroid_runtime.so
08-03 22:36:39.036 17796 17796 I libMGD : Patching glCreateProgram in /system/lib64/libandroid_runtime.so
08-03 22:36:39.036 17796 17796 I libMGD : Patching glCreateShader in /system/lib64/libandroid_runtime.so
08-03 22:36:39.036 17796 17796 I libMGD : Patching glCreateShaderProgramv in /system/lib64/libandroid_runtime.so
08-03 22:36:39.036 17796 17796 I libMGD : Patching glCullFace in /system/lib64/libandroid_runtime.so
08-03 22:36:39.036 17796 17796 I libMGD : Patching glCurrentPaletteMatrixOES in /system/lib64/libandroid_runtime.so
08-03 22:36:39.036 17796 17796 I libMGD : Patching glDebugMessageControl in /system/lib64/libandroid_runtime.so
08-03 22:36:39.036 17796 17796 I libMGD : Patching glDebugMessageControlKHR in /system/lib64/libandroid_runtime.so
08-03 22:36:39.036 17796 17796 I libMGD : Patching glDebugMessageInsert in /system/lib64/libandroid_runtime.so
08-03 22:36:39.036 17796 17796 I libMGD : Patching glDebugMessageInsertKHR in /system/lib64/libandroid_runtime.so
08-03 22:36:39.036 17796 17796 I libMGD : Patching glDeleteBuffers in /system/lib64/libandroid_runtime.so
08-03 22:36:39.036 17796 17796 I libMGD : Patching glDeleteFramebuffers in /system/lib64/libandroid_runtime.so
08-03 22:36:39.036 17796 17796 I libMGD : Patching glDeleteFramebuffersOES in /system/lib64/libandroid_runtime.so
08-03 22:36:39.036 17796 17796 I libMGD : Patching glDeleteProgram in /system/lib64/libandroid_runtime.so
08-03 22:36:39.036 17796 17796 I libMGD : Patching glDeleteProgramPipelines in /system/lib64/libandroid_runtime.so
08-03 22:36:39.036 17796 17796 I libMGD : Patching glDeleteQueries in /system/lib64/libandroid_runtime.so
08-03 22:36:39.036 17796 17796 I libMGD : Patching glDeleteRenderbuffers in /system/lib64/libandroid_runtime.so
08-03 22:36:39.036 17796 17796 I libMGD : Patching glDeleteRenderbuffersOES in /system/lib64/libandroid_runtime.so
08-03 22:36:39.036 17796 17796 I libMGD : Patching glDeleteSamplers in /system/lib64/libandroid_runtime.so
08-03 22:36:39.036 17796 17796 I libMGD : Patching glDeleteShader in /system/lib64/libandroid_runtime.so
08-03 22:36:39.036 17796 17796 I libMGD : Patching glDeleteSync in /system/lib64/libandroid_runtime.so
08-03 22:36:39.036 17796 17796 I libMGD : Patching glDeleteTextures in /system/lib64/libandroid_runtime.so
08-03 22:36:39.036 17796 17796 I libMGD : Patching glDeleteTransformFeedbacks in /system/lib64/libandroid_runtime.so
08-03 22:36:39.036 17796 17796 I libMGD : Patching glDeleteVertexArrays in /system/lib64/libandroid_runtime.so
08-03 22:36:39.036 17796 17796 I libMGD : Patching glDepthFunc in /system/lib64/libandroid_runtime.so
08-03 22:36:39.036 17796 17796 I libMGD : Patching glDepthMask in /system/lib64/libandroid_runtime.so
08-03 22:36:39.036 17796 17796 I libMGD : Patching glDepthRangef in /system/lib64/libandroid_runtime.so
08-03 22:36:39.036 17796 17796 I libMGD : Patching glDepthRangefOES in /system/lib64/libandroid_runtime.so
08-03 22:36:39.036 17796 17796 I libMGD : Patching glDepthRangex in /system/lib64/libandroid_runtime.so
08-03 22:36:39.036 17796 17796 I libMGD : Patching glDepthRangexOES in /system/lib64/libandroid_runtime.so
08-03 22:36:39.036 17796 17796 I libMGD : Patching glDetachShader in /system/lib64/libandroid_runtime.so
08-03 22:36:39.036 17796 17796 I libMGD : Patching glDisable in /system/lib64/libandroid_runtime.so
08-03 22:36:39.036 17796 17796 I libMGD : Patching glDisableClientState in /system/lib64/libandroid_runtime.so
08-03 22:36:39.036 17796 17796 I libMGD : Patching glDisableVertexAttribArray in /system/lib64/libandroid_runtime.so
08-03 22:36:39.036 17796 17796 I libMGD : Patching glDisablei in /system/lib64/libandroid_runtime.so
08-03 22:36:39.036 17796 17796 I libMGD : Patching glDisableiEXT in /system/lib64/libandroid_runtime.so
08-03 22:36:39.036 17796 17796 I libMGD : Patching glDispatchCompute in /system/lib64/libandroid_runtime.so
08-03 22:36:39.036 17796 17796 I libMGD : Patching glDispatchComputeIndirect in /system/lib64/libandroid_runtime.so
08-03 22:36:39.036 17796 17796 I libMGD : Patching glDrawArrays in /system/lib64/libandroid_runtime.so
08-03 22:36:39.037 17796 17796 I libMGD : Patching glDrawArraysIndirect in /system/lib64/libandroid_runtime.so
08-03 22:36:39.037 17796 17796 I libMGD : Patching glDrawArraysInstanced in /system/lib64/libandroid_runtime.so
08-03 22:36:39.037 17796 17796 I libMGD : Patching glDrawBuffers in /system/lib64/libandroid_runtime.so
08-03 22:36:39.037 17796 17796 I libMGD : Patching glDrawElements in /system/lib64/libandroid_runtime.so
08-03 22:36:39.037 17796 17796 I libMGD : Patching glDrawElementsBaseVertex in /system/lib64/libandroid_runtime.so
08-03 22:36:39.037 17796 17796 I libMGD : Patching glDrawElementsIndirect in /system/lib64/libandroid_runtime.so
08-03 22:36:39.037 17796 17796 I libMGD : Patching glDrawElementsInstanced in /system/lib64/libandroid_runtime.so
08-03 22:36:39.037 17796 17796 I libMGD : Patching glDrawElementsInstancedBaseVertex in /system/lib64/libandroid_runtime.so
08-03 22:36:39.037 17796 17796 I libMGD : Patching glDrawRangeElements in /system/lib64/libandroid_runtime.so
08-03 22:36:39.037 17796 17796 I libMGD : Patching glDrawRangeElementsBaseVertex in /system/lib64/libandroid_runtime.so
08-03 22:36:39.037 17796 17796 I libMGD : Patching glDrawTexfOES in /system/lib64/libandroid_runtime.so
08-03 22:36:39.037 17796 17796 I libMGD : Patching glDrawTexfvOES in /system/lib64/libandroid_runtime.so
08-03 22:36:39.037 17796 17796 I libMGD : Patching glDrawTexiOES in /system/lib64/libandroid_runtime.so
08-03 22:36:39.037 17796 17796 I libMGD : Patching glDrawTexivOES in /system/lib64/libandroid_runtime.so
08-03 22:36:39.037 17796 17796 I libMGD : Patching glDrawTexsOES in /system/lib64/libandroid_runtime.so
08-03 22:36:39.037 17796 17796 I libMGD : Patching glDrawTexsvOES in /system/lib64/libandroid_runtime.so
08-03 22:36:39.037 17796 17796 I libMGD : Patching glDrawTexxOES in /system/lib64/libandroid_runtime.so
08-03 22:36:39.037 17796 17796 I libMGD : Patching glDrawTexxvOES in /system/lib64/libandroid_runtime.so
08-03 22:36:39.037 17796 17796 I libMGD : Patching glEGLImageTargetRenderbufferStorageOES in /system/lib64/libandroid_runtime.so
08-03 22:36:39.037 17796 17796 I libMGD : Patching glEGLImageTargetTexture2DOES in /system/lib64/libandroid_runtime.so
08-03 22:36:39.037 17796 17796 I libMGD : Patching glEnable in /system/lib64/libandroid_runtime.so
08-03 22:36:39.037 17796 17796 I libMGD : Patching glEnableClientState in /system/lib64/libandroid_runtime.so
08-03 22:36:39.037 17796 17796 I libMGD : Patching glEnableVertexAttribArray in /system/lib64/libandroid_runtime.so
08-03 22:36:39.037 17796 17796 I libMGD : Patching glEnablei in /system/lib64/libandroid_runtime.so
08-03 22:36:39.037 17796 17796 I libMGD : Patching glEnableiEXT in /system/lib64/libandroid_runtime.so
08-03 22:36:39.037 17796 17796 I libMGD : Patching glEndQuery in /system/lib64/libandroid_runtime.so
08-03 22:36:39.037 17796 17796 I libMGD : Patching glEndQueryEXT in /system/lib64/libandroid_runtime.so
08-03 22:36:39.037 17796 17796 I libMGD : Patching glEndTransformFeedback in /system/lib64/libandroid_runtime.so
08-03 22:36:39.037 17796 17796 I libMGD : Patching glFenceSync in /system/lib64/libandroid_runtime.so
08-03 22:36:39.037 17796 17796 I libMGD : Patching glFinish in /system/lib64/libandroid_runtime.so
08-03 22:36:39.037 17796 17796 I libMGD : Patching glFlush in /system/lib64/libandroid_runtime.so
08-03 22:36:39.037 17796 17796 I libMGD : Patching glFlushMappedBufferRange in /system/lib64/libandroid_runtime.so
08-03 22:36:39.037 17796 17796 I libMGD : Patching glFogf in /system/lib64/libandroid_runtime.so
08-03 22:36:39.037 17796 17796 I libMGD : Patching glFogfv in /system/lib64/libandroid_runtime.so
08-03 22:36:39.037 17796 17796 I libMGD : Patching glFogx in /system/lib64/libandroid_runtime.so
08-03 22:36:39.037 17796 17796 I libMGD : Patching glFogxOES in /system/lib64/libandroid_runtime.so
08-03 22:36:39.037 17796 17796 I libMGD : Patching glFogxv in /system/lib64/libandroid_runtime.so
08-03 22:36:39.037 17796 17796 I libMGD : Patching glFogxvOES in /system/lib64/libandroid_runtime.so
08-03 22:36:39.037 17796 17796 I libMGD : Patching glFramebufferParameteri in /system/lib64/libandroid_runtime.so
08-03 22:36:39.037 17796 17796 I libMGD : Patching glFramebufferRenderbuffer in /system/lib64/libandroid_runtime.so
08-03 22:36:39.037 17796 17796 I libMGD : Patching glFramebufferRenderbufferOES in /system/lib64/libandroid_runtime.so
08-03 22:36:39.037 17796 17796 I libMGD : Patching glFramebufferTexture in /system/lib64/libandroid_runtime.so
08-03 22:36:39.037 17796 17796 I libMGD : Patching glFramebufferTexture2D in /system/lib64/libandroid_runtime.so
08-03 22:36:39.037 17796 17796 I libMGD : Patching glFramebufferTexture2DOES in /system/lib64/libandroid_runtime.so
08-03 22:36:39.037 17796 17796 I libMGD : Patching glFramebufferTextureEXT in /system/lib64/libandroid_runtime.so
08-03 22:36:39.037 17796 17796 I libMGD : Patching glFramebufferTextureLayer in /system/lib64/libandroid_runtime.so
08-03 22:36:39.038 17796 17796 I libMGD : Patching glFrontFace in /system/lib64/libandroid_runtime.so
08-03 22:36:39.038 17796 17796 I libMGD : Patching glFrustumf in /system/lib64/libandroid_runtime.so
08-03 22:36:39.038 17796 17796 I libMGD : Patching glFrustumfOES in /system/lib64/libandroid_runtime.so
08-03 22:36:39.038 17796 17796 I libMGD : Patching glFrustumx in /system/lib64/libandroid_runtime.so
08-03 22:36:39.038 17796 17796 I libMGD : Patching glFrustumxOES in /system/lib64/libandroid_runtime.so
08-03 22:36:39.038 17796 17796 I libMGD : Patching glGenBuffers in /system/lib64/libandroid_runtime.so
08-03 22:36:39.038 17796 17796 I libMGD : Patching glGenFramebuffers in /system/lib64/libandroid_runtime.so
08-03 22:36:39.038 17796 17796 I libMGD : Patching glGenFramebuffersOES in /system/lib64/libandroid_runtime.so
08-03 22:36:39.038 17796 17796 I libMGD : Patching glGenProgramPipelines in /system/lib64/libandroid_runtime.so
08-03 22:36:39.038 17796 17796 I libMGD : Patching glGenQueries in /system/lib64/libandroid_runtime.so
08-03 22:36:39.038 17796 17796 I libMGD : Patching glGenQueriesEXT in /system/lib64/libandroid_runtime.so
08-03 22:36:39.038 17796 17796 I libMGD : Patching glGenRenderbuffers in /system/lib64/libandroid_runtime.so
08-03 22:36:39.038 17796 17796 I libMGD : Patching glGenRenderbuffersOES in /system/lib64/libandroid_runtime.so
08-03 22:36:39.038 17796 17796 I libMGD : Patching glGenSamplers in /system/lib64/libandroid_runtime.so
08-03 22:36:39.038 17796 17796 I libMGD : Patching glGenTextures in /system/lib64/libandroid_runtime.so
08-03 22:36:39.038 17796 17796 I libMGD : Patching glGenTransformFeedbacks in /system/lib64/libandroid_runtime.so
08-03 22:36:39.038 17796 17796 I libMGD : Patching glGenVertexArrays in /system/lib64/libandroid_runtime.so
08-03 22:36:39.038 17796 17796 I libMGD : Patching glGenerateMipmap in /system/lib64/libandroid_runtime.so
08-03 22:36:39.038 17796 17796 I libMGD : Patching glGenerateMipmapOES in /system/lib64/libandroid_runtime.so
08-03 22:36:39.038 17796 17796 I libMGD : Patching glGetActiveAttrib in /system/lib64/libandroid_runtime.so
08-03 22:36:39.038 17796 17796 I libMGD : Patching glGetActiveUniform in /system/lib64/libandroid_runtime.so
08-03 22:36:39.038 17796 17796 I libMGD : Patching glGetActiveUniformBlockName in /system/lib64/libandroid_runtime.so
08-03 22:36:39.038 17796 17796 I libMGD : Patching glGetActiveUniformBlockiv in /system/lib64/libandroid_runtime.so
08-03 22:36:39.038 17796 17796 I libMGD : Patching glGetActiveUniformsiv in /system/lib64/libandroid_runtime.so
08-03 22:36:39.038 17796 17796 I libMGD : Patching glGetAttachedShaders in /system/lib64/libandroid_runtime.so
08-03 22:36:39.038 17796 17796 I libMGD : Patching glGetAttribLocation in /system/lib64/libandroid_runtime.so
08-03 22:36:39.038 1155 1290 D InputDispatcher: Dispatch frozen. Waiting some more. last for 609ms
08-03 22:36:39.038 17796 17796 I libMGD : Patching glGetBooleani_v in /system/lib64/libandroid_runtime.so
08-03 22:36:39.038 17796 17796 I libMGD : Patching glGetBooleanv in /system/lib64/libandroid_runtime.so
08-03 22:36:39.038 17796 17796 I libMGD : Patching glGetBufferParameteri64v in /system/lib64/libandroid_runtime.so
08-03 22:36:39.038 17796 17796 I libMGD : Patching glGetBufferParameteriv in /system/lib64/libandroid_runtime.so
08-03 22:36:39.038 17796 17796 I libMGD : Patching glGetBufferPointerv in /system/lib64/libandroid_runtime.so
08-03 22:36:39.038 17796 17796 I libMGD : Patching glGetClipPlanef in /system/lib64/libandroid_runtime.so
08-03 22:36:39.038 17796 17796 I libMGD : Patching glGetClipPlanefOES in /system/lib64/libandroid_runtime.so
08-03 22:36:39.038 17796 17796 I libMGD : Patching glGetClipPlanex in /system/lib64/libandroid_runtime.so
08-03 22:36:39.038 17796 17796 I libMGD : Patching glGetClipPlanexOES in /system/lib64/libandroid_runtime.so
08-03 22:36:39.038 17796 17796 I libMGD : Patching glGetError in /system/lib64/libandroid_runtime.so
08-03 22:36:39.038 17796 17796 I libMGD : Patching glGetFixedv in /system/lib64/libandroid_runtime.so
08-03 22:36:39.038 17796 17796 I libMGD : Patching glGetFixedvOES in /system/lib64/libandroid_runtime.so
08-03 22:36:39.038 17796 17796 I libMGD : Patching glGetFloatv in /system/lib64/libandroid_runtime.so
08-03 22:36:39.038 17796 17796 I libMGD : Patching glGetFragDataLocation in /system/lib64/libandroid_runtime.so
08-03 22:36:39.038 17796 17796 I libMGD : Patching glGetFramebufferAttachmentParameteriv in /system/lib64/libandroid_runtime.so
08-03 22:36:39.038 17796 17796 I libMGD : Patching glGetFramebufferAttachmentParameterivOES in /system/lib64/libandroid_runtime.so
08-03 22:36:39.038 17796 17796 I libMGD : Patching glGetFramebufferParameteriv in /system/lib64/libandroid_runtime.so
08-03 22:36:39.038 17796 17796 I libMGD : Patching glGetGraphicsResetStatus in /system/lib64/libandroid_runtime.so
08-03 22:36:39.038 17796 17796 I libMGD : Patching glGetInteger64i_v in /system/lib64/libandroid_runtime.so
08-03 22:36:39.038 17796 17796 I libMGD : Patching glGetInteger64v in /system/lib64/libandroid_runtime.so
08-03 22:36:39.038 17796 17796 I libMGD : Patching glGetIntegeri_v in /system/lib64/libandroid_runtime.so
08-03 22:36:39.039 17796 17796 I libMGD : Patching glGetIntegerv in /system/lib64/libandroid_runtime.so
08-03 22:36:39.039 17796 17796 I libMGD : Patching glGetInternalformativ in /system/lib64/libandroid_runtime.so
08-03 22:36:39.039 17796 17796 I libMGD : Patching glGetLightfv in /system/lib64/libandroid_runtime.so
08-03 22:36:39.039 17796 17796 I libMGD : Patching glGetLightxv in /system/lib64/libandroid_runtime.so
08-03 22:36:39.039 17796 17796 I libMGD : Patching glGetLightxvOES in /system/lib64/libandroid_runtime.so
08-03 22:36:39.039 17796 17796 I libMGD : Patching glGetMaterialfv in /system/lib64/libandroid_runtime.so
08-03 22:36:39.039 17796 17796 I libMGD : Patching glGetMaterialxv in /system/lib64/libandroid_runtime.so
08-03 22:36:39.039 17796 17796 I libMGD : Patching glGetMaterialxvOES in /system/lib64/libandroid_runtime.so
08-03 22:36:39.039 17796 17796 I libMGD : Patching glGetMultisamplefv in /system/lib64/libandroid_runtime.so
08-03 22:36:39.039 17796 17796 I libMGD : Patching glGetProgramBinary in /system/lib64/libandroid_runtime.so
08-03 22:36:39.039 17796 17796 I libMGD : Patching glGetProgramInfoLog in /system/lib64/libandroid_runtime.so
08-03 22:36:39.039 17796 17796 I libMGD : Patching glGetProgramInterfaceiv in /system/lib64/libandroid_runtime.so
08-03 22:36:39.039 17796 17796 I libMGD : Patching glGetProgramPipelineInfoLog in /system/lib64/libandroid_runtime.so
08-03 22:36:39.039 17796 17796 I libMGD : Patching glGetProgramPipelineiv in /system/lib64/libandroid_runtime.so
08-03 22:36:39.039 17796 17796 I libMGD : Patching glGetProgramResourceIndex in /system/lib64/libandroid_runtime.so
08-03 22:36:39.039 17796 17796 I libMGD : Patching glGetProgramResourceLocation in /system/lib64/libandroid_runtime.so
08-03 22:36:39.039 17796 17796 I libMGD : Patching glGetProgramResourceiv in /system/lib64/libandroid_runtime.so
08-03 22:36:39.039 17796 17796 I libMGD : Patching glGetProgramiv in /system/lib64/libandroid_runtime.so
08-03 22:36:39.039 17796 17796 I libMGD : Patching glGetQueryObjecti64vEXT in /system/lib64/libandroid_runtime.so
08-03 22:36:39.039 17796 17796 I libMGD : Patching glGetQueryObjectivEXT in /system/lib64/libandroid_runtime.so
08-03 22:36:39.039 17796 17796 I libMGD : Patching glGetQueryObjectuiv in /system/lib64/libandroid_runtime.so
08-03 22:36:39.039 17796 17796 I libMGD : Patching glGetQueryiv in /system/lib64/libandroid_runtime.so
08-03 22:36:39.039 17796 17796 I libMGD : Patching glGetRenderbufferParameteriv in /system/lib64/libandroid_runtime.so
08-03 22:36:39.039 17796 17796 I libMGD : Patching glGetRenderbufferParameterivOES in /system/lib64/libandroid_runtime.so
08-03 22:36:39.039 17796 17796 I libMGD : Patching glGetSamplerParameterIiv in /system/lib64/libandroid_runtime.so
08-03 22:36:39.039 17796 17796 I libMGD : Patching glGetSamplerParameterIivEXT in /system/lib64/libandroid_runtime.so
08-03 22:36:39.039 17796 17796 I libMGD : Patching glGetSamplerParameterIuiv in /system/lib64/libandroid_runtime.so
08-03 22:36:39.039 17796 17796 I libMGD : Patching glGetSamplerParameterIuivEXT in /system/lib64/libandroid_runtime.so
08-03 22:36:39.039 17796 17796 I libMGD : Patching glGetSamplerParameterfv in /system/lib64/libandroid_runtime.so
08-03 22:36:39.039 17796 17796 I libMGD : Patching glGetSamplerParameteriv in /system/lib64/libandroid_runtime.so
08-03 22:36:39.039 17796 17796 I libMGD : Patching glGetShaderInfoLog in /system/lib64/libandroid_runtime.so
08-03 22:36:39.039 17796 17796 I libMGD : Patching glGetShaderPrecisionFormat in /system/lib64/libandroid_runtime.so
08-03 22:36:39.039 17796 17796 I libMGD : Patching glGetShaderSource in /system/lib64/libandroid_runtime.so
08-03 22:36:39.039 1155 1290 D InputDispatcher: Dispatch frozen. Waiting some more. last for 610ms
08-03 22:36:39.039 17796 17796 I libMGD : Patching glGetShaderiv in /system/lib64/libandroid_runtime.so
08-03 22:36:39.039 17796 17796 I libMGD : Patching glGetString in /system/lib64/libandroid_runtime.so
08-03 22:36:39.039 17796 17796 I libMGD : Patching glGetStringi in /system/lib64/libandroid_runtime.so
08-03 22:36:39.039 17796 17796 I libMGD : Patching glGetSynciv in /system/lib64/libandroid_runtime.so
08-03 22:36:39.039 17796 17796 I libMGD : Patching glGetTexEnvfv in /system/lib64/libandroid_runtime.so
08-03 22:36:39.039 17796 17796 I libMGD : Patching glGetTexEnviv in /system/lib64/libandroid_runtime.so
08-03 22:36:39.039 17796 17796 I libMGD : Patching glGetTexEnvxv in /system/lib64/libandroid_runtime.so
08-03 22:36:39.039 17796 17796 I libMGD : Patching glGetTexEnvxvOES in /system/lib64/libandroid_runtime.so
08-03 22:36:39.039 17796 17796 I libMGD : Patching glGetTexGenfvOES in /system/lib64/libandroid_runtime.so
08-03 22:36:39.039 17796 17796 I libMGD : Patching glGetTexGenivOES in /system/lib64/libandroid_runtime.so
08-03 22:36:39.039 17796 17796 I libMGD : Patching glGetTexGenxvOES in /system/lib64/libandroid_runtime.so
08-03 22:36:39.039 17796 17796 I libMGD : Patching glGetTexLevelParameterfv in /system/lib64/libandroid_runtime.so
08-03 22:36:39.040 17796 17796 I libMGD : Patching glGetTexLevelParameteriv in /system/lib64/libandroid_runtime.so
08-03 22:36:39.040 17796 17796 I libMGD : Patching glGetTexParameterIiv in /system/lib64/libandroid_runtime.so
08-03 22:36:39.040 17796 17796 I libMGD : Patching glGetTexParameterIivEXT in /system/lib64/libandroid_runtime.so
08-03 22:36:39.040 17796 17796 I libMGD : Patching glGetTexParameterIuiv in /system/lib64/libandroid_runtime.so
08-03 22:36:39.040 17796 17796 I libMGD : Patching glGetTexParameterIuivEXT in /system/lib64/libandroid_runtime.so
08-03 22:36:39.040 17796 17796 I libMGD : Patching glGetTexParameterfv in /system/lib64/libandroid_runtime.so
08-03 22:36:39.040 17796 17796 I libMGD : Patching glGetTexParameteriv in /system/lib64/libandroid_runtime.so
08-03 22:36:39.040 17796 17796 I libMGD : Patching glGetTexParameterxv in /system/lib64/libandroid_runtime.so
08-03 22:36:39.040 17796 17796 I libMGD : Patching glGetTexParameterxvOES in /system/lib64/libandroid_runtime.so
08-03 22:36:39.040 17796 17796 I libMGD : Patching glGetTransformFeedbackVarying in /system/lib64/libandroid_runtime.so
08-03 22:36:39.040 17796 17796 I libMGD : Patching glGetUniformBlockIndex in /system/lib64/libandroid_runtime.so
08-03 22:36:39.040 17796 17796 I libMGD : Patching glGetUniformIndices in /system/lib64/libandroid_runtime.so
08-03 22:36:39.040 17796 17796 I libMGD : Patching glGetUniformLocation in /system/lib64/libandroid_runtime.so
08-03 22:36:39.040 17796 17796 I libMGD : Patching glGetUniformfv in /system/lib64/libandroid_runtime.so
08-03 22:36:39.040 17796 17796 I libMGD : Patching glGetUniformiv in /system/lib64/libandroid_runtime.so
08-03 22:36:39.040 17796 17796 I libMGD : Patching glGetUniformuiv in /system/lib64/libandroid_runtime.so
08-03 22:36:39.040 17796 17796 I libMGD : Patching glGetVertexAttribIiv in /system/lib64/libandroid_runtime.so
08-03 22:36:39.040 17796 17796 I libMGD : Patching glGetVertexAttribIuiv in /system/lib64/libandroid_runtime.so
08-03 22:36:39.040 17796 17796 I libMGD : Patching glGetVertexAttribfv in /system/lib64/libandroid_runtime.so
08-03 22:36:39.040 17796 17796 I libMGD : Patching glGetVertexAttribiv in /system/lib64/libandroid_runtime.so
08-03 22:36:39.040 17796 17796 I libMGD : Patching glGetnUniformfv in /system/lib64/libandroid_runtime.so
08-03 22:36:39.040 17796 17796 I libMGD : Patching glGetnUniformiv in /system/lib64/libandroid_runtime.so
08-03 22:36:39.040 17796 17796 I libMGD : Patching glGetnUniformuiv in /system/lib64/libandroid_runtime.so
08-03 22:36:39.040 17796 17796 I libMGD : Patching glHint in /system/lib64/libandroid_runtime.so
08-03 22:36:39.040 17796 17796 I libMGD : Patching glInvalidateFramebuffer in /system/lib64/libandroid_runtime.so
08-03 22:36:39.040 17796 17796 I libMGD : Patching glInvalidateSubFramebuffer in /system/lib64/libandroid_runtime.so
08-03 22:36:39.040 17796 17796 I libMGD : Patching glIsBuffer in /system/lib64/libandroid_runtime.so
08-03 22:36:39.040 17796 17796 I libMGD : Patching glIsEnabled in /system/lib64/libandroid_runtime.so
08-03 22:36:39.040 17796 17796 I libMGD : Patching glIsEnabledi in /system/lib64/libandroid_runtime.so
08-03 22:36:39.040 17796 17796 I libMGD : Patching glIsEnablediEXT in /system/lib64/libandroid_runtime.so
08-03 22:36:39.040 17796 17796 I libMGD : Patching glIsFramebuffer in /system/lib64/libandroid_runtime.so
08-03 22:36:39.040 17796 17796 I libMGD : Patching glIsFramebufferOES in /system/lib64/libandroid_runtime.so
08-03 22:36:39.040 17796 17796 I libMGD : Patching glIsProgram in /system/lib64/libandroid_runtime.so
08-03 22:36:39.040 17796 17796 I libMGD : Patching glIsProgramPipeline in /system/lib64/libandroid_runtime.so
08-03 22:36:39.040 17796 17796 I libMGD : Patching glIsQuery in /system/lib64/libandroid_runtime.so
08-03 22:36:39.040 17796 17796 I libMGD : Patching glIsRenderbuffer in /system/lib64/libandroid_runtime.so
08-03 22:36:39.040 17796 17796 I libMGD : Patching glIsRenderbufferOES in /system/lib64/libandroid_runtime.so
08-03 22:36:39.040 17796 17796 I libMGD : Patching glIsSampler in /system/lib64/libandroid_runtime.so
08-03 22:36:39.040 17796 17796 I libMGD : Patching glIsShader in /system/lib64/libandroid_runtime.so
08-03 22:36:39.040 17796 17796 I libMGD : Patching glIsSync in /system/lib64/libandroid_runtime.so
08-03 22:36:39.040 17796 17796 I libMGD : Patching glIsTexture in /system/lib64/libandroid_runtime.so
08-03 22:36:39.040 17796 17796 I libMGD : Patching glIsTransformFeedback in /system/lib64/libandroid_runtime.so
08-03 22:36:39.040 17796 17796 I libMGD : Patching glIsVertexArray in /system/lib64/libandroid_runtime.so
08-03 22:36:39.040 17796 17796 I libMGD : Patching glLightModelf in /system/lib64/libandroid_runtime.so
08-03 22:36:39.041 17796 17796 I libMGD : Patching glLightModelfv in /system/lib64/libandroid_runtime.so
08-03 22:36:39.041 17796 17796 I libMGD : Patching glLightModelx in /system/lib64/libandroid_runtime.so
08-03 22:36:39.041 17796 17796 I libMGD : Patching glLightModelxOES in /system/lib64/libandroid_runtime.so
08-03 22:36:39.041 17796 17796 I libMGD : Patching glLightModelxv in /system/lib64/libandroid_runtime.so
08-03 22:36:39.041 17796 17796 I libMGD : Patching glLightModelxvOES in /system/lib64/libandroid_runtime.so
08-03 22:36:39.041 17796 17796 I libMGD : Patching glLightf in /system/lib64/libandroid_runtime.so
08-03 22:36:39.041 17796 17796 I libMGD : Patching glLightfv in /system/lib64/libandroid_runtime.so
08-03 22:36:39.041 17796 17796 I libMGD : Patching glLightx in /system/lib64/libandroid_runtime.so
08-03 22:36:39.041 17796 17796 I libMGD : Patching glLightxOES in /system/lib64/libandroid_runtime.so
08-03 22:36:39.041 17796 17796 I libMGD : Patching glLightxv in /system/lib64/libandroid_runtime.so
08-03 22:36:39.041 17796 17796 I libMGD : Patching glLightxvOES in /system/lib64/libandroid_runtime.so
08-03 22:36:39.041 17796 17796 I libMGD : Patching glLineWidth in /system/lib64/libandroid_runtime.so
08-03 22:36:39.041 17796 17796 I libMGD : Patching glLineWidthx in /system/lib64/libandroid_runtime.so
08-03 22:36:39.041 17796 17796 I libMGD : Patching glLineWidthxOES in /system/lib64/libandroid_runtime.so
08-03 22:36:39.041 17796 17796 I libMGD : Patching glLinkProgram in /system/lib64/libandroid_runtime.so
08-03 22:36:39.041 17796 17796 I libMGD : Patching glLoadIdentity in /system/lib64/libandroid_runtime.so
08-03 22:36:39.041 17796 17796 I libMGD : Patching glLoadMatrixf in /system/lib64/libandroid_runtime.so
08-03 22:36:39.041 17796 17796 I libMGD : Patching glLoadMatrixx in /system/lib64/libandroid_runtime.so
08-03 22:36:39.041 17796 17796 I libMGD : Patching glLoadMatrixxOES in /system/lib64/libandroid_runtime.so
08-03 22:36:39.041 17796 17796 I libMGD : Patching glLoadPaletteFromModelViewMatrixOES in /system/lib64/libandroid_runtime.so
08-03 22:36:39.041 17796 17796 I libMGD : Patching glLogicOp in /system/lib64/libandroid_runtime.so
08-03 22:36:39.041 17796 17796 I libMGD : Patching glMapBufferRange in /system/lib64/libandroid_runtime.so
08-03 22:36:39.041 17796 17796 I libMGD : Patching glMaterialf in /system/lib64/libandroid_runtime.so
08-03 22:36:39.041 17796 17796 I libMGD : Patching glMaterialfv in /system/lib64/libandroid_runtime.so
08-03 22:36:39.041 17796 17796 I libMGD : Patching glMaterialx in /system/lib64/libandroid_runtime.so
08-03 22:36:39.041 17796 17796 I libMGD : Patching glMaterialxOES in /system/lib64/libandroid_runtime.so
08-03 22:36:39.041 17796 17796 I libMGD : Patching glMaterialxv in /system/lib64/libandroid_runtime.so
08-03 22:36:39.041 17796 17796 I libMGD : Patching glMaterialxvOES in /system/lib64/libandroid_runtime.so
08-03 22:36:39.041 17796 17796 I libMGD : Patching glMatrixIndexPointerOES in /system/lib64/libandroid_runtime.so
08-03 22:36:39.041 1155 8168 D ActivityManager: cleanUpApplicationRecord app: ProcessRecord{afbd6ed 16523:com.google.android.googlequicksearchbox/u0a41}, app.bad: false, restarting: false, allowRestart: true
08-03 22:36:39.041 17796 17796 I libMGD : Patching glMatrixIndexPointerOES in /system/lib64/libandroid_runtime.so
08-03 22:36:39.041 17796 17796 I libMGD : Patching glMatrixMode in /system/lib64/libandroid_runtime.so
08-03 22:36:39.041 17796 17796 I libMGD : Patching glMemoryBarrier in /system/lib64/libandroid_runtime.so
08-03 22:36:39.041 17796 17796 I libMGD : Patching glMemoryBarrierByRegion in /system/lib64/libandroid_runtime.so
08-03 22:36:39.041 17796 17796 I libMGD : Patching glMinSampleShading in /system/lib64/libandroid_runtime.so
08-03 22:36:39.041 17796 17796 I libMGD : Patching glMinSampleShadingOES in /system/lib64/libandroid_runtime.so
08-03 22:36:39.041 17796 17796 I libMGD : Patching glMultMatrixf in /system/lib64/libandroid_runtime.so
08-03 22:36:39.041 17796 17796 I libMGD : Patching glMultMatrixx in /system/lib64/libandroid_runtime.so
08-03 22:36:39.041 17796 17796 I libMGD : Patching glMultMatrixxOES in /system/lib64/libandroid_runtime.so
08-03 22:36:39.041 17796 17796 I libMGD : Patching glMultiTexCoord4f in /system/lib64/libandroid_runtime.so
08-03 22:36:39.041 17796 17796 I libMGD : Patching glMultiTexCoord4x in /system/lib64/libandroid_runtime.so
08-03 22:36:39.041 17796 17796 I libMGD : Patching glMultiTexCoord4xOES in /system/lib64/libandroid_runtime.so
08-03 22:36:39.041 17796 17796 I libMGD : Patching glNormal3f in /system/lib64/libandroid_runtime.so
08-03 22:36:39.041 17796 17796 I libMGD : Patching glNormal3x in /system/lib64/libandroid_runtime.so
08-03 22:36:39.041 17796 17796 I libMGD : Patching glNormal3xOES in /system/lib64/libandroid_runtime.so
08-03 22:36:39.041 17796 17796 I libMGD : Patching glNormalPointer in /system/lib64/libandroid_runtime.so
08-03 22:36:39.041 17796 17796 I libMGD : Patching glObjectLabel in /system/lib64/libandroid_runtime.so
08-03 22:36:39.041 17796 17796 I libMGD : Patching glObjectLabelKHR in /system/lib64/libandroid_runtime.so
08-03 22:36:39.042 17796 17796 I libMGD : Patching glOrthof in /system/lib64/libandroid_runtime.so
08-03 22:36:39.042 17796 17796 I libMGD : Patching glOrthofOES in /system/lib64/libandroid_runtime.so
08-03 22:36:39.042 17796 17796 I libMGD : Patching glOrthox in /system/lib64/libandroid_runtime.so
08-03 22:36:39.042 17796 17796 I libMGD : Patching glOrthoxOES in /system/lib64/libandroid_runtime.so
08-03 22:36:39.042 17796 17796 I libMGD : Patching glPatchParameteri in /system/lib64/libandroid_runtime.so
08-03 22:36:39.042 17796 17796 I libMGD : Patching glPatchParameteriEXT in /system/lib64/libandroid_runtime.so
08-03 22:36:39.042 17796 17796 I libMGD : Patching glPauseTransformFeedback in /system/lib64/libandroid_runtime.so
08-03 22:36:39.042 17796 17796 I libMGD : Patching glPixelStorei in /system/lib64/libandroid_runtime.so
08-03 22:36:39.042 17796 17796 I libMGD : Patching glPointParameterf in /system/lib64/libandroid_runtime.so
08-03 22:36:39.042 17796 17796 I libMGD : Patching glPointParameterfv in /system/lib64/libandroid_runtime.so
08-03 22:36:39.042 17796 17796 I libMGD : Patching glPointParameterx in /system/lib64/libandroid_runtime.so
08-03 22:36:39.042 17796 17796 I libMGD : Patching glPointParameterxOES in /system/lib64/libandroid_runtime.so
08-03 22:36:39.042 17796 17796 I libMGD : Patching glPointParameterxv in /system/lib64/libandroid_runtime.so
08-03 22:36:39.042 17796 17796 I libMGD : Patching glPointParameterxvOES in /system/lib64/libandroid_runtime.so
08-03 22:36:39.042 17796 17796 I libMGD : Patching glPointSize in /system/lib64/libandroid_runtime.so
08-03 22:36:39.042 17796 17796 I libMGD : Patching glPointSizex in /system/lib64/libandroid_runtime.so
08-03 22:36:39.042 17796 17796 I libMGD : Patching glPointSizexOES in /system/lib64/libandroid_runtime.so
08-03 22:36:39.042 17796 17796 I libMGD : Patching glPolygonOffset in /system/lib64/libandroid_runtime.so
08-03 22:36:39.042 17796 17796 I libMGD : Patching glPolygonOffsetx in /system/lib64/libandroid_runtime.so
08-03 22:36:39.042 17796 17796 I libMGD : Patching glPolygonOffsetxOES in /system/lib64/libandroid_runtime.so
08-03 22:36:39.042 17796 17796 I libMGD : Patching glPopDebugGroup in /system/lib64/libandroid_runtime.so
08-03 22:36:39.042 17796 17796 I libMGD : Patching glPopDebugGroupKHR in /system/lib64/libandroid_runtime.so
08-03 22:36:39.042 17796 17796 I libMGD : Patching glPopMatrix in /system/lib64/libandroid_runtime.so
08-03 22:36:39.042 17796 17796 I libMGD : Patching glPrimitiveBoundingBox in /system/lib64/libandroid_runtime.so
08-03 22:36:39.042 17796 17796 I libMGD : Patching glPrimitiveBoundingBoxEXT in /system/lib64/libandroid_runtime.so
08-03 22:36:39.042 17796 17796 I libMGD : Patching glProgramBinary in /system/lib64/libandroid_runtime.so
08-03 22:36:39.042 17796 17796 I libMGD : Patching glProgramParameteri in /system/lib64/libandroid_runtime.so
08-03 22:36:39.042 17796 17796 I libMGD : Patching glProgramUniform1f in /system/lib64/libandroid_runtime.so
08-03 22:36:39.042 17796 17796 I libMGD : Patching glProgramUniform1fv in /system/lib64/libandroid_runtime.so
08-03 22:36:39.042 17796 17796 I libMGD : Patching glProgramUniform1i in /system/lib64/libandroid_runtime.so
08-03 22:36:39.042 17796 17796 I libMGD : Patching glProgramUniform1iv in /system/lib64/libandroid_runtime.so
08-03 22:36:39.042 17796 17796 I libMGD : Patching glProgramUniform1ui in /system/lib64/libandroid_runtime.so
08-03 22:36:39.042 17796 17796 I libMGD : Patching glProgramUniform1uiv in /system/lib64/libandroid_runtime.so
08-03 22:36:39.042 17796 17796 I libMGD : Patching glProgramUniform2f in /system/lib64/libandroid_runtime.so
08-03 22:36:39.042 17796 17796 I libMGD : Patching glProgramUniform2fv in /system/lib64/libandroid_runtime.so
08-03 22:36:39.042 17796 17796 I libMGD : Patching glProgramUniform2i in /system/lib64/libandroid_runtime.so
08-03 22:36:39.042 17796 17796 I libMGD : Patching glProgramUniform2iv in /system/lib64/libandroid_runtime.so
08-03 22:36:39.042 17796 17796 I libMGD : Patching glProgramUniform2ui in /system/lib64/libandroid_runtime.so
08-03 22:36:39.042 17796 17796 I libMGD : Patching glProgramUniform2uiv in /system/lib64/libandroid_runtime.so
08-03 22:36:39.042 17796 17796 I libMGD : Patching glProgramUniform3f in /system/lib64/libandroid_runtime.so
08-03 22:36:39.042 17796 17796 I libMGD : Patching glProgramUniform3fv in /system/lib64/libandroid_runtime.so
08-03 22:36:39.042 17796 17796 I libMGD : Patching glProgramUniform3i in /system/lib64/libandroid_runtime.so
08-03 22:36:39.042 17796 17796 I libMGD : Patching glProgramUniform3iv in /system/lib64/libandroid_runtime.so
08-03 22:36:39.042 17796 17796 I libMGD : Patching glProgramUniform3ui in /system/lib64/libandroid_runtime.so
08-03 22:36:39.043 17796 17796 I libMGD : Patching glProgramUniform3uiv in /system/lib64/libandroid_runtime.so
08-03 22:36:39.043 17796 17796 I libMGD : Patching glProgramUniform4f in /system/lib64/libandroid_runtime.so
08-03 22:36:39.043 17796 17796 I libMGD : Patching glProgramUniform4fv in /system/lib64/libandroid_runtime.so
08-03 22:36:39.043 2255 2277 I MediaProcessHandler: processOp opType: 1, uid: 10041, pid: 16523
08-03 22:36:39.043 17796 17796 I libMGD : Patching glProgramUniform4fv in /system/lib64/libandroid_runtime.so
08-03 22:36:39.043 2255 2277 W MediaProcessHandler: remove target not exist, maybe the UI process: uid: 10041, pid: 16523
08-03 22:36:39.043 17796 17796 I libMGD : Patching glProgramUniform4i in /system/lib64/libandroid_runtime.so
08-03 22:36:39.043 2255 2277 I MediaProcessHandler: executedCallBack opType: 1 mMediaStatusObservers.size=0
08-03 22:36:39.043 17796 17796 I libMGD : Patching glProgramUniform4iv in /system/lib64/libandroid_runtime.so
08-03 22:36:39.043 17796 17796 I libMGD : Patching glProgramUniform4ui in /system/lib64/libandroid_runtime.so
08-03 22:36:39.043 17796 17796 I libMGD : Patching glProgramUniform4uiv in /system/lib64/libandroid_runtime.so
08-03 22:36:39.043 17796 17796 I libMGD : Patching glProgramUniformMatrix2fv in /system/lib64/libandroid_runtime.so
08-03 22:36:39.043 17796 17796 I libMGD : Patching glProgramUniformMatrix2x3fv in /system/lib64/libandroid_runtime.so
08-03 22:36:39.043 17796 17796 I libMGD : Patching glProgramUniformMatrix2x4fv in /system/lib64/libandroid_runtime.so
08-03 22:36:39.043 17796 17796 I libMGD : Patching glProgramUniformMatrix3fv in /system/lib64/libandroid_runtime.so
08-03 22:36:39.043 17796 17796 I libMGD : Patching glProgramUniformMatrix3x2fv in /system/lib64/libandroid_runtime.so
08-03 22:36:39.043 17796 17796 I libMGD : Patching glProgramUniformMatrix3x4fv in /system/lib64/libandroid_runtime.so
08-03 22:36:39.043 1155 1287 W AwareLog: SchedLevelBoost: onProcessDied config not set!
08-03 22:36:39.043 17796 17796 I libMGD : Patching glProgramUniformMatrix4fv in /system/lib64/libandroid_runtime.so
08-03 22:36:39.043 17796 17796 I libMGD : Patching glProgramUniformMatrix4x2fv in /system/lib64/libandroid_runtime.so
08-03 22:36:39.043 17796 17796 I libMGD : Patching glProgramUniformMatrix4x3fv in /system/lib64/libandroid_runtime.so
08-03 22:36:39.043 17796 17796 I libMGD : Patching glPushDebugGroup in /system/lib64/libandroid_runtime.so
08-03 22:36:39.043 17796 17796 I libMGD : Patching glPushDebugGroupKHR in /system/lib64/libandroid_runtime.so
08-03 22:36:39.043 17796 17796 I libMGD : Patching glPushMatrix in /system/lib64/libandroid_runtime.so
08-03 22:36:39.043 17796 17796 I libMGD : Patching glQueryMatrixxOES in /system/lib64/libandroid_runtime.so
08-03 22:36:39.043 17796 17796 I libMGD : Patching glReadBuffer in /system/lib64/libandroid_runtime.so
08-03 22:36:39.043 17796 17796 I libMGD : Patching glReadPixels in /system/lib64/libandroid_runtime.so
08-03 22:36:39.043 17796 17796 I libMGD : Patching glReadnPixels in /system/lib64/libandroid_runtime.so
08-03 22:36:39.043 17796 17796 I libMGD : Patching glReleaseShaderCompiler in /system/lib64/libandroid_runtime.so
08-03 22:36:39.043 17796 17796 I libMGD : Patching glRenderbufferStorage in /system/lib64/libandroid_runtime.so
08-03 22:36:39.043 17796 17796 I libMGD : Patching glRenderbufferStorageMultisample in /system/lib64/libandroid_runtime.so
08-03 22:36:39.043 17796 17796 I libMGD : Patching glRenderbufferStorageOES in /system/lib64/libandroid_runtime.so
08-03 22:36:39.043 17796 17796 I libMGD : Patching glResumeTransformFeedback in /system/lib64/libandroid_runtime.so
08-03 22:36:39.043 17796 17796 I libMGD : Patching glRotatef in /system/lib64/libandroid_runtime.so
08-03 22:36:39.043 17796 17796 I libMGD : Patching glRotatex in /system/lib64/libandroid_runtime.so
08-03 22:36:39.043 17796 17796 I libMGD : Patching glRotatexOES in /system/lib64/libandroid_runtime.so
08-03 22:36:39.043 17796 17796 I libMGD : Patching glSampleCoverage in /system/lib64/libandroid_runtime.so
08-03 22:36:39.043 17796 17796 I libMGD : Patching glSampleCoveragex in /system/lib64/libandroid_runtime.so
08-03 22:36:39.043 17796 17796 I libMGD : Patching glSampleCoveragexOES in /system/lib64/libandroid_runtime.so
08-03 22:36:39.043 17796 17796 I libMGD : Patching glSampleMaski in /system/lib64/libandroid_runtime.so
08-03 22:36:39.043 17796 17796 I libMGD : Patching glSamplerParameterIiv in /system/lib64/libandroid_runtime.so
08-03 22:36:39.043 17796 17796 I libMGD : Patching glSamplerParameterIivEXT in /system/lib64/libandroid_runtime.so
08-03 22:36:39.043 17796 17796 I libMGD : Patching glSamplerParameterIuiv in /system/lib64/libandroid_runtime.so
08-03 22:36:39.043 17796 17796 I libMGD : Patching glSamplerParameterIuivEXT in /system/lib64/libandroid_runtime.so
08-03 22:36:39.043 17796 17796 I libMGD : Patching glSamplerParameterf in /system/lib64/libandroid_runtime.so
08-03 22:36:39.043 17796 17796 I libMGD : Patching glSamplerParameterfv in /system/lib64/libandroid_runtime.so
08-03 22:36:39.043 17796 17796 I libMGD : Patching glSamplerParameteri in /system/lib64/libandroid_runtime.so
08-03 22:36:39.043 17796 17796 I libMGD : Patching glSamplerParameteriv in /system/lib64/libandroid_runtime.so
08-03 22:36:39.044 17796 17796 I libMGD : Patching glScalef in /system/lib64/libandroid_runtime.so
08-03 22:36:39.044 17796 17796 I libMGD : Patching glScalex in /system/lib64/libandroid_runtime.so
08-03 22:36:39.044 17796 17796 I libMGD : Patching glScalexOES in /system/lib64/libandroid_runtime.so
08-03 22:36:39.044 17796 17796 I libMGD : Patching glScissor in /system/lib64/libandroid_runtime.so
08-03 22:36:39.044 17796 17796 I libMGD : Patching glShadeModel in /system/lib64/libandroid_runtime.so
08-03 22:36:39.044 17796 17796 I libMGD : Patching glShaderBinary in /system/lib64/libandroid_runtime.so
08-03 22:36:39.044 17796 17796 I libMGD : Patching glShaderSource in /system/lib64/libandroid_runtime.so
08-03 22:36:39.044 17796 17796 I libMGD : Patching glStencilFunc in /system/lib64/libandroid_runtime.so
08-03 22:36:39.044 17796 17796 I libMGD : Patching glStencilFuncSeparate in /system/lib64/libandroid_runtime.so
08-03 22:36:39.044 17796 17796 I libMGD : Patching glStencilMask in /system/lib64/libandroid_runtime.so
08-03 22:36:39.044 17796 17796 I libMGD : Patching glStencilMaskSeparate in /system/lib64/libandroid_runtime.so
08-03 22:36:39.044 17796 17796 I libMGD : Patching glStencilOp in /system/lib64/libandroid_runtime.so
08-03 22:36:39.044 17796 17796 I libMGD : Patching glStencilOpSeparate in /system/lib64/libandroid_runtime.so
08-03 22:36:39.044 17796 17796 I libMGD : Patching glTexBuffer in /system/lib64/libandroid_runtime.so
08-03 22:36:39.044 17796 17796 I libMGD : Patching glTexBufferEXT in /system/lib64/libandroid_runtime.so
08-03 22:36:39.044 17796 17796 I libMGD : Patching glTexBufferRange in /system/lib64/libandroid_runtime.so
08-03 22:36:39.044 17796 17796 I libMGD : Patching glTexBufferRangeEXT in /system/lib64/libandroid_runtime.so
08-03 22:36:39.044 17796 17796 I libMGD : Patching glTexCoordPointer in /system/lib64/libandroid_runtime.so
08-03 22:36:39.044 17796 17796 I libMGD : Patching glTexEnvf in /system/lib64/libandroid_runtime.so
08-03 22:36:39.044 17796 17796 I libMGD : Patching glTexEnvfv in /system/lib64/libandroid_runtime.so
08-03 22:36:39.044 17796 17796 I libMGD : Patching glTexEnvi in /system/lib64/libandroid_runtime.so
08-03 22:36:39.044 17796 17796 I libMGD : Patching glTexEnviv in /system/lib64/libandroid_runtime.so
08-03 22:36:39.044 17796 17796 I libMGD : Patching glTexEnvx in /system/lib64/libandroid_runtime.so
08-03 22:36:39.044 17796 17796 I libMGD : Patching glTexEnvxOES in /system/lib64/libandroid_runtime.so
08-03 22:36:39.044 17796 17796 I libMGD : Patching glTexEnvxv in /system/lib64/libandroid_runtime.so
08-03 22:36:39.044 17796 17796 I libMGD : Patching glTexEnvxvOES in /system/lib64/libandroid_runtime.so
08-03 22:36:39.044 17796 17796 I libMGD : Patching glTexGenfOES in /system/lib64/libandroid_runtime.so
08-03 22:36:39.044 17796 17796 I libMGD : Patching glTexGenfvOES in /system/lib64/libandroid_runtime.so
08-03 22:36:39.044 17796 17796 I libMGD : Patching glTexGeniOES in /system/lib64/libandroid_runtime.so
08-03 22:36:39.044 17796 17796 I libMGD : Patching glTexGenivOES in /system/lib64/libandroid_runtime.so
08-03 22:36:39.044 17796 17796 I libMGD : Patching glTexGenxOES in /system/lib64/libandroid_runtime.so
08-03 22:36:39.044 17796 17796 I libMGD : Patching glTexGenxvOES in /system/lib64/libandroid_runtime.so
08-03 22:36:39.044 17796 17796 I libMGD : Patching glTexImage2D in /system/lib64/libandroid_runtime.so
08-03 22:36:39.044 17796 17796 I libMGD : Patching glTexImage3D in /system/lib64/libandroid_runtime.so
08-03 22:36:39.044 17796 17796 I libMGD : Patching glTexParameterIiv in /system/lib64/libandroid_runtime.so
08-03 22:36:39.044 17796 17796 I libMGD : Patching glTexParameterIivEXT in /system/lib64/libandroid_runtime.so
08-03 22:36:39.044 17796 17796 I libMGD : Patching glTexParameterIuiv in /system/lib64/libandroid_runtime.so
08-03 22:36:39.044 17796 17796 I libMGD : Patching glTexParameterIuivEXT in /system/lib64/libandroid_runtime.so
08-03 22:36:39.044 17796 17796 I libMGD : Patching glTexParameterf in /system/lib64/libandroid_runtime.so
08-03 22:36:39.044 17796 17796 I libMGD : Patching glTexParameterfv in /system/lib64/libandroid_runtime.so
08-03 22:36:39.044 17796 17796 I libMGD : Patching glTexParameteri in /system/lib64/libandroid_runtime.so
08-03 22:36:39.045 17796 17796 I libMGD : Patching glUniform2fv in /system/lib64/libandroid_runtime.so
08-03 22:36:39.045 17796 17796 I libMGD : Patching glUniform2i in /system/lib64/libandroid_runtime.so
08-03 22:36:39.045 17796 17796 I libMGD : Patching glUniform2iv in /system/lib64/libandroid_runtime.so
08-03 22:36:39.045 17796 17796 I libMGD : Patching glUniform2ui in /system/lib64/libandroid_runtime.so
08-03 22:36:39.045 17796 17796 I libMGD : Patching glUniform2uiv in /system/lib64/libandroid_runtime.so
08-03 22:36:39.045 17796 17796 I libMGD : Patching glUniform3f in /system/lib64/libandroid_runtime.so
08-03 22:36:39.045 17796 17796 I libMGD : Patching glUniform3fv in /system/lib64/libandroid_runtime.so
08-03 22:36:39.045 17796 17796 I libMGD : Patching glUniform3i in /system/lib64/libandroid_runtime.so
08-03 22:36:39.045 17796 17796 I libMGD : Patching glUniform3iv in /system/lib64/libandroid_runtime.so
08-03 22:36:39.045 17796 17796 I libMGD : Patching glUniform3ui in /system/lib64/libandroid_runtime.so
08-03 22:36:39.045 17796 17796 I libMGD : Patching glUniform3uiv in /system/lib64/libandroid_runtime.so
08-03 22:36:39.045 17796 17796 I libMGD : Patching glUniform4f in /system/lib64/libandroid_runtime.so
08-03 22:36:39.045 17796 17796 I libMGD : Patching glUniform4fv in /system/lib64/libandroid_runtime.so
08-03 22:36:39.045 17796 17796 I libMGD : Patching glUniform4i in /system/lib64/libandroid_runtime.so
08-03 22:36:39.045 17796 17796 I libMGD : Patching glUniform4iv in /system/lib64/libandroid_runtime.so
08-03 22:36:39.045 17796 17796 I libMGD : Patching glUniform4ui in /system/lib64/libandroid_runtime.so
08-03 22:36:39.045 17796 17796 I libMGD : Patching glUniform4uiv in /system/lib64/libandroid_runtime.so
08-03 22:36:39.045 17796 17796 I libMGD : Patching glUniformBlockBinding in /system/lib64/libandroid_runtime.so
08-03 22:36:39.045 17796 17796 I libMGD : Patching glUniformMatrix2fv in /system/lib64/libandroid_runtime.so
08-03 22:36:39.045 17796 17796 I libMGD : Patching glUniformMatrix2x3fv in /system/lib64/libandroid_runtime.so
08-03 22:36:39.046 17796 17796 I libMGD : Patching glUniformMatrix2x4fv in /system/lib64/libandroid_runtime.so
08-03 22:36:39.046 17796 17796 I libMGD : Patching glUniformMatrix3fv in /system/lib64/libandroid_runtime.so
08-03 22:36:39.046 17796 17796 I libMGD : Patching glUniformMatrix3x2fv in /system/lib64/libandroid_runtime.so
08-03 22:36:39.046 17796 17796 I libMGD : Patching glUniformMatrix3x4fv in /system/lib64/libandroid_runtime.so
08-03 22:36:39.046 17796 17796 I libMGD : Patching glUniformMatrix4fv in /system/lib64/libandroid_runtime.so
08-03 22:36:39.046 17796 17796 I libMGD : Patching glUniformMatrix4x2fv in /system/lib64/libandroid_runtime.so
08-03 22:36:39.046 17796 17796 I libMGD : Patching glUniformMatrix4x3fv in /system/lib64/libandroid_runtime.so
08-03 22:36:39.046 17796 17796 I libMGD : Patching glUnmapBuffer in /system/lib64/libandroid_runtime.so
08-03 22:36:39.046 17796 17796 I libMGD : Patching glUseProgram in /system/lib64/libandroid_runtime.so
08-03 22:36:39.046 17796 17796 I libMGD : Patching glUseProgramStages in /system/lib64/libandroid_runtime.so
08-03 22:36:39.046 17796 17796 I libMGD : Patching glValidateProgram in /system/lib64/libandroid_runtime.so
08-03 22:36:39.046 17796 17796 I libMGD : Patching glValidateProgramPipeline in /system/lib64/libandroid_runtime.so
08-03 22:36:39.046 17796 17796 I libMGD : Patching glVertexAttrib1f in /system/lib64/libandroid_runtime.so
08-03 22:36:39.046 17796 17796 I libMGD : Patching glVertexAttrib1fv in /system/lib64/libandroid_runtime.so
08-03 22:36:39.046 17796 17796 I libMGD : Patching glVertexAttrib2f in /system/lib64/libandroid_runtime.so
08-03 22:36:39.046 17796 17796 I libMGD : Patching glVertexAttrib2fv in /system/lib64/libandroid_runtime.so
08-03 22:36:39.046 17796 17796 I libMGD : Patching glVertexAttrib3f in /system/lib64/libandroid_runtime.so
08-03 22:36:39.046 17796 17796 I libMGD : Patching glVertexAttrib3fv in /system/lib64/libandroid_runtime.so
08-03 22:36:39.046 17796 17796 I libMGD : Patching glVertexAttrib4f in /system/lib64/libandroid_runtime.so
08-03 22:36:39.046 17796 17796 I libMGD : Patching glVertexAttrib4fv in /system/lib64/libandroid_runtime.so
08-03 22:36:39.046 17796 17796 I libMGD : Patching glVertexAttribBinding in /system/lib64/libandroid_runtime.so
08-03 22:36:39.046 17796 17796 I libMGD : Patching glVertexAttribDivisor in /system/lib64/libandroid_runtime.so
08-03 22:36:39.046 17796 17796 I libMGD : Patching glVertexAttribFormat in /system/lib64/libandroid_runtime.so
