08-03 22:36:16.402 2635 17723 I Places : Converted 0 out of 0 WiFi scans
08-03 22:36:16.402 1155 3079 W ProcBatteryStats: timer is running , not start, name: , uid: 10013, tag: GCoreFlp
08-03 22:36:16.405 2635 13560 D WorkSource: Insert in WorkSource{} @ 0 uid 10013 name com.google.android.gms
08-03 22:36:16.405 1155 3079 W ProcBatteryStats: timer is running , not start, name: , uid: 10013, tag: GCoreFlp
08-03 22:36:16.409 1155 2762 W ProcBatteryStats: timer is running , not start, name: , uid: 10013, tag: GCoreFlp
08-03 22:36:16.410 2635 3198 D WorkSource: Insert in WorkSource{} @ 0 uid 10041 name com.google.android.googlequicksearchbox
08-03 22:36:16.410 2635 17723 I PlaceInferenceEngine: [anon] Changed inference mode: 1
08-03 22:36:16.414 2635 2635 I BluetoothAdapter: getBluetoothLeScanner
08-03 22:36:16.414 2635 13560 D WorkSource: Insert in WorkSource{} @ 0 uid 10013 name com.google.android.gms
08-03 22:36:16.416 2635 2635 I BeaconBle: Using BLE 'L' hardware layer
08-03 22:36:16.420 2635 2915 D WorkSource: Insert in WorkSource{} @ 0 uid 10013 name com.google.android.gms
08-03 22:36:16.424 1155 15425 W ProcBatteryStats: timer is not running , not stop, name: , uid: 10013, tag: GCoreFlp
08-03 22:36:16.427 2635 2635 D WorkSource: i1=0 i2=0 N1=0: insert 10013 com.google.android.gms
08-03 22:36:16.427 2635 2635 D WorkSource: Insert in WorkSource{} @ 0 uid 10013 name com.google.android.gms
08-03 22:36:16.427 2635 2635 D WorkSource: i1=1 i2=0 N1=1: insert 10041 com.google.android.googlequicksearchbox
08-03 22:36:16.427 2635 2635 D WorkSource: Insert in WorkSource{10013 com.google.android.gms} @ 1 uid 10041 name com.google.android.googlequicksearchbox
08-03 22:36:16.428 2635 16419 I PlaceInferenceEngine: No beacon scan available - ignoring candidates.
08-03 22:36:16.428 1155 15425 W ProcBatteryStats: timer is not running , not stop, name: , uid: 10013, tag: GCoreFlp
08-03 22:36:16.430 1155 6319 W ProcBatteryStats: timer is not running , not stop, name: , uid: 10013, tag: GCoreFlp
08-03 22:36:16.434 2635 2635 I BeaconBle: Client requested scan, settings=BleSettings [scanMode=ZERO_POWER, callbackType=ALL_MATCHES, reportDelayMillis=0, 1 filters, 0 clients, callingClientName=Places]
08-03 22:36:16.443 2635 2635 I BluetoothAdapter: Calling enableBLE
08-03 22:36:16.444 1155 15425 D BluetoothManagerService: Registered for death of com.google.android.gms
08-03 22:36:16.444 1155 15425 D BluetoothManagerService: 1 registered Ble Apps
08-03 22:36:16.446 2635 2635 D BluetoothAdapter: isLeEnabled(): BLE_ON
08-03 22:36:16.446 2635 2635 D BluetoothAdapter: enableBLE(): Bluetooth already enabled
08-03 22:36:16.447 1155 6319 W ProcBatteryStats: timer is running , not start, name: , uid: 10013, tag: NlpWakeLock
08-03 22:36:16.456 2635 2635 I BeaconBle: ZERO_POWER is disabled.
08-03 22:36:16.456 2635 2635 I BeaconBle: 'L' hardware scan: scan stopped, no powered clients
08-03 22:36:16.457 17391 17391 I Ads : JS Engine is requesting an update
08-03 22:36:16.459 1155 15425 V BroadcastQueue: Finished with ordered broadcast BroadcastRecord{72e1b00 u0 com.google.android.contextmanager.producer.module.DetectedActivityProducer}
08-03 22:36:16.459 1155 15425 V BroadcastQueue: Finished with ordered broadcast BroadcastRecord{cdbaf39 u0 com.google.android.places.signals.action.activity_recognition}
08-03 22:36:16.461 2635 2915 D WorkSource: Insert in WorkSource{} @ 0 uid 10013 name com.google.android.gms
08-03 22:36:16.483 1155 6319 V BroadcastQueue: Finished with ordered broadcast BroadcastRecord{803297e u0 com.google.android.apps.gsa.search.core.location.ACTIVITY_DETECTION}
08-03 22:36:16.484 1155 1581 W ProcBatteryStats: timer is running , not start, name: , uid: 10013, tag: GCoreFlp
08-03 22:36:16.490 1155 1581 W ProcBatteryStats: timer is running , not start, name: , uid: 10013, tag: GCoreFlp
08-03 22:36:16.491 1155 1581 W ProcBatteryStats: timer is not running , not stop, name: , uid: 10013, tag: NlpWakeLock
08-03 22:36:16.493 1155 3079 W ProcBatteryStats: timer is not running , not stop, name: , uid: 10013, tag: GCoreFlp
08-03 22:36:16.495 1155 3079 W ProcBatteryStats: timer is not running , not stop, name: , uid: 10013, tag: GCoreFlp
08-03 22:36:16.496 1495 1495 I PhoneStatusBarView: mDelayedGetViewPositionOnScreen getLocationInWindow 0 0
08-03 22:36:16.496 1495 1495 I PhoneStatusBarView: mDelayedGetViewPositionOnScreen getLocationOnScreen 0 0
08-03 22:36:16.569 2635 2915 D WorkSource: Insert in WorkSource{} @ 0 uid 10013 name com.google.android.gms
08-03 22:36:16.574 2635 17727 W ctxmgr : [AclManager]No 2 for (accnt=account#-517948760#, com.google.android.gms(10013):PlacesProducer, vrsn=12874000, 0, 3pPkg = null , 3pMdlId = null , pid = 2635). Was: 3 for 18, account#-517948760#
08-03 22:36:16.688 663 663 E WifiHAL : enter wifi_get_link_stats
08-03 22:36:16.693 753 753 E wificond: Failed to get NL80211_RATE_INFO_NOISE
08-03 22:36:16.693 753 753 E wificond: Failed to get NL80211_RATE_INFO_SNR
08-03 22:36:16.693 753 753 E wificond: Failed to get NL80211_STA_INFO_CNAHLOAD
08-03 22:36:16.693 1155 1318 I chatty : uid=1000(system) WifiStateMachin expire 10 lines
08-03 22:36:16.693 1155 1320 I chatty : uid=1000(system) HwWifiCHRStateM expire 15 lines
08-03 22:36:16.764 739 2421 D DE N ACA: updateParam:145: mFilteredCct = 2.000000, mAscendDeltaCctMax = 1.000000, mDescendDeltaCctMax = 1.000000
08-03 22:36:16.764 739 2421 D DE N SR : setAmbientParam:938: DE_SCENE_ACTION_AMBIENT_CHANGE set mLux:4 mCt:2
08-03 22:36:16.767 1155 2762 I ActivityManager: Killing 16435:com.google.android.apps.tachyon/u0a59 (adj 906): empty #25
08-03 22:36:16.850 1155 2762 D ConnectivityService: ConnectivityService NetworkRequestInfo binderDied(NetworkRequest [ LISTEN id=37, [ Capabilities: INTERNET&NOT_RESTRICTED&TRUSTED] ], android.os.BinderProxy@5713edf)
08-03 22:36:16.851 1155 1333 D ConnectivityService: releasing NetworkRequest [ LISTEN id=37, [ Capabilities: INTERNET&NOT_RESTRICTED&TRUSTED] ] (CALLBACK_RELEASED)
08-03 22:36:16.852 1155 1333 E ConnectivityService: RemoteException caught trying to send a callback msg for NetworkRequest [ LISTEN id=37, [ Capabilities: INTERNET&NOT_RESTRICTED&TRUSTED] ]
08-03 22:36:16.853 1155 3079 D ActivityManager: cleanUpApplicationRecord app: ProcessRecord{e511aa8 16435:com.google.android.apps.tachyon/u0a59}, app.bad: false, restarting: false, allowRestart: true
08-03 22:36:16.857 2255 2277 E HsmCoreServiceImpl: onTransact in code is: 102
08-03 22:36:16.857 2255 2277 I MediaProcessHandler: processOp opType: 1, uid: 10059, pid: 16435
08-03 22:36:16.857 2255 2277 W MediaProcessHandler: remove target not exist, maybe the UI process: uid: 10059, pid: 16435
08-03 22:36:16.857 2255 2277 I MediaProcessHandler: executedCallBack opType: 1 mMediaStatusObservers.size=0
08-03 22:36:17.143 2776 2776 I AppWidgetHost: appWidget hostView is null
08-03 22:36:17.157 2776 2776 I AppWidgetHost: appWidget hostView is null
08-03 22:36:17.160 1155 3079 V BroadcastQueue: Finished with ordered broadcast BroadcastRecord{1d9e72c u0 update-hint}
08-03 22:36:17.354 645 944 I audio_hw_primary: usb_ext_get_parameters: check show hires (false)
08-03 22:36:17.354 710 710 I hash_map_utils: key: 'typec_need_show_hires' value: ''
08-03 22:36:17.354 1155 1155 I HwAudioService: check HiRes Icon false
08-03 22:36:17.355 1155 1155 I HwAudioService: broadcastHiresIntent : false
08-03 22:36:17.356 1495 1495 D StatusBarIconController: setIconVisibility icon is null or visibility not change visibility=false
08-03 22:36:17.691 1495 1495 W ResourceType: No package identifier when getting value for resource number 0x00000000
08-03 22:36:17.692 1495 1495 E HwNotchUtils: setIconForView iconId is not found
08-03 22:36:17.695 1495 1495 W ResourceType: No package identifier when getting value for resource number 0x00000000
08-03 22:36:17.695 1495 1495 E HwNotchUtils: setIconForView iconId is not found
08-03 22:36:17.728 1495 1719 I HwMobileSignalController(1): subId:1 phoneType:1 networktype:1 targetClass:1 masterLevel:5 slaveLevel:-1
08-03 22:36:18.177 2776 2776 E asset : createFromFile(): lock file /data/resource-cache/system@emui@base@overlay@frameworkhwexthonor@frameworkhwexthonor.apk@idmap.
08-03 22:36:18.177 2776 2776 E asset : createFromFile(): lock file /data/resource-cache/system@emui@base@overlay@frameworkhwexthonor@frameworkhwexthonor.apk@idmap.
08-03 22:36:18.177 2776 2776 W ResourceType: Found multiple library tables, ignoring...
08-03 22:36:18.193 2776 2776 E asset : createFromFile(): lock file /data/resource-cache/system@emui@base@overlay@frameworkhwexthonor@frameworkhwexthonor.apk@idmap.
08-03 22:36:18.193 2776 2776 E asset : createFromFile(): lock file /data/resource-cache/system@emui@base@overlay@frameworkhwexthonor@frameworkhwexthonor.apk@idmap.
08-03 22:36:18.193 2776 2776 W ResourceType: Found multiple library tables, ignoring...
08-03 22:36:18.982 1155 1273 D HwBatteryService: onUEvent fcpStatus = 0,scpStatus =0,ovpStatus=0
08-03 22:36:18.983 1155 1273 I UsbDeviceManager: water_intrused state= 0
08-03 22:36:18.995 1155 1155 D WifiService: onReceive, action:android.intent.action.BATTERY_CHANGED
08-03 22:36:18.996 1155 1155 D WifiService: ACTION_BATTERY_CHANGED pluggedType: 2
08-03 22:36:18.996 1495 1495 D KeyguardUpdateMonitor: received broadcast android.intent.action.BATTERY_CHANGED
08-03 22:36:18.996 1495 1495 W KeyguardUpdateMonitor: ACTION_BATTERY_CHANGED AMP: 500000; Volt: 5000000
08-03 22:36:18.996 1495 1495 V KeyguardUpdateMonitor: RefreshBatteryInfo isBatteryLow: 74
08-03 22:36:18.996 1495 1495 W KeyguardUpdateMonitor: ChargingSpeed Wattage: 2500000 ST: 5000000 --> 7500000
08-03 22:36:18.996 1495 1495 I KgBattery: BatteryInfo updated: 2lPc0
08-03 22:36:18.996 1495 1495 W AppHandler: sendMessage with obj100
08-03 22:36:18.996 1495 1495 D KeyguardUpdateMonitor: handleBatteryUpdate
08-03 22:36:18.997 1495 1495 W KgBattery: getCharge info with type: text
08-03 22:36:19.001 1495 1495 W HwLockScreenPanel: refreshBatteryInfo: null
08-03 22:36:19.002 1495 1495 W HwKeyguardBottomArea: updateBatteryInfo : false true
08-03 22:36:19.002 1495 1495 W HwLockScreenPanel: Handle message: 100
08-03 22:36:19.121 871 973 W libc : Set property "persist.radio.nitz_hw_name" to "true"
08-03 22:36:19.133 871 973 W libc : Set property "ril.balong_cid" to "4504515"
08-03 22:36:19.136 871 973 W libc : Set property "ril.balong_cid" to "4504515"
08-03 22:36:19.161 871 973 W libc : Set property "persist.radio.nitz_hw_name" to "true"
08-03 22:36:19.165 871 973 W libc : Set property "ril.balong_cid" to "4504515"
08-03 22:36:19.178 871 973 W libc : Set property "ril.balong_cid" to "4504515"
08-03 22:36:19.208 2278 2278 W SettingsEx: SettingsEx.Systemex.getString deprecated use Settings.System.getString instead ;callers=com.android.internal.telephony.gsm.HwCustGsmServiceStateManagerImpl.isMccForShowNetname:211 com.android.internal.telephony.gsm.HwCustGsmServiceStateManagerImpl.isShowNetnameByMcc:202 com.android.internal.telephony.gsm.HwCustGsmServiceStateManagerImpl.setOnsDisplayCustomization:153
08-03 22:36:19.209 2278 2278 W libc : Set property "gsm.operator.alpha" to "Tele2,Beeline"
08-03 22:36:19.210 2278 2278 W libc : Set property "gsm.operator.alpha" to "Tele2,Beeline"
08-03 22:36:19.211 2278 2278 W libc : Set property "gsm.operator.numeric" to "25020,25099"
08-03 22:36:19.212 2278 2278 W libc : Set property "gsm.operator.iso-country" to "ru,ru"
08-03 22:36:19.214 2278 2278 W libc : Set property "gsm.operator.isroaming" to "false,false"
08-03 22:36:19.217 1155 1155 D HwMultiNlpPolicy: PhoneStateListener 0, mDataSub 0
08-03 22:36:19.217 1155 1155 D HwMultiNlpPolicy: setSimCardReady 0
08-03 22:36:19.217 1155 1155 D HwMultiNlpPolicy: setRegistedNetwork 25020
08-03 22:36:19.219 2739 2739 I SUPL20_LocMan: onServiceStateChanged ServiceState.STATE_IN_SERVICE
08-03 22:36:19.223 2278 2278 D ServiceStateProvider: subId=0
08-03 22:36:19.224 2739 17737 D TelephonyManager: getCellLocation calling app is com.android.supl
08-03 22:36:19.225 1495 1719 I HwMobileSignalController(0): subId:0 phoneType:1 networktype:3 targetClass:2 masterLevel:5 slaveLevel:-1
08-03 22:36:19.225 1155 1171 W BroadcastQueue: Permission Denial: broadcasting Intent { act=android.intent.action.SERVICE_STATE flg=0x1000010 (has extras) } from android (pid=2278, uid=1001) requires com.huawei.cust.android.phone.permission.HW_LTEONLY due to registered receiver BroadcastFilter{75b1d4d u0 ReceiverList{9f4e4e4 2278 com.android.phone/1001/u0 remote:8f74077}}
08-03 22:36:19.225 1495 1495 D KeyguardUpdateMonitor: received broadcast android.intent.action.SERVICE_STATE
08-03 22:36:19.225 1495 1495 V KeyguardUpdateMonitor: action android.intent.action.SERVICE_STATE serviceState=0 0 voice home data home Tele2 TELE2 25020 Tele2 TELE2 25020 UMTS UMTS CSS not supported -1 -1 RoamInd=-1 DefRoamInd=-1 EmergOnly=false IsDataRoamingFromRegistration=false IsUsingCarrierAggregation=false mLteEarfcnRsrpBoost=0 subId=0
08-03 22:36:19.226 1495 1495 D KeyguardUpdateMonitor: handleServiceStateChange(subId=0, serviceState=0 0 voice home data home Tele2 TELE2 25020 Tele2 TELE2 25020 UMTS UMTS CSS not supported -1 -1 RoamInd=-1 DefRoamInd=-1 EmergOnly=false IsDataRoamingFromRegistration=false IsUsingCarrierAggregation=false mLteEarfcnRsrpBoost=0
08-03 22:36:19.226 1495 1495 W AppHandler: sendMessage 117
08-03 22:36:19.226 1495 1495 W HwLockScreenPanel: Handle message: 117
08-03 22:36:19.226 7101 7101 V DownloadManager: Service state changed: Bundle[mParcelledData.dataSize=1232]
08-03 22:36:19.226 7101 7101 V DownloadManager: roaming ------> false
08-03 22:36:19.227 7101 7101 V DownloadManager: auto download without roaming -> true
08-03 22:36:19.227 7101 7101 V DownloadManager: auto download during roaming -> false
08-03 22:36:19.227 7101 7101 V DownloadManager: mAutoDownload ------> true
08-03 22:36:19.228 7101 7101 D Mms_TX_ServiceStateChangeReceiver: action: ACTION_SERVICE_STATE_CHANGED, serviceState = 0
08-03 22:36:19.229 7101 7101 E Mms_TXM_SVC: isSecondaryUser() start
08-03 22:36:19.229 7101 7101 E Mms_TXM_SVC: isSecondaryUser() end
08-03 22:36:19.229 7101 7101 E Mms_TXM_SVC: removeCallbacksAndMessages start
08-03 22:36:19.229 7101 7101 E Mms_TXM_SVC: removeCallbacksAndMessages end
08-03 22:36:19.229 7101 7101 E Mms_TXM_SVC: startService end
08-03 22:36:19.232 2278 2455 W PhoneInterfaceManager: shouldBlockLocation running ...
08-03 22:36:19.233 2278 2455 I PhoneInterfaceManager: shouldBlockLocation ret:false
08-03 22:36:19.235 1155 6888 V BroadcastQueue: Finished with ordered broadcast BroadcastRecord{2944a18 u-1 android.intent.action.SERVICE_STATE}
08-03 22:36:19.235 2739 17737 I SUPL20_LocMan: tm.getCellLocation() returned non-null
08-03 22:36:19.240 2739 17737 I SUPL20_LocMan: Phone type:GSM
08-03 22:36:19.241 1155 1383 I chatty : uid=1000(system) HwIntelligenceS expire 12 lines
08-03 22:36:19.241 1155 3079 I HwNetworkPolicy: onTransact, code = 205
08-03 22:36:19.242 2278 2455 W PhoneInterfaceManager: shouldBlockLocation running ...
08-03 22:36:19.243 2278 2455 I PhoneInterfaceManager: shouldBlockLocation ret:false
08-03 22:36:19.243 1429 1667 I HwNetworkPolicyManager: forceUpdatePolicy isRoaming = false
08-03 22:36:19.244 2739 17737 I SUPL20_LocMan: Network Op Mnc= 20 MCC = 250
08-03 22:36:19.244 2739 17737 I SUPL20_LocMan: cellInfo NetworkType:UMTS,3
08-03 22:36:19.244 2739 17737 I SUPL20_LocMan: Network type is 3G, type is 3
08-03 22:36:19.253 647 647 D HISUPL_ADAPTER: platform_service send data to server
08-03 22:36:19.253 647 647 D HISUPL_ADAPTER: size:74
08-03 22:36:19.254 2739 3047 I SUPLHIDL: suplPlatformServiceSend2server send.
08-03 22:36:19.254 2739 3047 I SUPL20_SPIMESLP-SENDING: bBrokenPipe = false
08-03 22:36:19.257 2739 2739 I SUPL20_LocMan: onCellLocationChanged network type:3
08-03 22:36:19.262 2278 2278 D Telephony-TelecomAccountRegistry: onServiceStateChanged0 newState : 0, mServiceState : 0
08-03 22:36:19.268 2739 2739 I SUPL20_LocMan: Phone type:GSM
08-03 22:36:19.269 2278 2278 D ManualLostSignal: onReceive in service
08-03 22:36:19.270 2739 2739 I SUPL20_LocMan: Network Op Mnc= 20 MCC = 250
08-03 22:36:19.270 2739 2739 I SUPL20_LocMan: cellInfo NetworkType:UMTS,3
08-03 22:36:19.270 2739 2739 I SUPL20_LocMan: Network type is 3G, type is 3
08-03 22:36:19.273 2278 2278 W libc : Set property "gsm.hw.operator.numeric.old" to "25020"
08-03 22:36:19.275 2278 2278 W libc : Set property "gsm.hw.operator.iso-country" to "ru"
08-03 22:36:19.276 2278 2278 W libc : Set property "gsm.hw.operator.numeric" to "25020"
08-03 22:36:19.277 2278 2278 W libc : Set property "gsm.hw.operator.isroaming" to "false"
08-03 22:36:19.279 647 647 D HISUPL_ADAPTER: platform_service send data to server
08-03 22:36:19.279 647 647 D HISUPL_ADAPTER: size:74
08-03 22:36:19.279 2278 2278 I PhoneApp: onReceive,action = android.intent.action.SERVICE_STATE
08-03 22:36:19.280 2739 3047 I SUPLHIDL: suplPlatformServiceSend2server send.
08-03 22:36:19.280 2739 3047 I SUPL20_SPIMESLP-SENDING: bBrokenPipe = false
08-03 22:36:19.281 2278 2278 D HwCustPhoneGlobalsImpl: full network is false old serivce state is 0 new service state is 0 subid is 0 hasNotification is false
08-03 22:36:19.299 7101 7119 D OsUtil : hasStrictRequiredPermissions run true
08-03 22:36:19.303 7101 7101 V Mms_TXM_SVC: Creating TransactionService
08-03 22:36:19.305 7101 7101 D HwCust : Create obj success use class com.android.mms.transaction.HwCustTransactionServiceImpl
08-03 22:36:19.306 7101 7101 D HwCust : Create obj success use class com.huawei.mms.util.HwCustUpdateUserBehaviorImpl
08-03 22:36:19.306 7101 7101 D HwCust : Create obj success use class com.huawei.mms.util.HwCustHwMessageUtilsImpl
08-03 22:36:19.306 7101 7101 I Mms_TXM_SVC: onStartCommand send EVENT_NEW_INTENT. service-id 1
08-03 22:36:19.307 7101 7101 W Mms_TXM_SVC: ConnectivityBroadcastReceiver.onReceive() action: android.net.conn.CONNECTIVITY_CHANGE
08-03 22:36:19.307 7101 17738 V Mms_TXM_SVC: Handling incoming message: { when=0 what=5 arg1=1 obj=Intent { cmp=com.android.mms/.transaction.TransactionService } target=com.android.mms.transaction.TransactionService$ServiceHandler } = EVENT_NEW_INTENT
08-03 22:36:19.307 7101 7101 V Mms_TXM_SVC: mConnMgr is null, bail
08-03 22:36:19.307 7101 7101 V Mms_TXM_SVC: MSG_APP_Handle ConnectivityBroadcastReceiver.onReceive(): null
08-03 22:36:19.307 7101 7101 V Mms_TXM_SVC: MSG_APP_mms type is null or mobile data is turned off, bail
08-03 22:36:19.309 7101 17738 D Mms : isWifiCallingAvailable = false isImsRegistered = false
08-03 22:36:19.310 7101 17738 V HwSpecialUtils: allowMms = 1
08-03 22:36:19.310 7101 17738 V HwSpecialUtils: indexs = 1
08-03 22:36:19.310 7101 17738 D Mms : card subscription = 0 is isRoaming false
08-03 22:36:19.310 7101 17738 V HwSpecialUtils: isNetworkRoaming = false
08-03 22:36:19.311 7101 17738 D Mms : card subscription = 0 is isRoaming false
08-03 22:36:19.311 7101 17738 V Mms_TXM_SVC: networkAvailable=true
08-03 22:36:19.316 7101 17738 V Mms_TXM_SVC: onNewIntent: cursor.count=0 action=null
08-03 22:36:19.316 7101 17738 V Mms_TXM_SVC: onNewIntent: no pending messages. Stopping service.
08-03 22:36:19.321 7101 17738 V Mms_TXM_SVC: stopSelfIfIdle: STOP!
08-03 22:36:19.322 7101 7101 V Mms_TXM_SVC: Destroying TransactionService
08-03 22:36:19.324 7101 17738 V Mms_TXM_SVC: Handling incoming message: { when=0 what=100 target=com.android.mms.transaction.TransactionService$ServiceHandler } = EVENT_QUIT
08-03 22:36:19.696 663 663 E WifiHAL : enter wifi_get_link_stats
08-03 22:36:19.705 753 753 E wificond: Failed to get NL80211_RATE_INFO_NOISE
08-03 22:36:19.705 753 753 E wificond: Failed to get NL80211_RATE_INFO_SNR
08-03 22:36:19.705 753 753 E wificond: Failed to get NL80211_STA_INFO_CNAHLOAD
08-03 22:36:20.767 871 986 W libc : Set property "ril.hw_modem1.rssi" to "-77"
08-03 22:36:20.772 2278 2278 W libc : Set property "gsm.rssi.sim2" to "-77"
08-03 22:36:20.977 739 2421 D DE N ACA: updateParam:145: mFilteredCct = 3.000000, mAscendDeltaCctMax = 1.000000, mDescendDeltaCctMax = 1.000000
08-03 22:36:20.977 739 2421 D DE N SR : setAmbientParam:938: DE_SCENE_ACTION_AMBIENT_CHANGE set mLux:4 mCt:3
08-03 22:36:21.087 2936 16422 I EventLogSendingHelper: Sending log events.
08-03 22:36:21.165 752 752 E Thermal-daemon: [Thermal_Hw] temperature_valid, battery : temperature is invalid, invalid temperatrue is 33
08-03 22:36:21.165 752 752 E Thermal-daemon: [Thermal_Hw] temperature_filter: get invalid temperature, use old temp
08-03 22:36:21.696 1495 1495 W ResourceType: No package identifier when getting value for resource number 0x00000000
08-03 22:36:21.697 1495 1495 E HwNotchUtils: setIconForView iconId is not found
08-03 22:36:21.698 1495 1495 W ResourceType: No package identifier when getting value for resource number 0x00000000
08-03 22:36:21.698 1495 1495 E HwNotchUtils: setIconForView iconId is not found
08-03 22:36:22.710 663 663 E WifiHAL : enter wifi_get_link_stats
08-03 22:36:22.721 753 753 E wificond: Failed to get NL80211_RATE_INFO_NOISE
08-03 22:36:22.721 753 753 E wificond: Failed to get NL80211_RATE_INFO_SNR
08-03 22:36:22.721 753 753 E wificond: Failed to get NL80211_STA_INFO_CNAHLOAD
08-03 22:36:22.816 1155 1155 I chatty : uid=1000 system_server expire 77 lines
08-03 22:36:23.361 6298 6321 D LogUtil_LogConfig: obtainSavePath(): path = 1
08-03 22:36:23.363 6298 6321 D LogUtil_LogConfig: getLogFile(): logFilePath = /data/data/com.huawei.health/files/com.huawei.health/com.huawei.health_DaemonService/
08-03 22:36:23.363 6298 6321 D LogUtil_LogConfig: obtainSavePath(): path = 1
08-03 22:36:23.363 6298 6321 D LogUtil_LogConfig: acquireMaxLogFileLengthContainsOffset describe: com.huawei.health:DaemonService result:5242880
08-03 22:36:23.363 6298 6321 D LogUtil_LogConfig: obtainSavePath(): path = 1
08-03 22:36:23.364 6298 6321 D LogUtil_LogConfig: getLogFileRoot(): logFilePath = /data/data/com.huawei.health/files/com.huawei.health/com.huawei.health_DaemonService/
08-03 22:36:23.520 753 753 E wificond: Failed to get NL80211_RATE_INFO_NOISE
08-03 22:36:23.520 753 753 E wificond: Failed to get NL80211_RATE_INFO_SNR
08-03 22:36:23.520 753 753 E wificond: Failed to get NL80211_STA_INFO_CNAHLOAD
08-03 22:36:23.523 753 753 E wificond: Failed to get NL80211_RATE_INFO_NOISE
08-03 22:36:23.523 753 753 E wificond: Failed to get NL80211_RATE_INFO_SNR
08-03 22:36:23.523 753 753 E wificond: Failed to get NL80211_STA_INFO_CNAHLOAD
08-03 22:36:23.543 661 661 D SensorHub: huawei Hal strandard_stepcounter is 59
08-03 22:36:23.545 2255 2255 D HwStepCounter: onDeviceDataChanged
08-03 22:36:23.545 2255 2255 W HwStepCounter: version : 1
08-03 22:36:23.546 2255 2255 I HwStepCounter: dealReportData tm: 2018-08-03 22:36:24 steps_value[0] : 0 state_value[0]:5 level_value[0]:0
08-03 22:36:23.547 2255 2255 I HwStepCounter: isBeginOfToday: 3 -> 3
08-03 22:36:23.547 2255 2255 I HwStepCounter: isBeginOfToday: false
08-03 22:36:23.547 2255 2255 I HwStepCounter: dealReportData: diff = 0
08-03 22:36:23.551 2255 2444 D HwStepCounter: ReportProxy client : 1
08-03 22:36:23.552 2255 2443 I StepCounterRemoteStub: Report client count 1
08-03 22:36:23.703 1495 1495 W ResourceType: No package identifier when getting value for resource number 0x00000000
08-03 22:36:23.704 1495 1495 E HwNotchUtils: setIconForView iconId is not found
08-03 22:36:23.706 1495 1495 W ResourceType: No package identifier when getting value for resource number 0x00000000
08-03 22:36:23.707 1495 1495 E HwNotchUtils: setIconForView iconId is not found
08-03 22:36:23.731 1495 1719 I HwMobileSignalController(1): subId:1 phoneType:1 networktype:1 targetClass:1 masterLevel:5 slaveLevel:-1
08-03 22:36:23.863 2243 2243 E CHR_ChrModemStatistics: sensors invalid
08-03 22:36:23.947 14502 17034 I Finsky : [285] com.google.android.finsky.apkprocessor.l.a(32): Patch apply task for ru.mail.mailapp (ru.mail.mailapp) (format 5) completed in 11614 ms
08-03 22:36:23.956 14502 17034 W com.google.common.io.i: IOException thrown while closing Closeable.
08-03 22:36:23.956 14502 17034 W com.google.common.io.i: java.io.IOException: write failed: EBADF (Bad file descriptor)
08-03 22:36:23.956 14502 17034 W com.google.common.io.i: at libcore.io.IoBridge.write(IoBridge.java:558)
08-03 22:36:23.956 14502 17034 W com.google.common.io.i: at android.os.FileBridge$FileBridgeOutputStream.writeCommandAndBlock(FileBridge.java:167)
08-03 22:36:23.956 14502 17034 W com.google.common.io.i: at android.os.FileBridge$FileBridgeOutputStream.close(FileBridge.java:154)
08-03 22:36:23.956 14502 17034 W com.google.common.io.i: at java.io.FilterOutputStream.close(FilterOutputStream.java:159)
08-03 22:36:23.956 14502 17034 W com.google.common.io.i: at com.google.common.io.i.a(SourceFile:3)
08-03 22:36:23.956 14502 17034 W com.google.common.io.i: at com.google.android.finsky.apkprocessor.l.a(SourceFile:35)
08-03 22:36:23.956 14502 17034 W com.google.common.io.i: at com.google.android.finsky.apkprocessor.l.doInBackground(SourceFile:2)
08-03 22:36:23.956 14502 17034 W com.google.common.io.i: at android.os.AsyncTask$2.call(AsyncTask.java:345)
08-03 22:36:23.956 14502 17034 W com.google.common.io.i: at java.util.concurrent.FutureTask.run(FutureTask.java:266)
08-03 22:36:23.956 14502 17034 W com.google.common.io.i: at java.util.concurrent.ThreadPoolExecutor.runWorker(ThreadPoolExecutor.java:1162)
08-03 22:36:23.956 14502 17034 W com.google.common.io.i: at java.util.concurrent.ThreadPoolExecutor$Worker.run(ThreadPoolExecutor.java:636)
08-03 22:36:23.956 14502 17034 W com.google.common.io.i: at java.lang.Thread.run(Thread.java:784)
08-03 22:36:23.956 14502 17034 W com.google.common.io.i: Caused by: android.system.ErrnoException: write failed: EBADF (Bad file descriptor)
08-03 22:36:23.956 14502 17034 W com.google.common.io.i: at libcore.io.Linux.writeBytes(Native Method)
08-03 22:36:23.956 14502 17034 W com.google.common.io.i: at libcore.io.Linux.write(Linux.java:286)
08-03 22:36:23.956 14502 17034 W com.google.common.io.i: at libcore.io.BlockGuardOs.write(BlockGuardOs.java:345)
08-03 22:36:23.956 14502 17034 W com.google.common.io.i: at libcore.io.IoBridge.write(IoBridge.java:553)
08-03 22:36:23.956 14502 17034 W com.google.common.io.i: ... 11 more
08-03 22:36:23.958 14502 14502 I Finsky : [1] com.google.android.finsky.apkprocessor.l.onPostExecute(70): Successfully applied patch to update ru.mail.mailapp (ru.mail.mailapp)
08-03 22:36:23.970 14502 14502 I Finsky : [1] com.google.android.finsky.installer.a.ax.b(180): Begin install of ru.mail.mailapp (isid: qVbqDq89SG6Roik2bGRxbQ)
08-03 22:36:23.972 14502 14502 E NotificationManager: notifyAsUser: tag=null, id=-1050172287, user=UserHandle{0}
08-03 22:36:23.973 2606 7615 V DownloadManager: Deleting /data/data/com.android.providers.downloads/cache/downloadfile.bin via provider delete
08-03 22:36:23.986 1429 16024 I chatty : uid=1000(system) Binder:1429_C expire 8 lines
08-03 22:36:23.994 1429 16024 E Bundle : unparcel readArrayMapInternal Exception
08-03 22:36:23.994 1429 16024 E Bundle : java.lang.IllegalArgumentException: Duplicate key in ArrayMap: null
08-03 22:36:23.994 1429 16024 E Bundle : at android.util.ArrayMap.validate(ArrayMap.java:606)
08-03 22:36:23.994 1429 16024 E Bundle : at android.os.Parcel.readArrayMapInternal(Parcel.java:3052)
08-03 22:36:23.994 1429 16024 E Bundle : at android.os.BaseBundle.unparcel(BaseBundle.java:257)
08-03 22:36:23.994 1429 16024 E Bundle : at android.os.BaseBundle.putInt(BaseBundle.java:552)
08-03 22:36:23.994 1429 16024 E Bundle : at android.service.notification.NotificationListenerService.createLegacyIconExtras(NotificationListenerService.java:1126)
08-03 22:36:23.994 1429 16024 E Bundle : at android.service.notification.NotificationListenerService.-wrap0(Unknown Source:0)
08-03 22:36:23.994 1429 16024 E Bundle : at android.service.notification.NotificationListenerService$NotificationListenerWrapper.onNotificationPosted(NotificationListenerService.java:1173)
08-03 22:36:23.994 1429 16024 E Bundle : at android.service.notification.INotificationListener$Stub.onTransact(INotificationListener.java:71)
08-03 22:36:23.994 1429 16024 E Bundle : at android.os.Binder.execTransact(Binder.java:675)
08-03 22:36:24.002 1495 1495 D HwCust : Create obj success use class com.android.systemui.statusbar.notification.HwCustNotificationInflaterImpl
08-03 22:36:24.005 1495 1495 I FakeShadowView: radius18
08-03 22:36:24.009 1495 1495 W HwPhoneLayoutInflater: onCreateView : ClassNotFoundException, In this case we want to let the base class take a crack at it
08-03 22:36:24.018 1495 1495 I chatty : uid=10040(u0_a40) com.android.systemui identical 14 lines
08-03 22:36:24.069 1495 1495 D StatusBar: No peeking: unimportant notification: 0|com.android.vending|-1050172287|null|10037
08-03 22:36:24.070 1495 1495 I PhoneStatusBar: updateNotificationShade: total=8, active=7
08-03 22:36:24.070 1495 1495 W PhoneStatusBar: updateNotificationShade hasFaceDT: false; Detected:false
08-03 22:36:24.074 1495 1719 D ReporterUtil: e id:344 type:{pkg:com.android.vending,hw_type:null,hw_btw:false,onGoing:false,importance:2}
08-03 22:36:24.074 1495 1495 I PhoneStatusBar: updateNotificationShade: total=8, active=7
08-03 22:36:24.074 1495 1495 W PhoneStatusBar: updateNotificationShade hasFaceDT: false; Detected:false
08-03 22:36:24.075 1495 1495 V PhoneStatusBar: mStackScroller size:5,activeCount:7, childCnt:9
08-03 22:36:24.076 1495 1495 W ExpandableNotificationRow: setActionsBackground,null == view,mPublicLayout
08-03 22:36:24.076 1495 1495 W ExpandableNotificationRow: setActionsBackground,null == view,mPrivateLayout
08-03 22:36:24.081 1495 1495 W ExpandableNotificationRow: setActionsBackground,null == view,mPublicLayout
08-03 22:36:24.087 14502 14502 I Finsky : [1] com.google.android.finsky.verifier.impl.PackageVerificationReceiver.onReceive(7): Verification requested, id = 7
08-03 22:36:24.089 1495 1495 I PhoneStatusBar: updateNotificationShade: total=8, active=7
08-03 22:36:24.089 1495 1495 W PhoneStatusBar: updateNotificationShade hasFaceDT: false; Detected:false
08-03 22:36:24.089 1495 1495 V PhoneStatusBar: mStackScroller size:5,activeCount:7, childCnt:9
08-03 22:36:24.092 1495 1495 W ExpandableNotificationRow: setActionsBackground,null == view,mPublicLayout
08-03 22:36:24.092 1495 1495 W ExpandableNotificationRow: setActionsBackground,null == view,mPrivateLayout
08-03 22:36:24.093 1155 8168 V BroadcastQueue: Finished with ordered broadcast BroadcastRecord{396fb92 u0 android.intent.action.PACKAGE_NEEDS_VERIFICATION}
08-03 22:36:24.095 1495 1495 W ExpandableNotificationRow: setActionsBackground,null == view,mPublicLayout
08-03 22:36:24.097 14502 17026 I Finsky : [284] com.google.android.finsky.verifier.impl.df.a(185): Skipping verification because own installation
08-03 22:36:24.097 14502 17026 I Finsky : [284] com.google.android.finsky.verifier.impl.df.a(154): Skipping anti malware verification due to pre-check failure
08-03 22:36:24.097 1495 1495 W ExpandableNotificationRow: setActionsBackground,null == view,mPublicLayout
08-03 22:36:24.098 1495 1495 W HwKeyguardDragHelper: AnimationBlocked
08-03 22:36:24.098 14502 14502 I Finsky : [1] com.google.android.finsky.verifier.impl.ew.c(201): Verifying id=7, result=1
08-03 22:36:24.100 1495 1495 W View : requestLayout() improperly called by android.widget.ImageView{34781f4 V.ED..... ......ID 0,0-1056,2 #7f1401ea app:id/hw_notification_more_divider} during layout: running second layout pass
08-03 22:36:24.101 1495 1495 W ExpandableNotificationRow: setActionsBackground,null == view,mPublicLayout
08-03 22:36:24.101 1495 1495 W ExpandableNotificationRow: setActionsBackground,null == view,mPrivateLayout
08-03 22:36:24.101 1495 1495 W ExpandableNotificationRow: setActionsBackground,null == view,mPublicLayout
08-03 22:36:24.102 1495 1495 W ExpandableNotificationRow: setActionsBackground,null == view,mPublicLayout
08-03 22:36:24.102 1495 1495 W HwKeyguardDragHelper: AnimationBlocked
08-03 22:36:24.104 14502 14502 I Finsky : [1] com.google.android.finsky.verifier.impl.ew.c(97): Verification complete: id=7, package_name=ru.mail.mailapp
08-03 22:36:24.122 1155 1189 W PackageParser: Ignoring duplicate uses-permissions/uses-permissions-sdk-m: android.permission.GET_ACCOUNTS in package: ru.mail.mailapp at: Binary XML file line #53
08-03 22:36:24.122 1155 1189 W PackageParser: Ignoring duplicate uses-permissions/uses-permissions-sdk-m: android.permission.WAKE_LOCK in package: ru.mail.mailapp at: Binary XML file line #54
08-03 22:36:24.122 1155 1189 W PackageParser: Unknown element under : meta-data at /data/app/vmdl269356640.tmp/base.apk Binary XML file line #63
08-03 22:36:24.146 1155 1189 D PackageManager: installPackageLI-> install derivePackageAbi case, pkg=Package{15701db ru.mail.mailapp}, primaryCpuAbi=null
08-03 22:36:24.151 1155 1189 I chatty : uid=1000(system) PackageManager expire 2 lines
08-03 22:36:24.152 743 2557 D installed: forkNotifyToRMS parcel pid = 17742, ppid = 743, pkgname = ru.mail.mailapp
08-03 22:36:24.236 17742 17742 I dex2oat : /system/bin/dex2oat Installd-ru.mail.mailapp --input-vdex-fd=-1 --output-vdex-fd=29 --compiler-filter=quicken -j4 --classpath-dir=/data/app/vmdl269356640.tmp
08-03 22:36:24.236 17742 17742 I cutils-trace: atrace_init_once, trace_marker_path = /sys/kernel/debug/tracing/trace_marker
08-03 22:36:24.249 7101 7119 D OsUtil : hasStrictRequiredPermissions run true
08-03 22:36:24.253 7101 7101 V Mms_TXM_SVC: Creating TransactionService
08-03 22:36:24.256 7101 7101 D HwCust : Create obj success use class com.android.mms.transaction.HwCustTransactionServiceImpl
08-03 22:36:24.257 7101 7101 D HwCust : Create obj success use class com.huawei.mms.util.HwCustUpdateUserBehaviorImpl
08-03 22:36:24.257 7101 7101 D HwCust : Create obj success use class com.huawei.mms.util.HwCustHwMessageUtilsImpl
08-03 22:36:24.258 7101 7101 I Mms_TXM_SVC: onStartCommand send EVENT_NEW_INTENT. service-id 1
08-03 22:36:24.258 7101 17744 V Mms_TXM_SVC: Handling incoming message: { when=0 what=5 arg1=1 obj=Intent { cmp=com.android.mms/.transaction.TransactionService } target=com.android.mms.transaction.TransactionService$ServiceHandler } = EVENT_NEW_INTENT
08-03 22:36:24.258 7101 7101 W Mms_TXM_SVC: ConnectivityBroadcastReceiver.onReceive() action: android.net.conn.CONNECTIVITY_CHANGE
08-03 22:36:24.258 7101 7101 V Mms_TXM_SVC: mConnMgr is null, bail
08-03 22:36:24.258 7101 7101 V Mms_TXM_SVC: MSG_APP_Handle ConnectivityBroadcastReceiver.onReceive(): null
08-03 22:36:24.258 7101 7101 V Mms_TXM_SVC: MSG_APP_mms type is null or mobile data is turned off, bail
08-03 22:36:24.260 7101 17744 D Mms : isWifiCallingAvailable = false isImsRegistered = false
08-03 22:36:24.260 7101 17744 V HwSpecialUtils: allowMms = 1
08-03 22:36:24.260 7101 17744 V HwSpecialUtils: indexs = 1
08-03 22:36:24.261 7101 17744 D Mms : card subscription = 0 is isRoaming false
08-03 22:36:24.261 7101 17744 V HwSpecialUtils: isNetworkRoaming = false
08-03 22:36:24.261 7101 17744 D Mms : card subscription = 0 is isRoaming false
08-03 22:36:24.261 7101 17744 V Mms_TXM_SVC: networkAvailable=true
08-03 22:36:24.266 7101 17744 V Mms_TXM_SVC: onNewIntent: cursor.count=0 action=null
08-03 22:36:24.266 7101 17744 V Mms_TXM_SVC: onNewIntent: no pending messages. Stopping service.
08-03 22:36:24.270 7101 17744 V Mms_TXM_SVC: stopSelfIfIdle: STOP!
08-03 22:36:24.271 7101 7101 V Mms_TXM_SVC: Destroying TransactionService
08-03 22:36:24.272 7101 17744 V Mms_TXM_SVC: Handling incoming message: { when=0 what=100 target=com.android.mms.transaction.TransactionService$ServiceHandler } = EVENT_QUIT
08-03 22:36:24.529 1155 1291 I chatty : uid=1000(system) InputReader expire 15 lines
08-03 22:36:24.611 2776 2776 W HwLauncher: Workspace workspace notfiyPageSwitchListener clingContoller is NULL
08-03 22:36:25.161 871 976 W libc : Set property "ril.hw_modem0.rssi" to "-93"
08-03 22:36:25.164 2278 2278 W libc : Set property "gsm.rssi.sim1" to "-93"
08-03 22:36:25.171 1495 1719 I HwMobileSignalController(0): subId:0 phoneType:1 networktype:3 targetClass:2 masterLevel:5 slaveLevel:-1
08-03 22:36:25.481 2776 2776 W HwLauncher: Workspace workspace notfiyPageSwitchListener clingContoller is NULL
08-03 22:36:25.725 663 663 E WifiHAL : enter wifi_get_link_stats
08-03 22:36:25.736 753 753 E wificond: Failed to get NL80211_RATE_INFO_NOISE
08-03 22:36:25.736 753 753 E wificond: Failed to get NL80211_RATE_INFO_SNR
08-03 22:36:25.736 753 753 E wificond: Failed to get NL80211_STA_INFO_CNAHLOAD
08-03 22:36:25.787 2776 2776 V AudioManager: playSoundEffect effectType: 0
08-03 22:36:25.791 1155 1750 I ActivityManager: START u0 {act=android.intent.action.MAIN cat=[android.intent.category.LAUNCHER] flg=0x10200000 cmp=com.arm.mgd.androidapp/.MainActivity bnds=[12,1089][276,1424]} from uid 10060
08-03 22:36:25.793 2268 2502 I chatty : uid=1000(system) actions handler expire 2 lines
08-03 22:36:25.794 1155 1750 I ActivityManager: ActivityRecord info: ActivityInfo{9567fdd com.arm.mgd.androidapp.MainActivity}
08-03 22:36:25.807 2268 3905 I chatty : uid=1000(system) Binder:2268_7 expire 4 lines
08-03 22:36:25.807 761 9345 I Pged-IPgedBinderService: ****action is 1, pid num is 8***
08-03 22:36:25.807 761 9345 I Pged-Freezer: freezePids
08-03 22:36:25.807 761 9345 I Pged-Freezer: Freeze process: 17506
08-03 22:36:25.808 761 9345 I Pged-Freezer: Freeze process: 17391
08-03 22:36:25.809 761 9345 I Pged-Freezer: Freeze process: 17236
08-03 22:36:25.810 761 9345 I Pged-Freezer: Freeze process: 16586
08-03 22:36:25.810 1155 1750 D ActivityManager: allPausedActivitiesComplete: r=ActivityRecord{a3ce7cd u0 com.huawei.android.launcher/.unihome.UniHomeLauncher t5540} state=PAUSING
08-03 22:36:25.811 761 9345 I Pged-Freezer: Freeze process: 16009
08-03 22:36:25.814 761 9345 I Pged-Freezer: Freeze process: 8252
08-03 22:36:25.818 761 9345 I Pged-Freezer: Freeze process: 17616
08-03 22:36:25.820 761 781 W : iawared check failed: pid = 17605 uid=99007
08-03 22:36:25.820 1155 8168 W ActivityManager: Unable to start service Intent { act=com.huawei.launcher.action.LAUNCHER_APP_STARTUP pkg=com.huawei.trustspace (has extras) } U=0: not found
08-03 22:36:25.820 761 781 W : iawared check failed: pid = 8365 uid=99003
08-03 22:36:25.820 2268 2436 I chatty : uid=1000(system) fast_hibernatio expire 2 lines
08-03 22:36:25.821 761 781 W : iawared check failed: pid = 17453 uid=99006
08-03 22:36:25.824 761 781 D AwareLog: iawared:procInstallerMsg code = 0
08-03 22:36:25.824 761 781 W AwareLog: iawared: procInstallerMsg dex2oat procs:dex2oat
08-03 22:36:25.824 761 781 D AwareLog: iawared:procInstallerMsg frozen pid = 17742, ppid = 743
08-03 22:36:25.828 2776 17749 D MotionDetectionManager: stopMotionAppsReco motionApps: 403
08-03 22:36:25.828 2776 17749 D MotionDetectionManager: stopMotionAppsReco not recognition motionApps 403
08-03 22:36:25.828 2776 17749 W HwLauncher: Launcher.MotionManager stopMotionAppsReco service flg 403 is unavailable
08-03 22:36:25.829 1155 1750 V WindowManager: No longer Stopped: AppWindowToken{3c03cd9 token=Token{5fbdb20 ActivityRecord{51b7a23 u0 com.arm.mgd.androidapp/.MainActivity t5560}}}
08-03 22:36:25.830 1155 1750 V WindowManager: findFocusedWindow: AppWindowToken{4027b93 token=Token{1d5882 ActivityRecord{a3ce7cd u0 com.huawei.android.launcher/.unihome.UniHomeLauncher t5540}}} below Reached focused app=AppWindowToken{3c03cd9 token=Token{5fbdb20 ActivityRecord{51b7a23 u0 com.arm.mgd.androidapp/.MainActivity t5560}}}
08-03 22:36:25.833 2268 2386 I chatty : uid=1000(system) core expire 8 lines
08-03 22:36:25.838 2575 6637 D [HwRecSys]HwRecSysService: onEvent actionID: 10000 msg:com.arm.mgd.androidapp
08-03 22:36:25.838 1155 1365 I chatty : uid=1000(system) EmcomThread expire 2 lines
08-03 22:36:25.838 2575 6637 E [HwRecSys]HwRecSysService: getIsRportDirectService is false!
08-03 22:36:25.839 2268 3245 I chatty : uid=1000(system) thermal-core-th expire 1 line
08-03 22:36:25.848 1155 1750 D WindowManager: face_rotation: isIntelliServiceEnabled: ro swtich off
08-03 22:36:25.848 1155 1750 I WindowManager: rotationForOrientationLw(orient=-1, last=0); user=0
08-03 22:36:25.848 1155 1750 D WindowManager: face_rotation: isIntelliServiceEnabled: ro swtich off
08-03 22:36:25.848 1155 1750 D HwPhoneWindowManager: face_rotation: not enabled,use sensor real
08-03 22:36:25.848 1155 1750 D HwPhoneWindowManager: face_rotation:real sensor rotation = -1
08-03 22:36:25.848 1155 1750 D HwPhoneWindowManager: face_rotation: rotation = 0
08-03 22:36:25.848 1155 1750 I WindowManager: Selected orientation -1, got rotation 0 which has compatible metrics
08-03 22:36:25.849 1155 3079 V WindowManager: findFocusedWindow: AppWindowToken{4027b93 token=Token{1d5882 ActivityRecord{a3ce7cd u0 com.huawei.android.launcher/.unihome.UniHomeLauncher t5540}}} below Reached focused app=AppWindowToken{3c03cd9 token=Token{5fbdb20 ActivityRecord{51b7a23 u0 com.arm.mgd.androidapp/.MainActivity t5560}}}
08-03 22:36:25.854 1155 1750 V WindowManager: notifyAppResumed: wasStopped=true AppWindowToken{3c03cd9 token=Token{5fbdb20 ActivityRecord{51b7a23 u0 com.arm.mgd.androidapp/.MainActivity t5560}}}
08-03 22:36:25.862 1155 1750 V WindowManager: Checking 1 opening apps (frozen=false timeout=false)...
08-03 22:36:25.862 1155 1750 V WindowManager: Check opening app=AppWindowToken{3c03cd9 token=Token{5fbdb20 ActivityRecord{51b7a23 u0 com.arm.mgd.androidapp/.MainActivity t5560}}}: allDrawn=false startingDisplayed=false startingMoved=false isRelaunching()=false
08-03 22:36:25.863 1155 1172 D HwGameAssistantController: pid=16839, uid=10212, foreground=true
08-03 22:36:25.868 1495 1495 I FloatNotificationManager: removeNotification: key =0|android|40|null|1000;mKey=null
08-03 22:36:25.869 1495 1495 I PhoneStatusBar: updateNotificationShade: total=7, active=7
08-03 22:36:25.870 1495 1495 W PhoneStatusBar: updateNotificationShade hasFaceDT: false; Detected:false
08-03 22:36:25.870 1495 1495 V PhoneStatusBar: mStackScroller size:5,activeCount:7, childCnt:9
08-03 22:36:25.871 1155 1750 I HwNetworkPolicy: onTransact, code = 203
08-03 22:36:25.872 1429 1669 I HwNetworkPolicyManager: getHwUidPolicy uid = 10212 policy = 0
08-03 22:36:25.881 1495 1495 W HwKeyguardDragHelper: AnimationBlocked
08-03 22:36:25.886 1155 8168 I WindowManager: relayoutVisibleWindow: set isFormatChanged
08-03 22:36:25.889 1155 8168 V HwPhoneWindowManager: updateSystemUiColorLw window=Window{37530bd u0 com.arm.mgd.androidapp/com.arm.mgd.androidapp.MainActivity},EmuiStyle=0,StatusBarColor=0xff000000,NavigationBarColor=0xff000000, mLastIsEmuiLightStyle=-1, mForceNotchStatusBar=false
08-03 22:36:25.890 1495 1554 I CommandQueue: updateBarBgColor
08-03 22:36:25.890 1495 1554 D CommandQueue: CommandQueue, setBarBackgroundColor
08-03 22:36:25.892 1495 1495 D TintManager: statusBarIconTint=#99FFFFFF,navigationBarIconTint=#FF000000
08-03 22:36:25.892 1495 1495 D BarTransitions.HwPhoneStatusBarView: MODE_TRANSPARENT -> MODE_TRANSLUCENT animate=false
08-03 22:36:25.892 1495 1495 D BarTransitions.HwPhoneStatusBarView: applyModeBackground oldMode=MODE_TRANSPARENT newMode=MODE_TRANSLUCENT animate=false
08-03 22:36:25.894 1155 8168 V WindowManager: Checking 1 opening apps (frozen=false timeout=false)...
08-03 22:36:25.894 1155 8168 V WindowManager: Check opening app=AppWindowToken{3c03cd9 token=Token{5fbdb20 ActivityRecord{51b7a23 u0 com.arm.mgd.androidapp/.MainActivity t5560}}}: allDrawn=false startingDisplayed=false startingMoved=false isRelaunching()=false
08-03 22:36:25.900 1155 8168 V WindowManager: removeIfPossible: Window{d44b9f4 u0 SetFullScreenWindow} callers=com.android.server.wm.WindowState.removeIfPossible:1914 com.android.server.wm.WindowManagerService.removeWindow:2031 com.android.server.wm.Session.remove:218 android.view.IWindowSession$Stub.onTransact:242 com.android.server.wm.Session.onTransact:161
08-03 22:36:25.900 1155 8168 V WindowManager: postWindowRemoveCleanupLocked: Window{d44b9f4 u0 SetFullScreenWindow}
08-03 22:36:25.900 1155 8168 V WindowManager: Removing Window{d44b9f4 u0 SetFullScreenWindow} from AppWindowToken{3c03cd9 token=Token{5fbdb20 ActivityRecord{51b7a23 u0 com.arm.mgd.androidapp/.MainActivity t5560}}}
08-03 22:36:25.903 1155 8168 V WindowManager: Checking 1 opening apps (frozen=false timeout=false)...
08-03 22:36:25.903 1155 8168 V WindowManager: Check opening app=AppWindowToken{3c03cd9 token=Token{5fbdb20 ActivityRecord{51b7a23 u0 com.arm.mgd.androidapp/.MainActivity t5560}}}: allDrawn=false startingDisplayed=false startingMoved=false isRelaunching()=false
08-03 22:36:25.906 638 638 I GRALLOC : shrFd=10,fmt=0x1,intFmt=0x1,btStrd=4352,size=540672,pid=638
08-03 22:36:25.906 638 638 I GRALLOC : yuv=2,w=1080,h=122,Stride u=0 v=0,offset u=0 v=0
08-03 22:36:25.906 638 638 I GRALLOC : iova_size=540672,conUsg=0xb00,proUsg=0xb00, strd=1088,[afbc]HdrStrd=0 PyldStrd=0 Scrmbl=0,ionhnd = 1
08-03 22:36:25.907 1495 1495 D StatusBarIconController: setIconVisibility icon is null or visibility not change visibility=false
08-03 22:36:25.914 16839 16859 D OpenGLRenderer: HWUI Binary is enabled
08-03 22:36:25.916 1155 8168 V WindowManager: Adding Window{24e2faf u0 SetFullScreenWindow} to AppWindowToken{3c03cd9 token=Token{5fbdb20 ActivityRecord{51b7a23 u0 com.arm.mgd.androidapp/.MainActivity t5560}}}
08-03 22:36:25.917 1155 8168 V WindowManager: addWindow: New client android.os.BinderProxy@28d1b8e: window=Window{24e2faf u0 SetFullScreenWindow} Callers=com.android.server.wm.HwWindowManagerService.addWindow:574 com.android.server.wm.Session.addToDisplay:199 android.view.IWindowSession$Stub.onTransact:124 com.android.server.wm.Session.onTransact:161 android.os.Binder.execTransact:675
08-03 22:36:25.920 16839 16839 D CubicBezierInterpolator: CubicBezierInterpolator mControlPoint1x = 0.23, mControlPoint1y = 0.06, mControlPoint2x = 0.09, mControlPoint2y = 0.97
08-03 22:36:25.921 1155 1267 V WindowManager: Checking 1 opening apps (frozen=false timeout=false)...
08-03 22:36:25.921 1155 1267 V WindowManager: Check opening app=AppWindowToken{3c03cd9 token=Token{5fbdb20 ActivityRecord{51b7a23 u0 com.arm.mgd.androidapp/.MainActivity t5560}}}: allDrawn=false startingDisplayed=false startingMoved=false isRelaunching()=false
08-03 22:36:25.921 16839 16839 D CubicBezierInterpolator: CubicBezierInterpolator mControlPoint1x = 0.6, mControlPoint1y = 0.9, mControlPoint2x = 0.8, mControlPoint2y = 1.0
08-03 22:36:25.921 16839 16839 D CubicBezierInterpolator: CubicBezierInterpolator mControlPoint1x = 0.23, mControlPoint1y = 0.06, mControlPoint2x = 0.09, mControlPoint2y = 0.97
08-03 22:36:25.922 16839 16839 D CubicBezierInterpolator: CubicBezierInterpolator mControlPoint1x = 0.6, mControlPoint1y = 0.9, mControlPoint2x = 0.8, mControlPoint2y = 1.0
08-03 22:36:25.926 16839 16859 D mali_winsys: EGLint new_window_surface(egl_winsys_display *, void *, EGLSurface, EGLConfig, egl_winsys_surface **, egl_color_buffer_format *, EGLBoolean) returns 0x3000
08-03 22:36:25.930 2936 2936 I MicroDetector: Keeping mic open: false
08-03 22:36:25.931 2936 15133 I DeviceStateChecker: DeviceStateChecker cancelled
08-03 22:36:25.931 2936 16414 I AudioController: internalShutdown
08-03 22:36:25.932 2936 17718 I MicroRecognitionRunner: Stopping hotword detection.
08-03 22:36:25.934 645 944 I audio_hw_primary: do_in_standby standby: 0, in_device: 0x4
08-03 22:36:25.950 645 944 I audio_hw_primary: select_devices++ mode[0]
08-03 22:36:25.950 645 944 I audio_hw_primary: input_source_id 0, output_device_id 0
08-03 22:36:25.950 645 944 I audio_hw_primary: select_devices() devices 0x2 input src 0 output route none input route none in_device 0
08-03 22:36:25.950 645 944 I spk_dev_interface: spk_dev_power_off: use new smartpakit version
08-03 22:36:25.950 645 944 I smartpakit: pdata->device = 0, output_device = 0, pdata->mode = 0, mode = 0
08-03 22:36:25.950 645 944 I smartpakit: check the same status, skip!
08-03 22:36:25.950 645 944 I dsp_common: dsp_common_control_algo:set device = 0
08-03 22:36:25.952 645 944 I dsp_common: dsp_common_control_algo:set device = 0
08-03 22:36:25.952 645 944 I spk_dev_interface: spk_dev_power_on: use new smartpakit version
08-03 22:36:25.952 645 944 I smartpakit: pdata->device = 0, output_device = 0, pdata->mode = 0, mode = 0
08-03 22:36:25.952 645 944 I smartpakit: check the same status, skip!
08-03 22:36:25.952 645 944 I audio_hw_primary: select_devices--
08-03 22:36:25.952 710 710 I APM_AudioPolicyManager: stopInput() input 230
08-03 22:36:25.954 645 998 D audio_hw_primary: in_set_parameters_no_lock input_source: 0, in_device: 0
08-03 22:36:25.955 710 710 I APM_AudioPolicyManager: resetInputDevice() releaseAudioPatch returned 0, patchHandle 244
08-03 22:36:25.955 1155 8168 V WindowManager: Checking 1 opening apps (frozen=false timeout=false)...
08-03 22:36:25.955 1155 8168 V WindowManager: Check opening app=AppWindowToken{3c03cd9 token=Token{5fbdb20 ActivityRecord{51b7a23 u0 com.arm.mgd.androidapp/.MainActivity t5560}}}: allDrawn=false startingDisplayed=false startingMoved=false isRelaunching()=false
08-03 22:36:25.955 710 710 V SoundTrigger: setCaptureState(0)
08-03 22:36:25.956 710 710 V SoundTriggerHwService: setCaptureState 0
08-03 22:36:25.956 710 710 D APM_AudioPolicyManager: event 165
08-03 22:36:25.956 710 710 W HuaweiAudioFlinger: soundtrigger is now disable or not support, pls enable it first from setting
08-03 22:36:25.956 710 16958 V APM_AudioPolicyManager: listAudioPorts() role 0 type 0 num_ports 0 ports 0x76cf82d1f0
08-03 22:36:25.956 710 16958 V APM_AudioPolicyManager: listAudioPorts() got 0 ports needed 8
08-03 22:36:25.956 710 16958 V APM_AudioPolicyManager: listAudioPorts() role 0 type 0 num_ports 8 ports 0x76cf95f000
08-03 22:36:25.956 2936 16414 I HwAudioRecordImpl: sendStateChangedIntent, state=1
08-03 22:36:25.956 710 16958 V APM_AudioPolicyManager: listAudioPorts() got 8 ports needed 8
08-03 22:36:25.957 16839 16874 D mali_winsys: EGLint new_window_surface(egl_winsys_display *, void *, EGLSurface, EGLConfig, egl_winsys_surface **, egl_color_buffer_format *, EGLBoolean) returns 0x3000
