SergeiLkovsMini:arm sergeiloskutnikov$ adb logcat --------- beginning of system
08-03 18:49:46.902 13574 13574 D ActivityThread: ActivityThread,attachApplication
08-03 18:49:48.907 753 753 E wificond: Failed to get NL80211_RATE_INFO_NOISE
08-03 18:49:48.908 753 753 E wificond: Failed to get NL80211_RATE_INFO_SNR
08-03 18:49:48.908 753 753 E wificond: Failed to get NL80211_STA_INFO_CNAHLOAD
08-03 18:49:48.910 753 753 E wificond: Failed to get NL80211_RATE_INFO_NOISE
08-03 18:49:48.910 753 753 E wificond: Failed to get NL80211_RATE_INFO_SNR
08-03 18:49:48.910 753 753 E wificond: Failed to get NL80211_STA_INFO_CNAHLOAD
08-03 18:49:56.925 753 753 E wificond: Failed to get NL80211_RATE_INFO_NOISE
08-03 18:49:56.925 753 753 E wificond: Failed to get NL80211_RATE_INFO_SNR
08-03 18:49:56.925 753 753 E wificond: Failed to get NL80211_STA_INFO_CNAHLOAD
08-03 18:49:56.932 753 753 E wificond: Failed to get NL80211_RATE_INFO_NOISE
08-03 18:49:56.932 753 753 E wificond: Failed to get NL80211_RATE_INFO_SNR
08-03 18:49:56.932 753 753 E wificond: Failed to get NL80211_STA_INFO_CNAHLOAD
08-03 18:49:58.885 1155 2761 I chatty : uid=1000(system) Binder:1155_C expire 26 lines
08-03 18:50:04.934 753 753 E wificond: Failed to get NL80211_RATE_INFO_NOISE
08-03 18:50:04.935 753 753 E wificond: Failed to get NL80211_RATE_INFO_SNR
08-03 18:50:04.935 753 753 E wificond: Failed to get NL80211_STA_INFO_CNAHLOAD
08-03 18:50:04.942 753 753 E wificond: Failed to get NL80211_RATE_INFO_NOISE
08-03 18:50:04.942 753 753 E wificond: Failed to get NL80211_RATE_INFO_SNR
08-03 18:50:04.942 753 753 E wificond: Failed to get NL80211_STA_INFO_CNAHLOAD
08-03 18:50:07.727 1155 2219 I chatty : uid=1000(system) watchdog expire 1 line
08-03 18:50:09.871 1155 3079 I chatty : uid=1000(system) Binder:1155_10 expire 11 lines
08-03 18:50:12.937 753 753 E wificond: Failed to get NL80211_RATE_INFO_NOISE
08-03 18:50:12.937 753 753 E wificond: Failed to get NL80211_RATE_INFO_SNR
08-03 18:50:12.937 753 753 E wificond: Failed to get NL80211_STA_INFO_CNAHLOAD
08-03 18:50:12.940 753 753 E wificond: Failed to get NL80211_RATE_INFO_NOISE
08-03 18:50:12.941 753 753 E wificond: Failed to get NL80211_RATE_INFO_SNR
08-03 18:50:12.941 753 753 E wificond: Failed to get NL80211_STA_INFO_CNAHLOAD
08-03 18:50:14.470 1155 2346 I chatty : uid=1000(system) Binder:1155_B expire 19 lines
08-03 18:50:56.091 480 615 W SocketListener: sending broadcast to Pid = 1155, Uid = 1000
08-03 18:50:56.092 1155 1313 I chatty : uid=1000(system) NetdConnector expire 12 lines
08-03 18:50:56.101 1155 1155 I chatty : uid=1000 system_server expire 10 lines
08-03 18:50:56.136 1155 1581 I chatty : uid=1000(system) Binder:1155_7 expire 2 lines
08-03 18:50:56.147 480 615 W SocketListener: sending broadcast to Pid = 1155, Uid = 1000
08-03 18:50:56.170 1155 3079 I chatty : uid=1000(system) Binder:1155_10 expire 6 lines
08-03 18:53:45.089 480 615 W SocketListener: sending broadcast to Pid = 1155, Uid = 1000
08-03 18:53:45.096 1155 2301 I chatty : uid=1000(system) Binder:1155_9 expire 22 lines
08-03 18:53:46.094 480 615 W SocketListener: sending broadcast to Pid = 1155, Uid = 1000
08-03 18:54:38.079 480 615 W SocketListener: sending broadcast to Pid = 1155, Uid = 1000
08-03 18:54:38.080 1155 1313 I chatty : uid=1000(system) NetdConnector expire 12 lines
08-03 18:54:38.091 2243 3603 I chatty : uid=1000(system) ChrNetworkHandl expire 10 lines
08-03 18:54:38.101 1155 1155 I chatty : uid=1000 system_server expire 16 lines
08-03 18:54:47.100 480 615 W SocketListener: sending broadcast to Pid = 1155, Uid = 1000
08-03 18:54:47.104 1155 1178 I chatty : uid=1000(system) android.fg expire 17 lines
08-03 18:54:47.108 753 753 E wificond: Failed to get NL80211_RATE_INFO_NOISE
08-03 18:54:47.108 753 753 E wificond: Failed to get NL80211_RATE_INFO_SNR
08-03 18:54:47.108 753 753 E wificond: Failed to get NL80211_STA_INFO_CNAHLOAD
08-03 18:54:47.111 753 753 E wificond: Failed to get NL80211_RATE_INFO_NOISE
08-03 18:54:47.111 753 753 E wificond: Failed to get NL80211_RATE_INFO_SNR
08-03 18:54:47.111 753 753 E wificond: Failed to get NL80211_STA_INFO_CNAHLOAD
08-03 18:55:02.090 480 615 W SocketListener: sending broadcast to Pid = 1155, Uid = 1000
08-03 18:55:02.174 1155 1171 I chatty : uid=1000(system) ActivityManager expire 9 lines
08-03 18:55:02.195 1429 1667 I HwNetworkPolicyManager: forceUpdatePolicy isRoaming = false
08-03 18:55:02.288 1429 1667 I HwNetworkPolicyManager: forceUpdatePolicy isRoaming = false
08-03 18:55:57.101 480 615 W SocketListener: sending broadcast to Pid = 1155, Uid = 1000
08-03 18:55:57.125 1155 6503 I chatty : uid=1000(system) Binder:1155_14 expire 11 lines
08-03 18:56:58.074 480 615 W SocketListener: sending broadcast to Pid = 1155, Uid = 1000
08-03 18:59:47.148 480 615 W SocketListener: sending broadcast to Pid = 1155, Uid = 1000
08-03 19:00:05.081 480 615 W SocketListener: sending broadcast to Pid = 1155, Uid = 1000
08-03 19:00:05.082 1155 1313 I chatty : uid=1000(system) NetdConnector expire 18 lines
08-03 19:00:06.017 753 753 E wificond: Failed to get NL80211_RATE_INFO_NOISE
08-03 19:00:06.017 753 753 E wificond: Failed to get NL80211_RATE_INFO_SNR
08-03 19:00:06.017 753 753 E wificond: Failed to get NL80211_STA_INFO_CNAHLOAD
08-03 19:00:06.020 753 753 E wificond: Failed to get NL80211_RATE_INFO_NOISE
08-03 19:00:06.020 753 753 E wificond: Failed to get NL80211_RATE_INFO_SNR
08-03 19:00:06.020 753 753 E wificond: Failed to get NL80211_STA_INFO_CNAHLOAD
08-03 19:00:29.139 1155 1155 I chatty : uid=1000 system_server expire 14 lines
08-03 19:00:29.178 2278 2278 I chatty : uid=1001(radio) com.android.phone expire 19 lines
08-03 19:00:29.190 1429 1667 I HwNetworkPolicyManager: forceUpdatePolicy isRoaming = false
08-03 19:00:29.258 1429 1667 I HwNetworkPolicyManager: forceUpdatePolicy isRoaming = false
08-03 19:00:29.409 1155 6503 I chatty : uid=1000(system) Binder:1155_14 expire 14 lines
08-03 19:01:16.137 1155 1314 I chatty : uid=1000(system) NetworkStats expire 7 lines
08-03 19:01:16.138 480 615 W SocketListener: sending broadcast to Pid = 1155, Uid = 1000
08-03 19:01:43.088 480 615 W SocketListener: sending broadcast to Pid = 1155, Uid = 1000
08-03 19:01:45.039 753 753 E wificond: Failed to get NL80211_RATE_INFO_NOISE
08-03 19:01:45.039 753 753 E wificond: Failed to get NL80211_RATE_INFO_SNR
08-03 19:01:45.039 753 753 E wificond: Failed to get NL80211_STA_INFO_CNAHLOAD
08-03 19:01:45.048 753 753 E wificond: Failed to get NL80211_RATE_INFO_NOISE
08-03 19:01:45.048 753 753 E wificond: Failed to get NL80211_RATE_INFO_SNR
08-03 19:01:45.048 753 753 E wificond: Failed to get NL80211_STA_INFO_CNAHLOAD
08-03 19:01:45.773 1155 2219 I chatty : uid=1000(system) watchdog expire 1 line
08-03 19:05:07.100 480 615 W SocketListener: sending broadcast to Pid = 1155, Uid = 1000
08-03 19:05:31.108 480 615 W SocketListener: sending broadcast to Pid = 1155, Uid = 1000
08-03 19:05:41.357 753 753 E wificond: Failed to get NL80211_RATE_INFO_NOISE
08-03 19:05:41.358 753 753 E wificond: Failed to get NL80211_RATE_INFO_SNR
08-03 19:05:41.358 753 753 E wificond: Failed to get NL80211_STA_INFO_CNAHLOAD
08-03 19:05:41.360 753 753 E wificond: Failed to get NL80211_RATE_INFO_NOISE
08-03 19:05:41.360 753 753 E wificond: Failed to get NL80211_RATE_INFO_SNR
08-03 19:05:41.360 753 753 E wificond: Failed to get NL80211_STA_INFO_CNAHLOAD
08-03 19:05:55.147 1155 1155 I chatty : uid=1000 system_server expire 15 lines
08-03 19:05:55.174 1429 1667 I HwNetworkPolicyManager: forceUpdatePolicy isRoaming = false
08-03 19:05:55.197 2278 2278 I chatty : uid=1001(radio) com.android.phone expire 19 lines
08-03 19:05:55.268 1429 1667 I HwNetworkPolicyManager: forceUpdatePolicy isRoaming = false
08-03 19:05:55.401 1155 6503 I chatty : uid=1000(system) Binder:1155_14 expire 8 lines
08-03 19:05:55.808 480 615 W SocketListener: sending broadcast to Pid = 1155, Uid = 1000
08-03 19:05:57.932 2243 3603 I chatty : uid=1000(system) ChrNetworkHandl expire 10 lines
08-03 19:06:08.210 753 753 E wificond: Failed to get NL80211_RATE_INFO_NOISE
08-03 19:06:08.210 753 753 E wificond: Failed to get NL80211_RATE_INFO_SNR
08-03 19:06:08.210 753 753 E wificond: Failed to get NL80211_STA_INFO_CNAHLOAD
08-03 19:06:08.212 753 753 E wificond: Failed to get NL80211_RATE_INFO_NOISE
08-03 19:06:08.212 753 753 E wificond: Failed to get NL80211_RATE_INFO_SNR
08-03 19:06:08.212 753 753 E wificond: Failed to get NL80211_STA_INFO_CNAHLOAD
08-03 19:09:47.085 480 615 W SocketListener: sending broadcast to Pid = 1155, Uid = 1000
08-03 19:09:47.097 480 615 W SocketListener: sending broadcast to Pid = 1155, Uid = 1000
08-03 19:09:47.100 1155 1313 I chatty : uid=1000(system) NetdConnector expire 10 lines
08-03 19:10:56.086 480 615 W SocketListener: sending broadcast to Pid = 1155, Uid = 1000
08-03 19:10:56.089 1155 1155 I chatty : uid=1000 system_server expire 10 lines
08-03 19:10:56.103 480 615 W SocketListener: sending broadcast to Pid = 1155, Uid = 1000
08-03 19:11:14.091 480 615 W SocketListener: sending broadcast to Pid = 1155, Uid = 1000
08-03 19:11:22.180 1429 1667 I HwNetworkPolicyManager: forceUpdatePolicy isRoaming = false
08-03 19:11:22.185 2278 2278 I chatty : uid=1001(radio) com.android.phone expire 19 lines
08-03 19:11:22.349 1155 1155 I chatty : uid=1000 system_server expire 10 lines
08-03 19:11:22.373 1429 1667 I HwNetworkPolicyManager: forceUpdatePolicy isRoaming = false
08-03 19:11:22.452 1155 2301 I chatty : uid=1000(system) Binder:1155_9 expire 6 lines
08-03 19:11:25.646 753 753 E wificond: Failed to get NL80211_RATE_INFO_NOISE
08-03 19:11:25.647 753 753 E wificond: Failed to get NL80211_RATE_INFO_SNR
08-03 19:11:25.647 753 753 E wificond: Failed to get NL80211_STA_INFO_CNAHLOAD
08-03 19:11:25.655 753 753 E wificond: Failed to get NL80211_RATE_INFO_NOISE
08-03 19:11:25.655 753 753 E wificond: Failed to get NL80211_RATE_INFO_SNR
08-03 19:11:25.656 753 753 E wificond: Failed to get NL80211_STA_INFO_CNAHLOAD
08-03 19:14:46.129 480 615 W SocketListener: sending broadcast to Pid = 1155, Uid = 1000
08-03 19:14:46.142 1155 5401 I chatty : uid=1000(system) Binder:1155_11 expire 13 lines
08-03 19:15:56.086 480 615 W SocketListener: sending broadcast to Pid = 1155, Uid = 1000
08-03 19:15:56.087 1155 1313 I chatty : uid=1000(system) NetdConnector expire 16 lines
08-03 19:15:56.090 1155 1178 I chatty : uid=1000(system) android.fg expire 12 lines
08-03 19:15:56.107 480 615 W SocketListener: sending broadcast to Pid = 1155, Uid = 1000
08-03 19:15:56.110 1155 2761 I chatty : uid=1000(system) Binder:1155_C expire 2 lines
08-03 19:16:26.087 480 615 W SocketListener: sending broadcast to Pid = 1155, Uid = 1000
08-03 19:16:43.905 1155 2219 I chatty : uid=1000(system) watchdog expire 1 line
08-03 19:16:45.200 753 753 E wificond: Failed to get NL80211_RATE_INFO_NOISE
08-03 19:16:45.201 753 753 E wificond: Failed to get NL80211_RATE_INFO_SNR
08-03 19:16:45.201 753 753 E wificond: Failed to get NL80211_STA_INFO_CNAHLOAD
08-03 19:16:45.207 753 753 E wificond: Failed to get NL80211_RATE_INFO_NOISE
08-03 19:16:45.208 753 753 E wificond: Failed to get NL80211_RATE_INFO_SNR
08-03 19:16:45.208 753 753 E wificond: Failed to get NL80211_STA_INFO_CNAHLOAD
08-03 19:16:50.183 2278 2278 I chatty : uid=1001(radio) com.android.phone expire 14 lines
08-03 19:16:50.196 1155 1155 I chatty : uid=1000 system_server expire 15 lines
08-03 19:16:50.209 1155 1171 I chatty : uid=1000(system) ActivityManager expire 13 lines
08-03 19:16:50.224 1155 6503 I chatty : uid=1000(system) Binder:1155_14 expire 10 lines
08-03 19:16:50.254 1429 1667 I HwNetworkPolicyManager: forceUpdatePolicy isRoaming = false
08-03 19:19:46.143 480 615 W SocketListener: sending broadcast to Pid = 1155, Uid = 1000
08-03 19:19:46.153 1155 2346 I chatty : uid=1000(system) Binder:1155_B expire 10 lines
08-03 19:20:56.093 480 615 W SocketListener: sending broadcast to Pid = 1155, Uid = 1000
08-03 19:20:56.128 480 615 W SocketListener: sending broadcast to Pid = 1155, Uid = 1000
08-03 19:21:54.078 480 615 W SocketListener: sending broadcast to Pid = 1155, Uid = 1000
08-03 19:21:54.191 753 753 E wificond: Failed to get NL80211_RATE_INFO_NOISE
08-03 19:21:54.191 753 753 E wificond: Failed to get NL80211_RATE_INFO_SNR
08-03 19:21:54.191 753 753 E wificond: Failed to get NL80211_STA_INFO_CNAHLOAD
08-03 19:21:54.192 753 753 E wificond: Failed to get NL80211_RATE_INFO_NOISE
08-03 19:21:54.192 753 753 E wificond: Failed to get NL80211_RATE_INFO_SNR
08-03 19:21:54.193 753 753 E wificond: Failed to get NL80211_STA_INFO_CNAHLOAD
08-03 19:22:01.112 2243 3603 I chatty : uid=1000(system) ChrNetworkHandl expire 10 lines
08-03 19:22:19.197 1429 1667 I HwNetworkPolicyManager: forceUpdatePolicy isRoaming = false
08-03 19:22:19.375 1155 1155 I chatty : uid=1000 system_server expire 10 lines
08-03 19:22:19.396 1429 1667 I HwNetworkPolicyManager: forceUpdatePolicy isRoaming = false
08-03 19:22:19.458 2278 2278 I chatty : uid=1001(radio) com.android.phone expire 17 lines
08-03 19:22:19.493 1155 2346 I chatty : uid=1000(system) Binder:1155_B expire 9 lines
08-03 19:24:46.164 480 615 W SocketListener: sending broadcast to Pid = 1155, Uid = 1000
08-03 19:25:56.089 480 615 W SocketListener: sending broadcast to Pid = 1155, Uid = 1000
08-03 19:25:56.090 1155 1313 I chatty : uid=1000(system) NetdConnector expire 16 lines
08-03 19:25:56.106 480 615 W SocketListener: sending broadcast to Pid = 1155, Uid = 1000
08-03 19:25:56.135 1155 2301 I chatty : uid=1000(system) Binder:1155_9 expire 2 lines
08-03 19:27:21.080 480 615 W SocketListener: sending broadcast to Pid = 1155, Uid = 1000
08-03 19:27:21.531 753 753 E wificond: Failed to get NL80211_RATE_INFO_NOISE
08-03 19:27:21.532 753 753 E wificond: Failed to get NL80211_RATE_INFO_SNR
08-03 19:27:21.532 753 753 E wificond: Failed to get NL80211_STA_INFO_CNAHLOAD
08-03 19:27:21.533 753 753 E wificond: Failed to get NL80211_RATE_INFO_NOISE
08-03 19:27:21.533 753 753 E wificond: Failed to get NL80211_RATE_INFO_SNR
08-03 19:27:21.533 753 753 E wificond: Failed to get NL80211_STA_INFO_CNAHLOAD
08-03 19:27:27.246 1155 1581 I chatty : uid=1000(system) Binder:1155_7 expire 8 lines
08-03 19:27:27.248 1155 1333 I chatty : uid=1000(system) ConnectivitySer expire 2 lines
08-03 19:27:33.083 1155 1155 I chatty : uid=1000 system_server expire 15 lines
08-03 19:27:45.139 1429 1667 I HwNetworkPolicyManager: forceUpdatePolicy isRoaming = false
08-03 19:27:45.319 1155 8132 I chatty : uid=1000(system) Binder:1155_18 expire 11 lines
08-03 19:27:45.348 1155 6888 I chatty : uid=1000(system) Binder:1155_17 expire 10 lines
08-03 19:27:45.349 1429 1667 I HwNetworkPolicyManager: forceUpdatePolicy isRoaming = false
08-03 19:27:45.378 2278 2278 I chatty : uid=1001(radio) com.android.phone expire 11 lines
08-03 19:27:49.125 1155 6503 I chatty : uid=1000(system) Binder:1155_14 expire 16 lines
08-03 19:29:46.153 480 615 W SocketListener: sending broadcast to Pid = 1155, Uid = 1000
08-03 19:31:15.090 480 615 W SocketListener: sending broadcast to Pid = 1155, Uid = 1000
08-03 19:31:15.094 1155 1178 I chatty : uid=1000(system) android.fg expire 3 lines
08-03 19:31:15.476 1155 1314 I chatty : uid=1000(system) NetworkStats expire 7 lines
08-03 19:31:15.478 480 615 W SocketListener: sending broadcast to Pid = 1155, Uid = 1000
08-03 19:31:15.510 1155 6888 I chatty : uid=1000(system) Binder:1155_17 expire 12 lines
08-03 19:31:44.114 480 615 W SocketListener: sending broadcast to Pid = 1155, Uid = 1000
08-03 19:31:44.115 1155 1313 I chatty : uid=1000(system) NetdConnector expire 2 lines
08-03 19:31:44.557 753 753 E wificond: Failed to get NL80211_RATE_INFO_NOISE
08-03 19:31:44.558 753 753 E wificond: Failed to get NL80211_RATE_INFO_SNR
08-03 19:31:44.558 753 753 E wificond: Failed to get NL80211_STA_INFO_CNAHLOAD
08-03 19:31:44.564 753 753 E wificond: Failed to get NL80211_RATE_INFO_NOISE
08-03 19:31:44.565 753 753 E wificond: Failed to get NL80211_RATE_INFO_SNR
08-03 19:31:44.565 753 753 E wificond: Failed to get NL80211_STA_INFO_CNAHLOAD
08-03 19:31:49.255 1155 2219 I chatty : uid=1000(system) watchdog expire 1 line
08-03 19:32:48.150 753 753 E wificond: Failed to get NL80211_RATE_INFO_NOISE
08-03 19:32:48.150 753 753 E wificond: Failed to get NL80211_RATE_INFO_SNR
08-03 19:32:48.150 753 753 E wificond: Failed to get NL80211_STA_INFO_CNAHLOAD
08-03 19:32:48.153 753 753 E wificond: Failed to get NL80211_RATE_INFO_NOISE
08-03 19:32:48.153 753 753 E wificond: Failed to get NL80211_RATE_INFO_SNR
08-03 19:32:48.153 753 753 E wificond: Failed to get NL80211_STA_INFO_CNAHLOAD
08-03 19:33:12.137 1155 1155 I chatty : uid=1000 system_server expire 15 lines
08-03 19:33:12.163 1429 1667 I HwNetworkPolicyManager: forceUpdatePolicy isRoaming = false
08-03 19:33:12.253 1429 1667 I HwNetworkPolicyManager: forceUpdatePolicy isRoaming = false
08-03 19:33:12.277 2278 2278 I chatty : uid=1001(radio) com.android.phone expire 17 lines
08-03 19:33:15.088 2243 3603 I chatty : uid=1000(system) ChrNetworkHandl expire 11 lines
08-03 19:35:06.102 480 615 W SocketListener: sending broadcast to Pid = 1155, Uid = 1000
08-03 19:35:06.103 1155 1313 I chatty : uid=1000(system) NetdConnector expire 10 lines
08-03 19:35:06.107 1155 1178 I chatty : uid=1000(system) android.fg expire 18 lines
08-03 19:35:56.089 480 615 W SocketListener: sending broadcast to Pid = 1155, Uid = 1000
08-03 19:35:56.106 480 615 W SocketListener: sending broadcast to Pid = 1155, Uid = 1000
08-03 19:38:14.079 480 615 W SocketListener: sending broadcast to Pid = 1155, Uid = 1000
08-03 19:38:15.676 753 753 E wificond: Failed to get NL80211_RATE_INFO_NOISE
08-03 19:38:15.676 753 753 E wificond: Failed to get NL80211_RATE_INFO_SNR
08-03 19:38:15.677 753 753 E wificond: Failed to get NL80211_STA_INFO_CNAHLOAD
08-03 19:38:15.697 753 753 E wificond: Failed to get NL80211_RATE_INFO_NOISE
08-03 19:38:15.698 753 753 E wificond: Failed to get NL80211_RATE_INFO_SNR
08-03 19:38:15.698 753 753 E wificond: Failed to get NL80211_STA_INFO_CNAHLOAD
08-03 19:38:38.080 1155 1273 I chatty : uid=1000(system) UEventObserver expire 2 lines
08-03 19:38:38.092 1155 1176 I chatty : uid=1000(system) batterystats-sy expire 2 lines
08-03 19:38:38.096 1155 1155 I chatty : uid=1000 system_server expire 15 lines
08-03 19:38:38.170 1155 8132 I chatty : uid=1000(system) Binder:1155_18 expire 11 lines
08-03 19:38:38.195 2278 2278 I chatty : uid=1001(radio) com.android.phone expire 19 lines
08-03 19:38:38.197 1429 1667 I HwNetworkPolicyManager: forceUpdatePolicy isRoaming = false
08-03 19:38:38.303 1429 1667 I HwNetworkPolicyManager: forceUpdatePolicy isRoaming = false
08-03 19:38:38.430 1155 6503 I chatty : uid=1000(system) Binder:1155_14 expire 16 lines
08-03 19:38:56.087 753 753 E wificond: Failed to get NL80211_RATE_INFO_NOISE
08-03 19:38:56.087 753 753 E wificond: Failed to get NL80211_RATE_INFO_SNR
08-03 19:38:56.087 753 753 E wificond: Failed to get NL80211_STA_INFO_CNAHLOAD
08-03 19:38:56.089 753 753 E wificond: Failed to get NL80211_RATE_INFO_NOISE
08-03 19:38:56.089 753 753 E wificond: Failed to get NL80211_RATE_INFO_SNR
08-03 19:38:56.089 753 753 E wificond: Failed to get NL80211_STA_INFO_CNAHLOAD
08-03 19:39:47.100 480 615 W SocketListener: sending broadcast to Pid = 1155, Uid = 1000
08-03 19:40:56.090 480 615 W SocketListener: sending broadcast to Pid = 1155, Uid = 1000
08-03 19:40:56.091 1155 1313 I chatty : uid=1000(system) NetdConnector expire 18 lines
08-03 19:40:56.106 480 615 W SocketListener: sending broadcast to Pid = 1155, Uid = 1000
08-03 19:40:56.120 1155 6320 I chatty : uid=1000(system) Binder:1155_13 expire 18 lines
08-03 19:43:47.076 480 615 W SocketListener: sending broadcast to Pid = 1155, Uid = 1000
08-03 19:44:12.134 1155 1155 I chatty : uid=1000 system_server expire 16 lines
08-03 19:44:12.174 1429 1667 I HwNetworkPolicyManager: forceUpdatePolicy isRoaming = false
08-03 19:44:12.177 2278 2278 I chatty : uid=1001(radio) com.android.phone expire 19 lines
08-03 19:44:12.322 1429 1667 I HwNetworkPolicyManager: forceUpdatePolicy isRoaming = false
08-03 19:44:12.326 1155 6888 I chatty : uid=1000(system) Binder:1155_17 expire 4 lines
08-03 19:44:15.632 753 753 E wificond: Failed to get NL80211_RATE_INFO_NOISE
08-03 19:44:15.632 753 753 E wificond: Failed to get NL80211_RATE_INFO_SNR
08-03 19:44:15.632 753 753 E wificond: Failed to get NL80211_STA_INFO_CNAHLOAD
08-03 19:44:15.639 753 753 E wificond: Failed to get NL80211_RATE_INFO_NOISE
08-03 19:44:15.639 753 753 E wificond: Failed to get NL80211_RATE_INFO_SNR
08-03 19:44:15.639 753 753 E wificond: Failed to get NL80211_STA_INFO_CNAHLOAD
08-03 19:44:46.140 480 615 W SocketListener: sending broadcast to Pid = 1155, Uid = 1000
08-03 19:45:56.091 480 615 W SocketListener: sending broadcast to Pid = 1155, Uid = 1000
08-03 19:45:56.109 480 615 W SocketListener: sending broadcast to Pid = 1155, Uid = 1000
08-03 19:45:56.112 1155 6503 I chatty : uid=1000(system) Binder:1155_14 expire 10 lines
08-03 19:46:44.118 480 615 W SocketListener: sending broadcast to Pid = 1155, Uid = 1000
08-03 19:46:44.313 1155 2219 I chatty : uid=1000(system) watchdog expire 1 line
08-03 19:47:21.083 753 753 E wificond: Failed to get NL80211_RATE_INFO_NOISE
08-03 19:47:21.083 753 753 E wificond: Failed to get NL80211_RATE_INFO_SNR
08-03 19:47:21.083 753 753 E wificond: Failed to get NL80211_STA_INFO_CNAHLOAD
08-03 19:47:21.085 753 753 E wificond: Failed to get NL80211_RATE_INFO_NOISE
08-03 19:47:21.085 753 753 E wificond: Failed to get NL80211_RATE_INFO_SNR
08-03 19:47:21.085 753 753 E wificond: Failed to get NL80211_STA_INFO_CNAHLOAD
08-03 19:49:39.168 1155 1171 I chatty : uid=1000(system) ActivityManager expire 5 lines
08-03 19:49:39.197 1429 1667 I HwNetworkPolicyManager: forceUpdatePolicy isRoaming = false
08-03 19:49:39.199 2278 2278 I chatty : uid=1001(radio) com.android.phone expire 19 lines
08-03 19:49:39.358 1155 1155 I chatty : uid=1000 system_server expire 10 lines
08-03 19:49:39.390 1429 1667 I HwNetworkPolicyManager: forceUpdatePolicy isRoaming = false
08-03 19:49:39.471 1155 6503 I chatty : uid=1000(system) Binder:1155_14 expire 2 lines
08-03 19:49:42.119 2243 3603 I chatty : uid=1000(system) ChrNetworkHandl expire 10 lines
08-03 19:49:47.096 480 615 W SocketListener: sending broadcast to Pid = 1155, Uid = 1000
08-03 19:50:56.082 480 615 W SocketListener: sending broadcast to Pid = 1155, Uid = 1000
08-03 19:50:56.099 480 615 W SocketListener: sending broadcast to Pid = 1155, Uid = 1000
08-03 19:50:56.102 1155 1313 I chatty : uid=1000(system) NetdConnector expire 13 lines
08-03 19:50:56.102 1155 1155 I chatty : uid=1000 system_server expire 11 lines
08-03 19:50:56.460 753 753 E wificond: Failed to get NL80211_RATE_INFO_NOISE
08-03 19:50:56.460 753 753 E wificond: Failed to get NL80211_RATE_INFO_SNR
08-03 19:50:56.460 753 753 E wificond: Failed to get NL80211_STA_INFO_CNAHLOAD
08-03 19:50:56.461 753 753 E wificond: Failed to get NL80211_RATE_INFO_NOISE
08-03 19:50:56.461 753 753 E wificond: Failed to get NL80211_RATE_INFO_SNR
08-03 19:50:56.461 753 753 E wificond: Failed to get NL80211_STA_INFO_CNAHLOAD
08-03 19:54:41.076 480 615 W SocketListener: sending broadcast to Pid = 1155, Uid = 1000
08-03 19:54:41.086 1155 1581 I chatty : uid=1000(system) Binder:1155_7 expire 8 lines
08-03 19:54:47.123 480 615 W SocketListener: sending broadcast to Pid = 1155, Uid = 1000
08-03 19:55:04.089 480 615 W SocketListener: sending broadcast to Pid = 1155, Uid = 1000
08-03 19:55:06.213 1429 1667 I HwNetworkPolicyManager: forceUpdatePolicy isRoaming = false
08-03 19:55:06.226 2278 2278 I chatty : uid=1001(radio) com.android.phone expire 19 lines
08-03 19:55:06.339 1155 6320 I chatty : uid=1000(system) Binder:1155_13 expire 12 lines
08-03 19:55:06.339 1429 1667 I HwNetworkPolicyManager: forceUpdatePolicy isRoaming = false
08-03 19:55:09.475 753 753 E wificond: Failed to get NL80211_RATE_INFO_NOISE
08-03 19:55:09.475 753 753 E wificond: Failed to get NL80211_RATE_INFO_SNR
08-03 19:55:09.475 753 753 E wificond: Failed to get NL80211_STA_INFO_CNAHLOAD
08-03 19:55:09.476 753 753 E wificond: Failed to get NL80211_RATE_INFO_NOISE
08-03 19:55:09.476 753 753 E wificond: Failed to get NL80211_RATE_INFO_SNR
08-03 19:55:09.476 753 753 E wificond: Failed to get NL80211_STA_INFO_CNAHLOAD
08-03 19:55:56.086 1155 1155 I chatty : uid=1000 system_server expire 10 lines
08-03 19:55:56.097 1155 6888 I chatty : uid=1000(system) Binder:1155_17 expire 12 lines
08-03 19:55:56.101 480 615 W SocketListener: sending broadcast to Pid = 1155, Uid = 1000
08-03 19:55:56.105 1155 1178 I chatty : uid=1000(system) android.fg expire 14 lines
08-03 19:55:56.129 1155 6503 I chatty : uid=1000(system) Binder:1155_14 expire 13 lines
08-03 19:59:46.092 480 615 W SocketListener: sending broadcast to Pid = 1155, Uid = 1000
08-03 19:59:46.101 1155 8132 I chatty : uid=1000(system) Binder:1155_18 expire 5 lines
08-03 19:59:46.146 480 615 W SocketListener: sending broadcast to Pid = 1155, Uid = 1000
08-03 19:59:46.149 1155 1313 I chatty : uid=1000(system) NetdConnector expire 13 lines
08-03 20:00:08.075 480 615 W SocketListener: sending broadcast to Pid = 1155, Uid = 1000
08-03 20:00:25.088 753 753 E wificond: Failed to get NL80211_RATE_INFO_NOISE
08-03 20:00:25.088 753 753 E wificond: Failed to get NL80211_RATE_INFO_SNR
08-03 20:00:25.088 753 753 E wificond: Failed to get NL80211_STA_INFO_CNAHLOAD
08-03 20:00:25.090 753 753 E wificond: Failed to get NL80211_RATE_INFO_NOISE
08-03 20:00:25.090 753 753 E wificond: Failed to get NL80211_RATE_INFO_SNR
08-03 20:00:25.090 753 753 E wificond: Failed to get NL80211_STA_INFO_CNAHLOAD
08-03 20:00:25.611 1155 2219 I chatty : uid=1000(system) watchdog expire 1 line
08-03 20:00:32.187 1155 1171 I chatty : uid=1000(system) ActivityManager expire 2 lines
08-03 20:00:32.193 1429 1667 I HwNetworkPolicyManager: forceUpdatePolicy isRoaming = false
08-03 20:00:32.215 2278 2278 I chatty : uid=1001(radio) com.android.phone expire 19 lines
08-03 20:00:32.308 1155 6320 I chatty : uid=1000(system) Binder:1155_13 expire 12 lines
08-03 20:00:32.309 1429 1667 I HwNetworkPolicyManager: forceUpdatePolicy isRoaming = false
08-03 20:01:16.085 1155 1155 I chatty : uid=1000 system_server expire 17 lines
08-03 20:01:16.106 1155 1314 I chatty : uid=1000(system) NetworkStats expire 7 lines
08-03 20:01:16.112 480 615 W SocketListener: sending broadcast to Pid = 1155, Uid = 1000
08-03 20:01:44.090 480 615 W SocketListener: sending broadcast to Pid = 1155, Uid = 1000
08-03 20:01:44.133 1155 6320 I chatty : uid=1000(system) Binder:1155_13 expire 7 lines
08-03 20:01:47.761 753 753 E wificond: Failed to get NL80211_RATE_INFO_NOISE
08-03 20:01:47.761 753 753 E wificond: Failed to get NL80211_RATE_INFO_SNR
08-03 20:01:47.761 753 753 E wificond: Failed to get NL80211_STA_INFO_CNAHLOAD
08-03 20:01:47.763 753 753 E wificond: Failed to get NL80211_RATE_INFO_NOISE
08-03 20:01:47.763 753 753 E wificond: Failed to get NL80211_RATE_INFO_SNR
08-03 20:01:47.763 753 753 E wificond: Failed to get NL80211_STA_INFO_CNAHLOAD
08-03 20:05:06.151 480 615 W SocketListener: sending broadcast to Pid = 1155, Uid = 1000
08-03 20:05:06.156 1155 2346 I chatty : uid=1000(system) Binder:1155_B expire 10 lines
08-03 20:05:36.053 480 615 W SocketListener: sending broadcast to Pid = 1155, Uid = 1000
08-03 20:05:36.054 1155 1313 I chatty : uid=1000(system) NetdConnector expire 10 lines
08-03 20:05:42.109 2243 3603 I chatty : uid=1000(system) ChrNetworkHandl expire 10 lines
08-03 20:05:57.118 1155 1171 I chatty : uid=1000(system) ActivityManager expire 13 lines
08-03 20:05:57.148 480 615 W SocketListener: sending broadcast to Pid = 1155, Uid = 1000
08-03 20:05:58.101 753 753 E wificond: Failed to get NL80211_RATE_INFO_NOISE
08-03 20:05:58.102 753 753 E wificond: Failed to get NL80211_RATE_INFO_SNR
08-03 20:05:58.102 753 753 E wificond: Failed to get NL80211_STA_INFO_CNAHLOAD
08-03 20:05:58.104 753 753 E wificond: Failed to get NL80211_RATE_INFO_NOISE
08-03 20:05:58.104 753 753 E wificond: Failed to get NL80211_RATE_INFO_SNR
08-03 20:05:58.104 753 753 E wificond: Failed to get NL80211_STA_INFO_CNAHLOAD
08-03 20:06:00.176 2278 2278 I chatty : uid=1001(radio) com.android.phone expire 11 lines
08-03 20:06:00.185 1155 1155 I chatty : uid=1000 system_server expire 10 lines
08-03 20:06:00.226 1429 1667 I HwNetworkPolicyManager: forceUpdatePolicy isRoaming = false
08-03 20:09:48.088 480 615 W SocketListener: sending broadcast to Pid = 1155, Uid = 1000
08-03 20:09:48.097 480 615 W SocketListener: sending broadcast to Pid = 1155, Uid = 1000
08-03 20:10:56.087 480 615 W SocketListener: sending broadcast to Pid = 1155, Uid = 1000
08-03 20:10:56.106 480 615 W SocketListener: sending broadcast to Pid = 1155, Uid = 1000
08-03 20:10:56.110 1155 1313 I chatty : uid=1000(system) NetdConnector expire 13 lines
08-03 20:10:56.111 1155 2346 I chatty : uid=1000(system) Binder:1155_B expire 2 lines
08-03 20:11:13.090 480 615 W SocketListener: sending broadcast to Pid = 1155, Uid = 1000
08-03 20:11:24.089 753 753 E wificond: Failed to get NL80211_RATE_INFO_NOISE
08-03 20:11:24.090 753 753 E wificond: Failed to get NL80211_RATE_INFO_SNR
08-03 20:11:24.090 753 753 E wificond: Failed to get NL80211_STA_INFO_CNAHLOAD
08-03 20:11:24.091 753 753 E wificond: Failed to get NL80211_RATE_INFO_NOISE
08-03 20:11:24.091 753 753 E wificond: Failed to get NL80211_RATE_INFO_SNR
08-03 20:11:24.091 753 753 E wificond: Failed to get NL80211_STA_INFO_CNAHLOAD
08-03 20:11:27.145 1155 1155 I chatty : uid=1000 system_server expire 13 lines
08-03 20:11:27.185 1429 1667 I HwNetworkPolicyManager: forceUpdatePolicy isRoaming = false
08-03 20:11:27.275 1429 1667 I HwNetworkPolicyManager: forceUpdatePolicy isRoaming = false
08-03 20:11:27.285 2278 2278 I chatty : uid=1001(radio) com.android.phone expire 10 lines
08-03 20:11:27.358 1155 6888 I chatty : uid=1000(system) Binder:1155_17 expire 12 lines
08-03 20:15:57.098 1155 6320 I chatty : uid=1000(system) Binder:1155_13 expire 23 lines
08-03 20:15:57.103 480 615 W SocketListener: sending broadcast to Pid = 1155, Uid = 1000
08-03 20:15:57.106 1155 1178 I chatty : uid=1000(system) android.fg expire 12 lines
08-03 20:15:58.278 1155 2219 I chatty : uid=1000(system) watchdog expire 1 line
08-03 20:16:02.320 753 753 E wificond: Failed to get NL80211_RATE_INFO_NOISE
08-03 20:16:02.320 753 753 E wificond: Failed to get NL80211_RATE_INFO_SNR
08-03 20:16:02.320 753 753 E wificond: Failed to get NL80211_STA_INFO_CNAHLOAD
08-03 20:16:02.322 753 753 E wificond: Failed to get NL80211_RATE_INFO_NOISE
08-03 20:16:02.322 753 753 E wificond: Failed to get NL80211_RATE_INFO_SNR
08-03 20:16:02.322 753 753 E wificond: Failed to get NL80211_STA_INFO_CNAHLOAD
08-03 20:16:30.082 480 615 W SocketListener: sending broadcast to Pid = 1155, Uid = 1000
08-03 20:16:30.179 480 615 W SocketListener: sending broadcast to Pid = 1155, Uid = 1000
08-03 20:16:45.110 480 615 W SocketListener: sending broadcast to Pid = 1155, Uid = 1000
08-03 20:16:45.541 480 615 W SocketListener: sending broadcast to Pid = 1155, Uid = 1000
08-03 20:16:45.550 1155 1313 I chatty : uid=1000(system) NetdConnector expire 11 lines
08-03 20:16:49.372 753 753 E wificond: Failed to get NL80211_RATE_INFO_NOISE
08-03 20:16:49.372 753 753 E wificond: Failed to get NL80211_RATE_INFO_SNR
08-03 20:16:49.372 753 753 E wificond: Failed to get NL80211_STA_INFO_CNAHLOAD
08-03 20:16:49.382 753 753 E wificond: Failed to get NL80211_RATE_INFO_NOISE
08-03 20:16:49.382 753 753 E wificond: Failed to get NL80211_RATE_INFO_SNR
08-03 20:16:49.382 753 753 E wificond: Failed to get NL80211_STA_INFO_CNAHLOAD
08-03 20:16:54.149 1155 1155 I chatty : uid=1000 system_server expire 13 lines
08-03 20:16:54.171 1429 1667 I HwNetworkPolicyManager: forceUpdatePolicy isRoaming = false
08-03 20:16:54.193 2278 2278 I chatty : uid=1001(radio) com.android.phone expire 12 lines
08-03 20:16:54.277 1155 8132 I chatty : uid=1000(system) Binder:1155_18 expire 10 lines
08-03 20:16:54.301 1429 1667 I HwNetworkPolicyManager: forceUpdatePolicy isRoaming = false
08-03 20:16:54.340 2278 2278 D Telephony-PstnPhoneCapabilitiesNotifier: Registering: Handler (com.android.internal.telephony.GsmCdmaPhone) {d35998c}
08-03 20:16:54.340 2278 2278 D Telephony-TelecomAccountRegistry: Phone with subscription id 1
08-03 20:16:54.373 2278 2278 I Telephony-TelecomAccountRegistry: Registered phoneAccount: [[ ] PhoneAccount: ComponentInfo{com.android.phone/com.android.services.telephony.TelephonyConnectionService}, [****], UserHandle{0} Capabilities: CallProvider MultiUser PlaceEmerg SimSub Audio Routes: BESW Schemes: tel voicemail Extras: null GroupId: [****]] with handle: ComponentInfo{com.android.phone/com.android.services.telephony.TelephonyConnectionService}, [****], UserHandle{0}
08-03 20:16:54.373 2278 2278 I Telephony-PstnIncomingCallNotifier: Registering: Handler (com.android.internal.telephony.GsmCdmaPhone) {2e338d5}
08-03 20:16:54.373 2278 2278 D Telephony-PstnPhoneCapabilitiesNotifier: Registering: Handler (com.android.internal.telephony.GsmCdmaPhone) {2e338d5}
08-03 20:16:54.395 2278 2278 I Telephony-PstnPhoneCapabilitiesNotifier: handleVideoCapabilitesChanged. Video capability - false
08-03 20:16:54.418 2278 2278 I Telephony-PstnPhoneCapabilitiesNotifier: handleVideoCapabilitesChanged. Video capability - false
08-03 20:17:22.127 480 615 W SocketListener: sending broadcast to Pid = 1155, Uid = 1000
08-03 20:20:57.116 480 615 W SocketListener: sending broadcast to Pid = 1155, Uid = 1000
08-03 20:20:57.120 1155 1581 I chatty : uid=1000(system) Binder:1155_7 expire 3 lines
08-03 20:20:57.128 1155 1155 I chatty : uid=1000 system_server expire 15 lines
08-03 20:21:56.079 480 615 W SocketListener: sending broadcast to Pid = 1155, Uid = 1000
08-03 20:21:56.096 2243 3603 I chatty : uid=1000(system) ChrNetworkHandl expire 11 lines
08-03 20:22:02.672 753 753 E wificond: Failed to get NL80211_RATE_INFO_NOISE
08-03 20:22:02.672 753 753 E wificond: Failed to get NL80211_RATE_INFO_SNR
08-03 20:22:02.672 753 753 E wificond: Failed to get NL80211_STA_INFO_CNAHLOAD
08-03 20:22:02.677 753 753 E wificond: Failed to get NL80211_RATE_INFO_NOISE
08-03 20:22:02.677 753 753 E wificond: Failed to get NL80211_RATE_INFO_SNR
08-03 20:22:02.677 753 753 E wificond: Failed to get NL80211_STA_INFO_CNAHLOAD
08-03 20:22:13.104 1155 6503 I chatty : uid=1000(system) Binder:1155_14 expire 10 lines
08-03 20:22:20.187 1155 6320 I chatty : uid=1000(system) Binder:1155_13 expire 11 lines
08-03 20:22:20.188 1429 1667 I HwNetworkPolicyManager: forceUpdatePolicy isRoaming = false
08-03 20:22:20.198 2278 2278 D Telephony-TelecomAccountRegistry: onServiceStateChanged0 newState : 1, mServiceState : 0
08-03 20:22:20.253 2278 2278 W SettingsEx: SettingsEx.Systemex.getString deprecated use Settings.System.getString instead ;callers=com.android.internal.telephony.gsm.HwCustGsmServiceStateManagerImpl.isMccForShowNetname:211 com.android.internal.telephony.gsm.HwCustGsmServiceStateManagerImpl.isShowNetnameByMcc:202 com.android.internal.telephony.gsm.HwCustGsmServiceStateManagerImpl.setOnsDisplayCustomization:153
08-03 20:22:20.298 1429 1667 I HwNetworkPolicyManager: forceUpdatePolicy isRoaming = false
08-03 20:22:20.303 2278 2278 D Telephony-TelecomAccountRegistry: onServiceStateChanged0 newState : 0, mServiceState : 1
08-03 20:22:20.303 2278 2278 I Telephony-PstnIncomingCallNotifier: Unregistering: Handler (com.android.internal.telephony.GsmCdmaPhone) {d35998c}
08-03 20:22:20.303 2278 2278 D Telephony-PstnPhoneCapabilitiesNotifier: Unregistering: Handler (com.android.internal.telephony.GsmCdmaPhone) {d35998c}
08-03 20:22:20.303 2278 2278 I Telephony-PstnIncomingCallNotifier: Unregistering: Handler (com.android.internal.telephony.GsmCdmaPhone) {2e338d5}
08-03 20:22:20.303 2278 2278 D Telephony-PstnPhoneCapabilitiesNotifier: Unregistering: Handler (com.android.internal.telephony.GsmCdmaPhone) {2e338d5}
08-03 20:22:20.303 2278 2278 D Telephony-TelecomAccountRegistry: onServiceStateChanged0 call setupAccounts
08-03 20:22:20.303 2278 2278 D Telephony-TelecomAccountRegistry: Found 2 phones. Attempting to register.
08-03 20:22:20.303 2278 2278 D Telephony-TelecomAccountRegistry: Phone with subscription id 0
08-03 20:22:20.344 2278 2278 I Telephony-TelecomAccountRegistry: Registered phoneAccount: [[ ] PhoneAccount: ComponentInfo{com.android.phone/com.android.services.telephony.TelephonyConnectionService}, [****], UserHandle{0} Capabilities: CallProvider MultiUser PlaceEmerg SimSub Audio Routes: BESW Schemes: tel voicemail Extras: null GroupId: [****]] with handle: ComponentInfo{com.android.phone/com.android.services.telephony.TelephonyConnectionService}, [****], UserHandle{0}
08-03 20:22:20.344 2278 2278 I Telephony-PstnIncomingCallNotifier: Registering: Handler (com.android.internal.telephony.GsmCdmaPhone) {d35998c}
08-03 20:22:20.344 2278 2278 D Telephony-PstnPhoneCapabilitiesNotifier: Registering: Handler (com.android.internal.telephony.GsmCdmaPhone) {d35998c}
08-03 20:22:20.344 2278 2278 D Telephony-TelecomAccountRegistry: Phone with subscription id 1
08-03 20:22:20.385 2278 2278 I Telephony-TelecomAccountRegistry: Registered phoneAccount: [[ ] PhoneAccount: ComponentInfo{com.android.phone/com.android.services.telephony.TelephonyConnectionService}, [****], UserHandle{0} Capabilities: CallProvider MultiUser PlaceEmerg SimSub Audio Routes: BESW Schemes: tel voicemail Extras: null GroupId: [****]] with handle: ComponentInfo{com.android.phone/com.android.services.telephony.TelephonyConnectionService}, [****], UserHandle{0}
08-03 20:22:20.385 2278 2278 I Telephony-PstnIncomingCallNotifier: Registering: Handler (com.android.internal.telephony.GsmCdmaPhone) {2e338d5}
08-03 20:22:20.385 2278 2278 D Telephony-PstnPhoneCapabilitiesNotifier: Registering: Handler (com.android.internal.telephony.GsmCdmaPhone) {2e338d5}
08-03 20:22:20.407 2278 2278 I Telephony-PstnPhoneCapabilitiesNotifier: handleVideoCapabilitesChanged. Video capability - false
08-03 20:22:20.434 2278 2278 I Telephony-PstnPhoneCapabilitiesNotifier: handleVideoCapabilitesChanged. Video capability - false
08-03 20:25:56.145 480 615 W SocketListener: sending broadcast to Pid = 1155, Uid = 1000
08-03 20:26:56.092 480 615 W SocketListener: sending broadcast to Pid = 1155, Uid = 1000
08-03 20:26:56.136 480 615 W SocketListener: sending broadcast to Pid = 1155, Uid = 1000
08-03 20:26:56.138 1155 1313 I chatty : uid=1000(system) NetdConnector expire 16 lines
08-03 20:26:56.140 1155 8132 I chatty : uid=1000(system) Binder:1155_18 expire 12 lines
08-03 20:27:23.077 480 615 W SocketListener: sending broadcast to Pid = 1155, Uid = 1000
08-03 20:27:24.517 753 753 E wificond: Failed to get NL80211_RATE_INFO_NOISE
08-03 20:27:24.517 753 753 E wificond: Failed to get NL80211_RATE_INFO_SNR
08-03 20:27:24.517 753 753 E wificond: Failed to get NL80211_STA_INFO_CNAHLOAD
08-03 20:27:24.518 753 753 E wificond: Failed to get NL80211_RATE_INFO_NOISE
08-03 20:27:24.519 753 753 E wificond: Failed to get NL80211_RATE_INFO_SNR
08-03 20:27:24.519 753 753 E wificond: Failed to get NL80211_STA_INFO_CNAHLOAD
08-03 20:27:30.107 1155 6503 I chatty : uid=1000(system) Binder:1155_14 expire 6 lines
08-03 20:27:45.288 1155 2219 I chatty : uid=1000(system) watchdog expire 1 line
08-03 20:27:47.147 1155 1155 I chatty : uid=1000 system_server expire 16 lines
08-03 20:27:47.200 2278 2278 D Telephony-TelecomAccountRegistry: onServiceStateChanged0 newState : 1, mServiceState : 0
08-03 20:27:47.204 1429 1667 I HwNetworkPolicyManager: forceUpdatePolicy isRoaming = false
08-03 20:27:47.252 2278 2278 W SettingsEx: SettingsEx.Systemex.getString deprecated use Settings.System.getString instead ;callers=com.android.internal.telephony.gsm.HwCustGsmServiceStateManagerImpl.isMccForShowNetname:211 com.android.internal.telephony.gsm.HwCustGsmServiceStateManagerImpl.isShowNetnameByMcc:202 com.android.internal.telephony.gsm.HwCustGsmServiceStateManagerImpl.setOnsDisplayCustomization:153
08-03 20:27:47.283 1429 1667 I HwNetworkPolicyManager: forceUpdatePolicy isRoaming = false
08-03 20:27:47.293 2278 2278 D Telephony-TelecomAccountRegistry: onServiceStateChanged0 newState : 0, mServiceState : 1
08-03 20:27:47.293 2278 2278 I Telephony-PstnIncomingCallNotifier: Unregistering: Handler (com.android.internal.telephony.GsmCdmaPhone) {d35998c}
08-03 20:27:47.293 2278 2278 D Telephony-PstnPhoneCapabilitiesNotifier: Unregistering: Handler (com.android.internal.telephony.GsmCdmaPhone) {d35998c}
08-03 20:27:47.293 2278 2278 I Telephony-PstnIncomingCallNotifier: Unregistering: Handler (com.android.internal.telephony.GsmCdmaPhone) {2e338d5}
08-03 20:27:47.293 2278 2278 D Telephony-PstnPhoneCapabilitiesNotifier: Unregistering: Handler (com.android.internal.telephony.GsmCdmaPhone) {2e338d5}
08-03 20:27:47.293 2278 2278 D Telephony-TelecomAccountRegistry: onServiceStateChanged0 call setupAccounts
08-03 20:27:47.293 2278 2278 D Telephony-TelecomAccountRegistry: Found 2 phones. Attempting to register.
08-03 20:27:47.293 2278 2278 D Telephony-TelecomAccountRegistry: Phone with subscription id 0
08-03 20:27:47.324 1155 6888 I chatty : uid=1000(system) Binder:1155_17 expire 18 lines
08-03 20:27:47.330 2278 2278 I Telephony-TelecomAccountRegistry: Registered phoneAccount: [[ ] PhoneAccount: ComponentInfo{com.android.phone/com.android.services.telephony.TelephonyConnectionService}, [****], UserHandle{0} Capabilities: CallProvider MultiUser PlaceEmerg SimSub Audio Routes: BESW Schemes: tel voicemail Extras: null GroupId: [****]] with handle: ComponentInfo{com.android.phone/com.android.services.telephony.TelephonyConnectionService}, [****], UserHandle{0}
08-03 20:27:47.330 2278 2278 I Telephony-PstnIncomingCallNotifier: Registering: Handler (com.android.internal.telephony.GsmCdmaPhone) {d35998c}
08-03 20:27:47.330 2278 2278 D Telephony-PstnPhoneCapabilitiesNotifier: Registering: Handler (com.android.internal.telephony.GsmCdmaPhone) {d35998c}
08-03 20:27:47.330 2278 2278 D Telephony-TelecomAccountRegistry: Phone with subscription id 1
08-03 20:27:47.362 2278 2278 I Telephony-TelecomAccountRegistry: Registered phoneAccount: [[ ] PhoneAccount: ComponentInfo{com.android.phone/com.android.services.telephony.TelephonyConnectionService}, [****], UserHandle{0} Capabilities: CallProvider MultiUser PlaceEmerg SimSub Audio Routes: BESW Schemes: tel voicemail Extras: null GroupId: [****]] with handle: ComponentInfo{com.android.phone/com.android.services.telephony.TelephonyConnectionService}, [****], UserHandle{0}
08-03 20:27:47.362 2278 2278 I Telephony-PstnIncomingCallNotifier: Registering: Handler (com.android.internal.telephony.GsmCdmaPhone) {2e338d5}
08-03 20:27:47.363 2278 2278 D Telephony-PstnPhoneCapabilitiesNotifier: Registering: Handler (com.android.internal.telephony.GsmCdmaPhone) {2e338d5}
08-03 20:27:47.382 2278 2278 I Telephony-PstnPhoneCapabilitiesNotifier: handleVideoCapabilitesChanged. Video capability - false
08-03 20:27:47.407 2278 2278 I Telephony-PstnPhoneCapabilitiesNotifier: handleVideoCapabilitesChanged. Video capability - false
08-03 20:30:46.295 480 615 W SocketListener: sending broadcast to Pid = 1155, Uid = 1000
08-03 20:30:46.300 1155 1178 I chatty : uid=1000(system) android.fg expire 10 lines
08-03 20:31:15.086 480 615 W SocketListener: sending broadcast to Pid = 1155, Uid = 1000
08-03 20:31:15.470 1155 1314 I chatty : uid=1000(system) NetworkStats expire 7 lines
08-03 20:31:15.471 480 615 W SocketListener: sending broadcast to Pid = 1155, Uid = 1000
08-03 20:31:15.497 1155 1581 I chatty : uid=1000(system) Binder:1155_7 expire 10 lines
08-03 20:31:15.846 753 753 E wificond: Failed to get NL80211_RATE_INFO_NOISE
08-03 20:31:15.847 753 753 E wificond: Failed to get NL80211_RATE_INFO_SNR
08-03 20:31:15.847 753 753 E wificond: Failed to get NL80211_STA_INFO_CNAHLOAD
08-03 20:31:15.848 753 753 E wificond: Failed to get NL80211_RATE_INFO_NOISE
08-03 20:31:15.848 753 753 E wificond: Failed to get NL80211_RATE_INFO_SNR
08-03 20:31:15.848 753 753 E wificond: Failed to get NL80211_STA_INFO_CNAHLOAD
08-03 20:31:45.089 480 615 W SocketListener: sending broadcast to Pid = 1155, Uid = 1000
08-03 20:32:50.304 753 753 E wificond: Failed to get NL80211_RATE_INFO_NOISE
08-03 20:32:50.305 753 753 E wificond: Failed to get NL80211_RATE_INFO_SNR
08-03 20:32:50.305 753 753 E wificond: Failed to get NL80211_STA_INFO_CNAHLOAD
08-03 20:32:50.308 753 753 E wificond: Failed to get NL80211_RATE_INFO_NOISE
08-03 20:32:50.308 753 753 E wificond: Failed to get NL80211_RATE_INFO_SNR
08-03 20:32:50.308 753 753 E wificond: Failed to get NL80211_STA_INFO_CNAHLOAD
08-03 20:33:14.164 1155 1171 I chatty : uid=1000(system) ActivityManager expire 6 lines
08-03 20:33:14.170 1429 1667 I HwNetworkPolicyManager: forceUpdatePolicy isRoaming = false
08-03 20:33:14.195 2278 2278 D Telephony-TelecomAccountRegistry: onServiceStateChanged0 newState : 1, mServiceState : 0
08-03 20:33:14.247 2278 2278 W SettingsEx: SettingsEx.Systemex.getString deprecated use Settings.System.getString instead ;callers=com.android.internal.telephony.gsm.HwCustGsmServiceStateManagerImpl.isMccForShowNetname:211 com.android.internal.telephony.gsm.HwCustGsmServiceStateManagerImpl.isShowNetnameByMcc:202 com.android.internal.telephony.gsm.HwCustGsmServiceStateManagerImpl.setOnsDisplayCustomization:153
08-03 20:33:14.256 1155 1155 I chatty : uid=1000 system_server expire 12 lines
08-03 20:33:14.286 1429 1667 I HwNetworkPolicyManager: forceUpdatePolicy isRoaming = false
08-03 20:33:14.302 2278 2278 D Telephony-TelecomAccountRegistry: onServiceStateChanged0 newState : 0, mServiceState : 1
08-03 20:33:14.302 2278 2278 I Telephony-PstnIncomingCallNotifier: Unregistering: Handler (com.android.internal.telephony.GsmCdmaPhone) {d35998c}
08-03 20:33:14.302 2278 2278 D Telephony-PstnPhoneCapabilitiesNotifier: Unregistering: Handler (com.android.internal.telephony.GsmCdmaPhone) {d35998c}
08-03 20:33:14.302 2278 2278 I Telephony-PstnIncomingCallNotifier: Unregistering: Handler (com.android.internal.telephony.GsmCdmaPhone) {2e338d5}
08-03 20:33:14.302 2278 2278 D Telephony-PstnPhoneCapabilitiesNotifier: Unregistering: Handler (com.android.internal.telephony.GsmCdmaPhone) {2e338d5}
08-03 20:33:14.302 2278 2278 D Telephony-TelecomAccountRegistry: onServiceStateChanged0 call setupAccounts
08-03 20:33:14.302 2278 2278 D Telephony-TelecomAccountRegistry: Found 2 phones. Attempting to register.
08-03 20:33:14.302 2278 2278 D Telephony-TelecomAccountRegistry: Phone with subscription id 0
08-03 20:33:14.339 2278 2278 I Telephony-TelecomAccountRegistry: Registered phoneAccount: [[ ] PhoneAccount: ComponentInfo{com.android.phone/com.android.services.telephony.TelephonyConnectionService}, [****], UserHandle{0} Capabilities: CallProvider MultiUser PlaceEmerg SimSub Audio Routes: BESW Schemes: tel voicemail Extras: null GroupId: [****]] with handle: ComponentInfo{com.android.phone/com.android.services.telephony.TelephonyConnectionService}, [****], UserHandle{0}
08-03 20:33:14.339 2278 2278 I Telephony-PstnIncomingCallNotifier: Registering: Handler (com.android.internal.telephony.GsmCdmaPhone) {d35998c}
08-03 20:33:14.339 2278 2278 D Telephony-PstnPhoneCapabilitiesNotifier: Registering: Handler (com.android.internal.telephony.GsmCdmaPhone) {d35998c}
08-03 20:33:14.340 2278 2278 D Telephony-TelecomAccountRegistry: Phone with subscription id 1
08-03 20:33:14.371 2278 2278 I Telephony-TelecomAccountRegistry: Registered phoneAccount: [[ ] PhoneAccount: ComponentInfo{com.android.phone/com.android.services.telephony.TelephonyConnectionService}, [****], UserHandle{0} Capabilities: CallProvider MultiUser PlaceEmerg SimSub Audio Routes: BESW Schemes: tel voicemail Extras: null GroupId: [****]] with handle: ComponentInfo{com.android.phone/com.android.services.telephony.TelephonyConnectionService}, [****], UserHandle{0}
08-03 20:33:14.371 2278 2278 I Telephony-PstnIncomingCallNotifier: Registering: Handler (com.android.internal.telephony.GsmCdmaPhone) {2e338d5}
08-03 20:33:14.372 2278 2278 D Telephony-PstnPhoneCapabilitiesNotifier: Registering: Handler (com.android.internal.telephony.GsmCdmaPhone) {2e338d5}
08-03 20:33:14.375 1155 1581 I chatty : uid=1000(system) Binder:1155_7 expire 11 lines
08-03 20:33:14.392 2278 2278 I Telephony-PstnPhoneCapabilitiesNotifier: handleVideoCapabilitesChanged. Video capability - false
08-03 20:33:14.420 2278 2278 I Telephony-PstnPhoneCapabilitiesNotifier: handleVideoCapabilitesChanged. Video capability - false
08-03 20:33:17.098 2243 3603 I chatty : uid=1000(system) ChrNetworkHandl expire 10 lines
08-03 20:35:06.132 480 615 W SocketListener: sending broadcast to Pid = 1155, Uid = 1000
08-03 20:35:06.133 1155 1313 I chatty : uid=1000(system) NetdConnector expire 10 lines
08-03 20:35:55.112 480 615 W SocketListener: sending broadcast to Pid = 1155, Uid = 1000
08-03 20:35:55.789 480 615 W SocketListener: sending broadcast to Pid = 1155, Uid = 1000
08-03 20:35:57.186 753 753 E wificond: Failed to get NL80211_RATE_INFO_NOISE
08-03 20:35:57.187 753 753 E wificond: Failed to get NL80211_RATE_INFO_SNR
08-03 20:35:57.187 753 753 E wificond: Failed to get NL80211_STA_INFO_CNAHLOAD
08-03 20:35:57.194 753 753 E wificond: Failed to get NL80211_RATE_INFO_NOISE
08-03 20:35:57.194 753 753 E wificond: Failed to get NL80211_RATE_INFO_SNR
08-03 20:35:57.194 753 753 E wificond: Failed to get NL80211_STA_INFO_CNAHLOAD
08-03 20:38:16.115 480 615 W SocketListener: sending broadcast to Pid = 1155, Uid = 1000
08-03 20:38:41.135 2278 2278 W SettingsEx: SettingsEx.Systemex.getString deprecated use Settings.System.getString instead ;callers=com.android.internal.telephony.gsm.HwCustGsmServiceStateManagerImpl.isMccForShowNetname:211 com.android.internal.telephony.gsm.HwCustGsmServiceStateManagerImpl.isShowNetnameByMcc:202 com.android.internal.telephony.gsm.HwCustGsmServiceStateManagerImpl.setOnsDisplayCustomization:153
08-03 20:38:41.145 1155 1155 I chatty : uid=1000 system_server expire 13 lines
08-03 20:38:41.170 1155 6888 I chatty : uid=1000(system) Binder:1155_17 expire 3 lines
