08-03 22:35:08.845 1155 1400 I chatty : uid=1000(system) PhotonicModulat expire 3 lines
08-03 22:35:08.907 2936 16422 I EventLogSendingHelper: Sending log events.
08-03 22:35:09.135 1155 6888 I chatty : uid=1000(system) Binder:1155_17 expire 1 line
08-03 22:35:09.147 662 662 E TS_Service: hwTsSetAftConfig
08-03 22:35:09.147 662 662 I TS_HAL : ts_set_aft_config:called
08-03 22:35:09.147 662 662 I aptouch_daemon, [--aptouch_interface_client--]: thp_execute_cmd_parms starting. cmd: aftouch.config.str
08-03 22:35:09.147 662 662 I aptouch_daemon, [--aptouch_interface_client--]: thp_execute_cmd_parms, the screen is not support debug cmd. is_thp(0), is_tpp_support_cmd(0)
08-03 22:35:09.150 663 663 E WifiHAL : enter wifi_get_link_stats
08-03 22:35:09.158 2936 2936 W SearchServiceCore: Abort, client detached.
08-03 22:35:09.164 1407 1407 D wpa_supplicant: wpa_driver_nl80211_driver_cmd:cmd = SETSUSPENDMODE 1
08-03 22:35:09.165 1407 1407 D wpa_supplicant: wpa_driver_nl80211_driver_cmd: 1:ifr_name= wlan0,buf:SETSUSPENDMODE 1 ,len = 16
08-03 22:35:09.165 1407 1407 D wpa_supplicant: wpa_driver_nl80211_driver_cmd SETSUSPENDMODE 1 len = 0, 16
08-03 22:35:09.189 1155 1330 I chatty : uid=1000(system) WifiP2pService expire 6 lines
08-03 22:35:09.194 1155 6320 I chatty : uid=1000(system) Binder:1155_13 expire 1 line
08-03 22:35:09.198 656 656 D lights : set_light_notification not set for battery_light is on
08-03 22:35:09.199 656 656 D lights : set_light_battery colorRGB=00000000, onMS=0, offMS=0
08-03 22:35:09.201 656 656 D lights : set_light_battery colorRGB=FFFFFF00, onMS=500, offMS=2000
08-03 22:35:09.206 645 944 I spk_dev_interface: spk_set_parameters: use new smartpakit version
08-03 22:35:09.219 1155 1155 I chatty : uid=1000 system_server expire 1 line
08-03 22:35:09.227 1495 1495 V KeyguardStatusView: refresh statusview showing:true
08-03 22:35:09.232 1429 1429 D HwKeyguardManagerImpl: isLockScreenDisabled HwKeyguardManagerImpl result = false
08-03 22:35:09.240 1155 6503 I chatty : uid=1000(system) Binder:1155_14 expire 2 lines
08-03 22:35:09.243 1155 1313 I chatty : uid=1000(system) NetdConnector expire 2 lines
08-03 22:35:09.254 1155 2799 I chatty : uid=1000(system) Binder:1155_E expire 6 lines
08-03 22:35:09.257 1155 6503 I chatty : uid=1000(system) Binder:1155_14 expire 7 lines
08-03 22:35:09.268 1495 1495 V KeyguardDisplayManager: show
08-03 22:35:09.268 1495 1799 I chatty : uid=10040(u0_a40) pool-2-thread-1 expire 1 line
08-03 22:35:09.269 1155 1423 I chatty : uid=1000(system) Binder:1155_3 expire 2 lines
08-03 22:35:09.270 2255 2277 E HsmCoreServiceImpl: onTransact in code is: 102
08-03 22:35:09.270 2255 2277 I MediaProcessHandler: processOp opType: 1, uid: 10011, pid: 15779
08-03 22:35:09.270 2255 2277 W MediaProcessHandler: remove target not exist, maybe the UI process: uid: 10011, pid: 15779
08-03 22:35:09.270 2255 2277 I MediaProcessHandler: executedCallBack opType: 1 mMediaStatusObservers.size=0
08-03 22:35:09.273 1495 1719 I chatty : uid=10040(u0_a40) SystemUI_subThr expire 10 lines
08-03 22:35:09.283 2255 2277 D AntiBruteForceProcessor: RemainingAuthenticateNum = 5
08-03 22:35:09.296 1155 6320 I chatty : uid=1000(system) Binder:1155_13 expire 13 lines
08-03 22:35:09.304 667 1424 E BufferQueueProducer: [com.huawei.android.launcher/com.huawei.android.launcher.unihome.UniHomeLauncher#1] disconnect: not connected (req=1)
08-03 22:35:09.304 2776 2974 W libEGL : EGLNativeWindowType 0x7e4c172010 disconnect failed
08-03 22:35:09.306 667 1424 E BufferQueueProducer: [com.huawei.android.launcher/com.huawei.android.launcher.unihome.UniHomeLauncher#0] disconnect: not connected (req=1)
08-03 22:35:09.306 2936 3077 W libEGL : EGLNativeWindowType 0x7e42636010 disconnect failed
08-03 22:35:09.321 667 1424 E BufferQueueProducer: [StatusBar#0] disconnect: not connected (req=1)
08-03 22:35:09.330 1155 15425 I chatty : uid=1000(system) Binder:1155_1C expire 3 lines
08-03 22:35:09.330 2776 2776 V ActivityThread: Handle window ActivityRecord{1ca12a5 token=android.os.BinderProxy@bd86555 {com.huawei.android.launcher/com.huawei.android.launcher.unihome.UniHomeLauncher}} visibility: false
08-03 22:35:09.354 661 852 D SensorHub: batch called handle:4 sample_ns:20000000 latency_ns:0
08-03 22:35:09.354 661 852 D SensorHub: in batch, handle = 4, flags = 0, period_ns = 20000000, timeout = 0
08-03 22:35:09.356 661 852 I /vendor/bin/hw/vendor.huawei.hardware.sensors@1.0-service: activate-4 frameOpenedAls-0 enabled-1 cameraOpenedAls-0 frameOpenedColor-0 cameraOpenedColor-0
08-03 22:35:09.357 661 852 D SensorHub: Channel activate-> handle: 4, enabled:1, err: 0
08-03 22:35:09.357 661 852 E SensorHub: PS activate 1
08-03 22:35:09.373 645 944 I audio_hw_primary: do_out_standby standby: 0, stream_type: 0, out_device: 0x2
08-03 22:35:09.379 1155 2799 I chatty : uid=1000(system) Binder:1155_E expire 6 lines
08-03 22:35:09.389 645 944 I audio_hw_primary: select_devices++ mode[0]
08-03 22:35:09.390 645 944 I audio_hw_primary: input_source_id 0, output_device_id 0
08-03 22:35:09.390 645 944 I audio_hw_primary: select_devices() devices 0x2 input src 0 output route none input route none in_device 0
08-03 22:35:09.390 645 944 I spk_dev_interface: spk_dev_power_off: use new smartpakit version
08-03 22:35:09.390 645 944 I smartpakit: pdata->device = 2, output_device = 0, pdata->mode = 0, mode = 0
08-03 22:35:09.390 645 944 I smartpakit: smartpakit dev_fade_out success
08-03 22:35:09.390 645 944 I smartpakit: pakit power off l(3) succ
08-03 22:35:09.390 645 944 I dsp_common: dsp_common_control_algo:set device = 0
08-03 22:35:09.413 645 944 I audio_pop: pop change CLASSD VIR_SWITCH CLASSD_EN dir 0
08-03 22:35:09.413 645 944 I audio_pop: pop change SMT_MIXOUT_EAR_PU MIXER DACR dir 0
08-03 22:35:09.413 645 944 I audio_pop: pop change SMT_MIXOUT_EAR_PU MIXER DACL dir 0
08-03 22:35:09.414 645 944 I dsp_common: dsp_common_control_algo:set device = 0
08-03 22:35:09.414 645 944 I spk_dev_interface: spk_dev_power_on: use new smartpakit version
08-03 22:35:09.414 645 944 I smartpakit: pdata->device = 2, output_device = 0, pdata->mode = 0, mode = 0
08-03 22:35:09.414 645 944 I audio_hw_primary: select_devices--
08-03 22:35:09.425 667 1424 E BufferQueueProducer: [NavigationBar#0] disconnect: not connected (req=1)
08-03 22:35:09.430 1155 6888 I chatty : uid=1000(system) Binder:1155_17 expire 3 lines
08-03 22:35:09.437 661 852 I /vendor/bin/hw/vendor.huawei.hardware.sensors@1.0-service: activate-4 frameOpenedAls-0 enabled-0 cameraOpenedAls-0 frameOpenedColor-0 cameraOpenedColor-0
08-03 22:35:09.438 661 852 D SensorHub: Channel activate-> handle: 4, enabled:0, err: 0
08-03 22:35:09.438 661 852 E SensorHub: PS activate 0
08-03 22:35:09.456 1495 17149 I chatty : uid=10040(u0_a40) com.android.systemui expire 1 line
08-03 22:35:09.521 1155 1267 I chatty : uid=1000(system) android.anim expire 1 line
08-03 22:35:09.552 1155 1155 I chatty : uid=1000 system_server expire 16 lines
08-03 22:35:09.579 2268 3233 I chatty : uid=1000(system) iAwareNRT expire 3 lines
08-03 22:35:09.620 2575 6575 I chatty : uid=1000(system) HealthControlle expire 17 lines
08-03 22:35:09.621 632 632 I chatty : uid=1000(system) activity_recogn expire 22 lines
08-03 22:35:09.622 2575 11425 W ContextImpl: Calling a method in the system process without a qualified user: android.app.ContextImpl.bindService:1736 android.content.ContextWrapper.bindService:678 com.huawei.nb.dataservice.dsclient.RemoteServiceConnection.open:90 com.huawei.nb.dataservice.dsclient.DataServiceProxy.connect:105 com.huawei.nb.dataservice.rsclient.internal.RemoteRuleService.start:27
08-03 22:35:09.624 7101 7101 D Mms_TX_NOTIFY: Get no-perm notification callback android.intent.action.SCREEN_OFF
08-03 22:35:09.632 2575 11425 I chatty : uid=1000(system) pool-1-thread-7 expire 1 line
08-03 22:35:09.638 2575 6575 D ARMoudle.HwActivityRecognition: android.activity_recognition.still,1
08-03 22:35:09.640 2575 6575 D ARMoudle.HwActivityRecognition: disableActivityEvent
08-03 22:35:09.640 2575 6575 D ARMoudle.HwActivityRecognition: android.activity_recognition.still,2
08-03 22:35:09.642 2575 6575 D ARMoudle.HwActivityRecognition: disableActivityEvent
08-03 22:35:09.642 2575 6575 D ARMoudle.HwActivityRecognition: android.activity_recognition.high_speed_rail,1
08-03 22:35:09.646 2575 6575 D ARMoudle.HwActivityRecognition: disableActivityEvent
08-03 22:35:09.646 2575 6575 D ARMoudle.HwActivityRecognition: android.activity_recognition.high_speed_rail,2
08-03 22:35:09.646 2575 17150 D RuleEngine: Operator:screenScrollShot;Recommended;Reject;Used;ScreenOff;TimeTicker;TimeUp;ScreenOn;LightIntensity;Remind;sysScreenShot;PowerOff;
08-03 22:35:09.647 2575 17150 D RuleEngine: Item:MultiScreenShot;eyeProtection;systemui;hardware_keys;double_knock;autoPowerOnOff;LDOF_mode;
08-03 22:35:09.647 2575 17150 D RuleEngine: EventTimer 1:2,600000,0,0
08-03 22:35:09.647 2575 6575 D ARMoudle.HwActivityRecognition: disableActivityEvent
08-03 22:35:09.648 2575 17150 D RuleEngine: Event 1:5,0,null,125,Fri Aug 03 22:30:28 GMT+03:00 2018,Fri Aug 03 22:35:09 GMT+03:00 2018,0,0,0
08-03 22:35:09.648 2575 6575 D ARMoudle.HwActivityRecognition: android.activity_recognition.fast_walking,1
08-03 22:35:09.649 7101 7122 D TmoMonitor: Cache monitor msg as screen_off
08-03 22:35:09.650 2575 6575 D ARMoudle.HwActivityRecognition: disableActivityEvent
08-03 22:35:09.650 2575 6575 D ARMoudle.HwActivityRecognition: android.activity_recognition.fast_walking,2
08-03 22:35:09.659 2575 11425 E [HwRecSys]DataServiceController: commend list is null!
08-03 22:35:09.672 10794 10794 I DeviceStatusMonitor: onReceive() : Action = android.intent.action.SCREEN_OFF
08-03 22:35:09.710 2606 2606 D AutoCache: screen off
08-03 22:35:09.710 2606 2606 D AutoCache: [ScreenStateReceiver], charge in, battery ok, screen off
08-03 22:35:09.715 743 2557 E : Couldn't opendir /data/app/vmdl1072994475.tmp: No such file or directory
08-03 22:35:09.715 743 2557 E installd: Failed to delete /data/app/vmdl1072994475.tmp: No such file or directory
08-03 22:35:09.734 2635 2915 I chatty : uid=10013(u0_a13) GoogleApiHandle expire 2 lines
08-03 22:35:09.745 1155 1189 I chatty : uid=1000(system) PackageManager expire 16 lines
08-03 22:35:09.753 1429 1429 E HSM : HandleInstalledPackageInfoService:second action: pkgData is null
08-03 22:35:09.754 645 944 I audio_hw_primary: usb_ext_get_parameters: check show hires (false)
08-03 22:35:09.755 710 16958 I hash_map_utils: key: 'typec_need_show_hires' value: ''
08-03 22:35:09.757 1155 6888 I chatty : uid=1000(system) Binder:1155_17 expire 5 lines
08-03 22:35:09.758 14502 14502 I chatty : uid=10037(u0_a37) com.android.vending expire 43 lines
08-03 22:35:09.852 1155 1168 I chatty : uid=1000(system) android.bg expire 37 lines
08-03 22:35:09.852 2776 2877 I HwLauncher: SimpleAllAppsList updatePackage : package[com.UCMobile.intl] matched activity's size is 1 and data List size is 0
08-03 22:35:09.874 763 834 D dubaid : [PackageProperty.cpp] removePackage# remove uid=10183 name=com.UCMobile.intl
08-03 22:35:09.876 1155 1168 I chatty : uid=1000(system) android.bg expire 2 lines
08-03 22:35:09.879 1155 6505 I chatty : uid=1000(system) Binder:1155_15 expire 6 lines
08-03 22:35:09.881 2776 2877 I HwLauncher: SimpleAllAppsList findAndUpdateInfoInDB : found 0 shortcutInfo for package[com.UCMobile.intl] in db
08-03 22:35:09.881 2776 2877 I HwLauncher: SimpleAllAppsList updatePackage do not add new SimpleApplicationInfo,It's in normal now. package = com.UCMobile.intl
08-03 22:35:09.881 2776 2877 W HwLauncher: SimpleLauncherModeNobody to tell about the new app. Launcher is probably loading.
08-03 22:35:09.883 1408 1408 W ContextImpl: Calling a method in the system process without a qualified user: android.app.ContextImpl.startService:1656 android.content.ContextWrapper.startService:644 android.content.ContextWrapper.startService:644 com.android.settings.applications.BlackListReceiver.onReceive:35 android.app.ActivityThread.handleReceiver:3695
08-03 22:35:09.912 1155 1467 I chatty : uid=1000(system) Binder:1155_4 expire 3 lines
08-03 22:35:09.955 14502 16964 I chatty : uid=10037(u0_a37) AsyncTask #9 expire 1 line
08-03 22:35:09.969 7101 7119 D OsUtil : hasStrictRequiredPermissions run true
08-03 22:35:09.975 7101 7101 V Mms_TXM_SVC: Creating TransactionService
08-03 22:35:09.981 7101 7101 D HwCust : Create obj success use class com.android.mms.transaction.HwCustTransactionServiceImpl
08-03 22:35:09.982 7101 7101 D HwCust : Create obj success use class com.huawei.mms.util.HwCustUpdateUserBehaviorImpl
08-03 22:35:09.983 7101 7101 D HwCust : Create obj success use class com.huawei.mms.util.HwCustHwMessageUtilsImpl
08-03 22:35:09.983 7101 7101 I Mms_TXM_SVC: onStartCommand send EVENT_NEW_INTENT. service-id 1
08-03 22:35:09.983 7101 17155 V Mms_TXM_SVC: Handling incoming message: { when=-1ms what=5 arg1=1 obj=Intent { cmp=com.android.mms/.transaction.TransactionService } target=com.android.mms.transaction.TransactionService$ServiceHandler } = EVENT_NEW_INTENT
08-03 22:35:09.983 7101 7101 W Mms_TXM_SVC: ConnectivityBroadcastReceiver.onReceive() action: android.net.conn.CONNECTIVITY_CHANGE
08-03 22:35:09.984 7101 7101 V Mms_TXM_SVC: MSG_APP_Handle ConnectivityBroadcastReceiver.onReceive(): [type: MOBILE_MMS[], state: DISCONNECTED/DISCONNECTED, reason: (unspecified), extra: (none), failover: false, available: true, roaming: false, metered: true]
08-03 22:35:09.984 7101 7101 V Mms_TXM_SVC: TYPE_MOBILE_MMS not connected, bail
08-03 22:35:09.984 7101 7101 V Mms_TXM_SVC: retrying mms connectivity for it's available and renew = false
08-03 22:35:09.984 2278 2278 D CarrierSvcBindHelper: No carrier app for: 0
08-03 22:35:09.987 7101 17155 D Mms : isWifiCallingAvailable = false isImsRegistered = false
08-03 22:35:09.987 7101 17155 V HwSpecialUtils: allowMms = 1
08-03 22:35:09.987 7101 17155 V HwSpecialUtils: indexs = 1
08-03 22:35:09.988 2278 2278 D CarrierSvcBindHelper: No carrier app for: 1
08-03 22:35:09.989 7101 17155 D Mms : card subscription = 0 is isRoaming false
08-03 22:35:09.989 7101 17155 V HwSpecialUtils: isNetworkRoaming = false
08-03 22:35:09.990 7101 17155 D Mms : card subscription = 0 is isRoaming false
08-03 22:35:09.990 7101 17155 V Mms_TXM_SVC: networkAvailable=true
08-03 22:35:09.992 2278 2278 D CarrierSvcBindHelper: No carrier app for: 0
08-03 22:35:09.995 2278 2278 D CarrierSvcBindHelper: No carrier app for: 1
08-03 22:35:10.004 7101 17155 V Mms_TXM_SVC: onNewIntent: cursor.count=0 action=null
08-03 22:35:10.004 7101 17155 V Mms_TXM_SVC: onNewIntent: no pending messages. Stopping service.
08-03 22:35:10.019 1155 2346 I chatty : uid=1000(system) Binder:1155_B expire 13 lines
08-03 22:35:10.019 7101 17155 V Mms_TXM_SVC: stopSelfIfIdle: STOP!
08-03 22:35:10.026 7101 7101 V Mms_TXM_SVC: Destroying TransactionService
08-03 22:35:10.027 2278 2278 D CarrierConfigLoader: mHandler: 9 phoneId: 0
08-03 22:35:10.028 7101 17155 V Mms_TXM_SVC: Handling incoming message: { when=-43ms what=101 arg1=-1 target=com.android.mms.transaction.TransactionService$ServiceHandler } = EVENT_STOP_SERVICE
08-03 22:35:10.028 7101 17155 V Mms_TXM_SVC: stopSelfIfIdle: STOP!
08-03 22:35:10.032 2575 2575 I [HwRecSys]PackageRecevier: PackageReceiver
08-03 22:35:10.032 7101 17155 V Mms_TXM_SVC: Handling incoming message: { when=-4ms what=100 target=com.android.mms.transaction.TransactionService$ServiceHandler } = EVENT_QUIT
08-03 22:35:10.032 2575 2575 I [HwRecSys]PackageRecevier: action is: android.intent.action.PACKAGE_REMOVED, pkg:com.UCMobile.intl
08-03 22:35:10.044 2575 2575 E [HwRecSys]PackageRecevier: pkg is not hiboard or intelligent
08-03 22:35:10.102 2885 2885 I chatty : uid=10013(u0_a13) com.google.android.gms expire 2 lines
08-03 22:35:10.108 1155 16580 I chatty : uid=1000(system) Binder:1155_1D expire 7 lines
08-03 22:35:10.108 2885 4906 I chatty : uid=10013(u0_a13) highpool[2] expire 3 lines
08-03 22:35:10.139 14936 14936 W ContextImpl: Calling a method in the system process without a qualified user: android.app.ContextImpl.startService:1656 android.content.ContextWrapper.startService:644 android.content.ContextWrapper.startService:644 com.huawei.systemmanager.antivirus.utils.AntiVirusTools.deleteVirusApk:632 com.huawei.systemmanager.antivirus.AntiVirusReceiver.handlerPackageRemoved:52
08-03 22:35:10.153 14936 16008 W ContextImpl: Calling a method in the system process without a qualified user: android.app.ContextImpl.startService:1656 android.content.ContextWrapper.startService:644 com.huawei.systemmanager.spacecleanner.receiver.SpaceCleanReceiver.checkRarelyUsedApp:87 com.huawei.systemmanager.spacecleanner.receiver.SpaceCleanReceiver.doInBackground:39 java.lang.reflect.Method.invoke:-2
08-03 22:35:10.155 2255 2255 I AppUninstallReceiver: replaced = true dataRemoved = false
08-03 22:35:10.157 1429 1429 E HSM : AppCleanUpService:msg is 1
08-03 22:35:10.160 1155 1171 I chatty : uid=1000(system) ActivityManager expire 10 lines
08-03 22:35:10.165 1155 1750 I chatty : uid=1000(system) Binder:1155_8 expire 11 lines
08-03 22:35:10.192 1408 1408 W ContextImpl: Calling a method in the system process without a qualified user: android.app.ContextImpl.startService:1656 android.content.ContextWrapper.startService:644 android.content.ContextWrapper.startService:644 com.android.settings.applications.BlackListReceiver.onReceive:35 android.app.ActivityThread.handleReceiver:3695
08-03 22:35:10.254 2635 2635 I chatty : uid=10013(u0_a13) com.google.android.gms.persistent expire 2 lines
08-03 22:35:10.275 2635 2647 I chatty : uid=10013(u0_a13) Binder:2635_2 expire 1 line
08-03 22:35:10.285 2575 2575 I [HwRecSys]PackageRecevier: PackageReceiver
08-03 22:35:10.285 2575 2575 I [HwRecSys]PackageRecevier: action is: android.intent.action.PACKAGE_ADDED, pkg:com.UCMobile.intl
08-03 22:35:10.287 2885 17162 I chatty : uid=10013(u0_a13) com.google.android.gms expire 3 lines
08-03 22:35:10.298 2575 2575 E [HwRecSys]PackageRecevier: pkg is not hiboard or intelligent
08-03 22:35:10.383 2885 2885 I chatty : uid=10013(u0_a13) com.google.android.gms expire 2 lines
08-03 22:35:10.390 2885 4906 I chatty : uid=10013(u0_a13) highpool[2] expire 2 lines
08-03 22:35:10.423 2885 4934 I chatty : uid=10013(u0_a13) GAC_Executor[1] expire 2 lines
08-03 22:35:10.428 2885 4906 I chatty : uid=10013(u0_a13) highpool[2] expire 1 line
08-03 22:35:10.428 2885 4424 I chatty : uid=10013(u0_a13) highpool[0] expire 1 line
08-03 22:35:10.457 14936 14936 W ContextImpl: Calling a method in the system process without a qualified user: android.app.ContextImpl.startService:1656 android.content.ContextWrapper.startService:644 android.content.ContextWrapper.startService:644 com.huawei.systemmanager.antivirus.utils.AntiVirusTools.checkVirusForNewInstalledApk:620 com.huawei.systemmanager.antivirus.AntiVirusReceiver.onReceive:36
08-03 22:35:10.517 14936 15774 E HSM : SecurityBroadcastReceiver:SecurityBroadcastReceiver the rainbow is not enabled!
08-03 22:35:10.523 14936 15767 W ContextImpl: Calling a method in the system process without a qualified user: android.app.ContextImpl.startService:1656 android.content.ContextWrapper.startService:644 com.huawei.systemmanager.spacecleanner.receiver.SpaceCleanReceiver.checkRarelyUsedApp:87 com.huawei.systemmanager.spacecleanner.receiver.SpaceCleanReceiver.doInBackground:39 java.lang.reflect.Method.invoke:-2
08-03 22:35:10.528 1429 2432 W PackageParser: Ignoring duplicate uses-permissions/uses-permissions-sdk-m: com.android.mylauncher.permission.READ_SETTINGS in package: com.UCMobile.intl at: Binary XML file line #105
08-03 22:35:10.530 1429 1429 E HSM : AppCleanUpService:msg is 0
08-03 22:35:10.534 7101 7122 D TmoMonitor: Cache monitor msg as screen_off
08-03 22:35:10.564 1429 8741 E SQLiteDatabase: Error inserting UNIQUE constraint failed: unifiedpowerapps.pkg_name (Sqlite code 1555), (OS error - 2:No such file or directory)
08-03 22:35:10.616 2885 15766 I chatty : uid=10013(u0_a13) com.google.android.gms expire 5 lines
08-03 22:35:10.624 1155 16580 I chatty : uid=1000(system) Binder:1155_1D expire 7 lines
08-03 22:35:10.644 1429 1455 D HwFLClassLoader: USE_FEATURE_LIST had not init!
08-03 22:35:10.655 1155 13498 I chatty : uid=1000(system) Binder:1155_1B expire 3 lines
08-03 22:35:10.655 1408 1408 W ContextImpl: Calling a method in the system process without a qualified user: android.app.ContextImpl.startService:1656 android.content.ContextWrapper.startService:644 android.content.ContextWrapper.startService:644 com.android.settings.applications.BlackListReceiver.onReceive:35 android.app.ActivityThread.handleReceiver:3695
08-03 22:35:10.680 2635 2647 I chatty : uid=10013(u0_a13) Binder:2635_2 expire 1 line
08-03 22:35:10.712 2606 2679 I AutoCache: DailyDecodeCount has been reset.
08-03 22:35:10.745 2776 2776 I HwLauncher: Model onPackageChanged packageName = com.UCMobile.intl user = UserHandle{0}
08-03 22:35:10.747 2776 2776 I HwLauncher: PowerSaveLauncherModel onPackageChanged packageName = com.UCMobile.intl user = UserHandle{0}
08-03 22:35:10.747 2776 2776 E HwLauncher: PowerSaveLauncherModel onPackageChanged: not inPowerSaveLauncher
08-03 22:35:10.747 2776 2776 I HwLauncher: StreetModeLauncherModel onPackageChanged packageName = com.UCMobile.intl user = UserHandle{0}
08-03 22:35:10.747 2776 2776 E HwLauncher: StreetModeLauncherModel onPackageChanged: not inStreetModeLauncher
08-03 22:35:10.750 2776 2867 I HwLauncher: AllIdleAppsList updatePackage : package[com.UCMobile.intl] matched activity's size is 1 and data List size is 141
08-03 22:35:10.769 2606 2679 I AutoCache: thumbnail cache has been set up successfully.
08-03 22:35:10.770 2885 4906 I chatty : uid=10013(u0_a13) highpool[2] expire 3 lines
08-03 22:35:10.803 2575 2575 I [HwRecSys]PackageRecevier: PackageReceiver
08-03 22:35:10.804 2575 2575 I [HwRecSys]PackageRecevier: action is: android.intent.action.PACKAGE_REPLACED, pkg:com.UCMobile.intl
08-03 22:35:10.804 2575 2575 E [HwRecSys]SystemUtil: operate: 1, pkg: com.UCMobile.intl, has record!
08-03 22:35:10.804 2575 2575 E [HwRecSys]PackageRecevier: pkg is not hiboard or intelligent
08-03 22:35:10.861 2885 4424 I chatty : uid=10013(u0_a13) highpool[0] expire 1 line
08-03 22:35:10.870 2635 3630 I chatty : uid=10013(u0_a13) netscheduler-qu expire 1 line
08-03 22:35:10.885 2885 4142 I Icing : Usage reports ok 0, Failed Usage reports 0, indexed 0, rejected 0, imm upload false
08-03 22:35:10.941 2885 4142 I Icing : Usage reports ok 0, Failed Usage reports 0, indexed 0, rejected 0, imm upload false
08-03 22:35:11.084 480 17181 W libc : Set property "hw.wifi.dns_stat" to "306,10,5022,1,14831"
08-03 22:35:11.183 2606 2606 D HwCust : Create obj success use class com.android.providers.downloads.HwCustDownloadThreadImpl
08-03 22:35:11.192 2606 17183 D DownloadManager: [1412] Starting
08-03 22:35:11.238 2606 17183 D NetworkSecurityConfig: No Network Security Config specified, using platform default
08-03 22:35:11.247 2606 3643 E NotificationManager: notifyAsUser: tag=1:com.android.vending, id=0, user=UserHandle{0}
08-03 22:35:11.417 2606 17183 I DownloadManager: file:/data/user/0/com.android.providers.downloads/files/downloadfile.bin is exist, create destFileObserver
08-03 22:35:11.417 2606 17183 D DownloadManager: enter DestFileChangeObServer begin:
08-03 22:35:11.421 2606 3643 E NotificationManager: notifyAsUser: tag=1:com.android.vending, id=0, user=UserHandle{0}
08-03 22:35:11.428 1155 6505 I chatty : uid=1000(system) Binder:1155_15 expire 6 lines
08-03 22:35:11.439 11471 11471 W kworker/u16:6: type=1400 audit(0.0:16434): avc: denied { dac_override } for capability=1 scontext=u:r:kernel:s0 tcontext=u:r:kernel:s0 tclass=capability permissive=0
08-03 22:35:11.470 753 753 E wificond: Failed to get NL80211_RATE_INFO_NOISE
08-03 22:35:11.470 753 753 E wificond: Failed to get NL80211_RATE_INFO_SNR
08-03 22:35:11.470 753 753 E wificond: Failed to get NL80211_STA_INFO_CNAHLOAD
08-03 22:35:11.470 2606 3643 E NotificationManager: notifyAsUser: tag=1:com.android.vending, id=0, user=UserHandle{0}
08-03 22:35:11.473 753 753 E wificond: Failed to get NL80211_RATE_INFO_NOISE
08-03 22:35:11.473 753 753 E wificond: Failed to get NL80211_RATE_INFO_SNR
08-03 22:35:11.473 753 753 E wificond: Failed to get NL80211_STA_INFO_CNAHLOAD
08-03 22:35:11.474 1155 1467 I chatty : uid=1000(system) Binder:1155_4 expire 6 lines
08-03 22:35:11.475 1155 3418 I chatty : uid=1000(system) wifipro_uid_tcp expire 12 lines
08-03 22:35:11.482 1155 4924 I chatty : uid=1000(system) MobileQosDetect expire 11 lines
08-03 22:35:11.539 14463 14463 W kworker/u16:0: type=1400 audit(0.0:16435): avc: denied { dac_override } for capability=1 scontext=u:r:kernel:s0 tcontext=u:r:kernel:s0 tclass=capability permissive=0
08-03 22:35:11.662 2885 4142 I Icing : Indexing com.google.android.gms-apps from com.google.android.gms
08-03 22:35:11.756 480 617 W SocketListener: sending broadcast to Pid = 1155, Uid = 1000
08-03 22:35:11.757 1155 1313 I chatty : uid=1000(system) NetdConnector expire 6 lines
08-03 22:35:11.760 1155 1178 I chatty : uid=1000(system) android.fg expire 1 line
08-03 22:35:11.766 1155 1314 I chatty : uid=1000(system) NetworkStats expire 5 lines
08-03 22:35:11.814 2885 4142 I Icing : Indexing done com.google.android.gms-apps
08-03 22:35:11.815 2885 4142 I Icing : Indexing com.google.android.gms-internal.3p:MobileApplication from com.google.android.gms
08-03 22:35:11.828 2885 4142 I Icing : Indexing com.google.android.gms-internal.3p:MusicGroup from com.google.android.gms
08-03 22:35:11.836 2885 4142 I Icing : Indexing com.google.android.gms-internal.3p:Contact_no_gsa from com.google.android.gms
08-03 22:35:11.845 2885 4142 I Icing : Indexing com.google.android.gms-internal.3p:DigitalDocument from com.google.android.gms
08-03 22:35:11.854 2885 4142 I Icing : Indexing com.google.android.gms-internal.3p:Message from com.google.android.gms
08-03 22:35:11.863 2885 4142 I Icing : Indexing com.google.android.gms-internal.3p:Event from com.google.android.gms
08-03 22:35:11.872 2885 4142 I Icing : Indexing com.google.android.gms-internal.3p:Photograph from com.google.android.gms
08-03 22:35:11.880 2885 4142 I Icing : Indexing com.google.android.gms-internal.3p:MusicRecording from com.google.android.gms
08-03 22:35:11.893 2885 4142 I Icing : Indexing done com.google.android.gms-internal.3p:MobileApplication
08-03 22:35:11.897 2885 4142 I Icing : Indexing done com.google.android.gms-internal.3p:MusicGroup
08-03 22:35:11.902 2885 4142 I Icing : Indexing done com.google.android.gms-internal.3p:Contact_no_gsa
08-03 22:35:11.906 2885 4142 I Icing : Indexing done com.google.android.gms-internal.3p:DigitalDocument
08-03 22:35:11.911 2885 4142 I Icing : Indexing done com.google.android.gms-internal.3p:Message
08-03 22:35:11.915 2885 4142 I Icing : Indexing done com.google.android.gms-internal.3p:Event
08-03 22:35:11.919 2885 4142 I Icing : Indexing done com.google.android.gms-internal.3p:Photograph
08-03 22:35:11.923 2885 4142 I Icing : Indexing done com.google.android.gms-internal.3p:MusicRecording
08-03 22:35:11.950 2885 4142 I Icing : Indexing com.google.android.gms-apps from com.google.android.gms
08-03 22:35:11.951 2885 4142 I Icing : Indexing done com.google.android.gms-apps
08-03 22:35:11.991 2885 4142 I Icing : Indexing com.google.android.gms-internal.3p:MobileApplication from com.google.android.gms
08-03 22:35:11.996 2885 4142 I Icing : Indexing done com.google.android.gms-internal.3p:MobileApplication
08-03 22:35:11.999 2885 4142 I Icing : Indexing com.google.android.gms-internal.3p:MusicGroup from com.google.android.gms
08-03 22:35:12.004 2885 4142 I Icing : Indexing done com.google.android.gms-internal.3p:MusicGroup
08-03 22:35:12.013 2885 4142 I Icing : Indexing com.google.android.gms-internal.3p:Contact_no_gsa from com.google.android.gms
08-03 22:35:12.018 2885 4142 I Icing : Indexing done com.google.android.gms-internal.3p:Contact_no_gsa
08-03 22:35:12.022 2885 4142 I Icing : Indexing com.google.android.gms-internal.3p:DigitalDocument from com.google.android.gms
08-03 22:35:12.025 2885 4142 I Icing : Indexing done com.google.android.gms-internal.3p:DigitalDocument
08-03 22:35:12.032 2885 4142 I Icing : Indexing com.google.android.gms-internal.3p:Message from com.google.android.gms
08-03 22:35:12.035 2885 4142 I Icing : Indexing done com.google.android.gms-internal.3p:Message
08-03 22:35:12.037 2885 4142 I Icing : Indexing com.google.android.gms-internal.3p:Event from com.google.android.gms
08-03 22:35:12.040 2885 4142 I Icing : Indexing done com.google.android.gms-internal.3p:Event
08-03 22:35:12.042 2885 4142 I Icing : Indexing com.google.android.gms-internal.3p:Photograph from com.google.android.gms
08-03 22:35:12.045 2885 4142 I Icing : Indexing done com.google.android.gms-internal.3p:Photograph
08-03 22:35:12.047 2885 4142 I Icing : Indexing com.google.android.gms-internal.3p:MusicRecording from com.google.android.gms
08-03 22:35:12.050 2885 4142 I Icing : Indexing done com.google.android.gms-internal.3p:MusicRecording
08-03 22:35:12.122 2606 5958 D DownloadManager: enter DestFileChangeObServer::event(event:8000 mode:0 file:null)
08-03 22:35:12.175 2606 17183 D DownloadManager: [1412] Finished with status SUCCESS
08-03 22:35:12.189 11471 11471 W kworker/u16:6: type=1400 audit(0.0:16436): avc: denied { dac_override } for capability=1 scontext=u:r:kernel:s0 tcontext=u:r:kernel:s0 tclass=capability permissive=0
08-03 22:35:12.191 2606 17183 W DownloadDrmHelper: AfterDownload get mimetype is:application/vnd.android.package-delta
08-03 22:35:12.198 1155 6704 I chatty : uid=1000(system) Binder:1155_16 expire 6 lines
08-03 22:35:12.226 14502 14502 I chatty : uid=10037(u0_a37) com.android.vending expire 1 line
08-03 22:35:12.251 14502 17034 I chatty : uid=10037(u0_a37) AsyncTask #11 expire 3 lines
08-03 22:35:12.589 7101 7122 D TmoMonitor: Cache monitor msg as screen_off
08-03 22:35:13.474 871 976 W libc : Set property "ril.hw_modem0.rssi" to "-92"
08-03 22:35:13.478 2278 2278 W libc : Set property "gsm.rssi.sim1" to "-92"
08-03 22:35:13.488 2635 3222 D WorkSource: Insert in WorkSource{} @ 0 uid 10041 name com.google.android.googlequicksearchbox
08-03 22:35:13.496 2635 3222 D WorkSource: Insert in WorkSource{} @ 0 uid 10041 name com.google.android.googlequicksearchbox
08-03 22:35:13.504 2635 2915 D WorkSource: Insert in WorkSource{} @ 0 uid 10013 name com.google.android.gms
08-03 22:35:13.513 2635 16419 D WorkSource: Insert in WorkSource{} @ 0 uid 10013 name com.google.android.gms
08-03 22:35:13.528 2635 16419 D WorkSource: Insert in WorkSource{} @ 0 uid 10013 name com.google.android.gms
08-03 22:35:13.539 7101 7122 D TmoMonitor: Cache monitor msg as screen_off
08-03 22:35:13.539 2635 16419 D WorkSource: Insert in WorkSource{} @ 0 uid 10013 name com.google.android.gms
08-03 22:35:13.543 2635 2915 D WorkSource: Insert in WorkSource{} @ 0 uid 10013 name com.google.android.gms
08-03 22:35:13.550 2635 2635 D WorkSource: i1=0 i2=0 N1=0: insert 10013 com.google.android.gms
08-03 22:35:13.550 2635 2635 D WorkSource: Insert in WorkSource{} @ 0 uid 10013 name com.google.android.gms
08-03 22:35:13.550 2635 2635 D WorkSource: i1=1 i2=0 N1=1: insert 10041 com.google.android.googlequicksearchbox
08-03 22:35:13.550 2635 2635 D WorkSource: Insert in WorkSource{10013 com.google.android.gms} @ 1 uid 10041 name com.google.android.googlequicksearchbox
08-03 22:35:13.556 2635 2915 D WorkSource: Insert in WorkSource{} @ 0 uid 10013 name com.google.android.gms
08-03 22:35:13.561 2635 2915 D WorkSource: Insert in WorkSource{} @ 0 uid 10013 name com.google.android.gms
08-03 22:35:13.561 2635 2635 D WorkSource: i1=0 i2=0 N1=0: insert 10013 com.google.android.gms
08-03 22:35:13.561 2635 2635 D WorkSource: Insert in WorkSource{} @ 0 uid 10013 name com.google.android.gms
08-03 22:35:13.561 2635 2635 D WorkSource: i1=1 i2=0 N1=1: insert 10041 com.google.android.googlequicksearchbox
08-03 22:35:13.561 2635 2635 D WorkSource: Insert in WorkSource{10013 com.google.android.gms} @ 1 uid 10041 name com.google.android.googlequicksearchbox
08-03 22:35:13.573 2635 2915 D WorkSource: Insert in WorkSource{} @ 0 uid 10013 name com.google.android.gms
08-03 22:35:13.573 2635 2635 D WorkSource: i1=0 i2=0 N1=0: insert 10013 com.google.android.gms
08-03 22:35:13.573 2635 2635 D WorkSource: Insert in WorkSource{} @ 0 uid 10013 name com.google.android.gms
08-03 22:35:13.573 2635 2635 D WorkSource: i1=1 i2=0 N1=1: insert 10041 com.google.android.googlequicksearchbox
08-03 22:35:13.573 2635 2635 D WorkSource: Insert in WorkSource{10013 com.google.android.gms} @ 1 uid 10041 name com.google.android.googlequicksearchbox
08-03 22:35:13.609 2635 17133 I Places : ?: PlacesBleScanner stop()
08-03 22:35:13.616 2635 17133 I PlaceInferenceEngine: [anon] Changed inference mode: 0
08-03 22:35:13.617 2635 2635 I BluetoothAdapter: disableBLE
08-03 22:35:13.619 2635 2635 D BluetoothAdapter: disableBLE(): de-registering com.google.android.gms
08-03 22:35:13.625 2635 2635 I BeaconBle: 'L' hardware scan: scan stopped, no clients
08-03 22:35:13.625 2635 2635 I BeaconBle: Places requested to stop scan
08-03 22:35:13.626 2635 2635 I BeaconBle: Scan canceled successfully.
08-03 22:35:13.634 2635 2635 D WorkSource: i1=0 i2=0 N1=0: insert 10041 com.google.android.googlequicksearchbox
08-03 22:35:13.634 2635 2635 D WorkSource: Insert in WorkSource{} @ 0 uid 10041 name com.google.android.googlequicksearchbox
08-03 22:35:13.661 2635 2635 I GeofencerStateMachine: removeGeofences: removeRequest=RemoveGeofencingRequest[REMOVE_BY_PENDING_INTENT pendingIntent=PendingIntent[creatorPackage=com.google.android.gms], packageName=null]
08-03 22:35:13.778 2635 2645 I zygote64: Background concurrent copying GC freed 138249(9MB) AllocSpace objects, 32(2MB) LOS objects, 56% free, 9MB/21MB, paused 357us total 143.487ms
08-03 22:35:13.907 2936 16422 I EventLogSendingHelper: Sending log events.
08-03 22:35:15.165 871 973 W libc : Set property "persist.radio.nitz_hw_name" to "true"
08-03 22:35:15.179 871 973 W libc : Set property "ril.balong_cid" to "4504512"
08-03 22:35:15.194 871 973 W libc : Set property "ril.balong_cid" to "4504512"
08-03 22:35:15.221 871 973 W libc : Set property "persist.radio.nitz_hw_name" to "true"
08-03 22:35:15.226 871 973 W libc : Set property "ril.balong_cid" to "4504512"
08-03 22:35:15.241 871 973 W libc : Set property "ril.balong_cid" to "4504512"
08-03 22:35:15.278 2278 2278 W SettingsEx: SettingsEx.Systemex.getString deprecated use Settings.System.getString instead ;callers=com.android.internal.telephony.gsm.HwCustGsmServiceStateManagerImpl.isMccForShowNetname:211 com.android.internal.telephony.gsm.HwCustGsmServiceStateManagerImpl.isShowNetnameByMcc:202 com.android.internal.telephony.gsm.HwCustGsmServiceStateManagerImpl.setOnsDisplayCustomization:153
08-03 22:35:15.280 2278 2278 W libc : Set property "gsm.operator.alpha" to "Tele2,Beeline"
08-03 22:35:15.282 2278 2278 W libc : Set property "gsm.operator.alpha" to "Tele2,Beeline"
08-03 22:35:15.284 2278 2278 W libc : Set property "gsm.operator.numeric" to "25020,25099"
08-03 22:35:15.285 2278 2278 W libc : Set property "gsm.operator.iso-country" to "ru,ru"
08-03 22:35:15.288 2278 2278 W libc : Set property "gsm.operator.isroaming" to "false,false"
08-03 22:35:15.297 2739 2739 I chatty : uid=1000(system) com.android.supl expire 11 lines
08-03 22:35:15.302 2739 17193 I chatty : uid=1000(system) com.android.supl expire 6 lines
08-03 22:35:15.304 2278 2455 W PhoneInterfaceManager: shouldBlockLocation running ...
08-03 22:35:15.304 2278 2455 I PhoneInterfaceManager: shouldBlockLocation ret:false
08-03 22:35:15.312 7101 7101 V DownloadManager: Service state changed: Bundle[mParcelledData.dataSize=1232]
08-03 22:35:15.313 7101 7101 V DownloadManager: roaming ------> false
08-03 22:35:15.313 7101 7101 V DownloadManager: auto download without roaming -> true
08-03 22:35:15.313 7101 7101 V DownloadManager: auto download during roaming -> false
08-03 22:35:15.313 7101 7101 V DownloadManager: mAutoDownload ------> true
08-03 22:35:15.316 7101 7101 D Mms_TX_ServiceStateChangeReceiver: action: ACTION_SERVICE_STATE_CHANGED, serviceState = 0
08-03 22:35:15.316 7101 7101 E Mms_TXM_SVC: isSecondaryUser() start
08-03 22:35:15.317 7101 7101 E Mms_TXM_SVC: isSecondaryUser() end
08-03 22:35:15.317 7101 7101 E Mms_TXM_SVC: removeCallbacksAndMessages start
08-03 22:35:15.317 7101 7101 E Mms_TXM_SVC: removeCallbacksAndMessages end
08-03 22:35:15.317 7101 7101 E Mms_TXM_SVC: startService end
08-03 22:35:15.319 2278 2278 D ServiceStateProvider: subId=0
08-03 22:35:15.332 1155 1383 I chatty : uid=1000(system) HwIntelligenceS expire 24 lines
08-03 22:35:15.337 1429 1667 I HwNetworkPolicyManager: forceUpdatePolicy isRoaming = false
08-03 22:35:15.338 2278 2455 W PhoneInterfaceManager: shouldBlockLocation running ...
08-03 22:35:15.338 2278 2455 I PhoneInterfaceManager: shouldBlockLocation ret:false
08-03 22:35:15.345 647 647 D HISUPL_ADAPTER: platform_service send data to server
08-03 22:35:15.345 647 647 D HISUPL_ADAPTER: size:74
08-03 22:35:15.346 2739 3047 I chatty : uid=1000(system) WriterThread expire 6 lines
08-03 22:35:15.353 2278 2278 D Telephony-TelecomAccountRegistry: onServiceStateChanged0 newState : 0, mServiceState : 0
08-03 22:35:15.357 2278 2278 D ManualLostSignal: onReceive in service
08-03 22:35:15.361 2278 2278 W libc : Set property "gsm.hw.operator.numeric.old" to "25020"
08-03 22:35:15.363 2278 2278 W libc : Set property "gsm.hw.operator.iso-country" to "ru"
08-03 22:35:15.364 2278 2278 W libc : Set property "gsm.hw.operator.numeric" to "25020"
08-03 22:35:15.367 2278 2278 W libc : Set property "gsm.hw.operator.isroaming" to "false"
08-03 22:35:15.370 2278 2278 I PhoneApp: onReceive,action = android.intent.action.SERVICE_STATE
08-03 22:35:15.373 2278 2278 D HwCustPhoneGlobalsImpl: full network is false old serivce state is 0 new service state is 0 subid is 0 hasNotification is false
08-03 22:35:15.375 647 647 D HISUPL_ADAPTER: platform_service send data to server
08-03 22:35:15.375 647 647 D HISUPL_ADAPTER: size:74
08-03 22:35:15.599 7101 7122 D TmoMonitor: Cache monitor msg as screen_off
08-03 22:35:16.112 752 752 I chatty : uid=1000(system) /system/bin/thermal-daemon expire 10 lines
08-03 22:35:18.617 7101 7122 D TmoMonitor: Cache monitor msg as screen_off
08-03 22:35:18.643 2635 2635 I BeaconBle: 'L' hardware scan: scan stopped, no clients
08-03 22:35:18.818 1155 1273 I chatty : uid=1000(system) UEventObserver expire 2 lines
08-03 22:35:19.485 753 753 E wificond: Failed to get NL80211_RATE_INFO_NOISE
08-03 22:35:19.485 753 753 E wificond: Failed to get NL80211_RATE_INFO_SNR
08-03 22:35:19.485 753 753 E wificond: Failed to get NL80211_STA_INFO_CNAHLOAD
08-03 22:35:19.488 753 753 E wificond: Failed to get NL80211_RATE_INFO_NOISE
08-03 22:35:19.488 753 753 E wificond: Failed to get NL80211_RATE_INFO_SNR
08-03 22:35:19.488 753 753 E wificond: Failed to get NL80211_STA_INFO_CNAHLOAD
08-03 22:35:19.489 1155 1385 I chatty : uid=1000(system) HuaweiWifiWatch expire 35 lines
08-03 22:35:19.492 1155 1380 I chatty : uid=1000(system) WifiProStateMac expire 10 lines
08-03 22:35:19.835 2268 3686 I chatty : uid=1000(system) traffic stats expire 12 lines
08-03 22:35:19.974 2268 2386 I chatty : uid=1000(system) core expire 22 lines
08-03 22:35:20.339 7101 7119 D OsUtil : hasStrictRequiredPermissions run true
08-03 22:35:20.345 7101 7101 V Mms_TXM_SVC: Creating TransactionService
08-03 22:35:20.348 7101 7101 D HwCust : Create obj success use class com.android.mms.transaction.HwCustTransactionServiceImpl
08-03 22:35:20.350 7101 7101 D HwCust : Create obj success use class com.huawei.mms.util.HwCustUpdateUserBehaviorImpl
08-03 22:35:20.350 7101 7101 D HwCust : Create obj success use class com.huawei.mms.util.HwCustHwMessageUtilsImpl
08-03 22:35:20.351 7101 7101 I Mms_TXM_SVC: onStartCommand send EVENT_NEW_INTENT. service-id 1
08-03 22:35:20.351 7101 17197 V Mms_TXM_SVC: Handling incoming message: { when=-1ms what=5 arg1=1 obj=Intent { cmp=com.android.mms/.transaction.TransactionService } target=com.android.mms.transaction.TransactionService$ServiceHandler } = EVENT_NEW_INTENT
08-03 22:35:20.351 7101 7101 W Mms_TXM_SVC: ConnectivityBroadcastReceiver.onReceive() action: android.net.conn.CONNECTIVITY_CHANGE
08-03 22:35:20.353 7101 7101 V Mms_TXM_SVC: MSG_APP_Handle ConnectivityBroadcastReceiver.onReceive(): [type: MOBILE_MMS[], state: DISCONNECTED/DISCONNECTED, reason: (unspecified), extra: (none), failover: false, available: true, roaming: false, metered: true]
08-03 22:35:20.353 7101 7101 V Mms_TXM_SVC: TYPE_MOBILE_MMS not connected, bail
08-03 22:35:20.353 7101 7101 V Mms_TXM_SVC: retrying mms connectivity for it's available and renew = false
08-03 22:35:20.355 7101 17197 D Mms : isWifiCallingAvailable = false isImsRegistered = false
08-03 22:35:20.356 7101 17197 V HwSpecialUtils: allowMms = 1
08-03 22:35:20.356 7101 17197 V HwSpecialUtils: indexs = 1
08-03 22:35:20.357 7101 17197 D Mms : card subscription = 0 is isRoaming false
08-03 22:35:20.357 7101 17197 V HwSpecialUtils: isNetworkRoaming = false
08-03 22:35:20.358 7101 17197 D Mms : card subscription = 0 is isRoaming false
08-03 22:35:20.359 7101 17197 V Mms_TXM_SVC: networkAvailable=true
08-03 22:35:20.367 7101 17197 V Mms_TXM_SVC: onNewIntent: cursor.count=0 action=null
08-03 22:35:20.367 7101 17197 V Mms_TXM_SVC: onNewIntent: no pending messages. Stopping service.
08-03 22:35:20.375 7101 17197 V Mms_TXM_SVC: stopSelfIfIdle: STOP!
08-03 22:35:20.377 7101 7101 V Mms_TXM_SVC: Destroying TransactionService
08-03 22:35:20.379 7101 17197 V Mms_TXM_SVC: Handling incoming message: { when=-26ms what=101 arg1=-1 target=com.android.mms.transaction.TransactionService$ServiceHandler } = EVENT_STOP_SERVICE
08-03 22:35:20.379 7101 17197 V Mms_TXM_SVC: stopSelfIfIdle: STOP!
08-03 22:35:20.381 7101 17197 V Mms_TXM_SVC: Handling incoming message: { when=-2ms what=100 target=com.android.mms.transaction.TransactionService$ServiceHandler } = EVENT_QUIT
08-03 22:35:21.118 2268 2764 I chatty : uid=1000(system) Binder:2268_6 expire 2 lines
08-03 22:35:21.119 2268 3245 I chatty : uid=1000(system) thermal-core-th expire 5 lines
08-03 22:35:21.316 1155 1155 I chatty : uid=1000 system_server expire 63 lines
08-03 22:35:21.648 7101 7122 D TmoMonitor: Cache monitor msg as screen_off
08-03 22:35:22.809 871 973 W libc : Set property "persist.radio.nitz_hw_name" to "true"
08-03 22:35:22.823 871 973 W libc : Set property "ril.balong_cid" to "4504515"
08-03 22:35:22.837 871 973 W libc : Set property "ril.balong_cid" to "4504515"
08-03 22:35:22.864 871 973 W libc : Set property "persist.radio.nitz_hw_name" to "true"
08-03 22:35:22.871 871 973 W libc : Set property "ril.balong_cid" to "4504515"
08-03 22:35:22.886 871 973 W libc : Set property "ril.balong_cid" to "4504515"
08-03 22:35:22.925 2278 2278 W SettingsEx: SettingsEx.Systemex.getString deprecated use Settings.System.getString instead ;callers=com.android.internal.telephony.gsm.HwCustGsmServiceStateManagerImpl.isMccForShowNetname:211 com.android.internal.telephony.gsm.HwCustGsmServiceStateManagerImpl.isShowNetnameByMcc:202 com.android.internal.telephony.gsm.HwCustGsmServiceStateManagerImpl.setOnsDisplayCustomization:153
08-03 22:35:22.927 2278 2278 W libc : Set property "gsm.operator.alpha" to "Tele2,Beeline"
08-03 22:35:22.929 2278 2278 W libc : Set property "gsm.operator.alpha" to "Tele2,Beeline"
08-03 22:35:22.931 2278 2278 W libc : Set property "gsm.operator.numeric" to "25020,25099"
08-03 22:35:22.932 2278 2278 W libc : Set property "gsm.operator.iso-country" to "ru,ru"
08-03 22:35:22.935 2278 2278 W libc : Set property "gsm.operator.isroaming" to "false,false"
08-03 22:35:22.938 1155 1155 I chatty : uid=1000 system_server expire 6 lines
08-03 22:35:22.946 1495 1495 I chatty : uid=10040(u0_a40) com.android.systemui expire 97 lines
08-03 22:35:22.948 1155 1171 I chatty : uid=1000(system) ActivityManager expire 5 lines
08-03 22:35:22.949 7101 7101 V DownloadManager: Service state changed: Bundle[mParcelledData.dataSize=1232]
08-03 22:35:22.949 7101 7101 V DownloadManager: roaming ------> false
08-03 22:35:22.949 7101 7101 V DownloadManager: auto download without roaming -> true
08-03 22:35:22.949 7101 7101 V DownloadManager: auto download during roaming -> false
08-03 22:35:22.949 7101 7101 V DownloadManager: mAutoDownload ------> true
08-03 22:35:22.953 2278 2278 D ServiceStateProvider: subId=0
08-03 22:35:22.953 7101 7101 D Mms_TX_ServiceStateChangeReceiver: action: ACTION_SERVICE_STATE_CHANGED, serviceState = 0
08-03 22:35:22.953 7101 7101 E Mms_TXM_SVC: isSecondaryUser() start
08-03 22:35:22.953 7101 7101 E Mms_TXM_SVC: isSecondaryUser() end
08-03 22:35:22.953 7101 7101 E Mms_TXM_SVC: removeCallbacksAndMessages start
08-03 22:35:22.954 7101 7101 E Mms_TXM_SVC: removeCallbacksAndMessages end
08-03 22:35:22.954 7101 7101 E Mms_TXM_SVC: startService end
08-03 22:35:22.955 2739 17198 I chatty : uid=1000(system) com.android.supl expire 6 lines
08-03 22:35:22.961 2278 2483 W PhoneInterfaceManager: shouldBlockLocation running ...
08-03 22:35:22.961 2278 2483 I PhoneInterfaceManager: shouldBlockLocation ret:false
08-03 22:35:22.979 2278 2483 W PhoneInterfaceManager: shouldBlockLocation running ...
08-03 22:35:22.980 2278 2483 I PhoneInterfaceManager: shouldBlockLocation ret:false
08-03 22:35:22.986 1429 1667 I HwNetworkPolicyManager: forceUpdatePolicy isRoaming = false
08-03 22:35:22.988 2278 2278 D Telephony-TelecomAccountRegistry: onServiceStateChanged0 newState : 0, mServiceState : 0
08-03 22:35:22.991 2278 2278 D ManualLostSignal: onReceive in service
08-03 22:35:22.992 647 647 D HISUPL_ADAPTER: platform_service send data to server
08-03 22:35:22.992 647 647 D HISUPL_ADAPTER: size:74
08-03 22:35:22.992 2278 2278 W libc : Set property "gsm.hw.operator.numeric.old" to "25020"
08-03 22:35:22.994 2739 2739 I SUPL20_LocMan: Network type is 3G, type is 3
08-03 22:35:22.996 2278 2278 W libc : Set property "gsm.hw.operator.iso-country" to "ru"
08-03 22:35:22.998 2278 2278 W libc : Set property "gsm.hw.operator.numeric" to "25020"
08-03 22:35:23.000 2278 2278 W libc : Set property "gsm.hw.operator.isroaming" to "false"
08-03 22:35:23.002 2278 2278 I PhoneApp: onReceive,action = android.intent.action.SERVICE_STATE
08-03 22:35:23.004 647 647 D HISUPL_ADAPTER: platform_service send data to server
08-03 22:35:23.004 647 647 D HISUPL_ADAPTER: size:74
08-03 22:35:23.005 2739 3047 I SUPLHIDL: suplPlatformServiceSend2server send.
08-03 22:35:23.005 2739 3047 I SUPL20_SPIMESLP-SENDING: bBrokenPipe = false
08-03 22:35:23.006 2278 2278 D HwCustPhoneGlobalsImpl: full network is false old serivce state is 0 new service state is 0 subid is 0 hasNotification is false
08-03 22:35:23.330 6298 6321 D LogUtil_LogConfig: obtainSavePath(): path = 1
08-03 22:35:23.331 6298 6321 D LogUtil_LogConfig: getLogFile(): logFilePath = /data/data/com.huawei.health/files/com.huawei.health/com.huawei.health_DaemonService/
08-03 22:35:23.331 6298 6321 D LogUtil_LogConfig: obtainSavePath(): path = 1
08-03 22:35:23.331 6298 6321 D LogUtil_LogConfig: acquireMaxLogFileLengthContainsOffset describe: com.huawei.health:DaemonService result:5242880
08-03 22:35:23.331 6298 6321 D LogUtil_LogConfig: obtainSavePath(): path = 1
08-03 22:35:23.332 6298 6321 D LogUtil_LogConfig: getLogFileRoot(): logFilePath = /data/data/com.huawei.health/files/com.huawei.health/com.huawei.health_DaemonService/
08-03 22:35:24.619 7101 7122 D TmoMonitor: Cache monitor msg as screen_off
08-03 22:35:24.654 2268 2502 I chatty : uid=1000(system) actions handler expire 10 lines
08-03 22:35:26.499 1155 1371 I chatty : uid=1000(system) WiFiArpStateMac expire 15 lines
08-03 22:35:26.560 14502 14502 I chatty : uid=10037(u0_a37) com.android.vending expire 4 lines
08-03 22:35:26.575 1155 6320 I chatty : uid=1000(system) Binder:1155_13 expire 4 lines
08-03 22:35:26.575 2606 3320 V DownloadManager: Deleting /data/data/com.android.providers.downloads/cache/downloadfile.bin via provider delete
08-03 22:35:26.740 14502 17026 I chatty : uid=10037(u0_a37) AsyncTask #10 expire 2 lines
08-03 22:35:26.742 14502 14502 I chatty : uid=10037(u0_a37) com.android.vending expire 6 lines
08-03 22:35:26.796 743 2557 D installed: forkNotifyToRMS parcel pid = 17200, ppid = 743, pkgname = com.google.android.apps.books
08-03 22:35:26.845 17200 17200 I dex2oat : /system/bin/dex2oat Installd-com.google.android.apps.books --input-vdex-fd=-1 --output-vdex-fd=29 --compiler-filter=quicken -j4 --classpath-dir=/data/app/vmdl1161098886.tmp
08-03 22:35:26.846 17200 17200 I cutils-trace: atrace_init_once, trace_marker_path = /sys/kernel/debug/tracing/trace_marker
08-03 22:35:27.357 1495 1719 I chatty : uid=10040(u0_a40) SystemUI_subThr expire 9 lines
08-03 22:35:27.494 753 753 E wificond: Failed to get NL80211_RATE_INFO_NOISE
08-03 22:35:27.494 753 753 E wificond: Failed to get NL80211_RATE_INFO_SNR
08-03 22:35:27.494 753 753 E wificond: Failed to get NL80211_STA_INFO_CNAHLOAD
08-03 22:35:27.494 1155 1320 I chatty : uid=1000(system) HwWifiCHRStateM expire 12 lines
08-03 22:35:27.496 753 753 E wificond: Failed to get NL80211_RATE_INFO_NOISE
08-03 22:35:27.496 753 753 E wificond: Failed to get NL80211_RATE_INFO_SNR
08-03 22:35:27.496 753 753 E wificond: Failed to get NL80211_STA_INFO_CNAHLOAD
08-03 22:35:27.625 7101 7122 D TmoMonitor: Cache monitor msg as screen_off
08-03 22:35:27.969 7101 7119 D OsUtil : hasStrictRequiredPermissions run true
08-03 22:35:27.975 7101 7101 V Mms_TXM_SVC: Creating TransactionService
08-03 22:35:27.978 7101 7101 D HwCust : Create obj success use class com.android.mms.transaction.HwCustTransactionServiceImpl
08-03 22:35:27.980 7101 7101 D HwCust : Create obj success use class com.huawei.mms.util.HwCustUpdateUserBehaviorImpl
08-03 22:35:27.980 7101 7101 D HwCust : Create obj success use class com.huawei.mms.util.HwCustHwMessageUtilsImpl
08-03 22:35:27.981 7101 7101 I Mms_TXM_SVC: onStartCommand send EVENT_NEW_INTENT. service-id 1
