08-03 22:35:27.981 7101 17202 V Mms_TXM_SVC: Handling incoming message: { when=-1ms what=5 arg1=1 obj=Intent { cmp=com.android.mms/.transaction.TransactionService } target=com.android.mms.transaction.TransactionService$ServiceHandler } = EVENT_NEW_INTENT
08-03 22:35:27.981 7101 7101 W Mms_TXM_SVC: ConnectivityBroadcastReceiver.onReceive() action: android.net.conn.CONNECTIVITY_CHANGE
08-03 22:35:27.983 7101 7101 V Mms_TXM_SVC: MSG_APP_Handle ConnectivityBroadcastReceiver.onReceive(): [type: MOBILE_MMS[], state: DISCONNECTED/DISCONNECTED, reason: (unspecified), extra: (none), failover: false, available: true, roaming: false, metered: true]
08-03 22:35:27.983 7101 7101 V Mms_TXM_SVC: TYPE_MOBILE_MMS not connected, bail
08-03 22:35:27.983 7101 7101 V Mms_TXM_SVC: retrying mms connectivity for it's available and renew = false
08-03 22:35:27.985 7101 17202 D Mms : isWifiCallingAvailable = false isImsRegistered = false
08-03 22:35:27.985 7101 17202 V HwSpecialUtils: allowMms = 1
08-03 22:35:27.985 7101 17202 V HwSpecialUtils: indexs = 1
08-03 22:35:27.986 7101 17202 D Mms : card subscription = 0 is isRoaming false
08-03 22:35:27.986 7101 17202 V HwSpecialUtils: isNetworkRoaming = false
08-03 22:35:27.987 7101 17202 D Mms : card subscription = 0 is isRoaming false
08-03 22:35:27.987 7101 17202 V Mms_TXM_SVC: networkAvailable=true
08-03 22:35:27.996 7101 17202 V Mms_TXM_SVC: onNewIntent: cursor.count=0 action=null
08-03 22:35:27.996 7101 17202 V Mms_TXM_SVC: onNewIntent: no pending messages. Stopping service.
08-03 22:35:28.003 7101 17202 V Mms_TXM_SVC: stopSelfIfIdle: STOP!
08-03 22:35:28.004 7101 7101 V Mms_TXM_SVC: Destroying TransactionService
08-03 22:35:28.005 7101 17202 V Mms_TXM_SVC: Handling incoming message: { when=-22ms what=101 arg1=-1 target=com.android.mms.transaction.TransactionService$ServiceHandler } = EVENT_STOP_SERVICE
08-03 22:35:28.005 7101 17202 V Mms_TXM_SVC: stopSelfIfIdle: STOP!
08-03 22:35:28.007 7101 17202 V Mms_TXM_SVC: Handling incoming message: { when=-1ms what=100 target=com.android.mms.transaction.TransactionService$ServiceHandler } = EVENT_QUIT
08-03 22:35:30.762 871 976 W libc : Set property "ril.hw_modem0.rssi" to "-97"
08-03 22:35:30.766 2278 2278 W libc : Set property "gsm.rssi.sim1" to "-97"
08-03 22:35:31.126 2268 2525 I chatty : uid=1000(system) Binder:2268_5 expire 1 line
08-03 22:35:31.128 752 752 I chatty : uid=1000(system) /system/bin/thermal-daemon expire 8 lines
08-03 22:35:31.607 17200 17200 I dex2oat : dex2oat took 4.762s (10.769s cpu) (threads: 4) arena alloc=210KB (215456B) java alloc=17MB (17956592B) native alloc=23MB (24412624B) free=3MB (3898928B)
08-03 22:35:32.619 1155 2219 I chatty : uid=1000(system) watchdog expire 1 line
08-03 22:35:32.820 743 2557 E : Couldn't opendir /data/app/vmdl1161098886.tmp: No such file or directory
08-03 22:35:32.821 743 2557 E installd: Failed to delete /data/app/vmdl1161098886.tmp: No such file or directory
08-03 22:35:32.830 1155 6704 I chatty : uid=1000(system) Binder:1155_16 expire 10 lines
08-03 22:35:32.856 1429 1429 E HSM : HandleInstalledPackageInfoService:second action: pkgData is null
08-03 22:35:32.901 2776 2877 I HwLauncher: SimpleAllAppsList updatePackage : package[com.google.android.apps.books] matched activity's size is 1 and data List size is 0
08-03 22:35:32.917 1155 1155 I chatty : uid=1000 system_server expire 64 lines
08-03 22:35:32.918 763 834 D dubaid : [PackageProperty.cpp] removePackage# remove uid=10101 name=com.google.android.apps.books
08-03 22:35:32.919 1155 1365 I chatty : uid=1000(system) EmcomThread expire 10 lines
08-03 22:35:32.927 1408 1408 W ContextImpl: Calling a method in the system process without a qualified user: android.app.ContextImpl.startService:1656 android.content.ContextWrapper.startService:644 android.content.ContextWrapper.startService:644 com.android.settings.applications.BlackListReceiver.onReceive:35 android.app.ActivityThread.handleReceiver:3695
08-03 22:35:32.936 2776 2877 I HwLauncher: SimpleAllAppsList findAndUpdateInfoInDB : found 0 shortcutInfo for package[com.google.android.apps.books] in db
08-03 22:35:32.936 2776 2877 I HwLauncher: SimpleAllAppsList updatePackage do not add new SimpleApplicationInfo,It's in normal now. package = com.google.android.apps.books
08-03 22:35:32.936 2776 2877 W HwLauncher: SimpleLauncherModeNobody to tell about the new app. Launcher is probably loading.
08-03 22:35:32.967 1155 1291 I chatty : uid=1000(system) InputReader expire 16 lines
08-03 22:35:32.979 1155 1168 I chatty : uid=1000(system) android.bg expire 40 lines
08-03 22:35:33.021 14502 16807 I chatty : uid=10037(u0_a37) AsyncTask #7 expire 1 line
08-03 22:35:33.027 14502 14502 I chatty : uid=10037(u0_a37) com.android.vending expire 3 lines
08-03 22:35:33.048 14502 16964 I chatty : uid=10037(u0_a37) AsyncTask #9 expire 1 line
08-03 22:35:33.054 2278 2278 D CarrierSvcBindHelper: No carrier app for: 0
08-03 22:35:33.056 2278 2278 D CarrierSvcBindHelper: No carrier app for: 1
08-03 22:35:33.058 2278 2278 D CarrierSvcBindHelper: No carrier app for: 0
08-03 22:35:33.060 2278 2278 D CarrierSvcBindHelper: No carrier app for: 1
08-03 22:35:33.086 2575 2575 I [HwRecSys]PackageRecevier: PackageReceiver
08-03 22:35:33.086 2575 2575 I [HwRecSys]PackageRecevier: action is: android.intent.action.PACKAGE_REMOVED, pkg:com.google.android.apps.books
08-03 22:35:33.087 2575 2575 E [HwRecSys]PackageRecevier: pkg is not hiboard or intelligent
08-03 22:35:33.091 2278 2278 D CarrierConfigLoader: mHandler: 9 phoneId: 0
08-03 22:35:33.165 2885 2885 D WorkSource: i1=0 i2=0 N1=0: insert 10013 com.google.android.gms
08-03 22:35:33.165 2885 2885 D WorkSource: Insert in WorkSource{} @ 0 uid 10013 name com.google.android.gms
08-03 22:35:33.173 2885 4424 D WorkSource: i1=1 i2=0 N1=1: insert 10101 com.google.android.apps.books
08-03 22:35:33.173 2885 4424 D WorkSource: Insert in WorkSource{10013 com.google.android.gms} @ 1 uid 10101 name com.google.android.apps.books
08-03 22:35:33.174 1155 3079 I chatty : uid=1000(system) Binder:1155_10 expire 1 line
08-03 22:35:33.179 14936 14936 W ContextImpl: Calling a method in the system process without a qualified user: android.app.ContextImpl.startService:1656 android.content.ContextWrapper.startService:644 android.content.ContextWrapper.startService:644 com.huawei.systemmanager.antivirus.utils.AntiVirusTools.deleteVirusApk:632 com.huawei.systemmanager.antivirus.AntiVirusReceiver.handlerPackageRemoved:52
08-03 22:35:33.202 14936 15775 W ContextImpl: Calling a method in the system process without a qualified user: android.app.ContextImpl.startService:1656 android.content.ContextWrapper.startService:644 com.huawei.systemmanager.spacecleanner.receiver.SpaceCleanReceiver.checkRarelyUsedApp:87 com.huawei.systemmanager.spacecleanner.receiver.SpaceCleanReceiver.doInBackground:39 java.lang.reflect.Method.invoke:-2
08-03 22:35:33.204 2255 2255 I AppUninstallReceiver: replaced = true dataRemoved = false
08-03 22:35:33.207 1429 1429 E HSM : AppCleanUpService:msg is 1
08-03 22:35:33.208 14502 14502 I chatty : uid=10037(u0_a37) com.android.vending expire 1 line
08-03 22:35:33.210 14502 14591 I chatty : uid=10037(u0_a37) PackageInstalle expire 1 line
08-03 22:35:33.222 2885 4142 D WorkSource: i1=0 i2=0 N1=1: insert 10013 com.google.android.gms
08-03 22:35:33.222 2885 4142 D WorkSource: Insert in WorkSource{10101 com.google.android.apps.books} @ 0 uid 10013 name com.google.android.gms
08-03 22:35:33.235 14502 14502 I chatty : uid=10037(u0_a37) com.android.vending expire 13 lines
08-03 22:35:33.316 2885 2898 I zygote64: Background concurrent copying GC freed 269155(11MB) AllocSpace objects, 14(344KB) LOS objects, 51% free, 11MB/23MB, paused 595us total 166.250ms
08-03 22:35:33.358 1408 1408 W ContextImpl: Calling a method in the system process without a qualified user: android.app.ContextImpl.startService:1656 android.content.ContextWrapper.startService:644 android.content.ContextWrapper.startService:644 com.android.settings.applications.BlackListReceiver.onReceive:35 android.app.ActivityThread.handleReceiver:3695
08-03 22:35:33.385 1155 2346 I chatty : uid=1000(system) Binder:1155_B expire 1 line
08-03 22:35:33.422 2635 2635 I Wear_Controller: Wear requires a companion app to be installed.
08-03 22:35:33.422 2635 2635 I WearableService: onCreate: Wearable Services not starting. Wear is not available on this device.
08-03 22:35:33.433 2635 3543 W WearableService: onGetService: Wear is not available on this device.
08-03 22:35:33.469 2575 2575 I [HwRecSys]PackageRecevier: PackageReceiver
08-03 22:35:33.470 2575 2575 I [HwRecSys]PackageRecevier: action is: android.intent.action.PACKAGE_ADDED, pkg:com.google.android.apps.books
08-03 22:35:33.475 2885 17217 I Auth : [SupervisedAccountIntentOperation] onHandleIntent(): android.intent.action.PACKAGE_ADDED
08-03 22:35:33.475 2885 17217 I Auth : [SupervisedAccountIntentOperation] This operation is disabled
08-03 22:35:33.476 2575 2575 E [HwRecSys]PackageRecevier: pkg is not hiboard or intelligent
08-03 22:35:33.486 2885 17222 I ChromeSync: [Sync,SyncIntentOperation] Handling the intent: Intent { act=android.intent.action.PACKAGE_ADDED dat=package:com.google.android.apps.books flg=0x4000010 cmp=com.google.android.gms/.chimera.GmsIntentOperationService (has extras) }.
08-03 22:35:33.538 1155 1287 I chatty : uid=1000(system) sManagerService expire 13 lines
08-03 22:35:33.542 1155 1155 I chatty : uid=1000 system_server expire 1 line
08-03 22:35:33.544 1495 1495 I chatty : uid=10040(u0_a40) com.android.systemui expire 149 lines
08-03 22:35:33.548 1155 1750 I chatty : uid=1000(system) Binder:1155_8 expire 2 lines
08-03 22:35:33.593 2885 2885 D WorkSource: i1=0 i2=0 N1=0: insert 10013 com.google.android.gms
08-03 22:35:33.594 2885 2885 D WorkSource: Insert in WorkSource{} @ 0 uid 10013 name com.google.android.gms
08-03 22:35:33.598 2885 4424 D WorkSource: i1=1 i2=0 N1=1: insert 10101 com.google.android.apps.books
08-03 22:35:33.598 2885 4424 D WorkSource: Insert in WorkSource{10013 com.google.android.gms} @ 1 uid 10101 name com.google.android.apps.books
08-03 22:35:33.599 1155 16580 I chatty : uid=1000(system) Binder:1155_1D expire 1 line
08-03 22:35:33.601 1155 6503 I chatty : uid=1000(system) Binder:1155_14 expire 1 line
08-03 22:35:33.603 1155 1467 I chatty : uid=1000(system) Binder:1155_4 expire 3 lines
08-03 22:35:33.611 2885 15450 I Icing : updateResources: need to parse xzh{com.google.android.apps.books}
08-03 22:35:33.622 1155 1155 I chatty : uid=1000 system_server expire 2 lines
08-03 22:35:33.625 1155 13498 I chatty : uid=1000(system) Binder:1155_1B expire 5 lines
08-03 22:35:33.641 1155 6503 I chatty : uid=1000(system) Binder:1155_14 expire 9 lines
08-03 22:35:33.653 2885 4931 D WorkSource: i1=0 i2=0 N1=1: insert 10013 com.google.android.gms
08-03 22:35:33.653 2885 4931 D WorkSource: Insert in WorkSource{10101 com.google.android.apps.books} @ 0 uid 10013 name com.google.android.gms
08-03 22:35:33.658 2885 4424 I Icing : IndexChimeraService.getServiceInterface callingPackage=com.google.android.gms componentName=AppsCorpus serviceId=36
08-03 22:35:33.660 2885 4906 I Icing : IndexChimeraService.getServiceInterface callingPackage=com.google.android.gms componentName=AppsCorpus serviceId=32
08-03 22:35:33.661 14936 14936 W ContextImpl: Calling a method in the system process without a qualified user: android.app.ContextImpl.startService:1656 android.content.ContextWrapper.startService:644 android.content.ContextWrapper.startService:644 com.huawei.systemmanager.antivirus.utils.AntiVirusTools.checkVirusForNewInstalledApk:620 com.huawei.systemmanager.antivirus.AntiVirusReceiver.onReceive:36
08-03 22:35:33.702 14936 15771 E HSM : SecurityBroadcastReceiver:SecurityBroadcastReceiver the rainbow is not enabled!
08-03 22:35:33.708 14936 15770 W ContextImpl: Calling a method in the system process without a qualified user: android.app.ContextImpl.startService:1656 android.content.ContextWrapper.startService:644 com.huawei.systemmanager.spacecleanner.receiver.SpaceCleanReceiver.checkRarelyUsedApp:87 com.huawei.systemmanager.spacecleanner.receiver.SpaceCleanReceiver.doInBackground:39 java.lang.reflect.Method.invoke:-2
08-03 22:35:33.712 1429 1429 E HSM : AppCleanUpService:msg is 0
08-03 22:35:33.716 1155 2799 I chatty : uid=1000(system) Binder:1155_E expire 10 lines
08-03 22:35:33.718 1155 1171 I chatty : uid=1000(system) ActivityManager expire 10 lines
08-03 22:35:33.739 1429 8741 E SQLiteDatabase: Error inserting UNIQUE constraint failed: unifiedpowerapps.pkg_name (Sqlite code 1555), (OS error - 2:No such file or directory)
08-03 22:35:33.741 1155 1467 I chatty : uid=1000(system) Binder:1155_4 expire 10 lines
08-03 22:35:33.758 2885 15450 I Icing : Usage reports ok 0, Failed Usage reports 0, indexed 0, rejected 0, imm upload false
08-03 22:35:33.779 1155 1423 I chatty : uid=1000(system) Binder:1155_3 expire 12 lines
08-03 22:35:33.790 2885 15450 I Icing : Usage reports ok 0, Failed Usage reports 0, indexed 0, rejected 0, imm upload false
08-03 22:35:33.795 1408 1408 W ContextImpl: Calling a method in the system process without a qualified user: android.app.ContextImpl.startService:1656 android.content.ContextWrapper.startService:644 android.content.ContextWrapper.startService:644 com.android.settings.applications.BlackListReceiver.onReceive:35 android.app.ActivityThread.handleReceiver:3695
08-03 22:35:33.803 1155 6320 I chatty : uid=1000(system) Binder:1155_13 expire 2 lines
08-03 22:35:33.815 2635 3339 W WearableService: onGetService: Wear is not available on this device.
08-03 22:35:33.823 14502 14502 W Finsky : [1] com.google.android.finsky.wear.dx.run(8): Dropping command=auto_install due to Gms not connected
08-03 22:35:33.824 14502 14502 I Finsky : [1] com.google.android.finsky.wear.WearSupportService.b(41): Stopping WearSupportService
08-03 22:35:33.830 14502 14502 I Finsky : [1] com.google.android.finsky.p2p.d.a(2): Wrote row to frosting DB: 1311
08-03 22:35:33.852 2776 2776 I HwLauncher: Model onPackageChanged packageName = com.google.android.apps.books user = UserHandle{0}
08-03 22:35:33.853 2776 2776 I HwLauncher: PowerSaveLauncherModel onPackageChanged packageName = com.google.android.apps.books user = UserHandle{0}
08-03 22:35:33.853 2776 2776 E HwLauncher: PowerSaveLauncherModel onPackageChanged: not inPowerSaveLauncher
08-03 22:35:33.853 2776 2776 I HwLauncher: StreetModeLauncherModel onPackageChanged packageName = com.google.android.apps.books user = UserHandle{0}
08-03 22:35:33.853 2776 2776 E HwLauncher: StreetModeLauncherModel onPackageChanged: not inStreetModeLauncher
08-03 22:35:33.855 2776 2867 I HwLauncher: AllIdleAppsList updatePackage : package[com.google.android.apps.books] matched activity's size is 1 and data List size is 141
08-03 22:35:33.869 2575 2575 I [HwRecSys]PackageRecevier: PackageReceiver
08-03 22:35:33.869 2575 2575 I [HwRecSys]PackageRecevier: action is: android.intent.action.PACKAGE_REPLACED, pkg:com.google.android.apps.books
08-03 22:35:33.869 2575 2575 E [HwRecSys]SystemUtil: operate: 1, pkg: com.google.android.apps.books, has record!
08-03 22:35:33.869 2575 2575 E [HwRecSys]PackageRecevier: pkg is not hiboard or intelligent
08-03 22:35:33.905 2885 4424 D WorkSource: i1=1 i2=0 N1=1: insert 10101 com.google.android.apps.books
08-03 22:35:33.905 2885 4424 D WorkSource: Insert in WorkSource{10013 com.google.android.gms} @ 1 uid 10101 name com.google.android.apps.books
08-03 22:35:33.913 1155 16580 I chatty : uid=1000(system) Binder:1155_1D expire 2 lines
08-03 22:35:33.935 17236 17236 I : power log dlsym ok
08-03 22:35:33.941 17236 17236 I zygote64: Reinit property: dalvik.vm.checkjni= false
08-03 22:35:33.957 17236 17236 D ActivityThread: ActivityThread,attachApplication
08-03 22:35:33.958 1155 3079 I chatty : uid=1000(system) Binder:1155_10 expire 1 line
08-03 22:35:33.966 480 17250 W libc : Set property "hw.wifi.dns_stat" to "309,10,5022,1,14841"
08-03 22:35:33.972 406 406 W /system/bin/hwservicemanager: Cannot open /odm/manifest.xml
08-03 22:35:33.980 2268 2386 I chatty : uid=1000(system) core expire 14 lines
08-03 22:35:33.980 2885 4424 I Icing : IndexChimeraService.getServiceInterface callingPackage=com.google.android.gms componentName=AppsCorpus serviceId=36
08-03 22:35:33.981 2885 4906 I Icing : IndexChimeraService.getServiceInterface callingPackage=com.google.android.gms componentName=AppsCorpus serviceId=32
08-03 22:35:33.995 2635 3630 D WorkSource: Insert in WorkSource{} @ 0 uid 10013 name com.google.android.gms
08-03 22:35:34.004 406 406 W /system/bin/hwservicemanager: Cannot open /odm/manifest.xml
08-03 22:35:34.007 638 638 I chatty : uid=1000(system) allocator@2.0-s expire 10 lines
08-03 22:35:34.007 17236 17236 D HwFLClassLoader: get used feature list :/feature/used-list failed!
08-03 22:35:34.007 17236 17236 D HwFLClassLoader: USE_FEATURE_LIST had not init!
08-03 22:35:34.008 2885 15450 I Icing : Usage reports ok 0, Failed Usage reports 0, indexed 0, rejected 0, imm upload false
08-03 22:35:34.026 2885 15450 I Icing : Usage reports ok 0, Failed Usage reports 0, indexed 0, rejected 0, imm upload false
08-03 22:35:34.035 17236 17236 I MultiDex: VM with version 2.1.0 has multidex support
08-03 22:35:34.035 17236 17236 I MultiDex: install
08-03 22:35:34.035 17236 17236 I MultiDex: VM has multidex support, MultiDex support library is disabled.
08-03 22:35:34.107 17236 17236 I GAv4 : Google Analytics 11.7.17 is starting up. To enable debug logging on a device run:
08-03 22:35:34.107 17236 17236 I GAv4 : adb shell setprop log.tag.GAv4 DEBUG
08-03 22:35:34.107 17236 17236 I GAv4 : adb logcat -s GAv4
08-03 22:35:34.113 14502 14502 I Finsky : [1] com.google.android.finsky.installer.a.bg.onPostExecute(73): Downloading patch for com.developstudios.casio (adid: com.developstudios.casio , isid: FqnFSApIQdaV3nrwY8Rv9A)
08-03 22:35:34.114 14502 14502 I Finsky : [1] com.google.android.finsky.download.e.b(52): Duplicate state set for 'com.developstudios.casio' (0). Already in that state
08-03 22:35:34.114 14502 14502 I Finsky : [1] com.google.android.finsky.download.n.a(22): Download com.developstudios.casio added to DownloadQueue
08-03 22:35:34.119 14502 14502 I Finsky : [1] com.google.android.finsky.download.e.b(54): com.developstudios.casio from 0 to 1.
08-03 22:35:34.130 14502 14502 I Finsky : [1] com.google.android.finsky.download.w.a(18): Download com.developstudios.casio starting
08-03 22:35:34.132 17236 17259 W GAv4 : CampaignTrackingReceiver is not registered, not exported or is disabled. Installation campaign tracking is not possible. See http://goo.gl/8Rd3yj for instructions.
08-03 22:35:34.151 17236 17236 E MemoryLeakMonitorManager: MemoryLeakMonitor.jar is not exist!
08-03 22:35:34.157 1155 6704 I chatty : uid=1000(system) Binder:1155_16 expire 6 lines
08-03 22:35:34.169 14502 14502 I Finsky : [1] com.google.android.finsky.download.u.onPostExecute(6): Enqueued com.developstudios.casio as content://downloads/my_downloads/1413
08-03 22:35:34.170 14502 14502 I Finsky : [1] com.google.android.finsky.download.e.b(54): com.developstudios.casio from 1 to 2.
08-03 22:35:34.171 14502 14502 I Finsky : [1] com.google.android.finsky.download.n.h(88): com.developstudios.casio: onStart
08-03 22:35:34.175 1155 1155 I chatty : uid=1000 system_server expire 13 lines
08-03 22:35:34.185 14502 14502 I Finsky : [1] com.google.android.finsky.download.n.a(76): com.developstudios.casio: onProgress 0/-1 Status: 190 URI: content://downloads/my_downloads/1413.
08-03 22:35:34.189 2606 2606 D HwCust : Create obj success use class com.android.providers.downloads.HwCustDownloadThreadImpl
08-03 22:35:34.198 2606 17264 D DownloadManager: [1413] Starting
08-03 22:35:34.200 17236 17236 I BooksApp: Created application version: 4.3.7_RC06.207106774 (61494)
08-03 22:35:34.203 17236 17262 I PrimesTesting: GserviceFlagsSupplier.get()
08-03 22:35:34.212 2606 3643 E NotificationManager: notifyAsUser: tag=1:com.android.vending, id=0, user=UserHandle{0}
08-03 22:35:34.217 17236 17236 E Minikin : Could not get cmap table size!
08-03 22:35:34.219 14502 14502 I Finsky : [1] com.google.android.finsky.download.n.a(76): com.developstudios.casio: onProgress 0/-1 Status: 192 URI: content://downloads/my_downloads/1413.
08-03 22:35:34.228 2606 17264 D NetworkSecurityConfig: No Network Security Config specified, using platform default
08-03 22:35:34.490 2606 3643 E NotificationManager: notifyAsUser: tag=1:com.android.vending, id=0, user=UserHandle{0}
08-03 22:35:34.497 2606 17264 I DownloadManager: file:/data/user/0/com.android.providers.downloads/files/downloadfile.bin is exist, create destFileObserver
08-03 22:35:34.497 2606 17264 D DownloadManager: enter DestFileChangeObServer begin:
08-03 22:35:34.509 92 92 W kworker/u16:1: type=1400 audit(0.0:16437): avc: denied { dac_override } for capability=1 scontext=u:r:kernel:s0 tcontext=u:r:kernel:s0 tclass=capability permissive=0
08-03 22:35:34.537 2606 3643 E NotificationManager: notifyAsUser: tag=1:com.android.vending, id=0, user=UserHandle{0}
08-03 22:35:34.564 480 617 W SocketListener: sending broadcast to Pid = 1155, Uid = 1000
08-03 22:35:34.566 1155 1313 I chatty : uid=1000(system) NetdConnector expire 12 lines
08-03 22:35:34.571 1155 1178 I chatty : uid=1000(system) android.fg expire 2 lines
08-03 22:35:34.580 1155 1314 I chatty : uid=1000(system) NetworkStats expire 10 lines
08-03 22:35:34.593 1155 1319 I chatty : uid=1000(system) HwWifiStatStore expire 13 lines
08-03 22:35:34.609 92 92 W kworker/u16:1: type=1400 audit(0.0:16438): avc: denied { dac_override } for capability=1 scontext=u:r:kernel:s0 tcontext=u:r:kernel:s0 tclass=capability permissive=0
08-03 22:35:34.804 2885 4142 I Icing : Indexing com.google.android.gms-apps from com.google.android.gms
08-03 22:35:34.958 2885 4142 I Icing : Indexing done com.google.android.gms-apps
08-03 22:35:34.960 2885 4142 I Icing : Indexing com.google.android.gms-internal.3p:MobileApplication from com.google.android.gms
08-03 22:35:34.976 2885 4142 I Icing : Indexing com.google.android.gms-internal.3p:MusicGroup from com.google.android.gms
08-03 22:35:34.987 2885 4142 I Icing : Indexing com.google.android.gms-internal.3p:Contact_no_gsa from com.google.android.gms
08-03 22:35:34.998 2885 4142 I Icing : Indexing com.google.android.gms-internal.3p:DigitalDocument from com.google.android.gms
08-03 22:35:35.010 2885 4142 I Icing : Indexing com.google.android.gms-internal.3p:Message from com.google.android.gms
08-03 22:35:35.024 2885 4142 I Icing : Indexing com.google.android.gms-internal.3p:Event from com.google.android.gms
08-03 22:35:35.039 2885 4142 I Icing : Indexing com.google.android.gms-internal.3p:Photograph from com.google.android.gms
08-03 22:35:35.048 2885 4142 I Icing : Indexing com.google.android.gms-internal.3p:MusicRecording from com.google.android.gms
08-03 22:35:35.061 2885 4142 I Icing : Indexing done com.google.android.gms-internal.3p:MobileApplication
08-03 22:35:35.065 2885 4142 I Icing : Indexing done com.google.android.gms-internal.3p:MusicGroup
08-03 22:35:35.070 2885 4142 I Icing : Indexing done com.google.android.gms-internal.3p:Contact_no_gsa
08-03 22:35:35.074 2885 4142 I Icing : Indexing done com.google.android.gms-internal.3p:DigitalDocument
08-03 22:35:35.079 2885 4142 I Icing : Indexing done com.google.android.gms-internal.3p:Message
08-03 22:35:35.084 2885 4142 I Icing : Indexing done com.google.android.gms-internal.3p:Event
08-03 22:35:35.088 2885 4142 I Icing : Indexing done com.google.android.gms-internal.3p:Photograph
08-03 22:35:35.092 2885 4142 I Icing : Indexing done com.google.android.gms-internal.3p:MusicRecording
08-03 22:35:35.093 2885 4142 I Icing : Indexing com.google.android.gms-apps from com.google.android.gms
08-03 22:35:35.094 2885 4142 I Icing : Indexing done com.google.android.gms-apps
08-03 22:35:35.096 2885 4142 I Icing : Indexing com.google.android.gms-internal.3p:MobileApplication from com.google.android.gms
08-03 22:35:35.099 2885 4142 I Icing : Indexing done com.google.android.gms-internal.3p:MobileApplication
08-03 22:35:35.107 2885 4142 I Icing : Indexing com.google.android.gms-internal.3p:MusicGroup from com.google.android.gms
08-03 22:35:35.110 2885 4142 I Icing : Indexing done com.google.android.gms-internal.3p:MusicGroup
08-03 22:35:35.116 2885 4142 I Icing : Indexing com.google.android.gms-internal.3p:Contact_no_gsa from com.google.android.gms
08-03 22:35:35.119 2885 4142 I Icing : Indexing done com.google.android.gms-internal.3p:Contact_no_gsa
08-03 22:35:35.132 2885 4142 I Icing : Indexing com.google.android.gms-internal.3p:DigitalDocument from com.google.android.gms
08-03 22:35:35.136 2885 4142 I Icing : Indexing done com.google.android.gms-internal.3p:DigitalDocument
08-03 22:35:35.139 2885 4142 I Icing : Indexing com.google.android.gms-internal.3p:Message from com.google.android.gms
08-03 22:35:35.144 2885 4142 I Icing : Indexing done com.google.android.gms-internal.3p:Message
08-03 22:35:35.148 2885 4142 I Icing : Indexing com.google.android.gms-internal.3p:Event from com.google.android.gms
08-03 22:35:35.153 2885 4142 I Icing : Indexing done com.google.android.gms-internal.3p:Event
08-03 22:35:35.154 2885 4142 I Icing : Indexing com.google.android.gms-internal.3p:Photograph from com.google.android.gms
08-03 22:35:35.159 2885 4142 I Icing : Indexing done com.google.android.gms-internal.3p:Photograph
08-03 22:35:35.162 2885 4142 I Icing : Indexing com.google.android.gms-internal.3p:MusicRecording from com.google.android.gms
08-03 22:35:35.166 2885 4142 I Icing : Indexing done com.google.android.gms-internal.3p:MusicRecording
08-03 22:35:35.227 1155 1750 I chatty : uid=1000(system) Binder:1155_8 expire 8 lines
08-03 22:35:35.488 753 753 E wificond: Failed to get NL80211_RATE_INFO_NOISE
08-03 22:35:35.489 753 753 E wificond: Failed to get NL80211_RATE_INFO_SNR
08-03 22:35:35.489 753 753 E wificond: Failed to get NL80211_STA_INFO_CNAHLOAD
08-03 22:35:35.489 1155 1318 I chatty : uid=1000(system) WifiStateMachin expire 10 lines
08-03 22:35:35.491 753 753 E wificond: Failed to get NL80211_RATE_INFO_NOISE
08-03 22:35:35.491 753 753 E wificond: Failed to get NL80211_RATE_INFO_SNR
08-03 22:35:35.491 753 753 E wificond: Failed to get NL80211_STA_INFO_CNAHLOAD
08-03 22:35:35.491 1155 1385 I chatty : uid=1000(system) HuaweiWifiWatch expire 37 lines
08-03 22:35:36.095 2606 5958 D DownloadManager: enter DestFileChangeObServer::event(event:8000 mode:0 file:null)
08-03 22:35:36.131 2268 2296 I chatty : uid=1000(system) Binder:2268_1 expire 6 lines
08-03 22:35:36.209 92 92 W kworker/u16:1: type=1400 audit(0.0:16439): avc: denied { dac_override } for capability=1 scontext=u:r:kernel:s0 tcontext=u:r:kernel:s0 tclass=capability permissive=0
08-03 22:35:36.236 2606 17264 D DownloadManager: [1413] Finished with status SUCCESS
08-03 22:35:36.248 2606 3643 E NotificationManager: notifyAsUser: tag=1:com.android.vending, id=0, user=UserHandle{0}
08-03 22:35:36.255 14502 14502 I Finsky : [1] com.google.android.finsky.download.n.a(76): com.developstudios.casio: onProgress 11805693/11805693 Status: 200 URI: content://downloads/my_downloads/1413.
08-03 22:35:36.257 2606 17264 W DownloadDrmHelper: AfterDownload get mimetype is:application/vnd.android.package-delta
08-03 22:35:36.265 14502 14502 I Finsky : [1] com.google.android.finsky.download.DownloadBroadcastReceiver.a(2): Intent received at DownloadBroadcastReceiver
08-03 22:35:36.277 13574 13574 W Isotope : UID: [10037] PID: [13574] DownloadDataStoreImpl : No matching entry found, returning null.
08-03 22:35:36.277 13574 13574 I Isotope : UID: [10037] PID: [13574] DownloadDataStoreImpl : no data for downloadId 1413
08-03 22:35:36.277 13574 13574 I Finsky : [1] com.google.android.finsky.instantapps.dna.ArchiveDownloadBroadcastReceiver.onReceive(7): Skipping download id 1413, not a prefetch
08-03 22:35:36.287 14502 14502 I Finsky : [1] com.google.android.finsky.download.e.b(54): com.developstudios.casio from 2 to 3.
08-03 22:35:36.287 14502 14502 I Finsky : [1] com.google.android.finsky.download.n.f(83): com.developstudios.casio: onComplete
08-03 22:35:36.288 14502 14502 I Finsky : [1] com.google.android.finsky.download.n.i(90): Download com.developstudios.casio removed from DownloadQueue
08-03 22:35:36.296 14502 14502 I Finsky : [1] com.google.android.finsky.installer.a.ax.b(288): Prepare to patch com.developstudios.casio (adid: com.developstudios.casio , isid: FqnFSApIQdaV3nrwY8Rv9A) from content://downloads/my_downloads/1413 format 5
08-03 22:35:36.325 14502 16964 I Finsky : [282] com.google.android.finsky.apkprocessor.d.a(2): APK integrity will be verified using [SHA-256] method
08-03 22:35:38.972 2255 2277 E HsmCoreServiceImpl: onTransact in code is: 102
08-03 22:35:38.972 2255 2277 I MediaProcessHandler: processOp opType: 1, uid: 10009, pid: 15804
08-03 22:35:38.972 2255 2277 W MediaProcessHandler: remove target not exist, maybe the UI process: uid: 10009, pid: 15804
08-03 22:35:38.972 2255 2277 I MediaProcessHandler: executedCallBack opType: 1 mMediaStatusObservers.size=0
08-03 22:35:39.472 645 944 I audio_hw_primary: usb_ext_get_parameters: check show hires (false)
08-03 22:35:39.472 710 16958 I hash_map_utils: key: 'typec_need_show_hires' value: ''
08-03 22:35:39.853 2268 3686 I chatty : uid=1000(system) traffic stats expire 12 lines
08-03 22:35:43.290 871 973 W libc : Set property "persist.radio.nitz_hw_name" to "true"
08-03 22:35:43.297 871 973 W libc : Set property "ril.balong_cid" to "4504512"
08-03 22:35:43.313 871 973 W libc : Set property "ril.balong_cid" to "4504512"
08-03 22:35:43.341 871 973 W libc : Set property "persist.radio.nitz_hw_name" to "true"
08-03 22:35:43.348 871 973 W libc : Set property "ril.balong_cid" to "4504512"
08-03 22:35:43.363 871 973 W libc : Set property "ril.balong_cid" to "4504512"
08-03 22:35:43.408 2278 2278 W SettingsEx: SettingsEx.Systemex.getString deprecated use Settings.System.getString instead ;callers=com.android.internal.telephony.gsm.HwCustGsmServiceStateManagerImpl.isMccForShowNetname:211 com.android.internal.telephony.gsm.HwCustGsmServiceStateManagerImpl.isShowNetnameByMcc:202 com.android.internal.telephony.gsm.HwCustGsmServiceStateManagerImpl.setOnsDisplayCustomization:153
08-03 22:35:43.410 2278 2278 W libc : Set property "gsm.operator.alpha" to "Tele2,Beeline"
08-03 22:35:43.412 2278 2278 W libc : Set property "gsm.operator.alpha" to "Tele2,Beeline"
08-03 22:35:43.414 2278 2278 W libc : Set property "gsm.operator.numeric" to "25020,25099"
08-03 22:35:43.415 2278 2278 W libc : Set property "gsm.operator.iso-country" to "ru,ru"
08-03 22:35:43.418 2278 2278 W libc : Set property "gsm.operator.isroaming" to "false,false"
08-03 22:35:43.421 1155 1155 I chatty : uid=1000 system_server expire 93 lines
08-03 22:35:43.429 2739 2739 I SUPL20_LocMan: onServiceStateChanged ServiceState.STATE_IN_SERVICE
08-03 22:35:43.440 2739 17275 D TelephonyManager: getCellLocation calling app is com.android.supl
08-03 22:35:43.450 7101 7101 V DownloadManager: Service state changed: Bundle[mParcelledData.dataSize=1232]
08-03 22:35:43.451 7101 7101 V DownloadManager: roaming ------> false
08-03 22:35:43.451 7101 7101 V DownloadManager: auto download without roaming -> true
08-03 22:35:43.451 7101 7101 V DownloadManager: auto download during roaming -> false
08-03 22:35:43.451 7101 7101 V DownloadManager: mAutoDownload ------> true
08-03 22:35:43.452 2278 2278 D ServiceStateProvider: subId=0
08-03 22:35:43.455 7101 7101 D Mms_TX_ServiceStateChangeReceiver: action: ACTION_SERVICE_STATE_CHANGED, serviceState = 0
08-03 22:35:43.456 7101 7101 E Mms_TXM_SVC: isSecondaryUser() start
08-03 22:35:43.456 2278 2455 W PhoneInterfaceManager: shouldBlockLocation running ...
08-03 22:35:43.456 7101 7101 E Mms_TXM_SVC: isSecondaryUser() end
08-03 22:35:43.456 7101 7101 E Mms_TXM_SVC: removeCallbacksAndMessages start
08-03 22:35:43.456 7101 7101 E Mms_TXM_SVC: removeCallbacksAndMessages end
08-03 22:35:43.456 2278 2455 I PhoneInterfaceManager: shouldBlockLocation ret:false
08-03 22:35:43.456 7101 7101 E Mms_TXM_SVC: startService end
08-03 22:35:43.462 2739 17275 I SUPL20_LocMan: tm.getCellLocation() returned non-null
08-03 22:35:43.475 2739 17275 I SUPL20_LocMan: Phone type:GSM
08-03 22:35:43.477 1155 1383 I chatty : uid=1000(system) HwIntelligenceS expire 12 lines
08-03 22:35:43.478 2278 2484 W PhoneInterfaceManager: shouldBlockLocation running ...
08-03 22:35:43.478 2278 2484 I PhoneInterfaceManager: shouldBlockLocation ret:false
08-03 22:35:43.482 2739 17275 I SUPL20_LocMan: Network Op Mnc= 20 MCC = 250
08-03 22:35:43.482 2739 17275 I SUPL20_LocMan: cellInfo NetworkType:UMTS,3
08-03 22:35:43.482 2739 17275 I SUPL20_LocMan: Network type is 3G, type is 3
08-03 22:35:43.496 647 647 D HISUPL_ADAPTER: platform_service send data to server
08-03 22:35:43.496 647 647 D HISUPL_ADAPTER: size:74
08-03 22:35:43.497 2739 3047 I SUPLHIDL: suplPlatformServiceSend2server send.
08-03 22:35:43.497 2739 3047 I SUPL20_SPIMESLP-SENDING: bBrokenPipe = false
08-03 22:35:43.502 2739 2739 I SUPL20_LocMan: onCellLocationChanged network type:3
08-03 22:35:43.503 753 753 E wificond: Failed to get NL80211_RATE_INFO_NOISE
08-03 22:35:43.503 753 753 E wificond: Failed to get NL80211_RATE_INFO_SNR
08-03 22:35:43.503 753 753 E wificond: Failed to get NL80211_STA_INFO_CNAHLOAD
08-03 22:35:43.504 2278 2278 D Telephony-TelecomAccountRegistry: onServiceStateChanged0 newState : 0, mServiceState : 0
08-03 22:35:43.506 753 753 E wificond: Failed to get NL80211_RATE_INFO_NOISE
08-03 22:35:43.506 753 753 E wificond: Failed to get NL80211_RATE_INFO_SNR
08-03 22:35:43.506 753 753 E wificond: Failed to get NL80211_STA_INFO_CNAHLOAD
08-03 22:35:43.507 1429 1667 I HwNetworkPolicyManager: forceUpdatePolicy isRoaming = false
08-03 22:35:43.508 2278 2278 D ManualLostSignal: onReceive in service
08-03 22:35:43.512 2278 2278 W libc : Set property "gsm.hw.operator.numeric.old" to "25020"
08-03 22:35:43.513 2739 2739 I SUPL20_LocMan: Phone type:GSM
08-03 22:35:43.514 2278 2278 W libc : Set property "gsm.hw.operator.iso-country" to "ru"
08-03 22:35:43.515 2739 2739 I SUPL20_LocMan: Network Op Mnc= 20 MCC = 250
08-03 22:35:43.515 2739 2739 I SUPL20_LocMan: cellInfo NetworkType:UMTS,3
08-03 22:35:43.515 2739 2739 I SUPL20_LocMan: Network type is 3G, type is 3
08-03 22:35:43.516 2278 2278 W libc : Set property "gsm.hw.operator.numeric" to "25020"
08-03 22:35:43.518 2278 2278 W libc : Set property "gsm.hw.operator.isroaming" to "false"
08-03 22:35:43.521 2278 2278 I PhoneApp: onReceive,action = android.intent.action.SERVICE_STATE
08-03 22:35:43.524 1155 3418 I chatty : uid=1000(system) wifipro_uid_tcp expire 11 lines
08-03 22:35:43.524 2278 2278 D HwCustPhoneGlobalsImpl: full network is false old serivce state is 0 new service state is 0 subid is 0 hasNotification is false
08-03 22:35:43.524 1155 1380 I chatty : uid=1000(system) WifiProStateMac expire 10 lines
08-03 22:35:43.526 647 647 D HISUPL_ADAPTER: platform_service send data to server
08-03 22:35:43.526 647 647 D HISUPL_ADAPTER: size:74
08-03 22:35:43.527 2739 3047 I SUPLHIDL: suplPlatformServiceSend2server send.
08-03 22:35:43.527 2739 3047 I SUPL20_SPIMESLP-SENDING: bBrokenPipe = false
08-03 22:35:44.238 14502 14556 I Finsky : [231] com.google.android.finsky.contentfilterui.m.a(6): Received content filters request from com.google.android.apps.books
08-03 22:35:44.257 2635 2635 W ChimeraUtils: Non Chimera context
08-03 22:35:44.257 2635 2635 W ChimeraUtils: Non Chimera context
08-03 22:35:44.551 480 617 W SocketListener: sending broadcast to Pid = 1155, Uid = 1000
08-03 22:35:46.056 14502 16964 I Finsky : [282] com.google.android.finsky.apkprocessor.l.a(32): Patch apply task for com.developstudios.casio (com.developstudios.casio) (format 5) completed in 9757 ms
08-03 22:35:46.060 14502 16964 W com.google.common.io.i: IOException thrown while closing Closeable.
08-03 22:35:46.060 14502 16964 W com.google.common.io.i: java.io.IOException: write failed: EBADF (Bad file descriptor)
08-03 22:35:46.060 14502 16964 W com.google.common.io.i: at libcore.io.IoBridge.write(IoBridge.java:558)
08-03 22:35:46.060 14502 16964 W com.google.common.io.i: at android.os.FileBridge$FileBridgeOutputStream.writeCommandAndBlock(FileBridge.java:167)
08-03 22:35:46.060 14502 16964 W com.google.common.io.i: at android.os.FileBridge$FileBridgeOutputStream.close(FileBridge.java:154)
08-03 22:35:46.060 14502 16964 W com.google.common.io.i: at java.io.FilterOutputStream.close(FilterOutputStream.java:159)
08-03 22:35:46.060 14502 16964 W com.google.common.io.i: at com.google.common.io.i.a(SourceFile:3)
08-03 22:35:46.060 14502 16964 W com.google.common.io.i: at com.google.android.finsky.apkprocessor.l.a(SourceFile:35)
08-03 22:35:46.060 14502 16964 W com.google.common.io.i: at com.google.android.finsky.apkprocessor.l.doInBackground(SourceFile:2)
08-03 22:35:46.060 14502 16964 W com.google.common.io.i: at android.os.AsyncTask$2.call(AsyncTask.java:345)
08-03 22:35:46.060 14502 16964 W com.google.common.io.i: at java.util.concurrent.FutureTask.run(FutureTask.java:266)
08-03 22:35:46.060 14502 16964 W com.google.common.io.i: at java.util.concurrent.ThreadPoolExecutor.runWorker(ThreadPoolExecutor.java:1162)
08-03 22:35:46.060 14502 16964 W com.google.common.io.i: at java.util.concurrent.ThreadPoolExecutor$Worker.run(ThreadPoolExecutor.java:636)
08-03 22:35:46.060 14502 16964 W com.google.common.io.i: at java.lang.Thread.run(Thread.java:784)
08-03 22:35:46.060 14502 16964 W com.google.common.io.i: Caused by: android.system.ErrnoException: write failed: EBADF (Bad file descriptor)
08-03 22:35:46.060 14502 16964 W com.google.common.io.i: at libcore.io.Linux.writeBytes(Native Method)
08-03 22:35:46.060 14502 16964 W com.google.common.io.i: at libcore.io.Linux.write(Linux.java:286)
08-03 22:35:46.060 14502 16964 W com.google.common.io.i: at libcore.io.BlockGuardOs.write(BlockGuardOs.java:345)
08-03 22:35:46.060 14502 16964 W com.google.common.io.i: at libcore.io.IoBridge.write(IoBridge.java:553)
08-03 22:35:46.060 14502 16964 W com.google.common.io.i: ... 11 more
08-03 22:35:46.064 14502 14502 I Finsky : [1] com.google.android.finsky.apkprocessor.l.onPostExecute(70): Successfully applied patch to update com.developstudios.casio (com.developstudios.casio)
08-03 22:35:46.073 14502 14502 I Finsky : [1] com.google.android.finsky.installer.a.ax.b(180): Begin install of com.developstudios.casio (isid: FqnFSApIQdaV3nrwY8Rv9A)
08-03 22:35:46.076 14502 14502 E NotificationManager: notifyAsUser: tag=null, id=-1050172287, user=UserHandle{0}
08-03 22:35:46.078 2606 17278 V DownloadManager: Deleting /data/data/com.android.providers.downloads/cache/downloadfile.bin via provider delete
08-03 22:35:46.079 1155 1423 I chatty : uid=1000(system) Binder:1155_3 expire 2 lines
08-03 22:35:46.090 1429 1455 E Bundle : unparcel readArrayMapInternal Exception
08-03 22:35:46.090 1429 1455 E Bundle : java.lang.IllegalArgumentException: Duplicate key in ArrayMap: android.appInfo
08-03 22:35:46.090 1429 1455 E Bundle : at android.util.ArrayMap.validate(ArrayMap.java:609)
08-03 22:35:46.090 1429 1455 E Bundle : at android.os.Parcel.readArrayMapInternal(Parcel.java:3052)
08-03 22:35:46.090 1429 1455 E Bundle : at android.os.BaseBundle.unparcel(BaseBundle.java:257)
08-03 22:35:46.090 1429 1455 E Bundle : at android.os.BaseBundle.putInt(BaseBundle.java:552)
08-03 22:35:46.090 1429 1455 E Bundle : at android.service.notification.NotificationListenerService.createLegacyIconExtras(NotificationListenerService.java:1126)
08-03 22:35:46.090 1429 1455 E Bundle : at android.service.notification.NotificationListenerService.-wrap0(Unknown Source:0)
08-03 22:35:46.090 1429 1455 E Bundle : at android.service.notification.NotificationListenerService$NotificationListenerWrapper.onNotificationPosted(NotificationListenerService.java:1173)
08-03 22:35:46.090 1429 1455 E Bundle : at android.service.notification.INotificationListener$Stub.onTransact(INotificationListener.java:71)
08-03 22:35:46.090 1429 1455 E Bundle : at android.os.Binder.execTransact(Binder.java:675)
08-03 22:35:46.108 1495 1495 I chatty : uid=10040(u0_a40) com.android.systemui expire 234 lines
08-03 22:35:46.136 752 752 E Thermal-daemon: [Thermal_Hw] temperature_filter: get invalid temperature, use old temp
08-03 22:35:46.138 752 752 E Thermal-daemon: [ap] temp_new :36 temp_old :37
08-03 22:35:46.142 752 752 E Thermal-daemon: Report temperature: [ap] temp :36 report_threshold:1
08-03 22:35:46.586 1155 1371 I chatty : uid=1000(system) WiFiArpStateMac expire 19 lines
08-03 22:35:47.060 14502 14502 I Finsky : [1] com.google.android.finsky.verifier.impl.PackageVerificationReceiver.onReceive(7): Verification requested, id = 4
08-03 22:35:47.078 14502 17034 I Finsky : [285] com.google.android.finsky.verifier.impl.df.a(185): Skipping verification because own installation
08-03 22:35:47.078 14502 17034 I Finsky : [285] com.google.android.finsky.verifier.impl.df.a(154): Skipping anti malware verification due to pre-check failure
08-03 22:35:47.080 14502 14502 I Finsky : [1] com.google.android.finsky.verifier.impl.ew.c(201): Verifying id=4, result=1
08-03 22:35:47.085 14502 14502 I Finsky : [1] com.google.android.finsky.verifier.impl.ew.c(97): Verification complete: id=4, package_name=com.developstudios.casio
08-03 22:35:47.104 1155 1189 I chatty : uid=1000(system) PackageManager expire 16 lines
08-03 22:35:47.136 1155 1189 I chatty : uid=1000(system) PackageManager expire 9 lines
08-03 22:35:47.145 743 2557 E : Couldn't opendir /data/app/vmdl619696829.tmp: No such file or directory
08-03 22:35:47.146 743 2557 E installd: Failed to delete /data/app/vmdl619696829.tmp: No such file or directory
08-03 22:35:47.150 14502 14502 E Finsky : [1] com.google.android.finsky.dd.k.onReceive(14): Error -504 while installing com.developstudios.casio: -26: Package com.developstudios.casio new target SDK 11 doesn't support runtime permissions but the old target SDK 23 does.
08-03 22:35:47.181 14502 14502 W Finsky : [1] com.google.android.finsky.installer.a.bh.a(27): Install failure of com.developstudios.casio (isid: FqnFSApIQdaV3nrwY8Rv9A): -504, Exception: n/a
08-03 22:35:47.187 14502 14502 I Finsky : [1] com.google.android.finsky.installer.a.ax.a(379): Cancel running installation of com.developstudios.casio (com.developstudios.casio)
08-03 22:35:47.198 2268 2386 I chatty : uid=1000(system) core expire 16 lines
08-03 22:35:47.203 14502 14502 I Finsky : [1] com.google.android.finsky.installer.a.ag.a(577): Installer kick - starting com.huawei.phoneservice
08-03 22:35:47.206 14502 17026 I Finsky : [284] com.google.android.finsky.installer.a.c.a(60): Preloads directory was not found.
08-03 22:35:47.216 14502 14502 I Finsky : [1] com.google.android.finsky.installer.a.ax.b(321): isInstantAppSplitOnlyInstall false
08-03 22:35:47.229 14502 14502 E asset : createFromFile(): lock file /data/resource-cache/system@emui@base@overlay@frameworkhwexthonor@frameworkhwexthonor.apk@idmap.
08-03 22:35:47.229 14502 14502 E asset : createFromFile(): lock file /data/resource-cache/system@emui@base@overlay@frameworkhwexthonor@frameworkhwexthonor.apk@idmap.
08-03 22:35:47.230 14502 14502 W ResourceType: Found multiple library tables, ignoring...
08-03 22:35:47.241 14502 16807 I Finsky : [279] com.google.android.finsky.installer.a.n.doInBackground(5): File-by-File compatibility check result: true
08-03 22:35:47.391 14502 14502 I Finsky : [1] com.google.android.finsky.installer.a.ax.a(815): Required downloads: [com.huawei.phoneservice]
08-03 22:35:47.393 14502 14591 I Finsky : [248] com.google.android.finsky.dd.p.run(8): Session for com.huawei.phoneservice already exists, skipping creation
08-03 22:35:47.699 14502 14502 I Finsky : [1] com.google.android.finsky.installer.a.bg.onPostExecute(73): Downloading patch for com.huawei.phoneservice (adid: com.huawei.phoneservice , isid: kl0eT2Q9SaOi0hedSJqd8Q)
08-03 22:35:47.700 14502 14502 I Finsky : [1] com.google.android.finsky.download.e.b(52): Duplicate state set for 'com.huawei.phoneservice' (0). Already in that state
08-03 22:35:47.701 14502 14502 I Finsky : [1] com.google.android.finsky.download.n.a(22): Download com.huawei.phoneservice added to DownloadQueue
08-03 22:35:47.703 14502 14502 I Finsky : [1] com.google.android.finsky.download.e.b(54): com.huawei.phoneservice from 0 to 1.
08-03 22:35:47.715 14502 14502 I Finsky : [1] com.google.android.finsky.download.w.a(18): Download com.huawei.phoneservice starting
08-03 22:35:47.765 14502 14502 I Finsky : [1] com.google.android.finsky.download.u.onPostExecute(6): Enqueued com.huawei.phoneservice as content://downloads/my_downloads/1414
08-03 22:35:47.765 14502 14502 I Finsky : [1] com.google.android.finsky.download.e.b(54): com.huawei.phoneservice from 1 to 2.
08-03 22:35:47.766 14502 14502 I Finsky : [1] com.google.android.finsky.download.n.h(88): com.huawei.phoneservice: onStart
08-03 22:35:47.778 2606 2606 D HwCust : Create obj success use class com.android.providers.downloads.HwCustDownloadThreadImpl
08-03 22:35:47.786 2606 17290 D DownloadManager: [1414] Starting
08-03 22:35:47.849 2606 17290 D NetworkSecurityConfig: No Network Security Config specified, using platform default
08-03 22:35:47.856 2606 3643 E NotificationManager: notifyAsUser: tag=1:com.android.vending, id=0, user=UserHandle{0}
08-03 22:35:47.856 480 17291 W libc : Set property "hw.wifi.dns_stat" to "312,11,5022,1,14843"
08-03 22:35:47.863 14502 14502 I Finsky : [1] com.google.android.finsky.download.n.a(76): com.huawei.phoneservice: onProgress 0/-1 Status: 192 URI: content://downloads/my_downloads/1414.
08-03 22:35:48.009 14463 14463 W kworker/u16:0: type=1400 audit(0.0:16440): avc: denied { dac_override } for capability=1 scontext=u:r:kernel:s0 tcontext=u:r:kernel:s0 tclass=capability permissive=0
08-03 22:35:48.025 2606 3643 E NotificationManager: notifyAsUser: tag=1:com.android.vending, id=0, user=UserHandle{0}
08-03 22:35:48.031 2606 17290 I DownloadManager: file:/data/user/0/com.android.providers.downloads/files/downloadfile.bin is exist, create destFileObserver
08-03 22:35:48.031 2606 17290 D DownloadManager: enter DestFileChangeObServer begin:
08-03 22:35:48.081 2606 3643 E NotificationManager: notifyAsUser: tag=1:com.android.vending, id=0, user=UserHandle{0}
08-03 22:35:48.082 2606 5958 D DownloadManager: enter DestFileChangeObServer::event(event:8000 mode:0 file:null)
08-03 22:35:48.086 2606 17290 D DownloadManager: [1414] Finished with status SUCCESS
08-03 22:35:48.122 14502 14502 I Finsky : [1] com.google.android.finsky.download.DownloadBroadcastReceiver.a(2): Intent received at DownloadBroadcastReceiver
08-03 22:35:48.124 2606 17290 W DownloadDrmHelper: AfterDownload get mimetype is:application/vnd.android.package-delta
08-03 22:35:48.131 13574 13574 W Isotope : UID: [10037] PID: [13574] DownloadDataStoreImpl : No matching entry found, returning null.
08-03 22:35:48.131 13574 13574 I Isotope : UID: [10037] PID: [13574] DownloadDataStoreImpl : no data for downloadId 1414
08-03 22:35:48.132 13574 13574 I Finsky : [1] com.google.android.finsky.instantapps.dna.ArchiveDownloadBroadcastReceiver.onReceive(7): Skipping download id 1414, not a prefetch
08-03 22:35:48.133 14502 14502 I Finsky : [1] com.google.android.finsky.download.n.a(76): com.huawei.phoneservice: onProgress 260031/260031 Status: 200 URI: content://downloads/my_downloads/1414.
08-03 22:35:48.149 14502 14502 I Finsky : [1] com.google.android.finsky.download.e.b(54): com.huawei.phoneservice from 2 to 3.
08-03 22:35:48.150 14502 14502 I Finsky : [1] com.google.android.finsky.download.n.f(83): com.huawei.phoneservice: onComplete
08-03 22:35:48.150 14502 14502 I Finsky : [1] com.google.android.finsky.download.n.i(90): Download com.huawei.phoneservice removed from DownloadQueue
08-03 22:35:48.158 14502 14502 I Finsky : [1] com.google.android.finsky.installer.a.ax.b(288): Prepare to patch com.huawei.phoneservice (adid: com.huawei.phoneservice , isid: kl0eT2Q9SaOi0hedSJqd8Q) from content://downloads/my_downloads/1414 format 5
08-03 22:35:48.198 14502 16807 I Finsky : [279] com.google.android.finsky.apkprocessor.d.a(2): APK integrity will be verified using [SHA-256] method
08-03 22:35:48.209 14699 14699 W kworker/u16:2: type=1400 audit(0.0:16441): avc: denied { dac_override } for capability=1 scontext=u:r:kernel:s0 tcontext=u:r:kernel:s0 tclass=capability permissive=0
08-03 22:35:48.213 2885 4142 D TelephonyManager: getCellLocation calling app is com.google.android.gms
08-03 22:35:48.215 2278 4104 W PhoneInterfaceManager: shouldBlockLocation running ...
08-03 22:35:48.215 2278 4104 I PhoneInterfaceManager: shouldBlockLocation ret:false
08-03 22:35:48.217 2885 4142 D TelephonyManager: getAllCellInfo calling app is com.google.android.gms
08-03 22:35:48.218 2278 4104 W PhoneInterfaceManager: shouldBlockLocation running ...
08-03 22:35:48.218 2278 4104 I PhoneInterfaceManager: shouldBlockLocation ret:false
08-03 22:35:48.275 2278 4104 D PhoneInterfaceManager: [PhoneIntfMgr] getDataEnabled: subId=0 phoneId=0
08-03 22:35:48.276 2278 4104 D PhoneInterfaceManager: [PhoneIntfMgr] getDataEnabled: subId=0 retVal=false
08-03 22:35:48.479 7101 7119 D OsUtil : hasStrictRequiredPermissions run true
08-03 22:35:48.485 7101 7101 V Mms_TXM_SVC: Creating TransactionService
08-03 22:35:48.489 7101 7101 D HwCust : Create obj success use class com.android.mms.transaction.HwCustTransactionServiceImpl
08-03 22:35:48.491 7101 7101 D HwCust : Create obj success use class com.huawei.mms.util.HwCustUpdateUserBehaviorImpl
08-03 22:35:48.492 7101 7101 D HwCust : Create obj success use class com.huawei.mms.util.HwCustHwMessageUtilsImpl
08-03 22:35:48.492 7101 7101 I Mms_TXM_SVC: onStartCommand send EVENT_NEW_INTENT. service-id 1
