08-03 22:03:00.186 1155 1165 I chatty : uid=1000(system) Binder:1155_1 expire 3 lines
08-03 22:03:00.190 1155 1166 I chatty : uid=1000(system) Binder:1155_2 expire 2 lines
08-03 22:03:14.359 1155 6888 I chatty : uid=1000(system) Binder:1155_17 expire 3 lines
08-03 22:03:15.018 480 615 W SocketListener: sending broadcast to Pid = 1155, Uid = 1000
08-03 22:03:15.023 1155 1313 I chatty : uid=1000(system) NetdConnector expire 6 lines
08-03 22:03:17.699 1155 1165 I chatty : uid=1000(system) Binder:1155_1 expire 4 lines
08-03 22:03:55.087 480 615 W SocketListener: sending broadcast to Pid = 1155, Uid = 1000
08-03 22:03:55.091 480 615 W SocketListener: sending broadcast to Pid = 1155, Uid = 1000
08-03 22:03:55.092 1155 1178 I chatty : uid=1000(system) android.fg expire 2 lines
08-03 22:03:55.093 753 753 E wificond: Failed to get NL80211_RATE_INFO_NOISE
08-03 22:03:55.093 753 753 E wificond: Failed to get NL80211_RATE_INFO_SNR
08-03 22:03:55.093 753 753 E wificond: Failed to get NL80211_STA_INFO_CNAHLOAD
08-03 22:03:55.095 753 753 E wificond: Failed to get NL80211_RATE_INFO_NOISE
08-03 22:03:55.095 753 753 E wificond: Failed to get NL80211_RATE_INFO_SNR
08-03 22:03:55.095 753 753 E wificond: Failed to get NL80211_STA_INFO_CNAHLOAD
08-03 22:03:55.125 480 615 W SocketListener: sending broadcast to Pid = 1155, Uid = 1000
08-03 22:03:55.126 1155 1313 I chatty : uid=1000(system) NetdConnector expire 10 lines
08-03 22:03:55.128 1155 1178 I chatty : uid=1000(system) android.fg expire 10 lines
08-03 22:03:55.134 1155 1165 I chatty : uid=1000(system) Binder:1155_1 expire 1 line
08-03 22:05:07.110 480 615 W SocketListener: sending broadcast to Pid = 1155, Uid = 1000
08-03 22:05:07.111 1155 1155 I chatty : uid=1000 system_server expire 11 lines
08-03 22:05:07.127 1155 1166 I chatty : uid=1000(system) Binder:1155_2 expire 11 lines
08-03 22:05:07.137 480 615 W SocketListener: sending broadcast to Pid = 1155, Uid = 1000
08-03 22:05:07.138 1155 6888 I chatty : uid=1000(system) Binder:1155_17 expire 10 lines
08-03 22:05:07.149 1155 6503 I chatty : uid=1000(system) Binder:1155_14 expire 9 lines
08-03 22:05:07.178 1155 8168 I chatty : uid=1000(system) Binder:1155_19 expire 11 lines
08-03 22:05:43.079 480 615 W SocketListener: sending broadcast to Pid = 1155, Uid = 1000
08-03 22:05:43.091 2243 3603 W ContextImpl: Calling a method in the system process without a qualified user: android.app.ContextImpl.sendBroadcast:1095 com.huawei.android.chr.ProtocolLogManager.setChrInfo2DbEx:1749 com.huawei.android.chr.ProtocolLogManager.setChrInfo2Db:1646 com.huawei.android.chr.network.ChrNetwork.setMmRejectEvent:1655 com.huawei.android.chr.network.ChrNetwork.handleMessage:404
08-03 22:05:50.122 2243 3603 W ContextImpl: Calling a method in the system process without a qualified user: android.app.ContextImpl.sendBroadcast:1095 com.huawei.android.chr.ProtocolLogManager.setChrInfo2DbEx:1749 com.huawei.android.chr.ProtocolLogManager.setChrInfo2Db:1646 com.huawei.android.chr.network.ChrNetwork.handleMmRejectInfo:729 com.huawei.android.chr.network.ChrNetwork.reportNetworkChr:907
08-03 22:06:00.117 2243 3603 W ContextImpl: Calling a method in the system process without a qualified user: android.app.ContextImpl.sendBroadcast:1095 com.huawei.android.chr.ProtocolLogManager.setChrInfo2DbEx:1749 com.huawei.android.chr.ProtocolLogManager.setChrInfo2Db:1646 com.huawei.android.chr.network.ChrNetwork.handleMmRejectInfo:729 com.huawei.android.chr.network.ChrNetwork.reportNetworkChr:907
08-03 22:06:06.949 753 753 E wificond: Failed to get NL80211_RATE_INFO_NOISE
08-03 22:06:06.949 753 753 E wificond: Failed to get NL80211_RATE_INFO_SNR
08-03 22:06:06.949 753 753 E wificond: Failed to get NL80211_STA_INFO_CNAHLOAD
08-03 22:06:06.953 753 753 E wificond: Failed to get NL80211_RATE_INFO_NOISE
08-03 22:06:06.953 753 753 E wificond: Failed to get NL80211_RATE_INFO_SNR
08-03 22:06:06.953 753 753 E wificond: Failed to get NL80211_STA_INFO_CNAHLOAD
08-03 22:06:07.225 480 615 W SocketListener: sending broadcast to Pid = 1155, Uid = 1000
08-03 22:06:07.250 1155 1580 I chatty : uid=1000(system) Binder:1155_6 expire 16 lines
08-03 22:06:08.095 1155 1155 I chatty : uid=1000 system_server expire 19 lines
08-03 22:06:08.109 1155 1171 I chatty : uid=1000(system) ActivityManager expire 4 lines
08-03 22:06:08.117 1429 1667 I HwNetworkPolicyManager: forceUpdatePolicy isRoaming = false
08-03 22:06:08.124 2278 2278 D Telephony-TelecomAccountRegistry: onServiceStateChanged0 newState : 1, mServiceState : 0
08-03 22:06:08.262 2278 2278 W SettingsEx: SettingsEx.Systemex.getString deprecated use Settings.System.getString instead ;callers=com.android.internal.telephony.gsm.HwCustGsmServiceStateManagerImpl.isMccForShowNetname:211 com.android.internal.telephony.gsm.HwCustGsmServiceStateManagerImpl.isShowNetnameByMcc:202 com.android.internal.telephony.gsm.HwCustGsmServiceStateManagerImpl.setOnsDisplayCustomization:153
08-03 22:06:08.291 2278 2278 D Telephony-TelecomAccountRegistry: onServiceStateChanged0 newState : 0, mServiceState : 1
08-03 22:06:08.292 2278 2278 I Telephony-PstnIncomingCallNotifier: Unregistering: Handler (com.android.internal.telephony.GsmCdmaPhone) {d35998c}
08-03 22:06:08.292 2278 2278 D Telephony-PstnPhoneCapabilitiesNotifier: Unregistering: Handler (com.android.internal.telephony.GsmCdmaPhone) {d35998c}
08-03 22:06:08.292 2278 2278 I Telephony-PstnIncomingCallNotifier: Unregistering: Handler (com.android.internal.telephony.GsmCdmaPhone) {2e338d5}
08-03 22:06:08.292 2278 2278 D Telephony-PstnPhoneCapabilitiesNotifier: Unregistering: Handler (com.android.internal.telephony.GsmCdmaPhone) {2e338d5}
08-03 22:06:08.292 2278 2278 D Telephony-TelecomAccountRegistry: onServiceStateChanged0 call setupAccounts
08-03 22:06:08.292 2278 2278 D Telephony-TelecomAccountRegistry: Found 2 phones. Attempting to register.
08-03 22:06:08.292 2278 2278 D Telephony-TelecomAccountRegistry: Phone with subscription id 0
08-03 22:06:08.304 1429 1667 I HwNetworkPolicyManager: forceUpdatePolicy isRoaming = false
08-03 22:06:08.335 2278 2278 I Telephony-TelecomAccountRegistry: Registered phoneAccount: [[ ] PhoneAccount: ComponentInfo{com.android.phone/com.android.services.telephony.TelephonyConnectionService}, [****], UserHandle{0} Capabilities: CallProvider MultiUser PlaceEmerg SimSub Audio Routes: BESW Schemes: tel voicemail Extras: null GroupId: [****]] with handle: ComponentInfo{com.android.phone/com.android.services.telephony.TelephonyConnectionService}, [****], UserHandle{0}
08-03 22:06:08.335 2278 2278 I Telephony-PstnIncomingCallNotifier: Registering: Handler (com.android.internal.telephony.GsmCdmaPhone) {d35998c}
08-03 22:06:08.335 2278 2278 D Telephony-PstnPhoneCapabilitiesNotifier: Registering: Handler (com.android.internal.telephony.GsmCdmaPhone) {d35998c}
08-03 22:06:08.335 2278 2278 D Telephony-TelecomAccountRegistry: Phone with subscription id 1
08-03 22:06:08.366 2278 2278 I Telephony-TelecomAccountRegistry: Registered phoneAccount: [[ ] PhoneAccount: ComponentInfo{com.android.phone/com.android.services.telephony.TelephonyConnectionService}, [****], UserHandle{0} Capabilities: CallProvider MultiUser PlaceEmerg SimSub Audio Routes: BESW Schemes: tel voicemail Extras: null GroupId: [****]] with handle: ComponentInfo{com.android.phone/com.android.services.telephony.TelephonyConnectionService}, [****], UserHandle{0}
08-03 22:06:08.366 2278 2278 I Telephony-PstnIncomingCallNotifier: Registering: Handler (com.android.internal.telephony.GsmCdmaPhone) {2e338d5}
08-03 22:06:08.366 2278 2278 D Telephony-PstnPhoneCapabilitiesNotifier: Registering: Handler (com.android.internal.telephony.GsmCdmaPhone) {2e338d5}
08-03 22:06:08.390 2278 2278 I Telephony-PstnPhoneCapabilitiesNotifier: handleVideoCapabilitesChanged. Video capability - false
08-03 22:06:08.414 2278 2278 I Telephony-PstnPhoneCapabilitiesNotifier: handleVideoCapabilitesChanged. Video capability - false
08-03 22:06:11.117 2243 3603 W ContextImpl: Calling a method in the system process without a qualified user: android.app.ContextImpl.sendBroadcast:1095 com.huawei.android.chr.ProtocolLogManager.setChrInfo2DbEx:1749 com.huawei.android.chr.ProtocolLogManager.setChrInfo2Db:1646 com.huawei.android.chr.network.ChrNetwork.handleMmRejectInfo:729 com.huawei.android.chr.network.ChrNetwork.reportNetworkChr:907
08-03 22:09:58.091 480 615 W SocketListener: sending broadcast to Pid = 1155, Uid = 1000
08-03 22:09:58.093 1155 1313 I chatty : uid=1000(system) NetdConnector expire 10 lines
08-03 22:09:58.130 480 615 W SocketListener: sending broadcast to Pid = 1155, Uid = 1000
08-03 22:10:56.086 480 615 W SocketListener: sending broadcast to Pid = 1155, Uid = 1000
08-03 22:10:56.089 1155 2219 I chatty : uid=1000(system) watchdog expire 1 line
08-03 22:10:58.195 1155 1168 I chatty : uid=1000(system) android.bg expire 2 lines
08-03 22:10:58.198 1155 1315 I chatty : uid=1000(system) NetworkPolicy expire 2 lines
08-03 22:10:58.217 480 615 W SocketListener: sending broadcast to Pid = 1155, Uid = 1000
08-03 22:11:00.448 753 753 E wificond: Failed to get NL80211_RATE_INFO_NOISE
08-03 22:11:00.449 753 753 E wificond: Failed to get NL80211_RATE_INFO_SNR
08-03 22:11:00.449 753 753 E wificond: Failed to get NL80211_STA_INFO_CNAHLOAD
08-03 22:11:00.455 753 753 E wificond: Failed to get NL80211_RATE_INFO_NOISE
08-03 22:11:00.455 753 753 E wificond: Failed to get NL80211_RATE_INFO_SNR
08-03 22:11:00.455 753 753 E wificond: Failed to get NL80211_STA_INFO_CNAHLOAD
08-03 22:11:03.307 1155 1313 I chatty : uid=1000(system) NetdConnector expire 10 lines
08-03 22:11:10.089 2243 3603 W ContextImpl: Calling a method in the system process without a qualified user: android.app.ContextImpl.sendBroadcast:1095 com.huawei.android.chr.ProtocolLogManager.setChrInfo2DbEx:1749 com.huawei.android.chr.ProtocolLogManager.setChrInfo2Db:1646 com.huawei.android.chr.network.ChrNetwork.setMmRejectEvent:1655 com.huawei.android.chr.network.ChrNetwork.handleMessage:404
08-03 22:11:16.100 2243 3603 W ContextImpl: Calling a method in the system process without a qualified user: android.app.ContextImpl.sendBroadcast:1095 com.huawei.android.chr.ProtocolLogManager.setChrInfo2DbEx:1749 com.huawei.android.chr.ProtocolLogManager.setChrInfo2Db:1646 com.huawei.android.chr.network.ChrNetwork.handleMmRejectInfo:729 com.huawei.android.chr.network.ChrNetwork.reportNetworkChr:907
08-03 22:11:22.088 480 615 W SocketListener: sending broadcast to Pid = 1155, Uid = 1000
08-03 22:11:28.099 2243 3603 W ContextImpl: Calling a method in the system process without a qualified user: android.app.ContextImpl.sendBroadcast:1095 com.huawei.android.chr.ProtocolLogManager.setChrInfo2DbEx:1749 com.huawei.android.chr.ProtocolLogManager.setChrInfo2Db:1646 com.huawei.android.chr.network.ChrNetwork.handleMmRejectInfo:729 com.huawei.android.chr.network.ChrNetwork.reportNetworkChr:907
08-03 22:11:35.140 753 753 E wificond: Failed to get NL80211_RATE_INFO_NOISE
08-03 22:11:35.140 753 753 E wificond: Failed to get NL80211_RATE_INFO_SNR
08-03 22:11:35.140 753 753 E wificond: Failed to get NL80211_STA_INFO_CNAHLOAD
08-03 22:11:35.142 753 753 E wificond: Failed to get NL80211_RATE_INFO_NOISE
08-03 22:11:35.142 753 753 E wificond: Failed to get NL80211_RATE_INFO_SNR
08-03 22:11:35.142 753 753 E wificond: Failed to get NL80211_STA_INFO_CNAHLOAD
08-03 22:11:35.154 1155 1155 I chatty : uid=1000 system_server expire 17 lines
08-03 22:11:35.179 2278 2278 D Telephony-TelecomAccountRegistry: onServiceStateChanged0 newState : 1, mServiceState : 0
08-03 22:11:35.188 1429 1667 I HwNetworkPolicyManager: forceUpdatePolicy isRoaming = false
08-03 22:11:35.230 2278 2278 W SettingsEx: SettingsEx.Systemex.getString deprecated use Settings.System.getString instead ;callers=com.android.internal.telephony.gsm.HwCustGsmServiceStateManagerImpl.isMccForShowNetname:211 com.android.internal.telephony.gsm.HwCustGsmServiceStateManagerImpl.isShowNetnameByMcc:202 com.android.internal.telephony.gsm.HwCustGsmServiceStateManagerImpl.setOnsDisplayCustomization:153
08-03 22:11:35.259 2278 2278 D Telephony-TelecomAccountRegistry: onServiceStateChanged0 newState : 0, mServiceState : 1
08-03 22:11:35.259 2278 2278 I Telephony-PstnIncomingCallNotifier: Unregistering: Handler (com.android.internal.telephony.GsmCdmaPhone) {d35998c}
08-03 22:11:35.259 2278 2278 D Telephony-PstnPhoneCapabilitiesNotifier: Unregistering: Handler (com.android.internal.telephony.GsmCdmaPhone) {d35998c}
08-03 22:11:35.259 2278 2278 I Telephony-PstnIncomingCallNotifier: Unregistering: Handler (com.android.internal.telephony.GsmCdmaPhone) {2e338d5}
08-03 22:11:35.259 2278 2278 D Telephony-PstnPhoneCapabilitiesNotifier: Unregistering: Handler (com.android.internal.telephony.GsmCdmaPhone) {2e338d5}
08-03 22:11:35.259 2278 2278 D Telephony-TelecomAccountRegistry: onServiceStateChanged0 call setupAccounts
08-03 22:11:35.259 2278 2278 D Telephony-TelecomAccountRegistry: Found 2 phones. Attempting to register.
08-03 22:11:35.260 2278 2278 D Telephony-TelecomAccountRegistry: Phone with subscription id 0
08-03 22:11:35.275 1429 1667 I HwNetworkPolicyManager: forceUpdatePolicy isRoaming = false
08-03 22:11:35.291 1155 6888 I chatty : uid=1000(system) Binder:1155_17 expire 6 lines
08-03 22:11:35.298 2278 2278 I Telephony-TelecomAccountRegistry: Registered phoneAccount: [[ ] PhoneAccount: ComponentInfo{com.android.phone/com.android.services.telephony.TelephonyConnectionService}, [****], UserHandle{0} Capabilities: CallProvider MultiUser PlaceEmerg SimSub Audio Routes: BESW Schemes: tel voicemail Extras: null GroupId: [****]] with handle: ComponentInfo{com.android.phone/com.android.services.telephony.TelephonyConnectionService}, [****], UserHandle{0}
08-03 22:11:35.298 2278 2278 I Telephony-PstnIncomingCallNotifier: Registering: Handler (com.android.internal.telephony.GsmCdmaPhone) {d35998c}
08-03 22:11:35.298 2278 2278 D Telephony-PstnPhoneCapabilitiesNotifier: Registering: Handler (com.android.internal.telephony.GsmCdmaPhone) {d35998c}
08-03 22:11:35.298 2278 2278 D Telephony-TelecomAccountRegistry: Phone with subscription id 1
08-03 22:11:35.330 2278 2278 I Telephony-TelecomAccountRegistry: Registered phoneAccount: [[ ] PhoneAccount: ComponentInfo{com.android.phone/com.android.services.telephony.TelephonyConnectionService}, [****], UserHandle{0} Capabilities: CallProvider MultiUser PlaceEmerg SimSub Audio Routes: BESW Schemes: tel voicemail Extras: null GroupId: [****]] with handle: ComponentInfo{com.android.phone/com.android.services.telephony.TelephonyConnectionService}, [****], UserHandle{0}
08-03 22:11:35.330 2278 2278 I Telephony-PstnIncomingCallNotifier: Registering: Handler (com.android.internal.telephony.GsmCdmaPhone) {2e338d5}
08-03 22:11:35.330 2278 2278 D Telephony-PstnPhoneCapabilitiesNotifier: Registering: Handler (com.android.internal.telephony.GsmCdmaPhone) {2e338d5}
08-03 22:11:35.351 2278 2278 I Telephony-PstnPhoneCapabilitiesNotifier: handleVideoCapabilitesChanged. Video capability - false
08-03 22:11:35.377 2278 2278 I Telephony-PstnPhoneCapabilitiesNotifier: handleVideoCapabilitesChanged. Video capability - false
08-03 22:11:35.395 1155 1166 I chatty : uid=1000(system) Binder:1155_2 expire 5 lines
08-03 22:11:38.119 2243 3603 W ContextImpl: Calling a method in the system process without a qualified user: android.app.ContextImpl.sendBroadcast:1095 com.huawei.android.chr.ProtocolLogManager.setChrInfo2DbEx:1749 com.huawei.android.chr.ProtocolLogManager.setChrInfo2Db:1646 com.huawei.android.chr.network.ChrNetwork.handleMmRejectInfo:729 com.huawei.android.chr.network.ChrNetwork.reportNetworkChr:907
08-03 22:14:49.126 480 615 W SocketListener: sending broadcast to Pid = 1155, Uid = 1000
08-03 22:14:49.127 1155 1580 I chatty : uid=1000(system) Binder:1155_6 expire 5 lines
08-03 22:14:49.131 1155 1178 I chatty : uid=1000(system) android.fg expire 4 lines
08-03 22:15:56.089 480 615 W SocketListener: sending broadcast to Pid = 1155, Uid = 1000
08-03 22:15:56.106 480 615 W SocketListener: sending broadcast to Pid = 1155, Uid = 1000
08-03 22:16:37.106 480 615 W SocketListener: sending broadcast to Pid = 1155, Uid = 1000
08-03 22:16:37.108 1155 1313 I chatty : uid=1000(system) NetdConnector expire 2 lines
08-03 22:16:37.112 2243 3603 W ContextImpl: Calling a method in the system process without a qualified user: android.app.ContextImpl.sendBroadcast:1095 com.huawei.android.chr.ProtocolLogManager.setChrInfo2DbEx:1749 com.huawei.android.chr.ProtocolLogManager.setChrInfo2Db:1646 com.huawei.android.chr.network.ChrNetwork.setMmRejectEvent:1655 com.huawei.android.chr.network.ChrNetwork.handleMessage:404
08-03 22:16:44.090 2243 3603 W ContextImpl: Calling a method in the system process without a qualified user: android.app.ContextImpl.sendBroadcast:1095 com.huawei.android.chr.ProtocolLogManager.setChrInfo2DbEx:1749 com.huawei.android.chr.ProtocolLogManager.setChrInfo2Db:1646 com.huawei.android.chr.network.ChrNetwork.handleMmRejectInfo:729 com.huawei.android.chr.network.ChrNetwork.reportNetworkChr:907
08-03 22:16:49.778 753 753 E wificond: Failed to get NL80211_RATE_INFO_NOISE
08-03 22:16:49.778 753 753 E wificond: Failed to get NL80211_RATE_INFO_SNR
08-03 22:16:49.778 753 753 E wificond: Failed to get NL80211_STA_INFO_CNAHLOAD
08-03 22:16:49.786 753 753 E wificond: Failed to get NL80211_RATE_INFO_NOISE
08-03 22:16:49.786 753 753 E wificond: Failed to get NL80211_RATE_INFO_SNR
08-03 22:16:49.786 753 753 E wificond: Failed to get NL80211_STA_INFO_CNAHLOAD
08-03 22:16:54.102 2243 3603 W ContextImpl: Calling a method in the system process without a qualified user: android.app.ContextImpl.sendBroadcast:1095 com.huawei.android.chr.ProtocolLogManager.setChrInfo2DbEx:1749 com.huawei.android.chr.ProtocolLogManager.setChrInfo2Db:1646 com.huawei.android.chr.network.ChrNetwork.handleMmRejectInfo:729 com.huawei.android.chr.network.ChrNetwork.reportNetworkChr:907
08-03 22:17:02.146 1155 1155 I chatty : uid=1000 system_server expire 5 lines
08-03 22:17:02.157 1155 1171 I chatty : uid=1000(system) ActivityManager expire 1 line
08-03 22:17:02.165 1155 1580 I chatty : uid=1000(system) Binder:1155_6 expire 2 lines
08-03 22:17:02.166 2278 2278 D Telephony-TelecomAccountRegistry: onServiceStateChanged0 newState : 1, mServiceState : 0
08-03 22:17:02.174 1429 1667 I HwNetworkPolicyManager: forceUpdatePolicy isRoaming = false
08-03 22:17:02.295 2278 2278 W SettingsEx: SettingsEx.Systemex.getString deprecated use Settings.System.getString instead ;callers=com.android.internal.telephony.gsm.HwCustGsmServiceStateManagerImpl.isMccForShowNetname:211 com.android.internal.telephony.gsm.HwCustGsmServiceStateManagerImpl.isShowNetnameByMcc:202 com.android.internal.telephony.gsm.HwCustGsmServiceStateManagerImpl.setOnsDisplayCustomization:153
08-03 22:17:02.304 1155 1155 I chatty : uid=1000 system_server expire 1 line
08-03 22:17:02.315 1155 1171 I chatty : uid=1000(system) ActivityManager expire 1 line
08-03 22:17:02.323 1155 6888 I chatty : uid=1000(system) Binder:1155_17 expire 14 lines
08-03 22:17:02.328 2278 2278 D Telephony-TelecomAccountRegistry: onServiceStateChanged0 newState : 0, mServiceState : 1
08-03 22:17:02.328 2278 2278 I Telephony-PstnIncomingCallNotifier: Unregistering: Handler (com.android.internal.telephony.GsmCdmaPhone) {d35998c}
08-03 22:17:02.328 2278 2278 D Telephony-PstnPhoneCapabilitiesNotifier: Unregistering: Handler (com.android.internal.telephony.GsmCdmaPhone) {d35998c}
08-03 22:17:02.328 2278 2278 I Telephony-PstnIncomingCallNotifier: Unregistering: Handler (com.android.internal.telephony.GsmCdmaPhone) {2e338d5}
08-03 22:17:02.328 2278 2278 D Telephony-PstnPhoneCapabilitiesNotifier: Unregistering: Handler (com.android.internal.telephony.GsmCdmaPhone) {2e338d5}
08-03 22:17:02.328 2278 2278 D Telephony-TelecomAccountRegistry: onServiceStateChanged0 call setupAccounts
08-03 22:17:02.328 2278 2278 D Telephony-TelecomAccountRegistry: Found 2 phones. Attempting to register.
08-03 22:17:02.329 2278 2278 D Telephony-TelecomAccountRegistry: Phone with subscription id 0
08-03 22:17:02.349 1429 1667 I HwNetworkPolicyManager: forceUpdatePolicy isRoaming = false
08-03 22:17:02.374 2278 2278 I Telephony-TelecomAccountRegistry: Registered phoneAccount: [[ ] PhoneAccount: ComponentInfo{com.android.phone/com.android.services.telephony.TelephonyConnectionService}, [****], UserHandle{0} Capabilities: CallProvider MultiUser PlaceEmerg SimSub Audio Routes: BESW Schemes: tel voicemail Extras: null GroupId: [****]] with handle: ComponentInfo{com.android.phone/com.android.services.telephony.TelephonyConnectionService}, [****], UserHandle{0}
08-03 22:17:02.374 2278 2278 I Telephony-PstnIncomingCallNotifier: Registering: Handler (com.android.internal.telephony.GsmCdmaPhone) {d35998c}
08-03 22:17:02.374 2278 2278 D Telephony-PstnPhoneCapabilitiesNotifier: Registering: Handler (com.android.internal.telephony.GsmCdmaPhone) {d35998c}
08-03 22:17:02.374 2278 2278 D Telephony-TelecomAccountRegistry: Phone with subscription id 1
08-03 22:17:02.418 2278 2278 I Telephony-TelecomAccountRegistry: Registered phoneAccount: [[ ] PhoneAccount: ComponentInfo{com.android.phone/com.android.services.telephony.TelephonyConnectionService}, [****], UserHandle{0} Capabilities: CallProvider MultiUser PlaceEmerg SimSub Audio Routes: BESW Schemes: tel voicemail Extras: null GroupId: [****]] with handle: ComponentInfo{com.android.phone/com.android.services.telephony.TelephonyConnectionService}, [****], UserHandle{0}
08-03 22:17:02.418 2278 2278 I Telephony-PstnIncomingCallNotifier: Registering: Handler (com.android.internal.telephony.GsmCdmaPhone) {2e338d5}
08-03 22:17:02.418 2278 2278 D Telephony-PstnPhoneCapabilitiesNotifier: Registering: Handler (com.android.internal.telephony.GsmCdmaPhone) {2e338d5}
08-03 22:17:02.435 2278 2278 I Telephony-PstnPhoneCapabilitiesNotifier: handleVideoCapabilitesChanged. Video capability - false
08-03 22:17:02.457 2278 2278 I Telephony-PstnPhoneCapabilitiesNotifier: handleVideoCapabilitesChanged. Video capability - false
08-03 22:17:05.120 2243 3603 W ContextImpl: Calling a method in the system process without a qualified user: android.app.ContextImpl.sendBroadcast:1095 com.huawei.android.chr.ProtocolLogManager.setChrInfo2DbEx:1749 com.huawei.android.chr.ProtocolLogManager.setChrInfo2Db:1646 com.huawei.android.chr.network.ChrNetwork.handleMmRejectInfo:729 com.huawei.android.chr.network.ChrNetwork.reportNetworkChr:907
08-03 22:19:47.093 1155 1155 I chatty : uid=1000 system_server expire 11 lines
08-03 22:19:47.111 1155 1580 I chatty : uid=1000(system) Binder:1155_6 expire 11 lines
08-03 22:19:47.127 1155 1166 I chatty : uid=1000(system) Binder:1155_2 expire 7 lines
08-03 22:19:47.128 480 615 W SocketListener: sending broadcast to Pid = 1155, Uid = 1000
08-03 22:19:47.129 1155 1313 I chatty : uid=1000(system) NetdConnector expire 10 lines
08-03 22:19:47.132 1155 1178 I chatty : uid=1000(system) android.fg expire 9 lines
08-03 22:19:47.174 1155 6888 I chatty : uid=1000(system) Binder:1155_17 expire 11 lines
08-03 22:21:03.092 480 615 W SocketListener: sending broadcast to Pid = 1155, Uid = 1000
08-03 22:21:03.305 1155 1168 I chatty : uid=1000(system) android.bg expire 3 lines
08-03 22:21:03.308 1155 1315 I chatty : uid=1000(system) NetworkPolicy expire 3 lines
08-03 22:21:03.323 480 615 W SocketListener: sending broadcast to Pid = 1155, Uid = 1000
08-03 22:21:03.388 1155 6503 I chatty : uid=1000(system) Binder:1155_14 expire 10 lines
08-03 22:21:03.391 753 753 E wificond: Failed to get NL80211_RATE_INFO_NOISE
08-03 22:21:03.392 753 753 E wificond: Failed to get NL80211_RATE_INFO_SNR
08-03 22:21:03.392 753 753 E wificond: Failed to get NL80211_STA_INFO_CNAHLOAD
08-03 22:21:03.393 753 753 E wificond: Failed to get NL80211_RATE_INFO_NOISE
08-03 22:21:03.393 753 753 E wificond: Failed to get NL80211_RATE_INFO_SNR
08-03 22:21:03.393 753 753 E wificond: Failed to get NL80211_STA_INFO_CNAHLOAD
08-03 22:21:03.398 1155 8168 I chatty : uid=1000(system) Binder:1155_19 expire 11 lines
08-03 22:21:05.026 1155 2219 I chatty : uid=1000(system) watchdog expire 1 line
08-03 22:22:04.105 480 615 W SocketListener: sending broadcast to Pid = 1155, Uid = 1000
08-03 22:22:04.106 1155 1313 I chatty : uid=1000(system) NetdConnector expire 10 lines
08-03 22:22:04.161 2243 3603 W ContextImpl: Calling a method in the system process without a qualified user: android.app.ContextImpl.sendBroadcast:1095 com.huawei.android.chr.ProtocolLogManager.setChrInfo2DbEx:1749 com.huawei.android.chr.ProtocolLogManager.setChrInfo2Db:1646 com.huawei.android.chr.network.ChrNetwork.setMmRejectEvent:1655 com.huawei.android.chr.network.ChrNetwork.handleMessage:404
08-03 22:22:15.094 753 753 E wificond: Failed to get NL80211_RATE_INFO_NOISE
08-03 22:22:15.095 753 753 E wificond: Failed to get NL80211_RATE_INFO_SNR
08-03 22:22:15.095 753 753 E wificond: Failed to get NL80211_STA_INFO_CNAHLOAD
08-03 22:22:15.096 753 753 E wificond: Failed to get NL80211_RATE_INFO_NOISE
08-03 22:22:15.096 753 753 E wificond: Failed to get NL80211_RATE_INFO_SNR
08-03 22:22:15.096 753 753 E wificond: Failed to get NL80211_STA_INFO_CNAHLOAD
08-03 22:22:20.114 2243 3603 W ContextImpl: Calling a method in the system process without a qualified user: android.app.ContextImpl.sendBroadcast:1095 com.huawei.android.chr.ProtocolLogManager.setChrInfo2DbEx:1749 com.huawei.android.chr.ProtocolLogManager.setChrInfo2Db:1646 com.huawei.android.chr.network.ChrNetwork.handleMmRejectInfo:729 com.huawei.android.chr.network.ChrNetwork.reportNetworkChr:907
08-03 22:22:29.148 1155 1155 I chatty : uid=1000 system_server expire 19 lines
08-03 22:22:29.157 1155 1171 I chatty : uid=1000(system) ActivityManager expire 4 lines
08-03 22:22:29.171 2278 2278 D Telephony-TelecomAccountRegistry: onServiceStateChanged0 newState : 1, mServiceState : 0
08-03 22:22:29.182 1429 1667 I HwNetworkPolicyManager: forceUpdatePolicy isRoaming = false
08-03 22:22:29.236 2278 2278 W SettingsEx: SettingsEx.Systemex.getString deprecated use Settings.System.getString instead ;callers=com.android.internal.telephony.gsm.HwCustGsmServiceStateManagerImpl.isMccForShowNetname:211 com.android.internal.telephony.gsm.HwCustGsmServiceStateManagerImpl.isShowNetnameByMcc:202 com.android.internal.telephony.gsm.HwCustGsmServiceStateManagerImpl.setOnsDisplayCustomization:153
08-03 22:22:29.266 1429 1667 I HwNetworkPolicyManager: forceUpdatePolicy isRoaming = false
08-03 22:22:29.268 2278 2278 D Telephony-TelecomAccountRegistry: onServiceStateChanged0 newState : 0, mServiceState : 1
08-03 22:22:29.268 2278 2278 I Telephony-PstnIncomingCallNotifier: Unregistering: Handler (com.android.internal.telephony.GsmCdmaPhone) {d35998c}
08-03 22:22:29.268 2278 2278 D Telephony-PstnPhoneCapabilitiesNotifier: Unregistering: Handler (com.android.internal.telephony.GsmCdmaPhone) {d35998c}
08-03 22:22:29.268 2278 2278 I Telephony-PstnIncomingCallNotifier: Unregistering: Handler (com.android.internal.telephony.GsmCdmaPhone) {2e338d5}
08-03 22:22:29.268 2278 2278 D Telephony-PstnPhoneCapabilitiesNotifier: Unregistering: Handler (com.android.internal.telephony.GsmCdmaPhone) {2e338d5}
08-03 22:22:29.268 2278 2278 D Telephony-TelecomAccountRegistry: onServiceStateChanged0 call setupAccounts
08-03 22:22:29.268 2278 2278 D Telephony-TelecomAccountRegistry: Found 2 phones. Attempting to register.
08-03 22:22:29.268 2278 2278 D Telephony-TelecomAccountRegistry: Phone with subscription id 0
08-03 22:22:29.307 2278 2278 I Telephony-TelecomAccountRegistry: Registered phoneAccount: [[ ] PhoneAccount: ComponentInfo{com.android.phone/com.android.services.telephony.TelephonyConnectionService}, [****], UserHandle{0} Capabilities: CallProvider MultiUser PlaceEmerg SimSub Audio Routes: BESW Schemes: tel voicemail Extras: null GroupId: [****]] with handle: ComponentInfo{com.android.phone/com.android.services.telephony.TelephonyConnectionService}, [****], UserHandle{0}
08-03 22:22:29.307 2278 2278 I Telephony-PstnIncomingCallNotifier: Registering: Handler (com.android.internal.telephony.GsmCdmaPhone) {d35998c}
08-03 22:22:29.307 2278 2278 D Telephony-PstnPhoneCapabilitiesNotifier: Registering: Handler (com.android.internal.telephony.GsmCdmaPhone) {d35998c}
08-03 22:22:29.307 2278 2278 D Telephony-TelecomAccountRegistry: Phone with subscription id 1
08-03 22:22:29.340 2278 2278 I Telephony-TelecomAccountRegistry: Registered phoneAccount: [[ ] PhoneAccount: ComponentInfo{com.android.phone/com.android.services.telephony.TelephonyConnectionService}, [****], UserHandle{0} Capabilities: CallProvider MultiUser PlaceEmerg SimSub Audio Routes: BESW Schemes: tel voicemail Extras: null GroupId: [****]] with handle: ComponentInfo{com.android.phone/com.android.services.telephony.TelephonyConnectionService}, [****], UserHandle{0}
08-03 22:22:29.341 2278 2278 I Telephony-PstnIncomingCallNotifier: Registering: Handler (com.android.internal.telephony.GsmCdmaPhone) {2e338d5}
08-03 22:22:29.341 2278 2278 D Telephony-PstnPhoneCapabilitiesNotifier: Registering: Handler (com.android.internal.telephony.GsmCdmaPhone) {2e338d5}
08-03 22:22:29.344 1155 8168 I chatty : uid=1000(system) Binder:1155_19 expire 10 lines
08-03 22:22:29.362 2278 2278 I Telephony-PstnPhoneCapabilitiesNotifier: handleVideoCapabilitesChanged. Video capability - false
08-03 22:22:29.380 1155 2762 I chatty : uid=1000(system) Binder:1155_D expire 9 lines
08-03 22:22:29.387 2278 2278 I Telephony-PstnPhoneCapabilitiesNotifier: handleVideoCapabilitesChanged. Video capability - false
08-03 22:22:32.099 2243 3603 W ContextImpl: Calling a method in the system process without a qualified user: android.app.ContextImpl.sendBroadcast:1095 com.huawei.android.chr.ProtocolLogManager.setChrInfo2DbEx:1749 com.huawei.android.chr.ProtocolLogManager.setChrInfo2Db:1646 com.huawei.android.chr.network.ChrNetwork.handleMmRejectInfo:729 com.huawei.android.chr.network.ChrNetwork.reportNetworkChr:907
08-03 22:24:54.126 480 615 W SocketListener: sending broadcast to Pid = 1155, Uid = 1000
08-03 22:25:56.090 480 615 W SocketListener: sending broadcast to Pid = 1155, Uid = 1000
08-03 22:25:56.151 480 615 W SocketListener: sending broadcast to Pid = 1155, Uid = 1000
08-03 22:26:47.068 480 615 W SocketListener: sending broadcast to Pid = 1155, Uid = 1000
08-03 22:26:47.076 753 753 E wificond: Failed to get NL80211_RATE_INFO_NOISE
08-03 22:26:47.076 753 753 E wificond: Failed to get NL80211_RATE_INFO_SNR
08-03 22:26:47.076 753 753 E wificond: Failed to get NL80211_STA_INFO_CNAHLOAD
08-03 22:26:47.077 753 753 E wificond: Failed to get NL80211_RATE_INFO_NOISE
08-03 22:26:47.077 753 753 E wificond: Failed to get NL80211_RATE_INFO_SNR
08-03 22:26:47.077 753 753 E wificond: Failed to get NL80211_STA_INFO_CNAHLOAD
08-03 22:26:47.470 1155 1273 I chatty : uid=1000(system) UEventObserver expire 4 lines
08-03 22:26:47.507 1495 1495 W PowerUI : unknown intent: Intent { act=android.intent.action.ACTION_POWER_CONNECTED flg=0x4000010 (has extras) }
08-03 22:26:47.514 1155 1176 I chatty : uid=1000(system) batterystats-sy expire 2 lines
08-03 22:26:47.532 1155 1155 I chatty : uid=1000 system_server expire 28 lines
08-03 22:26:47.587 14936 14936 D ActivityThread: ActivityThread,attachApplication
08-03 22:26:47.610 1155 1183 I chatty : uid=1000(system) PowerManagerSer expire 8 lines
08-03 22:26:47.646 1155 1400 I chatty : uid=1000(system) PhotonicModulat expire 1 line
08-03 22:26:47.648 1155 1180 I chatty : uid=1000(system) android.display expire 3 lines
08-03 22:26:47.655 1155 1313 I chatty : uid=1000(system) NetdConnector expire 10 lines
08-03 22:26:47.687 1155 2301 I chatty : uid=1000(system) Binder:1155_9 expire 11 lines
08-03 22:26:47.721 1155 1165 I chatty : uid=1000(system) Binder:1155_1 expire 2 lines
08-03 22:26:47.739 1155 1467 I chatty : uid=1000(system) Binder:1155_4 expire 2 lines
08-03 22:26:47.759 1155 1303 I chatty : uid=1000(system) StorageManagerS expire 2 lines
08-03 22:26:47.761 425 453 I vold : TrimTask running tasks: 0
08-03 22:26:47.763 1155 1306 I chatty : uid=1000(system) VoldConnector expire 1 line
08-03 22:26:47.768 14936 14936 W ContextImpl: Calling a method in the system process without a qualified user: android.app.ContextImpl.startService:1656 android.content.ContextWrapper.startService:644 com.huawei.systemmanager.SystemManagerApplication.startMainService:354 com.huawei.systemmanager.SystemManagerApplication.startServices:201 com.huawei.systemmanager.SystemManagerApplication.onCreate:138
08-03 22:26:47.774 14936 14936 W ContextImpl: Calling a method in the system process without a qualified user: android.app.ContextImpl.startService:1656 android.content.ContextWrapper.startService:644 com.huawei.systemmanager.SystemManagerApplication.startPermissionService:279 com.huawei.systemmanager.SystemManagerApplication.startServices:202 com.huawei.systemmanager.SystemManagerApplication.onCreate:138
08-03 22:26:47.774 1155 5401 I chatty : uid=1000(system) Binder:1155_11 expire 1 line
08-03 22:26:47.779 14936 14936 W ContextImpl: Calling a method in the system process without a qualified user: android.app.ContextImpl.startService:1656 android.content.ContextWrapper.startService:644 com.huawei.systemmanager.SystemManagerApplication.startBgStaticsService:300 com.huawei.systemmanager.SystemManagerApplication.startServices:207 com.huawei.systemmanager.SystemManagerApplication.onCreate:138
08-03 22:26:47.781 14936 14936 W ContextImpl: Calling a method in the system process without a qualified user: android.app.ContextImpl.startService:1656 android.content.ContextWrapper.startService:644 com.huawei.systemmanager.SystemManagerApplication.startDeviceStorageMonitorService:307 com.huawei.systemmanager.SystemManagerApplication.startServices:209 com.huawei.systemmanager.SystemManagerApplication.onCreate:138
08-03 22:26:47.789 14936 14936 W ContextImpl: Calling a method in the system process without a qualified user: android.app.ContextImpl.startService:1656 android.content.ContextWrapper.startService:644 com.huawei.systemmanager.SystemManagerApplication.startSpaceCleanService:328 com.huawei.systemmanager.SystemManagerApplication.startServices:213 com.huawei.systemmanager.SystemManagerApplication.onCreate:138
08-03 22:26:47.799 1155 1580 I chatty : uid=1000(system) Binder:1155_6 expire 6 lines
08-03 22:26:47.811 2278 2278 W SettingsEx: SettingsEx.Systemex.getString deprecated use Settings.System.getString instead ;callers=com.android.internal.telephony.gsm.HwCustGsmServiceStateManagerImpl.isMccForShowNetname:211 com.android.internal.telephony.gsm.HwCustGsmServiceStateManagerImpl.isShowNetnameByMcc:202 com.android.internal.telephony.gsm.HwCustGsmServiceStateManagerImpl.setOnsDisplayCustomization:153
08-03 22:26:47.812 480 615 W SocketListener: sending broadcast to Pid = 1155, Uid = 1000
08-03 22:26:47.812 14936 14936 W ContextImpl: Calling a method in the system process without a qualified user: android.app.ContextImpl.startService:1656 android.content.ContextWrapper.startService:644 com.huawei.systemmanager.SystemManagerApplication.startSmartControlResidentService:338 com.huawei.systemmanager.SystemManagerApplication.startServices:216 com.huawei.systemmanager.SystemManagerApplication.onCreate:138
08-03 22:26:47.814 14936 14936 W ContextImpl: Calling a method in the system process without a qualified user: android.app.ContextImpl.startService:1656 android.content.ContextWrapper.startService:644 com.huawei.systemmanager.SystemManagerApplication.startAntivirusService:343 com.huawei.systemmanager.SystemManagerApplication.startServices:217 com.huawei.systemmanager.SystemManagerApplication.onCreate:138
08-03 22:26:47.838 14936 14936 W ContextImpl: Calling a method in the system process without a qualified user: android.app.ContextImpl.startService:1656 android.content.ContextWrapper.startService:644 com.huawei.systemmanager.SystemManagerApplication.startCoreService:238 com.huawei.systemmanager.SystemManagerApplication.startServices:219 com.huawei.systemmanager.SystemManagerApplication.onCreate:138
08-03 22:26:47.850 1155 2346 I chatty : uid=1000(system) Binder:1155_B expire 1 line
08-03 22:26:47.869 1155 1750 I chatty : uid=1000(system) Binder:1155_8 expire 1 line
08-03 22:26:47.887 1429 1667 I HwNetworkPolicyManager: forceUpdatePolicy isRoaming = false
08-03 22:26:47.901 1155 1267 I chatty : uid=1000(system) android.anim expire 14 lines
08-03 22:26:47.915 1155 1580 I chatty : uid=1000(system) Binder:1155_6 expire 2 lines
08-03 22:26:47.915 1155 1155 I chatty : uid=1000 system_server expire 25 lines
08-03 22:26:47.920 753 753 E wificond: Failed to get NL80211_RATE_INFO_NOISE
08-03 22:26:47.920 753 753 E wificond: Failed to get NL80211_RATE_INFO_SNR
08-03 22:26:47.920 753 753 E wificond: Failed to get NL80211_STA_INFO_CNAHLOAD
08-03 22:26:47.925 1155 6505 I chatty : uid=1000(system) Binder:1155_15 expire 1 line
08-03 22:26:47.932 1155 1581 I chatty : uid=1000(system) Binder:1155_7 expire 12 lines
08-03 22:26:47.985 1155 6320 I chatty : uid=1000(system) Binder:1155_13 expire 24 lines
08-03 22:26:47.996 1155 8168 I chatty : uid=1000(system) Binder:1155_19 expire 8 lines
08-03 22:26:48.004 1155 1166 I chatty : uid=1000(system) Binder:1155_2 expire 3 lines
08-03 22:26:48.006 14936 14936 W ContextImpl: Calling a method in the system process without a qualified user: android.app.ContextImpl.bindService:1736 android.content.ContextWrapper.bindService:678 com.huawei.systemmanager.hsmstat.HsmStatProxy.bindService:263 com.huawei.systemmanager.hsmstat.HsmStatProxy.-wrap0:0 com.huawei.systemmanager.hsmstat.HsmStatProxy$1.handleMessage:65
08-03 22:26:48.048 1155 1330 I chatty : uid=1000(system) WifiP2pService expire 21 lines
08-03 22:26:48.059 1155 6503 I chatty : uid=1000(system) Binder:1155_14 expire 7 lines
08-03 22:26:48.061 1155 1467 I chatty : uid=1000(system) Binder:1155_4 expire 2 lines
08-03 22:26:48.107 2278 2278 W SettingsEx: SettingsEx.Systemex.getString deprecated use Settings.System.getString instead ;callers=com.android.internal.telephony.gsm.HwCustGsmServiceStateManagerImpl.isMccForShowNetname:211 com.android.internal.telephony.gsm.HwCustGsmServiceStateManagerImpl.isShowNetnameByMcc:202 com.android.internal.telephony.gsm.HwCustGsmServiceStateManagerImpl.setOnsDisplayCustomization:153
08-03 22:26:48.133 1155 1180 I chatty : uid=1000(system) android.display expire 8 lines
08-03 22:26:48.138 1155 1172 I chatty : uid=1000(system) android.ui expire 5 lines
08-03 22:26:48.149 1155 1183 I chatty : uid=1000(system) PowerManagerSer expire 20 lines
08-03 22:26:48.182 1155 1171 I chatty : uid=1000(system) ActivityManager expire 3 lines
08-03 22:26:48.193 1155 1165 I chatty : uid=1000(system) Binder:1155_1 expire 1 line
08-03 22:26:48.226 1155 8132 I chatty : uid=1000(system) Binder:1155_18 expire 20 lines
08-03 22:26:48.316 1155 13498 I chatty : uid=1000(system) Binder:1155_1B expire 16 lines
08-03 22:26:48.317 2278 2278 D Telephony-TelecomAccountRegistry: onServiceStateChanged0 newState : 0, mServiceState : 0
08-03 22:26:48.345 1155 3079 I chatty : uid=1000(system) Binder:1155_10 expire 12 lines
08-03 22:26:48.395 14936 15013 W ContextImpl: Calling a method in the system process without a qualified user: android.app.ContextImpl.sendBroadcast:1074 android.content.ContextWrapper.sendBroadcast:431 com.avast.android.shepherd.obfuscated.ac.run:68
08-03 22:26:48.416 2278 2278 D Telephony-TelecomAccountRegistry: onServiceStateChanged1 newState : 0, mServiceState : 0
08-03 22:26:48.420 15032 15032 D ActivityThread: ActivityThread,attachApplication
08-03 22:26:48.528 1155 1291 I chatty : uid=1000(system) InputReader expire 8 lines
08-03 22:26:48.672 2575 11038 W ContextImpl: Calling a method in the system process without a qualified user: android.app.ContextImpl.bindService:1736 android.content.ContextWrapper.bindService:678 com.huawei.nb.dataservice.dsclient.RemoteServiceConnection.open:90 com.huawei.nb.dataservice.dsclient.DataServiceProxy.connect:105 com.huawei.nb.dataservice.rsclient.internal.RemoteRuleService.start:27
08-03 22:26:48.818 1408 1408 W ContextImpl: Calling a method in the system process without a qualified user: android.app.ContextImpl.startService:1656 android.content.ContextWrapper.startService:644 android.content.ContextWrapper.startService:644 com.android.settings.deviceinfo.UsbReceiver.startUsbService:282 com.android.settings.deviceinfo.UsbReceiver.onUsbStateReceive:159
08-03 22:26:48.827 1408 1408 W ContextImpl: Calling a method in the system process without a qualified user: android.app.ContextImpl.startService:1656 android.content.ContextWrapper.startService:644 android.content.ContextWrapper.startService:644 com.android.settings.deviceinfo.UsbReceiver.startUsbService:282 com.android.settings.deviceinfo.UsbReceiver.onUsbStateReceive:216
08-03 22:26:48.899 1155 1400 I chatty : uid=1000(system) PhotonicModulat expire 2 lines
08-03 22:26:49.348 2278 2278 W SettingsEx: SettingsEx.Systemex.getString deprecated use Settings.System.getString instead ;callers=com.android.internal.telephony.gsm.HwCustGsmServiceStateManagerImpl.isMccForShowNetname:211 com.android.internal.telephony.gsm.HwCustGsmServiceStateManagerImpl.isShowNetnameByMcc:202 com.android.internal.telephony.gsm.HwCustGsmServiceStateManagerImpl.setOnsDisplayCustomization:153
08-03 22:26:49.380 1429 1667 I HwNetworkPolicyManager: forceUpdatePolicy isRoaming = false
08-03 22:26:49.391 2278 2278 D Telephony-TelecomAccountRegistry: onServiceStateChanged0 newState : 0, mServiceState : 0
08-03 22:26:49.542 2575 11425 W ContextImpl: Calling a method in the system process without a qualified user: android.app.ContextImpl.bindService:1736 android.content.ContextWrapper.bindService:678 com.huawei.nb.dataservice.dsclient.RemoteServiceConnection.open:90 com.huawei.nb.dataservice.dsclient.DataServiceProxy.connect:105 com.huawei.nb.dataservice.rsclient.internal.RemoteRuleService.start:27
08-03 22:26:49.692 1155 1303 I chatty : uid=1000(system) StorageManagerS expire 2 lines
08-03 22:26:49.693 425 453 I vold : TrimTask running tasks: 0
08-03 22:26:49.695 1155 1306 I chatty : uid=1000(system) VoldConnector expire 1 line
08-03 22:26:49.714 753 753 E wificond: Failed to get NL80211_RATE_INFO_NOISE
08-03 22:26:49.714 753 753 E wificond: Failed to get NL80211_RATE_INFO_SNR
08-03 22:26:49.714 753 753 E wificond: Failed to get NL80211_STA_INFO_CNAHLOAD
08-03 22:26:49.853 2575 11437 W ContextImpl: Calling a method in the system process without a qualified user: android.app.ContextImpl.bindService:1736 android.content.ContextWrapper.bindService:678 com.huawei.nb.dataservice.dsclient.RemoteServiceConnection.open:90 com.huawei.nb.dataservice.dsclient.DataServiceProxy.connect:105 com.huawei.nb.dataservice.rsclient.internal.RemoteRuleService.start:27
08-03 22:26:49.921 1155 2761 I chatty : uid=1000(system) Binder:1155_C expire 10 lines
08-03 22:26:50.370 1495 1495 V KeyguardDisplayManager: hide
08-03 22:26:50.403 1155 5401 I chatty : uid=1000(system) Binder:1155_11 expire 5 lines
08-03 22:26:50.405 1155 1313 I chatty : uid=1000(system) NetdConnector expire 4 lines
08-03 22:26:50.954 1155 6503 I chatty : uid=1000(system) Binder:1155_14 expire 10 lines
08-03 22:26:50.958 1155 8168 I chatty : uid=1000(system) Binder:1155_19 expire 5 lines
08-03 22:26:50.970 1155 2761 I chatty : uid=1000(system) Binder:1155_C expire 12 lines
08-03 22:26:50.974 1155 13498 I chatty : uid=1000(system) Binder:1155_1B expire 5 lines
08-03 22:26:51.168 1155 1171 I chatty : uid=1000(system) ActivityManager expire 2 lines
08-03 22:26:51.397 1155 3079 I chatty : uid=1000(system) Binder:1155_10 expire 11 lines
08-03 22:26:51.427 1155 6320 I chatty : uid=1000(system) Binder:1155_13 expire 2 lines
08-03 22:26:51.441 1155 1178 I chatty : uid=1000(system) android.fg expire 2 lines
08-03 22:26:51.481 1408 1408 W ContextImpl: Calling a method in the system process without a qualified user: android.app.ContextImpl.sendBroadcast:1074 android.content.ContextWrapper.sendBroadcast:431 com.android.settings.deviceinfo.UsbSettingsService$5.onClick:688 com.android.settings.deviceinfo.UsbSettingsService$DialogItemListener.onClick:725 com.android.internal.app.AlertController$AlertParams$3.onItemClick:1168
08-03 22:26:51.555 1155 5401 I chatty : uid=1000(system) Binder:1155_11 expire 13 lines
08-03 22:26:51.622 1155 1267 I chatty : uid=1000(system) android.anim expire 5 lines
08-03 22:26:51.688 2776 2776 I AppWidgetHost: appWidget hostView is null
08-03 22:26:51.705 2776 2776 I AppWidgetHost: appWidget hostView is null
08-03 22:26:51.706 1155 2301 I chatty : uid=1000(system) Binder:1155_9 expire 12 lines
08-03 22:26:51.726 1155 1581 I chatty : uid=1000(system) Binder:1155_7 expire 12 lines
08-03 22:26:51.765 1408 1408 W ContextImpl: Calling a method in the system process without a qualified user: android.app.ContextImpl.startService:1656 android.content.ContextWrapper.startService:644 android.content.ContextWrapper.startService:644 com.android.settings.deviceinfo.UsbReceiver.startUsbService:282 com.android.settings.deviceinfo.UsbReceiver.onUsbStateReceive:159
08-03 22:26:51.769 1408 1408 W ContextImpl: Calling a method in the system process without a qualified user: android.app.ContextImpl.startService:1656 android.content.ContextWrapper.startService:644 android.content.ContextWrapper.startService:644 com.android.settings.deviceinfo.UsbReceiver.startUsbService:282 com.android.settings.deviceinfo.UsbReceiver.onUsbStateReceive:206
08-03 22:26:51.960 1408 1408 W ContextImpl: Calling a method in the system process without a qualified user: android.app.ContextImpl.startService:1656 android.content.ContextWrapper.startService:644 android.content.ContextWrapper.startService:644 com.android.settings.deviceinfo.UsbReceiver.startUsbService:282 com.android.settings.deviceinfo.UsbReceiver.onUsbStateReceive:159
08-03 22:26:51.962 1408 1408 W ContextImpl: Calling a method in the system process without a qualified user: android.app.ContextImpl.startService:1656 android.content.ContextWrapper.startService:644 android.content.ContextWrapper.startService:644 com.android.settings.deviceinfo.UsbReceiver.startUsbService:282 com.android.settings.deviceinfo.UsbReceiver.onUsbStateReceive:206
08-03 22:26:51.998 1408 1408 W ContextImpl: Calling a method in the system process without a qualified user: android.app.ContextImpl.startService:1656 android.content.ContextWrapper.startService:644 android.content.ContextWrapper.startService:644 com.android.settings.deviceinfo.UsbReceiver.startUsbService:282 com.android.settings.deviceinfo.UsbReceiver.onUsbStateReceive:159
08-03 22:26:52.001 1408 1408 W ContextImpl: Calling a method in the system process without a qualified user: android.app.ContextImpl.startService:1656 android.content.ContextWrapper.startService:644 android.content.ContextWrapper.startService:644 com.android.settings.deviceinfo.UsbReceiver.startUsbService:282 com.android.settings.deviceinfo.UsbReceiver.onUsbStateReceive:206
08-03 22:26:52.249 1155 8132 I chatty : uid=1000(system) Binder:1155_18 expire 18 lines
08-03 22:26:52.487 15156 15156 D ActivityThread: ActivityThread,attachApplication
08-03 22:26:52.725 753 753 E wificond: Failed to get NL80211_RATE_INFO_NOISE
08-03 22:26:52.725 753 753 E wificond: Failed to get NL80211_RATE_INFO_SNR
08-03 22:26:52.725 753 753 E wificond: Failed to get NL80211_STA_INFO_CNAHLOAD
08-03 22:26:52.846 1155 2762 I chatty : uid=1000(system) Binder:1155_D expire 8 lines
08-03 22:26:53.237 15203 15203 D ActivityThread: ActivityThread,attachApplication
08-03 22:26:53.453 2278 2278 W SettingsEx: SettingsEx.Systemex.getString deprecated use Settings.System.getString instead ;callers=com.android.internal.telephony.gsm.HwCustGsmServiceStateManagerImpl.isMccForShowNetname:211 com.android.internal.telephony.gsm.HwCustGsmServiceStateManagerImpl.isShowNetnameByMcc:202 com.android.internal.telephony.gsm.HwCustGsmServiceStateManagerImpl.setOnsDisplayCustomization:153
08-03 22:26:53.463 1155 1155 I chatty : uid=1000 system_server expire 9 lines
08-03 22:26:53.463 1155 1333 I chatty : uid=1000(system) ConnectivitySer expire 5 lines
08-03 22:26:53.493 1155 6888 I chatty : uid=1000(system) Binder:1155_17 expire 6 lines
08-03 22:26:53.512 2278 2278 D Telephony-TelecomAccountRegistry: onServiceStateChanged0 newState : 0, mServiceState : 0
08-03 22:26:53.526 1429 1667 I HwNetworkPolicyManager: forceUpdatePolicy isRoaming = false
08-03 22:26:53.726 1155 1291 I chatty : uid=1000(system) InputReader expire 2 lines
08-03 22:26:53.833 1155 1183 I chatty : uid=1000(system) PowerManagerSer expire 11 lines
08-03 22:26:53.870 15307 15307 D ActivityThread: ActivityThread,attachApplication
08-03 22:26:53.877 2776 2776 V ActivityThread: Finishing stop of ActivityRecord{1ca12a5 token=android.os.BinderProxy@bd86555 {com.huawei.android.launcher/com.huawei.android.launcher.unihome.UniHomeLauncher}}
08-03 22:26:54.072 1155 1400 I chatty : uid=1000(system) PhotonicModulat expire 1 line
08-03 22:26:54.072 1155 1180 I chatty : uid=1000(system) android.display expire 3 lines
08-03 22:26:54.128 1495 1495 V KeyguardStatusView: refresh statusview showing:true
08-03 22:26:54.142 1495 1495 V KeyguardDisplayManager: show
08-03 22:26:54.156 2255 2267 D AntiBruteForceProcessor: RemainingAuthenticateNum = 5
08-03 22:26:54.181 1155 1330 I chatty : uid=1000(system) WifiP2pService expire 6 lines
08-03 22:26:54.274 1155 1172 I chatty : uid=1000(system) android.ui expire 1 line
08-03 22:26:54.430 1155 8132 I chatty : uid=1000(system) Binder:1155_18 expire 1 line
08-03 22:26:54.434 1155 3079 I chatty : uid=1000(system) Binder:1155_10 expire 3 lines
08-03 22:26:54.442 1155 13498 I chatty : uid=1000(system) Binder:1155_1B expire 5 lines
08-03 22:26:54.454 2776 2776 V ActivityThread: Handle window ActivityRecord{1ca12a5 token=android.os.BinderProxy@bd86555 {com.huawei.android.launcher/com.huawei.android.launcher.unihome.UniHomeLauncher}} visibility: false
08-03 22:26:54.567 1155 1581 I chatty : uid=1000(system) Binder:1155_7 expire 1 line
