08-03 22:36:39.046 17796 17796 I libMGD : Patching glVertexAttribI4i in /system/lib64/libandroid_runtime.so
08-03 22:36:39.046 17796 17796 I libMGD : Patching glVertexAttribI4iv in /system/lib64/libandroid_runtime.so
08-03 22:36:39.046 17796 17796 I libMGD : Patching glVertexAttribI4ui in /system/lib64/libandroid_runtime.so
08-03 22:36:39.046 17796 17796 I libMGD : Patching glVertexAttribI4uiv in /system/lib64/libandroid_runtime.so
08-03 22:36:39.046 17796 17796 I libMGD : Patching glVertexAttribIFormat in /system/lib64/libandroid_runtime.so
08-03 22:36:39.046 17796 17796 I libMGD : Patching glVertexAttribIPointer in /system/lib64/libandroid_runtime.so
08-03 22:36:39.046 17796 17796 I libMGD : Patching glVertexAttribPointer in /system/lib64/libandroid_runtime.so
08-03 22:36:39.046 17796 17796 I libMGD : Patching glVertexBindingDivisor in /system/lib64/libandroid_runtime.so
08-03 22:36:39.046 17796 17796 I libMGD : Patching glVertexPointer in /system/lib64/libandroid_runtime.so
08-03 22:36:39.046 17796 17796 I libMGD : Patching glViewport in /system/lib64/libandroid_runtime.so
08-03 22:36:39.046 17796 17796 I libMGD : Patching glWaitSync in /system/lib64/libandroid_runtime.so
08-03 22:36:39.046 17796 17796 I libMGD : Patching glWeightPointerOES in /system/lib64/libandroid_runtime.so
08-03 22:36:39.047 17796 17796 I libMGD : Patching dlopen in /system/lib64/libart-compiler.so
08-03 22:36:39.047 17796 17796 I libMGD : Patching dlsym in /system/lib64/libart-compiler.so
08-03 22:36:39.047 17796 17796 I libMGD : Skip patching android_dlopen_ext in /system/lib64/libart.so
08-03 22:36:39.047 17796 17796 I libMGD : Patching dlopen in /system/lib64/libart.so
08-03 22:36:39.047 1155 1290 D InputDispatcher: Dispatch frozen. Waiting some more. last for 617ms
08-03 22:36:39.047 17796 17796 I libMGD : Patching dlsym in /system/lib64/libart.so
08-03 22:36:39.047 17796 17796 I libMGD : Skip patching dlopen in /system/lib64/libbinder.so
08-03 22:36:39.047 17796 17796 I libMGD : Patching dlsym in /system/lib64/libbinder.so
08-03 22:36:39.048 17796 17796 I libMGD : Patching dlopen in /system/lib64/libc.so
08-03 22:36:39.048 17796 17796 I libMGD : Patching dlsym in /system/lib64/libc.so
08-03 22:36:39.049 17796 17796 I libMGD : Patching glCreateProgram in /system/lib64/libgpuassistant_client.so
08-03 22:36:39.049 17796 17796 I libMGD : Patching glGetProgramInfoLog in /system/lib64/libgpuassistant_client.so
08-03 22:36:39.049 17796 17796 I libMGD : Patching glGetProgramiv in /system/lib64/libgpuassistant_client.so
08-03 22:36:39.049 17796 17796 I libMGD : Patching glGetString in /system/lib64/libgpuassistant_client.so
08-03 22:36:39.049 17796 17796 I libMGD : Patching glProgramBinaryOES in /system/lib64/libgpuassistant_client.so
08-03 22:36:39.049 17796 17796 I libMGD : Skip patching dlopen in /system/lib64/libgui.so
08-03 22:36:39.049 17796 17796 I libMGD : Patching dlsym in /system/lib64/libgui.so
08-03 22:36:39.049 17796 17796 I libMGD : Patching eglClientWaitSyncKHR in /system/lib64/libgui.so
08-03 22:36:39.049 17796 17796 I libMGD : Patching eglCreateImageKHR in /system/lib64/libgui.so
08-03 22:36:39.049 17796 17796 I libMGD : Patching eglCreateSyncKHR in /system/lib64/libgui.so
08-03 22:36:39.049 1495 1495 W StaticLayout: maxLineHeight should not be -1. maxLines:1 lineCount:1
08-03 22:36:39.049 17796 17796 I libMGD : Patching eglDestroyImageKHR in /system/lib64/libgui.so
08-03 22:36:39.049 17796 17796 I libMGD : Patching eglDestroySyncKHR in /system/lib64/libgui.so
08-03 22:36:39.049 17796 17796 I libMGD : Patching eglDupNativeFenceFDANDROID in /system/lib64/libgui.so
08-03 22:36:39.049 17796 17796 I libMGD : Patching eglGetCurrentContext in /system/lib64/libgui.so
08-03 22:36:39.049 17796 17796 I libMGD : Patching eglGetCurrentDisplay in /system/lib64/libgui.so
08-03 22:36:39.049 17796 17796 I libMGD : Patching eglGetDisplay in /system/lib64/libgui.so
08-03 22:36:39.049 17796 17796 I libMGD : Patching eglGetError in /system/lib64/libgui.so
08-03 22:36:39.049 17796 17796 I libMGD : Patching eglInitialize in /system/lib64/libgui.so
08-03 22:36:39.049 17796 17796 I libMGD : Patching eglQueryString in /system/lib64/libgui.so
08-03 22:36:39.049 17796 17796 I libMGD : Patching eglTerminate in /system/lib64/libgui.so
08-03 22:36:39.049 17796 17796 I libMGD : Patching eglWaitSyncKHR in /system/lib64/libgui.so
08-03 22:36:39.049 17796 17796 I libMGD : Patching glBindTexture in /system/lib64/libgui.so
08-03 22:36:39.049 1495 1495 W StaticLayout: maxLineHeight should not be -1. maxLines:1 lineCount:1
08-03 22:36:39.049 17796 17796 I libMGD : Patching glDeleteTextures in /system/lib64/libgui.so
08-03 22:36:39.049 17796 17796 I libMGD : Patching glEGLImageTargetTexture2DOES in /system/lib64/libgui.so
08-03 22:36:39.049 17796 17796 I libMGD : Patching glFlush in /system/lib64/libgui.so
08-03 22:36:39.050 17796 17796 I libMGD : Patching glGetError in /system/lib64/libgui.so
08-03 22:36:39.050 1495 1495 W StaticLayout: maxLineHeight should not be -1. maxLines:1 lineCount:1
08-03 22:36:39.050 17796 17796 I libMGD : Skip patching dlopen in /system/lib64/libhardware.so
08-03 22:36:39.050 17796 17796 I libMGD : Patching dlsym in /system/lib64/libhardware.so
08-03 22:36:39.050 17796 17796 I libMGD : Skip patching android_dlopen_ext in /system/lib64/libhidltransport.so
08-03 22:36:39.050 17796 17796 I libMGD : Skip patching dlopen in /system/lib64/libhidltransport.so
08-03 22:36:39.050 17796 17796 I libMGD : Patching dlsym in /system/lib64/libhidltransport.so
08-03 22:36:39.050 1495 1495 W StaticLayout: maxLineHeight should not be -1. maxLines:1 lineCount:1
08-03 22:36:39.050 17796 17796 I libMGD : Skip patching dlopen in /system/lib64/libhwgl.so
08-03 22:36:39.050 17796 17796 I libMGD : Patching dlsym in /system/lib64/libhwgl.so
08-03 22:36:39.050 17796 17796 I libMGD : Patching eglGetCurrentSurface in /system/lib64/libhwgl.so
08-03 22:36:39.051 1495 1495 W StaticLayout: maxLineHeight should not be -1. maxLines:1 lineCount:1
08-03 22:36:39.051 17796 17796 I libMGD : Skip patching dlopen in /system/lib64/libhwlog_jni.so
08-03 22:36:39.051 17796 17796 I libMGD : Patching dlsym in /system/lib64/libhwlog_jni.so
08-03 22:36:39.051 17796 17796 I libMGD : Skip patching eglChooseConfig in /system/lib64/libhwui.so
08-03 22:36:39.051 17796 17796 I libMGD : Skip patching eglClientWaitSyncKHR in /system/lib64/libhwui.so
08-03 22:36:39.051 17796 17796 I libMGD : Skip patching eglCreateContext in /system/lib64/libhwui.so
08-03 22:36:39.051 17796 17796 I libMGD : Skip patching eglCreateImageKHR in /system/lib64/libhwui.so
08-03 22:36:39.051 17796 17796 I libMGD : Skip patching eglCreatePbufferSurface in /system/lib64/libhwui.so
08-03 22:36:39.051 17796 17796 I libMGD : Skip patching eglCreateSyncKHR in /system/lib64/libhwui.so
08-03 22:36:39.051 17796 17796 I libMGD : Skip patching eglCreateWindowSurface in /system/lib64/libhwui.so
08-03 22:36:39.051 17796 17796 I libMGD : Skip patching eglDestroyContext in /system/lib64/libhwui.so
08-03 22:36:39.051 17796 17796 I libMGD : Skip patching eglDestroyImageKHR in /system/lib64/libhwui.so
08-03 22:36:39.051 17796 17796 I libMGD : Skip patching eglDestroySurface in /system/lib64/libhwui.so
08-03 22:36:39.051 17796 17796 I libMGD : Skip patching eglDestroySyncKHR in /system/lib64/libhwui.so
08-03 22:36:39.051 17796 17796 I libMGD : Skip patching eglGetCurrentDisplay in /system/lib64/libhwui.so
08-03 22:36:39.051 17796 17796 I libMGD : Skip patching eglGetDisplay in /system/lib64/libhwui.so
08-03 22:36:39.051 17796 17796 I libMGD : Skip patching eglGetError in /system/lib64/libhwui.so
08-03 22:36:39.051 17796 17796 I libMGD : Skip patching eglInitialize in /system/lib64/libhwui.so
08-03 22:36:39.051 17796 17796 I libMGD : Skip patching eglMakeCurrent in /system/lib64/libhwui.so
08-03 22:36:39.051 17796 17796 I libMGD : Skip patching eglQueryString in /system/lib64/libhwui.so
08-03 22:36:39.051 17796 17796 I libMGD : Skip patching eglQuerySurface in /system/lib64/libhwui.so
08-03 22:36:39.051 17796 17796 I libMGD : Skip patching eglReleaseThread in /system/lib64/libhwui.so
08-03 22:36:39.051 17796 17796 I libMGD : Skip patching eglSetDamageRegionKHR in /system/lib64/libhwui.so
08-03 22:36:39.051 17796 17796 I libMGD : Skip patching eglSurfaceAttrib in /system/lib64/libhwui.so
08-03 22:36:39.051 17796 17796 I libMGD : Skip patching eglSwapBuffersWithDamageKHR in /system/lib64/libhwui.so
08-03 22:36:39.051 17796 17796 I libMGD : Skip patching eglSwapInterval in /system/lib64/libhwui.so
08-03 22:36:39.051 17796 17796 I libMGD : Skip patching eglTerminate in /system/lib64/libhwui.so
08-03 22:36:39.051 17796 17796 I libMGD : Skip patching glActiveTexture in /system/lib64/libhwui.so
08-03 22:36:39.051 17796 17796 I libMGD : Skip patching glAttachShader in /system/lib64/libhwui.so
08-03 22:36:39.051 17796 17796 I libMGD : Skip patching glBindAttribLocation in /system/lib64/libhwui.so
08-03 22:36:39.051 17796 17796 I libMGD : Skip patching glBindBuffer in /system/lib64/libhwui.so
08-03 22:36:39.051 17796 17796 I libMGD : Skip patching glBindFramebuffer in /system/lib64/libhwui.so
08-03 22:36:39.051 17796 17796 I libMGD : Skip patching glBindRenderbuffer in /system/lib64/libhwui.so
08-03 22:36:39.051 17796 17796 I libMGD : Skip patching glBindTexture in /system/lib64/libhwui.so
08-03 22:36:39.051 17796 17796 I libMGD : Skip patching glBlendFunc in /system/lib64/libhwui.so
08-03 22:36:39.051 17796 17796 I libMGD : Skip patching glBufferData in /system/lib64/libhwui.so
08-03 22:36:39.051 17796 17796 I libMGD : Skip patching glBufferSubData in /system/lib64/libhwui.so
08-03 22:36:39.051 17796 17796 I libMGD : Skip patching glCheckFramebufferStatus in /system/lib64/libhwui.so
08-03 22:36:39.051 17796 17796 I libMGD : Skip patching glClear in /system/lib64/libhwui.so
08-03 22:36:39.051 17796 17796 I libMGD : Skip patching glClearColor in /system/lib64/libhwui.so
08-03 22:36:39.051 17796 17796 I libMGD : Skip patching glClearStencil in /system/lib64/libhwui.so
08-03 22:36:39.051 17796 17796 I libMGD : Skip patching glColorMask in /system/lib64/libhwui.so
08-03 22:36:39.051 17796 17796 I libMGD : Skip patching glCompileShader in /system/lib64/libhwui.so
08-03 22:36:39.051 17796 17796 I libMGD : Skip patching glCopyTexSubImage2D in /system/lib64/libhwui.so
08-03 22:36:39.051 17796 17796 I libMGD : Skip patching glCreateProgram in /system/lib64/libhwui.so
08-03 22:36:39.051 17796 17796 I libMGD : Skip patching glCreateShader in /system/lib64/libhwui.so
08-03 22:36:39.051 17796 17796 I libMGD : Skip patching glDeleteBuffers in /system/lib64/libhwui.so
08-03 22:36:39.051 17796 17796 I libMGD : Skip patching glDeleteFramebuffers in /system/lib64/libhwui.so
08-03 22:36:39.051 17796 17796 I libMGD : Skip patching glDeleteProgram in /system/lib64/libhwui.so
08-03 22:36:39.051 17796 17796 I libMGD : Skip patching glDeleteRenderbuffers in /system/lib64/libhwui.so
08-03 22:36:39.051 17796 17796 I libMGD : Skip patching glDeleteShader in /system/lib64/libhwui.so
08-03 22:36:39.051 17796 17796 I libMGD : Skip patching glDeleteTextures in /system/lib64/libhwui.so
08-03 22:36:39.051 17796 17796 I libMGD : Skip patching glDetachShader in /system/lib64/libhwui.so
08-03 22:36:39.051 17796 17796 I libMGD : Skip patching glDisable in /system/lib64/libhwui.so
08-03 22:36:39.051 17796 17796 I libMGD : Skip patching glDisableVertexAttribArray in /system/lib64/libhwui.so
08-03 22:36:39.051 17796 17796 I libMGD : Skip patching glDrawArrays in /system/lib64/libhwui.so
08-03 22:36:39.051 17796 17796 I libMGD : Skip patching glDrawElements in /system/lib64/libhwui.so
08-03 22:36:39.051 17796 17796 I libMGD : Skip patching glEGLImageTargetTexture2DOES in /system/lib64/libhwui.so
08-03 22:36:39.051 17796 17796 I libMGD : Skip patching glEnable in /system/lib64/libhwui.so
08-03 22:36:39.051 17796 17796 I libMGD : Skip patching glEnableVertexAttribArray in /system/lib64/libhwui.so
08-03 22:36:39.051 17796 17796 I libMGD : Skip patching glFinish in /system/lib64/libhwui.so
08-03 22:36:39.051 17796 17796 I libMGD : Skip patching glFlush in /system/lib64/libhwui.so
08-03 22:36:39.051 17796 17796 I libMGD : Skip patching glFramebufferRenderbuffer in /system/lib64/libhwui.so
08-03 22:36:39.051 17796 17796 I libMGD : Skip patching glFramebufferTexture2D in /system/lib64/libhwui.so
08-03 22:36:39.051 17796 17796 I libMGD : Skip patching glGenBuffers in /system/lib64/libhwui.so
08-03 22:36:39.051 17796 17796 I libMGD : Skip patching glGenFramebuffers in /system/lib64/libhwui.so
08-03 22:36:39.051 17796 17796 I libMGD : Skip patching glGenRenderbuffers in /system/lib64/libhwui.so
08-03 22:36:39.051 17796 17796 I libMGD : Skip patching glGenTextures in /system/lib64/libhwui.so
08-03 22:36:39.051 17796 17796 I libMGD : Skip patching glGenerateMipmap in /system/lib64/libhwui.so
08-03 22:36:39.051 17796 17796 I libMGD : Skip patching glGetAttribLocation in /system/lib64/libhwui.so
08-03 22:36:39.051 17796 17796 I libMGD : Skip patching glGetError in /system/lib64/libhwui.so
08-03 22:36:39.051 17796 17796 I libMGD : Skip patching glGetIntegerv in /system/lib64/libhwui.so
08-03 22:36:39.051 17796 17796 I libMGD : Skip patching glGetProgramInfoLog in /system/lib64/libhwui.so
08-03 22:36:39.051 17796 17796 I libMGD : Skip patching glGetProgramiv in /system/lib64/libhwui.so
08-03 22:36:39.051 17796 17796 I libMGD : Skip patching glGetShaderInfoLog in /system/lib64/libhwui.so
08-03 22:36:39.052 17796 17796 I libMGD : Skip patching glGetShaderiv in /system/lib64/libhwui.so
08-03 22:36:39.052 17796 17796 I libMGD : Skip patching glGetString in /system/lib64/libhwui.so
08-03 22:36:39.052 17796 17796 I libMGD : Skip patching glGetUniformLocation in /system/lib64/libhwui.so
08-03 22:36:39.052 17796 17796 I libMGD : Skip patching glIsEnabled in /system/lib64/libhwui.so
08-03 22:36:39.052 17796 17796 I libMGD : Skip patching glLinkProgram in /system/lib64/libhwui.so
08-03 22:36:39.052 17796 17796 I libMGD : Skip patching glMapBufferRange in /system/lib64/libhwui.so
08-03 22:36:39.052 17796 17796 I libMGD : Skip patching glPixelStorei in /system/lib64/libhwui.so
08-03 22:36:39.052 17796 17796 I libMGD : Skip patching glReadPixels in /system/lib64/libhwui.so
08-03 22:36:39.052 17796 17796 I libMGD : Skip patching glRenderbufferStorage in /system/lib64/libhwui.so
08-03 22:36:39.052 17796 17796 I libMGD : Skip patching glScissor in /system/lib64/libhwui.so
08-03 22:36:39.052 17796 17796 I libMGD : Skip patching glShaderSource in /system/lib64/libhwui.so
08-03 22:36:39.052 17796 17796 I libMGD : Skip patching glStencilFunc in /system/lib64/libhwui.so
08-03 22:36:39.052 17796 17796 I libMGD : Skip patching glStencilMask in /system/lib64/libhwui.so
08-03 22:36:39.052 17796 17796 I libMGD : Skip patching glStencilOp in /system/lib64/libhwui.so
08-03 22:36:39.052 17796 17796 I libMGD : Skip patching glTexImage2D in /system/lib64/libhwui.so
08-03 22:36:39.052 17796 17796 I libMGD : Skip patching glTexParameteri in /system/lib64/libhwui.so
08-03 22:36:39.052 17796 17796 I libMGD : Skip patching glTexSubImage2D in /system/lib64/libhwui.so
08-03 22:36:39.052 17796 17796 I libMGD : Skip patching glUniform1f in /system/lib64/libhwui.so
08-03 22:36:39.052 17796 17796 I libMGD : Skip patching glUniform1fv in /system/lib64/libhwui.so
08-03 22:36:39.052 17796 17796 I libMGD : Skip patching glUniform1i in /system/lib64/libhwui.so
08-03 22:36:39.052 17796 17796 I libMGD : Skip patching glUniform2f in /system/lib64/libhwui.so
08-03 22:36:39.052 17796 17796 I libMGD : Skip patching glUniform2fv in /system/lib64/libhwui.so
08-03 22:36:39.052 17796 17796 I libMGD : Skip patching glUniform4f in /system/lib64/libhwui.so
08-03 22:36:39.052 17796 17796 I libMGD : Skip patching glUniform4fv in /system/lib64/libhwui.so
08-03 22:36:39.052 17796 17796 I libMGD : Skip patching glUniformMatrix3fv in /system/lib64/libhwui.so
08-03 22:36:39.052 17796 17796 I libMGD : Skip patching glUniformMatrix4fv in /system/lib64/libhwui.so
08-03 22:36:39.052 17796 17796 I libMGD : Skip patching glUnmapBuffer in /system/lib64/libhwui.so
08-03 22:36:39.052 17796 17796 I libMGD : Skip patching glUseProgram in /system/lib64/libhwui.so
08-03 22:36:39.052 17796 17796 I libMGD : Skip patching glVertexAttribPointer in /system/lib64/libhwui.so
08-03 22:36:39.052 17796 17796 I libMGD : Skip patching glViewport in /system/lib64/libhwui.so
08-03 22:36:39.052 17796 17796 I libMGD : Skip patching dlopen in /system/lib64/libiAwareSdkAdapter.so
08-03 22:36:39.052 17796 17796 I libMGD : Patching dlsym in /system/lib64/libiAwareSdkAdapter.so
08-03 22:36:39.052 17796 17796 I libMGD : Skip patching dlopen in /system/lib64/libicuuc.so
08-03 22:36:39.052 17796 17796 I libMGD : Patching dlsym in /system/lib64/libicuuc.so
08-03 22:36:39.053 17796 17796 I libMGD : Skip patching dlopen in /system/lib64/libmediadrm.so
08-03 22:36:39.053 17796 17796 I libMGD : Patching dlsym in /system/lib64/libmediadrm.so
08-03 22:36:39.054 17796 17796 I libMGD : Patching dlopen in /system/lib64/libnativebridge.so
08-03 22:36:39.054 17796 17796 I libMGD : Patching dlsym in /system/lib64/libnativebridge.so
08-03 22:36:39.054 17796 17796 I libMGD : Patching dlopen in /system/lib64/libnativehelper.so
08-03 22:36:39.054 17796 17796 I libMGD : Patching dlsym in /system/lib64/libnativehelper.so
08-03 22:36:39.054 17796 17796 I libMGD : Patching android_dlopen_ext in /system/lib64/libnativeloader.so
08-03 22:36:39.054 17796 17796 I libMGD : Patching dlopen in /system/lib64/libnativeloader.so
08-03 22:36:39.055 17796 17796 I libMGD : Patching JVM_NativeLoad in /system/lib64/libopenjdk.so
08-03 22:36:39.055 17796 17796 I libMGD : Patching dlsym in /system/lib64/libopenjdk.so
08-03 22:36:39.055 17796 17796 I libMGD : Patching dlsym in /system/lib64/libopenjdkjvm.so
08-03 22:36:39.055 17796 17796 I libMGD : Skip patching dlopen in /system/lib64/libpowergenie_native3.so
08-03 22:36:39.055 17796 17796 I libMGD : Patching dlsym in /system/lib64/libpowergenie_native3.so
08-03 22:36:39.055 17796 17796 I libMGD : Skip patching dlopen in /system/lib64/libpowerlog.so
08-03 22:36:39.055 17796 17796 I libMGD : Patching dlsym in /system/lib64/libpowerlog.so
08-03 22:36:39.056 17796 17796 I libMGD : Skip patching dlopen in /system/lib64/libservices.huawei.so
08-03 22:36:39.056 17796 17796 I libMGD : Patching dlsym in /system/lib64/libservices.huawei.so
08-03 22:36:39.056 17796 17796 I libMGD : Skip patching dlopen in /system/lib64/libskia.so
08-03 22:36:39.056 17796 17796 I libMGD : Patching dlsym in /system/lib64/libskia.so
08-03 22:36:39.056 17796 17796 I libMGD : Patching eglGetProcAddress in /system/lib64/libskia.so
08-03 22:36:39.056 17796 17796 I libMGD : Skip patching dlopen in /system/lib64/libstagefright.so
08-03 22:36:39.056 17796 17796 I libMGD : Patching dlsym in /system/lib64/libstagefright.so
08-03 22:36:39.057 17796 17796 I libMGD : Skip patching dlopen in /system/lib64/libstagefright_omx.so
08-03 22:36:39.057 17796 17796 I libMGD : Patching dlsym in /system/lib64/libstagefright_omx.so
08-03 22:36:39.057 1495 1495 W StaticLayout: maxLineHeight should not be -1. maxLines:1 lineCount:1
08-03 22:36:39.057 1495 1495 W StaticLayout: maxLineHeight should not be -1. maxLines:1 lineCount:1
08-03 22:36:39.057 17796 17796 I libMGD : Patching dlsym in /system/lib64/libutils.so
08-03 22:36:39.057 1495 1495 W StaticLayout: maxLineHeight should not be -1. maxLines:1 lineCount:1
08-03 22:36:39.057 17796 17796 I libMGD : Skip patching android_dlopen_ext in /system/lib64/libvndksupport.so
08-03 22:36:39.057 17796 17796 I libMGD : Skip patching dlopen in /system/lib64/libvndksupport.so
08-03 22:36:39.057 17796 17796 I libMGD : Skip patching android_dlopen_ext in /system/lib64/libvulkan.so
08-03 22:36:39.057 17796 17796 I libMGD : Skip patching dlopen in /system/lib64/libvulkan.so
08-03 22:36:39.057 17796 17796 I libMGD : Patching dlsym in /system/lib64/libvulkan.so
08-03 22:36:39.058 17796 17796 I libMGD : Skip patching android_dlopen_ext in /system/lib64/libwebviewchromium_loader.so
08-03 22:36:39.058 17796 17796 I libMGD : Skip patching dlopen in /system/lib64/vndk-sp/libhardware.so
08-03 22:36:39.058 17796 17796 I libMGD : Patching dlsym in /system/lib64/vndk-sp/libhardware.so
08-03 22:36:39.059 17796 17796 I libMGD : Skip patching android_dlopen_ext in /system/lib64/vndk-sp/libhidltransport.so
08-03 22:36:39.059 17796 17796 I libMGD : Skip patching dlopen in /system/lib64/vndk-sp/libhidltransport.so
08-03 22:36:39.059 17796 17796 I libMGD : Patching dlsym in /system/lib64/vndk-sp/libhidltransport.so
08-03 22:36:39.059 17796 17796 I libMGD : Patching dlsym in /system/lib64/vndk-sp/libutils.so
08-03 22:36:39.060 17796 17796 I libMGD : Skip patching dlopen in /vendor/lib64/libhilog.so
08-03 22:36:39.060 17796 17796 I libMGD : Patching dlsym in /vendor/lib64/libhilog.so
08-03 22:36:39.061 1495 1495 W StaticLayout: maxLineHeight should not be -1. maxLines:1 lineCount:1
08-03 22:36:39.061 1495 1495 W StaticLayout: maxLineHeight should not be -1. maxLines:1 lineCount:1
08-03 22:36:39.062 17796 17796 I HwCust : Constructor found for class android.app.HwCustActivityImpl
08-03 22:36:39.062 17796 17796 D HwCust : Create obj success use class android.app.HwCustActivityImpl
08-03 22:36:39.064 1495 1495 W StaticLayout: maxLineHeight should not be -1. maxLines:1 lineCount:1
08-03 22:36:39.064 1495 1495 W StaticLayout: maxLineHeight should not be -1. maxLines:1 lineCount:1
08-03 22:36:39.067 17796 17796 V HwPolicyFactory: : success to get AllImpl object and return....
08-03 22:36:39.072 17796 17796 I HwCust : Constructor found for class android.app.HwCustHwWallpaperManagerImpl
08-03 22:36:39.072 17796 17796 D HwCust : Create obj success use class android.app.HwCustHwWallpaperManagerImpl
08-03 22:36:39.075 1155 1290 D InputDispatcher: Dispatch frozen. Waiting some more. last for 646ms
08-03 22:36:39.078 17796 17796 V HwWidgetFactory: : successes to get AllImpl object and return....
08-03 22:36:39.085 1155 1290 D InputDispatcher: Dispatch frozen. Waiting some more. last for 656ms
08-03 22:36:39.087 17796 17796 V ActivityThread: ActivityThread,callActivityOnCreate
08-03 22:36:39.089 17796 17796 I HwSecImmHelper: mSecurityInputMethodService is null
08-03 22:36:39.089 667 2625 E BufferQueueProducer: [StatusBar#0] disconnect: not connected (req=1)
08-03 22:36:39.089 1495 1929 W libEGL : EGLNativeWindowType 0x7e4aa64010 disconnect failed
08-03 22:36:39.090 1155 1290 D InputDispatcher: Dispatch frozen. Waiting some more. last for 661ms
08-03 22:36:39.091 1495 1929 D mali_winsys: EGLint new_window_surface(egl_winsys_display *, void *, EGLSurface, EGLConfig, egl_winsys_surface **, egl_color_buffer_format *, EGLBoolean) returns 0x3000
08-03 22:36:39.094 1495 1495 W StaticLayout: maxLineHeight should not be -1. maxLines:1 lineCount:1
08-03 22:36:39.100 1155 8168 D HwNetworkManagementService: code == CODE_GET_AD_KEY_LIST
08-03 22:36:39.100 1155 8168 D HwNetworkManagementService: appName = com.thephoridaeintertainment.sergeyloskutnikov.runningman is not in the mAdViewMap! reply none
08-03 22:36:39.100 1155 8168 D HwNetworkManagementService: appName = com.thephoridaeintertainment.sergeyloskutnikov.runningman is not in the mAdIdMap! reply none
08-03 22:36:39.105 1495 1495 I chatty : uid=10040(u0_a40) com.android.systemui identical 10 lines
08-03 22:36:39.105 1495 1495 W StaticLayout: maxLineHeight should not be -1. maxLines:1 lineCount:1
08-03 22:36:39.108 1495 1495 W HwKeyguardDragHelper: AnimationBlocked
08-03 22:36:39.117 17796 17796 D HwRTBlurUtils: check blur style for HwPhoneWindow-, themeResId : 0x01030007, context : com.thephoridaeintertainment.sergeyloskutnikov.runningman.RunActiv@d4d6fba, Nhwext : 0, get Blur : disable with , null
08-03 22:36:39.117 638 638 I GRALLOC : shrFd=10,fmt=0x1,intFmt=0x1,btStrd=512,size=1105920,pid=638
08-03 22:36:39.117 638 638 I GRALLOC : yuv=2,w=72,h=2160,Stride u=0 v=0,offset u=0 v=0
08-03 22:36:39.117 638 638 I GRALLOC : iova_size=1105920,conUsg=0xb00,proUsg=0xb00, strd=128,[afbc]HdrStrd=0 PyldStrd=0 Scrmbl=0,ionhnd = 1
08-03 22:36:39.118 17796 17796 D HwRTBlurUtils: check blur style for HwPhoneWindow-, themeResId : 0x01030007, context : com.thephoridaeintertainment.sergeyloskutnikov.runningman.RunActiv@d4d6fba, Nhwext : 0, get Blur : disable with , null
08-03 22:36:39.122 1155 6505 D WindowManager: finishDrawingWindow: Window{fd89218 u0 StatusBar} mDrawState=DRAW_PENDING
08-03 22:36:39.126 1155 1290 D InputDispatcher: Dispatch frozen. Waiting some more. last for 697ms
08-03 22:36:39.127 17796 17796 I libMGD : android_dlopen_ext of /data/app/com.thephoridaeintertainment.sergeyloskutnikov.runningman-QWqG8yE397e9B0LOuDIP8Q==/lib/arm64/libLosGoLibrary.so
08-03 22:36:39.127 1155 8168 V WindowManager: removeIfPossible: Window{69c485b u0 DockedStackDivider} callers=com.android.server.wm.WindowState.removeIfPossible:1914 com.android.server.wm.WindowManagerService.removeWindow:2031 com.android.server.wm.Session.remove:218 android.view.IWindowSession$Stub.onTransact:242 com.android.server.wm.Session.onTransact:161
08-03 22:36:39.127 1155 1290 D InputDispatcher: Dispatch frozen. Waiting some more. last for 697ms
08-03 22:36:39.128 17796 17796 I libMGD : dlopen of /data/app/com.thephoridaeintertainment.sergeyloskutnikov.runningman-QWqG8yE397e9B0LOuDIP8Q==/lib/arm64/libLosGoLibrary.so
08-03 22:36:39.128 1155 8168 V WindowManager: postWindowRemoveCleanupLocked: Window{69c485b u0 DockedStackDivider}
08-03 22:36:39.128 1155 8168 V WindowManager: Removing Window{69c485b u0 DockedStackDivider} from WindowToken{ff8b8f8 android.os.BinderProxy@24ebb6a}
08-03 22:36:39.129 17796 17796 I los_native_app_glue: los Creating: 0x7e6dfde940
08-03 22:36:39.129 17796 17796 I los_native_app_glue: android_app_create los !
08-03 22:36:39.129 17796 17796 I los_native_app_glue: in go 1
08-03 22:36:39.129 17796 17796 I los_native_app_glue: in go 2
08-03 22:36:39.129 17796 17796 I los_native_app_glue: in go final
08-03 22:36:39.129 17796 17796 I los_native_app_glue: in go 3
08-03 22:36:39.129 17796 17796 I los_native_app_glue: in go 4
08-03 22:36:39.129 17796 17796 I los_native_app_glue: in go 5
08-03 22:36:39.129 17796 17796 I los_native_app_glue: in go 44
08-03 22:36:39.130 17796 17821 D los_native_app_glue: android_app_entry los !
08-03 22:36:39.130 17796 17821 I los_native_app_glue: Config: mcc=250 mnc=20 lang=ru cnt=RU orien=2 touch=3 dens=480 keys=1 nav=1 keysHid=3 navHid=0 sdk=26 size=2 long=2 modetype=1 modenight=1
08-03 22:36:39.133 1155 1290 D InputDispatcher: Dispatch frozen. Waiting some more. last for 704ms
08-03 22:36:39.134 1155 1290 D InputDispatcher: Dispatch frozen. Waiting some more. last for 705ms
08-03 22:36:39.134 17796 17796 I los_native_app_glue: Start Los: 0x7e6dfde940
08-03 22:36:39.134 1495 1929 D OpenGLRenderer: HWUI Binary is enabled
08-03 22:36:39.135 1495 1495 I EventCenter: EventCenter Get :android.com.huawei.bone.NOTIFY_SPORT_DATA
08-03 22:36:39.135 1495 1495 W StepCounterMonitor: onReceive action:android.com.huawei.bone.NOTIFY_SPORT_DATA
08-03 22:36:39.135 1495 1495 W StepCounterMonitor: stepsNum =59
08-03 22:36:39.135 1495 1495 D BarTransitions.HwPhoneStatusBarView: MODE_TRANSPARENT -> MODE_OPAQUE animate=false
08-03 22:36:39.136 1495 1495 D BarTransitions.HwPhoneStatusBarView: applyModeBackground oldMode=MODE_TRANSPARENT newMode=MODE_OPAQUE animate=false
08-03 22:36:39.136 1495 1495 D BarTransitions.HwNavigationBarView: MODE_TRANSPARENT -> MODE_OPAQUE animate=false
08-03 22:36:39.136 1495 1495 D BarTransitions.HwNavigationBarView: applyModeBackground oldMode=MODE_TRANSPARENT newMode=MODE_OPAQUE animate=false
08-03 22:36:39.136 17796 17821 I RunGame : looperMainApp
08-03 22:36:39.137 17796 17821 I los_native_app_glue: los activityState= 10
08-03 22:36:39.137 1495 1929 D OpenGLRenderer: HWUI Binary is enabled
08-03 22:36:39.137 17796 17821 I RunGame : in Los CMD !
08-03 22:36:39.137 17796 17821 I RunGame : APP_CMD_START
08-03 22:36:39.137 1155 6505 V WindowManager: removeIfPossible: Window{7091779 u0 AssistPreviewPanel} callers=com.android.server.wm.WindowState.removeIfPossible:1914 com.android.server.wm.WindowManagerService.removeWindow:2031 com.android.server.wm.Session.remove:218 android.view.IWindowSession$Stub.onTransact:242 com.android.server.wm.Session.onTransact:161
08-03 22:36:39.138 1155 1290 D InputDispatcher: Dispatch frozen. Waiting some more. last for 708ms
08-03 22:36:39.138 17796 17796 D ActivityThread: add activity client record, r= ActivityRecord{d52cd86 token=android.os.BinderProxy@6df5c4f {com.thephoridaeintertainment.sergeyloskutnikov.runningman/com.thephoridaeintertainment.sergeyloskutnikov.runningman.RunActiv}} token= android.os.BinderProxy@6df5c4f
08-03 22:36:39.138 1155 6505 V WindowManager: postWindowRemoveCleanupLocked: Window{7091779 u0 AssistPreviewPanel}
08-03 22:36:39.138 1155 6505 V WindowManager: Removing Window{7091779 u0 AssistPreviewPanel} from WindowToken{49c0cbe android.os.BinderProxy@afc40}
08-03 22:36:39.140 17796 17796 I los_native_app_glue: Destroy Los: 0x7e6dfde940
08-03 22:36:39.140 17796 17821 I los_native_app_glue: los APP_CMD_RESUME
08-03 22:36:39.140 17796 17821 I RunGame : in Los CMD !
08-03 22:36:39.140 17796 17821 I RunGame : APP_CMD_RESUME
08-03 22:36:39.142 1155 1290 D InputDispatcher: Dispatch frozen. Waiting some more. last for 713ms
08-03 22:36:39.143 1155 1290 D InputDispatcher: Dispatch frozen. Waiting some more. last for 714ms
08-03 22:36:39.146 638 638 I GRALLOC : shrFd=10,fmt=0x1,intFmt=0x1,btStrd=512,size=1105920,pid=638
08-03 22:36:39.146 638 638 I GRALLOC : yuv=2,w=72,h=2160,Stride u=0 v=0,offset u=0 v=0
08-03 22:36:39.146 638 638 I GRALLOC : iova_size=1105920,conUsg=0xb00,proUsg=0xb00, strd=128,[afbc]HdrStrd=0 PyldStrd=0 Scrmbl=0,ionhnd = 1
08-03 22:36:39.151 638 638 I GRALLOC : shrFd=10,fmt=0x1,intFmt=0x1,btStrd=4352,size=540672,pid=638
08-03 22:36:39.151 638 638 I GRALLOC : yuv=2,w=1080,h=121,Stride u=0 v=0,offset u=0 v=0
08-03 22:36:39.151 638 638 I GRALLOC : iova_size=540672,conUsg=0xb00,proUsg=0xb00, strd=1088,[afbc]HdrStrd=0 PyldStrd=0 Scrmbl=0,ionhnd = 1
08-03 22:36:39.151 1155 6505 V WindowManager: removeIfPossible: Window{f074dc2 u0 com.android.systemui} callers=com.android.server.wm.WindowState.removeIfPossible:1914 com.android.server.wm.WindowManagerService.removeWindow:2031 com.android.server.wm.Session.remove:218 android.view.IWindowSession$Stub.onTransact:242 com.android.server.wm.Session.onTransact:161
08-03 22:36:39.151 1155 1290 D InputDispatcher: Dispatch frozen. Waiting some more. last for 722ms
08-03 22:36:39.152 1155 6505 V WindowManager: postWindowRemoveCleanupLocked: Window{f074dc2 u0 com.android.systemui}
08-03 22:36:39.153 1155 6505 V WindowManager: Removing Window{f074dc2 u0 com.android.systemui} from WindowToken{5d967d3 android.os.BinderProxy@bec6a0d}
08-03 22:36:39.156 1155 1290 D InputDispatcher: Dispatch frozen. Waiting some more. last for 727ms
08-03 22:36:39.157 1155 1290 D InputDispatcher: Dispatch frozen. Waiting some more. last for 728ms
08-03 22:36:39.158 1495 1929 D OpenGLRenderer: HWUI Binary is enabled
08-03 22:36:39.158 1155 6505 V WindowManager: removeIfPossible: Window{26930e5 u0 AssistPreviewPanel} callers=com.android.server.wm.WindowState.removeIfPossible:1914 com.android.server.wm.WindowManagerService.removeWindow:2031 com.android.server.wm.Session.remove:218 android.view.IWindowSession$Stub.onTransact:242 com.android.server.wm.Session.onTransact:161
08-03 22:36:39.158 1155 1290 D InputDispatcher: Dispatch frozen. Waiting some more. last for 729ms
08-03 22:36:39.159 1155 6505 V WindowManager: postWindowRemoveCleanupLocked: Window{26930e5 u0 AssistPreviewPanel}
08-03 22:36:39.159 1155 6505 V WindowManager: Removing Window{26930e5 u0 AssistPreviewPanel} from WindowToken{9cdc7ba android.os.BinderProxy@b5727dc}
08-03 22:36:39.162 1155 1290 D InputDispatcher: Dispatch frozen. Waiting some more. last for 733ms
08-03 22:36:39.163 1155 1290 D InputDispatcher: Dispatch frozen. Waiting some more. last for 733ms
08-03 22:36:39.163 1495 1495 I HwMobileSignalController(0): getTypeIconHuawei: mIsShowNetworkType is false and return 0
08-03 22:36:39.163 1495 1495 I HwMobileSignalController(1): getTypeIconHuawei: mIsShowNetworkType is false and return 0
08-03 22:36:39.165 1155 2301 V WindowManager: removeIfPossible: Window{dd97e47 u0 AssistPreviewPanel} callers=com.android.server.wm.WindowState.removeIfPossible:1914 com.android.server.wm.WindowManagerService.removeWindow:2031 com.android.server.wm.Session.remove:218 android.view.IWindowSession$Stub.onTransact:242 com.android.server.wm.Session.onTransact:161
08-03 22:36:39.166 1155 1290 D InputDispatcher: Dispatch frozen. Waiting some more. last for 737ms
08-03 22:36:39.166 1155 2301 V WindowManager: postWindowRemoveCleanupLocked: Window{dd97e47 u0 AssistPreviewPanel}
08-03 22:36:39.166 1155 2301 V WindowManager: Removing Window{dd97e47 u0 AssistPreviewPanel} from WindowToken{bfe9674 android.os.BinderProxy@d80a586}
08-03 22:36:39.170 1155 1290 D InputDispatcher: Dispatch frozen. Waiting some more. last for 741ms
08-03 22:36:39.171 1155 1290 D InputDispatcher: Dispatch frozen. Waiting some more. last for 741ms
08-03 22:36:39.171 1495 1929 D OpenGLRenderer: HWUI Binary is enabled
08-03 22:36:39.173 1155 6505 V WindowManager: Adding Window{c22400c u0 com.thephoridaeintertainment.sergeyloskutnikov.runningman/com.thephoridaeintertainment.sergeyloskutnikov.runningman.RunActiv} to AppWindowToken{1a77bac token=Token{95e555f ActivityRecord{ab489fe u0 com.thephoridaeintertainment.sergeyloskutnikov.runningman/.RunActiv t5563}}}
08-03 22:36:39.173 1155 1290 D InputDispatcher: Dispatch frozen. Waiting some more. last for 744ms
08-03 22:36:39.173 1495 1495 W HwKeyguardDragHelper: AnimationBlocked
08-03 22:36:39.174 1155 1290 D InputDispatcher: Dispatch frozen. Waiting some more. last for 744ms
08-03 22:36:39.174 1155 6505 V WindowManager: addWindow: New client android.os.BinderProxy@771ef3f: window=Window{c22400c u0 com.thephoridaeintertainment.sergeyloskutnikov.runningman/com.thephoridaeintertainment.sergeyloskutnikov.runningman.RunActiv} Callers=com.android.server.wm.HwWindowManagerService.addWindow:574 com.android.server.wm.Session.addToDisplay:199 android.view.IWindowSession$Stub.onTransact:124 com.android.server.wm.Session.onTransact:161 android.os.Binder.execTransact:675
08-03 22:36:39.175 17796 17796 I los_native_app_glue: InputQueueCreated: 0x7e6dfde940 -- 0x7e6dfdea80
08-03 22:36:39.175 17796 17821 I los_native_app_glue: APP_CMD_INPUT_CHANGED
08-03 22:36:39.175 17796 17821 I los_native_app_glue: los Attaching input queue to looper
08-03 22:36:39.175 17796 17821 I RunGame : in Los CMD !
08-03 22:36:39.175 17796 17821 I RunGame : APP_CMD_INPUT_CHANGED
08-03 22:36:39.175 1495 1495 W ResourceType: No package identifier when getting value for resource number 0x00000000
08-03 22:36:39.175 1495 1495 E HwNotchUtils: setIconForView iconId is not found
08-03 22:36:39.177 1495 1495 W ResourceType: No package identifier when getting value for resource number 0x00000000
08-03 22:36:39.177 1495 1495 E HwNotchUtils: setIconForView iconId is not found
08-03 22:36:39.178 1495 1495 W ResourceType: No package identifier when getting value for resource number 0x00000000
08-03 22:36:39.178 1495 1495 E HwNotchUtils: setIconForView iconId is not found
08-03 22:36:39.179 1495 1495 W ResourceType: No package identifier when getting value for resource number 0x00000000
08-03 22:36:39.180 1495 1495 E HwNotchUtils: setIconForView iconId is not found
08-03 22:36:39.181 1155 6505 D WindowManager: finishDrawingWindow: Window{976c73a u0 NavigationBar} mDrawState=HAS_DRAWN
08-03 22:36:39.182 1495 1495 W HwKeyguardDragHelper: AnimationBlocked
08-03 22:36:39.194 1155 1290 D InputDispatcher: Dispatch frozen. Waiting some more. last for 764ms
08-03 22:36:39.206 1155 1290 D InputDispatcher: Dispatch frozen. Waiting some more. last for 777ms
08-03 22:36:39.207 1155 1290 D InputDispatcher: Dispatch frozen. Waiting some more. last for 778ms
08-03 22:36:39.207 1155 2301 D WindowManager: finishDrawingWindow: Window{fd89218 u0 StatusBar} mDrawState=READY_TO_SHOW
08-03 22:36:39.210 17796 17796 I los_native_app_glue: NativeWindowCreated los: 0x7e6dfde940 -- 0x7e51224010
08-03 22:36:39.210 17796 17821 I los_native_app_glue: los APP_CMD_INIT_WINDOW
08-03 22:36:39.211 17796 17821 I RunGame : in Los CMD !
08-03 22:36:39.211 17796 17821 I RunGame : APP_CMD_INIT_WINDOW
08-03 22:36:39.211 17796 17796 I los_native_app_glue: NativeWindowResized los: 0x7e6dfde940 -- 0x7e51224010
08-03 22:36:39.214 17796 17796 I los_native_app_glue: los WindowFocusChanged: 0x7e6dfde940 -- 1
08-03 22:36:39.215 17796 17796 W InputMethodManager: startInputReason = 1
08-03 22:36:39.219 17796 17796 W InputMethodManager: startInputReason = 5
08-03 22:36:39.222 17796 17821 I mgd_interceptor: (17821): DuplicateLibraryDetector: First interceptor loaded
08-03 22:36:39.223 17796 17821 I mgd_interceptor: (17821): PassThroughClApi: Found the following libraries for 'cl': {/system/lib64/libGLESv3.so, /system/lib64/libGLESv2.so, /system/lib64/libGLESv1_CM.so}
08-03 22:36:39.224 17796 17821 D mgd_interceptor: (17821): PassThroughClApi: Could not locate handle to function `clGetPlatformIDs'
08-03 22:36:39.224 17796 17821 D mgd_interceptor: (17821): PassThroughClApi: Could not locate handle to function `clGetPlatformInfo'
08-03 22:36:39.224 17796 17821 D mgd_interceptor: (17821): PassThroughClApi: Could not locate handle to function `clGetDeviceIDs'
08-03 22:36:39.224 17796 17821 D mgd_interceptor: (17821): PassThroughClApi: Could not locate handle to function `clGetDeviceInfo'
08-03 22:36:39.225 17796 17821 D mgd_interceptor: (17821): PassThroughClApi: Could not locate handle to function `clCreateSubDevices'
08-03 22:36:39.225 17796 17821 D mgd_interceptor: (17821): PassThroughClApi: Could not locate handle to function `clRetainDevice'
08-03 22:36:39.225 17796 17821 D mgd_interceptor: (17821): PassThroughClApi: Could not locate handle to function `clReleaseDevice'
08-03 22:36:39.225 17796 17821 D mgd_interceptor: (17821): PassThroughClApi: Could not locate handle to function `clCreateContext'
08-03 22:36:39.225 17796 17821 D mgd_interceptor: (17821): PassThroughClApi: Could not locate handle to function `clCreateContextFromType'
08-03 22:36:39.225 17796 17821 D mgd_interceptor: (17821): PassThroughClApi: Could not locate handle to function `clRetainContext'
08-03 22:36:39.226 17796 17821 D mgd_interceptor: (17821): PassThroughClApi: Could not locate handle to function `clReleaseContext'
08-03 22:36:39.226 17796 17821 D mgd_interceptor: (17821): PassThroughClApi: Could not locate handle to function `clGetContextInfo'
08-03 22:36:39.226 17796 17821 D mgd_interceptor: (17821): PassThroughClApi: Could not locate handle to function `clCreateCommandQueue'
08-03 22:36:39.226 17796 17821 D mgd_interceptor: (17821): PassThroughClApi: Could not locate handle to function `clRetainCommandQueue'
08-03 22:36:39.226 17796 17821 D mgd_interceptor: (17821): PassThroughClApi: Could not locate handle to function `clReleaseCommandQueue'
08-03 22:36:39.226 17796 17821 D mgd_interceptor: (17821): PassThroughClApi: Could not locate handle to function `clGetCommandQueueInfo'
08-03 22:36:39.227 1155 6505 D WindowManager: finishDrawingWindow: Window{c22400c u0 com.thephoridaeintertainment.sergeyloskutnikov.runningman/com.thephoridaeintertainment.sergeyloskutnikov.runningman.RunActiv} mDrawState=DRAW_PENDING
08-03 22:36:39.227 17796 17821 D mgd_interceptor: (17821): PassThroughClApi: Could not locate handle to function `clCreateBuffer'
08-03 22:36:39.227 17796 17821 D mgd_interceptor: (17821): PassThroughClApi: Could not locate handle to function `clCreateSubBuffer'
08-03 22:36:39.227 17796 17821 D mgd_interceptor: (17821): PassThroughClApi: Could not locate handle to function `clCreateImage'
08-03 22:36:39.227 17796 17821 D mgd_interceptor: (17821): PassThroughClApi: Could not locate handle to function `clRetainMemObject'
08-03 22:36:39.227 17796 17821 D mgd_interceptor: (17821): PassThroughClApi: Could not locate handle to function `clReleaseMemObject'
08-03 22:36:39.228 17796 17821 D mgd_interceptor: (17821): PassThroughClApi: Could not locate handle to function `clGetSupportedImageFormats'
08-03 22:36:39.228 17796 17821 D mgd_interceptor: (17821): PassThroughClApi: Could not locate handle to function `clGetMemObjectInfo'
08-03 22:36:39.228 17796 17821 D mgd_interceptor: (17821): PassThroughClApi: Could not locate handle to function `clGetImageInfo'
08-03 22:36:39.228 17796 17821 D mgd_interceptor: (17821): PassThroughClApi: Could not locate handle to function `clSetMemObjectDestructorCallback'
08-03 22:36:39.229 17796 17821 D mgd_interceptor: (17821): PassThroughClApi: Could not locate handle to function `clCreateSampler'
08-03 22:36:39.229 17796 17821 D mgd_interceptor: (17821): PassThroughClApi: Could not locate handle to function `clRetainSampler'
08-03 22:36:39.229 17796 17821 D mgd_interceptor: (17821): PassThroughClApi: Could not locate handle to function `clReleaseSampler'
08-03 22:36:39.229 17796 17821 D mgd_interceptor: (17821): PassThroughClApi: Could not locate handle to function `clGetSamplerInfo'
08-03 22:36:39.230 17796 17821 D mgd_interceptor: (17821): PassThroughClApi: Could not locate handle to function `clCreateProgramWithSource'
08-03 22:36:39.230 17796 17821 D mgd_interceptor: (17821): PassThroughClApi: Could not locate handle to function `clCreateProgramWithBinary'
08-03 22:36:39.230 17796 17821 D mgd_interceptor: (17821): PassThroughClApi: Could not locate handle to function `clCreateProgramWithBuiltInKernels'
08-03 22:36:39.230 17796 17821 D mgd_interceptor: (17821): PassThroughClApi: Could not locate handle to function `clRetainProgram'
08-03 22:36:39.230 17796 17821 D mgd_interceptor: (17821): PassThroughClApi: Could not locate handle to function `clReleaseProgram'
08-03 22:36:39.231 17796 17821 D mgd_interceptor: (17821): PassThroughClApi: Could not locate handle to function `clBuildProgram'
08-03 22:36:39.231 17796 17821 D mgd_interceptor: (17821): PassThroughClApi: Could not locate handle to function `clCompileProgram'
08-03 22:36:39.231 17796 17821 D mgd_interceptor: (17821): PassThroughClApi: Could not locate handle to function `clLinkProgram'
08-03 22:36:39.231 17796 17821 D mgd_interceptor: (17821): PassThroughClApi: Could not locate handle to function `clUnloadPlatformCompiler'
08-03 22:36:39.232 17796 17821 D mgd_interceptor: (17821): PassThroughClApi: Could not locate handle to function `clGetProgramInfo'
08-03 22:36:39.232 17796 17821 D mgd_interceptor: (17821): PassThroughClApi: Could not locate handle to function `clGetProgramBuildInfo'
08-03 22:36:39.232 17796 17821 D mgd_interceptor: (17821): PassThroughClApi: Could not locate handle to function `clCreateKernel'
08-03 22:36:39.232 17796 17821 D mgd_interceptor: (17821): PassThroughClApi: Could not locate handle to function `clCreateKernelsInProgram'
08-03 22:36:39.232 17796 17821 D mgd_interceptor: (17821): PassThroughClApi: Could not locate handle to function `clRetainKernel'
08-03 22:36:39.233 17796 17821 D mgd_interceptor: (17821): PassThroughClApi: Could not locate handle to function `clReleaseKernel'
08-03 22:36:39.233 17796 17821 D mgd_interceptor: (17821): PassThroughClApi: Could not locate handle to function `clSetKernelArg'
08-03 22:36:39.233 17796 17821 D mgd_interceptor: (17821): PassThroughClApi: Could not locate handle to function `clGetKernelInfo'
08-03 22:36:39.233 17796 17821 D mgd_interceptor: (17821): PassThroughClApi: Could not locate handle to function `clGetKernelArgInfo'
08-03 22:36:39.233 17796 17821 D mgd_interceptor: (17821): PassThroughClApi: Could not locate handle to function `clGetKernelWorkGroupInfo'
08-03 22:36:39.234 17796 17821 D mgd_interceptor: (17821): PassThroughClApi: Could not locate handle to function `clWaitForEvents'
08-03 22:36:39.234 17796 17821 D mgd_interceptor: (17821): PassThroughClApi: Could not locate handle to function `clGetEventInfo'
08-03 22:36:39.234 17796 17821 D mgd_interceptor: (17821): PassThroughClApi: Could not locate handle to function `clCreateUserEvent'
08-03 22:36:39.234 17796 17821 D mgd_interceptor: (17821): PassThroughClApi: Could not locate handle to function `clRetainEvent'
08-03 22:36:39.234 17796 17821 D mgd_interceptor: (17821): PassThroughClApi: Could not locate handle to function `clReleaseEvent'
08-03 22:36:39.234 17796 17821 D mgd_interceptor: (17821): PassThroughClApi: Could not locate handle to function `clSetUserEventStatus'
08-03 22:36:39.235 17796 17821 D mgd_interceptor: (17821): PassThroughClApi: Could not locate handle to function `clSetEventCallback'
08-03 22:36:39.235 17796 17821 D mgd_interceptor: (17821): PassThroughClApi: Could not locate handle to function `clGetEventProfilingInfo'
08-03 22:36:39.235 17796 17821 D mgd_interceptor: (17821): PassThroughClApi: Could not locate handle to function `clFlush'
08-03 22:36:39.235 17796 17821 D mgd_interceptor: (17821): PassThroughClApi: Could not locate handle to function `clFinish'
08-03 22:36:39.235 17796 17821 D mgd_interceptor: (17821): PassThroughClApi: Could not locate handle to function `clEnqueueReadBuffer'
08-03 22:36:39.236 17796 17821 D mgd_interceptor: (17821): PassThroughClApi: Could not locate handle to function `clEnqueueReadBufferRect'
08-03 22:36:39.236 17796 17821 D mgd_interceptor: (17821): PassThroughClApi: Could not locate handle to function `clEnqueueWriteBuffer'
08-03 22:36:39.236 17796 17821 D mgd_interceptor: (17821): PassThroughClApi: Could not locate handle to function `clEnqueueWriteBufferRect'
08-03 22:36:39.236 17796 17821 D mgd_interceptor: (17821): PassThroughClApi: Could not locate handle to function `clEnqueueFillBuffer'
08-03 22:36:39.236 17796 17821 D mgd_interceptor: (17821): PassThroughClApi: Could not locate handle to function `clEnqueueCopyBuffer'
08-03 22:36:39.237 17796 17821 D mgd_interceptor: (17821): PassThroughClApi: Could not locate handle to function `clEnqueueCopyBufferRect'
08-03 22:36:39.237 17796 17821 D mgd_interceptor: (17821): PassThroughClApi: Could not locate handle to function `clEnqueueReadImage'
08-03 22:36:39.237 17796 17821 D mgd_interceptor: (17821): PassThroughClApi: Could not locate handle to function `clEnqueueWriteImage'
08-03 22:36:39.237 17796 17821 D mgd_interceptor: (17821): PassThroughClApi: Could not locate handle to function `clEnqueueFillImage'
08-03 22:36:39.237 17796 17821 D mgd_interceptor: (17821): PassThroughClApi: Could not locate handle to function `clEnqueueCopyImage'
08-03 22:36:39.237 17796 17821 D mgd_interceptor: (17821): PassThroughClApi: Could not locate handle to function `clEnqueueCopyImageToBuffer'
08-03 22:36:39.238 17796 17821 D mgd_interceptor: (17821): PassThroughClApi: Could not locate handle to function `clEnqueueCopyBufferToImage'
08-03 22:36:39.238 17796 17821 D mgd_interceptor: (17821): PassThroughClApi: Could not locate handle to function `clEnqueueMapBuffer'
08-03 22:36:39.238 17796 17821 D mgd_interceptor: (17821): PassThroughClApi: Could not locate handle to function `clEnqueueMapImage'
08-03 22:36:39.238 17796 17821 D mgd_interceptor: (17821): PassThroughClApi: Could not locate handle to function `clEnqueueUnmapMemObject'
08-03 22:36:39.238 17796 17821 D mgd_interceptor: (17821): PassThroughClApi: Could not locate handle to function `clEnqueueMigrateMemObjects'
08-03 22:36:39.239 17796 17821 D mgd_interceptor: (17821): PassThroughClApi: Could not locate handle to function `clEnqueueNDRangeKernel'
08-03 22:36:39.239 17796 17821 D mgd_interceptor: (17821): PassThroughClApi: Could not locate handle to function `clEnqueueTask'
08-03 22:36:39.239 1155 1290 D InputDispatcher: Dispatch frozen. Waiting some more. last for 810ms
08-03 22:36:39.239 17796 17821 D mgd_interceptor: (17821): PassThroughClApi: Could not locate handle to function `clEnqueueNativeKernel'
08-03 22:36:39.239 1155 1290 D InputDispatcher: Dispatch frozen. Waiting some more. last for 810ms
08-03 22:36:39.239 17796 17821 D mgd_interceptor: (17821): PassThroughClApi: Could not locate handle to function `clEnqueueMarkerWithWaitList'
08-03 22:36:39.240 17796 17821 D mgd_interceptor: (17821): PassThroughClApi: Could not locate handle to function `clEnqueueBarrierWithWaitList'
08-03 22:36:39.240 17796 17821 D mgd_interceptor: (17821): PassThroughClApi: Could not locate handle to function `clGetExtensionFunctionAddressForPlatform'
08-03 22:36:39.240 17796 17821 D mgd_interceptor: (17821): PassThroughClApi: Could not locate handle to function `clCreateImage2D'
08-03 22:36:39.240 17796 17821 D mgd_interceptor: (17821): PassThroughClApi: Could not locate handle to function `clCreateImage3D'
08-03 22:36:39.241 17796 17821 D mgd_interceptor: (17821): PassThroughClApi: Could not locate handle to function `clEnqueueMarker'
08-03 22:36:39.241 17796 17821 D mgd_interceptor: (17821): PassThroughClApi: Could not locate handle to function `clEnqueueWaitForEvents'
08-03 22:36:39.241 17796 17821 D mgd_interceptor: (17821): PassThroughClApi: Could not locate handle to function `clEnqueueBarrier'
08-03 22:36:39.241 17796 17821 D mgd_interceptor: (17821): PassThroughClApi: Could not locate handle to function `clUnloadCompiler'
08-03 22:36:39.242 17796 17821 D mgd_interceptor: (17821): PassThroughClApi: Could not locate handle to function `clGetExtensionFunctionAddress'
08-03 22:36:39.242 17796 17821 D mgd_interceptor: (17821): PassThroughClApi: Could not locate handle to function `clSetCommandQueueProperty'
08-03 22:36:39.243 17796 17821 I mgd_interceptor: (17821): PassThroughEglApi: Found the following libraries for 'egl': {/system/lib64/libEGL.so}
08-03 22:36:39.243 1155 1290 D InputDispatcher: Dispatch frozen. Waiting some more. last for 814ms
08-03 22:36:39.246 1155 1290 D InputDispatcher: Dispatch frozen. Waiting some more. last for 817ms
