08-03 22:30:14.575 753 753 E wificond: Failed to get NL80211_STA_INFO_CNAHLOAD
08-03 22:30:15.239 753 753 E wificond: Failed to get NL80211_RATE_INFO_NOISE
08-03 22:30:15.239 753 753 E wificond: Failed to get NL80211_RATE_INFO_SNR
08-03 22:30:15.239 753 753 E wificond: Failed to get NL80211_STA_INFO_CNAHLOAD
08-03 22:30:15.244 753 753 E wificond: Failed to get NL80211_RATE_INFO_NOISE
08-03 22:30:15.245 753 753 E wificond: Failed to get NL80211_RATE_INFO_SNR
08-03 22:30:15.245 753 753 E wificond: Failed to get NL80211_STA_INFO_CNAHLOAD
08-03 22:30:17.585 753 753 E wificond: Failed to get NL80211_RATE_INFO_NOISE
08-03 22:30:17.585 753 753 E wificond: Failed to get NL80211_RATE_INFO_SNR
08-03 22:30:17.585 753 753 E wificond: Failed to get NL80211_STA_INFO_CNAHLOAD
08-03 22:30:18.016 1155 1273 I chatty : uid=1000(system) UEventObserver expire 2 lines
08-03 22:30:18.024 1155 1155 I chatty : uid=1000 system_server expire 2 lines
08-03 22:30:19.126 1155 1166 I chatty : uid=1000(system) Binder:1155_2 expire 19 lines
08-03 22:30:19.179 1155 1467 I chatty : uid=1000(system) Binder:1155_4 expire 11 lines
08-03 22:30:19.192 16046 16046 D ActivityThread: ActivityThread,attachApplication
08-03 22:30:19.196 1155 1267 I chatty : uid=1000(system) android.anim expire 21 lines
08-03 22:30:19.227 1155 1172 I chatty : uid=1000(system) android.ui expire 3 lines
08-03 22:30:19.233 1155 1750 I chatty : uid=1000(system) Binder:1155_8 expire 12 lines
08-03 22:30:19.234 1429 1669 I HwNetworkPolicyManager: getHwUidPolicy uid = 10212 policy = 0
08-03 22:30:19.310 16046 16046 V ActivityThread: ActivityThread,callActivityOnCreate
08-03 22:30:19.460 16046 16046 D ActivityThread: add activity client record, r= ActivityRecord{e9c7e4b token=android.os.BinderProxy@36a96ae {com.arm.mgd.androidapp/com.arm.mgd.androidapp.MainActivity}} token= android.os.BinderProxy@36a96ae
08-03 22:30:19.677 1155 1579 I chatty : uid=1000(system) Binder:1155_5 expire 5 lines
08-03 22:30:19.904 1155 6704 I chatty : uid=1000(system) Binder:1155_16 expire 3 lines
08-03 22:30:20.347 2776 2776 I AppWidgetHost: appWidget hostView is null
08-03 22:30:20.362 2776 2776 I AppWidgetHost: appWidget hostView is null
08-03 22:30:20.602 753 753 E wificond: Failed to get NL80211_RATE_INFO_NOISE
08-03 22:30:20.602 753 753 E wificond: Failed to get NL80211_RATE_INFO_SNR
08-03 22:30:20.602 753 753 E wificond: Failed to get NL80211_STA_INFO_CNAHLOAD
08-03 22:30:22.299 1155 1290 I chatty : uid=1000(system) InputDispatcher expire 6 lines
08-03 22:30:22.405 1155 6888 I chatty : uid=1000(system) Binder:1155_17 expire 14 lines
08-03 22:30:22.407 1495 1554 I CommandQueue: updateBarBgColor
08-03 22:30:22.408 1495 1554 D CommandQueue: CommandQueue, setBarBackgroundColor
08-03 22:30:22.453 1155 1580 I chatty : uid=1000(system) Binder:1155_6 expire 1 line
08-03 22:30:22.514 1155 2344 I chatty : uid=1000(system) Binder:1155_A expire 5 lines
08-03 22:30:22.519 1155 1172 I chatty : uid=1000(system) android.ui expire 4 lines
08-03 22:30:22.520 1155 1267 I chatty : uid=1000(system) android.anim expire 17 lines
08-03 22:30:22.523 1155 1580 I chatty : uid=1000(system) Binder:1155_6 expire 13 lines
08-03 22:30:22.524 1429 1669 I HwNetworkPolicyManager: getHwUidPolicy uid = 10060 policy = 0
08-03 22:30:22.530 1155 1423 I chatty : uid=1000(system) Binder:1155_3 expire 39 lines
08-03 22:30:22.531 1495 1554 I CommandQueue: updateBarBgColor
08-03 22:30:22.531 1495 1554 D CommandQueue: CommandQueue, setBarBackgroundColor
08-03 22:30:22.597 1155 2301 I chatty : uid=1000(system) Binder:1155_9 expire 1 line
08-03 22:30:22.656 1155 1155 I chatty : uid=1000 system_server expire 10 lines
08-03 22:30:22.799 1155 6505 I chatty : uid=1000(system) Binder:1155_15 expire 21 lines
08-03 22:30:22.849 1155 6888 I chatty : uid=1000(system) Binder:1155_17 expire 4 lines
08-03 22:30:22.878 1155 1467 I chatty : uid=1000(system) Binder:1155_4 expire 1 line
08-03 22:30:22.979 1155 6503 I chatty : uid=1000(system) Binder:1155_14 expire 28 lines
08-03 22:30:23.062 1155 1171 I chatty : uid=1000(system) ActivityManager expire 3 lines
08-03 22:30:23.249 753 753 E wificond: Failed to get NL80211_RATE_INFO_NOISE
08-03 22:30:23.249 753 753 E wificond: Failed to get NL80211_RATE_INFO_SNR
08-03 22:30:23.249 753 753 E wificond: Failed to get NL80211_STA_INFO_CNAHLOAD
08-03 22:30:23.251 753 753 E wificond: Failed to get NL80211_RATE_INFO_NOISE
08-03 22:30:23.251 753 753 E wificond: Failed to get NL80211_RATE_INFO_SNR
08-03 22:30:23.251 753 753 E wificond: Failed to get NL80211_STA_INFO_CNAHLOAD
08-03 22:30:23.512 2278 2278 W SettingsEx: SettingsEx.Systemex.getString deprecated use Settings.System.getString instead ;callers=com.android.internal.telephony.gsm.HwCustGsmServiceStateManagerImpl.isMccForShowNetname:211 com.android.internal.telephony.gsm.HwCustGsmServiceStateManagerImpl.isShowNetnameByMcc:202 com.android.internal.telephony.gsm.HwCustGsmServiceStateManagerImpl.setOnsDisplayCustomization:153
08-03 22:30:23.550 2278 2278 D Telephony-TelecomAccountRegistry: onServiceStateChanged1 newState : 0, mServiceState : 0
08-03 22:30:23.605 753 753 E wificond: Failed to get NL80211_RATE_INFO_NOISE
08-03 22:30:23.606 753 753 E wificond: Failed to get NL80211_RATE_INFO_SNR
08-03 22:30:23.606 753 753 E wificond: Failed to get NL80211_STA_INFO_CNAHLOAD
08-03 22:30:23.858 1495 1495 V ActivityThread: ActivityThread,callActivityOnCreate
08-03 22:30:23.955 1495 1495 D ActivityThread: add activity client record, r= ActivityRecord{fa670a8 token=android.os.BinderProxy@35a6930 {com.android.systemui/com.android.systemui.recents.RecentsActivity}} token= android.os.BinderProxy@35a6930
08-03 22:30:24.082 1495 11030 I CommandQueue: updateBarBgColor
08-03 22:30:24.082 1495 11030 D CommandQueue: CommandQueue, setBarBackgroundColor
08-03 22:30:24.635 2278 2278 W SettingsEx: SettingsEx.Systemex.getString deprecated use Settings.System.getString instead ;callers=com.android.internal.telephony.gsm.HwCustGsmServiceStateManagerImpl.isMccForShowNetname:211 com.android.internal.telephony.gsm.HwCustGsmServiceStateManagerImpl.isShowNetnameByMcc:202 com.android.internal.telephony.gsm.HwCustGsmServiceStateManagerImpl.setOnsDisplayCustomization:153
08-03 22:30:24.687 2278 2278 D Telephony-TelecomAccountRegistry: onServiceStateChanged0 newState : 0, mServiceState : 0
08-03 22:30:24.696 1429 1667 I HwNetworkPolicyManager: forceUpdatePolicy isRoaming = false
08-03 22:30:25.154 1155 16105 I chatty : uid=1000 system_server expire 2 lines
08-03 22:30:25.168 16046 16046 D ActivityThread: Remove activity client record, r= ActivityRecord{e9c7e4b token=android.os.BinderProxy@36a96ae {com.arm.mgd.androidapp/com.arm.mgd.androidapp.MainActivity}} token= android.os.BinderProxy@36a96ae
08-03 22:30:25.177 1155 1579 I chatty : uid=1000(system) Binder:1155_5 expire 3 lines
08-03 22:30:25.457 1155 2346 I chatty : uid=1000(system) Binder:1155_B expire 1 line
08-03 22:30:25.465 1155 1180 I chatty : uid=1000(system) android.display expire 1 line
08-03 22:30:26.166 1155 1290 I chatty : uid=1000(system) InputDispatcher expire 3 lines
08-03 22:30:26.600 1155 11835 I chatty : uid=1000(system) Binder:1155_1A expire 1 line
08-03 22:30:26.610 1155 2799 I chatty : uid=1000(system) Binder:1155_E expire 4 lines
08-03 22:30:26.621 1155 3079 I chatty : uid=1000(system) Binder:1155_10 expire 4 lines
08-03 22:30:26.624 753 753 E wificond: Failed to get NL80211_RATE_INFO_NOISE
08-03 22:30:26.624 753 753 E wificond: Failed to get NL80211_RATE_INFO_SNR
08-03 22:30:26.624 753 753 E wificond: Failed to get NL80211_STA_INFO_CNAHLOAD
08-03 22:30:26.647 1429 1669 I HwNetworkPolicyManager: getHwUidPolicy uid = 10060 policy = 0
08-03 22:30:26.649 1495 11020 I CommandQueue: updateBarBgColor
08-03 22:30:26.649 1495 11020 D CommandQueue: CommandQueue, setBarBackgroundColor
08-03 22:30:26.725 1155 1423 I chatty : uid=1000(system) Binder:1155_3 expire 16 lines
08-03 22:30:27.161 1155 1291 I chatty : uid=1000(system) InputReader expire 8 lines
08-03 22:30:27.281 1155 1183 I chatty : uid=1000(system) PowerManagerSer expire 11 lines
08-03 22:30:27.285 1155 2346 I chatty : uid=1000(system) Binder:1155_B expire 4 lines
08-03 22:30:27.331 2776 2776 V ActivityThread: Finishing stop of ActivityRecord{1ca12a5 token=android.os.BinderProxy@bd86555 {com.huawei.android.launcher/com.huawei.android.launcher.unihome.UniHomeLauncher}}
08-03 22:30:27.476 1155 1400 I chatty : uid=1000(system) PhotonicModulat expire 2 lines
08-03 22:30:27.477 1155 1180 I chatty : uid=1000(system) android.display expire 6 lines
08-03 22:30:27.489 1155 13498 I chatty : uid=1000(system) Binder:1155_1B expire 5 lines
08-03 22:30:27.494 1155 2799 I chatty : uid=1000(system) Binder:1155_E expire 6 lines
08-03 22:30:27.498 1155 1155 I chatty : uid=1000 system_server expire 13 lines
08-03 22:30:27.513 1495 1495 V KeyguardStatusView: refresh statusview showing:true
08-03 22:30:27.528 1495 1495 V KeyguardDisplayManager: show
08-03 22:30:27.540 2255 3921 D AntiBruteForceProcessor: RemainingAuthenticateNum = 5
08-03 22:30:27.837 1155 1172 I chatty : uid=1000(system) android.ui expire 2 lines
08-03 22:30:27.839 1155 6505 I chatty : uid=1000(system) Binder:1155_15 expire 24 lines
08-03 22:30:27.852 1155 1267 I chatty : uid=1000(system) android.anim expire 5 lines
08-03 22:30:27.862 2776 2776 V ActivityThread: Handle window ActivityRecord{1ca12a5 token=android.os.BinderProxy@bd86555 {com.huawei.android.launcher/com.huawei.android.launcher.unihome.UniHomeLauncher}} visibility: false
08-03 22:30:27.878 1155 1330 I chatty : uid=1000(system) WifiP2pService expire 6 lines
08-03 22:30:27.914 1155 2762 I chatty : uid=1000(system) Binder:1155_D expire 8 lines
08-03 22:30:27.915 1155 1313 I chatty : uid=1000(system) NetdConnector expire 10 lines
08-03 22:30:28.460 2575 10988 W ContextImpl: Calling a method in the system process without a qualified user: android.app.ContextImpl.bindService:1736 android.content.ContextWrapper.bindService:678 com.huawei.nb.dataservice.dsclient.RemoteServiceConnection.open:90 com.huawei.nb.dataservice.dsclient.DataServiceProxy.connect:105 com.huawei.nb.dataservice.rsclient.internal.RemoteRuleService.start:27
08-03 22:30:28.611 1155 11835 I chatty : uid=1000(system) Binder:1155_1A expire 1 line
08-03 22:30:31.260 753 753 E wificond: Failed to get NL80211_RATE_INFO_NOISE
08-03 22:30:31.261 753 753 E wificond: Failed to get NL80211_RATE_INFO_SNR
08-03 22:30:31.261 753 753 E wificond: Failed to get NL80211_STA_INFO_CNAHLOAD
08-03 22:30:31.267 753 753 E wificond: Failed to get NL80211_RATE_INFO_NOISE
08-03 22:30:31.268 753 753 E wificond: Failed to get NL80211_RATE_INFO_SNR
08-03 22:30:31.268 753 753 E wificond: Failed to get NL80211_STA_INFO_CNAHLOAD
08-03 22:30:32.541 1155 1171 I chatty : uid=1000(system) ActivityManager expire 1 line
08-03 22:30:32.603 1155 2219 I chatty : uid=1000(system) watchdog expire 3 lines
08-03 22:30:39.268 753 753 E wificond: Failed to get NL80211_RATE_INFO_NOISE
08-03 22:30:39.269 753 753 E wificond: Failed to get NL80211_RATE_INFO_SNR
08-03 22:30:39.269 753 753 E wificond: Failed to get NL80211_STA_INFO_CNAHLOAD
08-03 22:30:39.276 753 753 E wificond: Failed to get NL80211_RATE_INFO_NOISE
08-03 22:30:39.276 753 753 E wificond: Failed to get NL80211_RATE_INFO_SNR
08-03 22:30:39.276 753 753 E wificond: Failed to get NL80211_STA_INFO_CNAHLOAD
08-03 22:30:47.277 753 753 E wificond: Failed to get NL80211_RATE_INFO_NOISE
08-03 22:30:47.277 753 753 E wificond: Failed to get NL80211_RATE_INFO_SNR
08-03 22:30:47.277 753 753 E wificond: Failed to get NL80211_STA_INFO_CNAHLOAD
08-03 22:30:47.282 753 753 E wificond: Failed to get NL80211_RATE_INFO_NOISE
08-03 22:30:47.282 753 753 E wificond: Failed to get NL80211_RATE_INFO_SNR
08-03 22:30:47.282 753 753 E wificond: Failed to get NL80211_STA_INFO_CNAHLOAD
08-03 22:30:48.105 1155 1273 I chatty : uid=1000(system) UEventObserver expire 6 lines
08-03 22:30:55.287 753 753 E wificond: Failed to get NL80211_RATE_INFO_NOISE
08-03 22:30:55.287 753 753 E wificond: Failed to get NL80211_RATE_INFO_SNR
08-03 22:30:55.287 753 753 E wificond: Failed to get NL80211_STA_INFO_CNAHLOAD
08-03 22:30:55.295 753 753 E wificond: Failed to get NL80211_RATE_INFO_NOISE
08-03 22:30:55.295 753 753 E wificond: Failed to get NL80211_RATE_INFO_SNR
08-03 22:30:55.295 753 753 E wificond: Failed to get NL80211_STA_INFO_CNAHLOAD
08-03 22:31:03.296 753 753 E wificond: Failed to get NL80211_RATE_INFO_NOISE
08-03 22:31:03.296 753 753 E wificond: Failed to get NL80211_RATE_INFO_SNR
08-03 22:31:03.296 753 753 E wificond: Failed to get NL80211_STA_INFO_CNAHLOAD
08-03 22:31:03.303 753 753 E wificond: Failed to get NL80211_RATE_INFO_NOISE
08-03 22:31:03.304 753 753 E wificond: Failed to get NL80211_RATE_INFO_SNR
08-03 22:31:03.304 753 753 E wificond: Failed to get NL80211_STA_INFO_CNAHLOAD
08-03 22:31:11.303 753 753 E wificond: Failed to get NL80211_RATE_INFO_NOISE
08-03 22:31:11.303 753 753 E wificond: Failed to get NL80211_RATE_INFO_SNR
08-03 22:31:11.303 753 753 E wificond: Failed to get NL80211_STA_INFO_CNAHLOAD
08-03 22:31:11.310 753 753 E wificond: Failed to get NL80211_RATE_INFO_NOISE
08-03 22:31:11.311 753 753 E wificond: Failed to get NL80211_RATE_INFO_SNR
08-03 22:31:11.311 753 753 E wificond: Failed to get NL80211_STA_INFO_CNAHLOAD
08-03 22:31:15.468 1155 1155 I chatty : uid=1000 system_server expire 13 lines
08-03 22:31:15.488 1155 1314 I chatty : uid=1000(system) NetworkStats expire 7 lines
08-03 22:31:15.560 1155 1165 I chatty : uid=1000(system) Binder:1155_1 expire 1 line
08-03 22:31:19.305 753 753 E wificond: Failed to get NL80211_RATE_INFO_NOISE
08-03 22:31:19.305 753 753 E wificond: Failed to get NL80211_RATE_INFO_SNR
08-03 22:31:19.305 753 753 E wificond: Failed to get NL80211_STA_INFO_CNAHLOAD
08-03 22:31:19.312 753 753 E wificond: Failed to get NL80211_RATE_INFO_NOISE
08-03 22:31:19.312 753 753 E wificond: Failed to get NL80211_RATE_INFO_SNR
08-03 22:31:19.313 753 753 E wificond: Failed to get NL80211_STA_INFO_CNAHLOAD
08-03 22:31:27.310 753 753 E wificond: Failed to get NL80211_RATE_INFO_NOISE
08-03 22:31:27.311 753 753 E wificond: Failed to get NL80211_RATE_INFO_SNR
08-03 22:31:27.311 753 753 E wificond: Failed to get NL80211_STA_INFO_CNAHLOAD
08-03 22:31:27.317 753 753 E wificond: Failed to get NL80211_RATE_INFO_NOISE
08-03 22:31:27.318 753 753 E wificond: Failed to get NL80211_RATE_INFO_SNR
08-03 22:31:27.318 753 753 E wificond: Failed to get NL80211_STA_INFO_CNAHLOAD
08-03 22:31:35.320 753 753 E wificond: Failed to get NL80211_RATE_INFO_NOISE
08-03 22:31:35.320 753 753 E wificond: Failed to get NL80211_RATE_INFO_SNR
08-03 22:31:35.320 753 753 E wificond: Failed to get NL80211_STA_INFO_CNAHLOAD
08-03 22:31:35.326 753 753 E wificond: Failed to get NL80211_RATE_INFO_NOISE
08-03 22:31:35.327 753 753 E wificond: Failed to get NL80211_RATE_INFO_SNR
08-03 22:31:35.327 753 753 E wificond: Failed to get NL80211_STA_INFO_CNAHLOAD
08-03 22:31:39.532 480 615 W SocketListener: sending broadcast to Pid = 1155, Uid = 1000
08-03 22:31:39.543 1155 1178 I chatty : uid=1000(system) android.fg expire 2 lines
08-03 22:31:39.558 1155 1423 I chatty : uid=1000(system) Binder:1155_3 expire 1 line
08-03 22:31:43.328 753 753 E wificond: Failed to get NL80211_RATE_INFO_NOISE
08-03 22:31:43.329 753 753 E wificond: Failed to get NL80211_RATE_INFO_SNR
08-03 22:31:43.329 753 753 E wificond: Failed to get NL80211_STA_INFO_CNAHLOAD
08-03 22:31:43.337 753 753 E wificond: Failed to get NL80211_RATE_INFO_NOISE
08-03 22:31:43.337 753 753 E wificond: Failed to get NL80211_RATE_INFO_SNR
08-03 22:31:43.337 753 753 E wificond: Failed to get NL80211_STA_INFO_CNAHLOAD
08-03 22:31:47.488 1155 1155 I chatty : uid=1000 system_server expire 4 lines
08-03 22:31:49.201 1155 1183 I chatty : uid=1000(system) PowerManagerSer expire 3 lines
08-03 22:31:49.238 480 615 W SocketListener: sending broadcast to Pid = 1155, Uid = 1000
08-03 22:31:49.259 1155 1303 I chatty : uid=1000(system) StorageManagerS expire 2 lines
08-03 22:31:49.260 425 453 I vold : TrimTask running tasks: 0
08-03 22:31:49.261 1155 1306 I chatty : uid=1000(system) VoldConnector expire 1 line
08-03 22:31:49.278 1155 1155 I chatty : uid=1000 system_server expire 3 lines
08-03 22:31:49.278 1155 1330 I chatty : uid=1000(system) WifiP2pService expire 5 lines
08-03 22:31:49.280 1155 2346 I chatty : uid=1000(system) Binder:1155_B expire 23 lines
08-03 22:31:49.282 753 753 E wificond: Failed to get NL80211_RATE_INFO_NOISE
08-03 22:31:49.282 753 753 E wificond: Failed to get NL80211_RATE_INFO_SNR
08-03 22:31:49.282 753 753 E wificond: Failed to get NL80211_STA_INFO_CNAHLOAD
08-03 22:31:49.330 2278 2278 W SettingsEx: SettingsEx.Systemex.getString deprecated use Settings.System.getString instead ;callers=com.android.internal.telephony.gsm.HwCustGsmServiceStateManagerImpl.isMccForShowNetname:211 com.android.internal.telephony.gsm.HwCustGsmServiceStateManagerImpl.isShowNetnameByMcc:202 com.android.internal.telephony.gsm.HwCustGsmServiceStateManagerImpl.setOnsDisplayCustomization:153
08-03 22:31:49.337 1155 1155 I chatty : uid=1000 system_server expire 11 lines
08-03 22:31:49.345 1155 1171 I chatty : uid=1000(system) ActivityManager expire 9 lines
08-03 22:31:49.362 1155 2799 I chatty : uid=1000(system) Binder:1155_E expire 8 lines
08-03 22:31:49.363 1429 1667 I HwNetworkPolicyManager: forceUpdatePolicy isRoaming = false
08-03 22:31:49.370 2278 2278 W SettingsEx: SettingsEx.Systemex.getString deprecated use Settings.System.getString instead ;callers=com.android.internal.telephony.gsm.HwCustGsmServiceStateManagerImpl.isMccForShowNetname:211 com.android.internal.telephony.gsm.HwCustGsmServiceStateManagerImpl.isShowNetnameByMcc:202 com.android.internal.telephony.gsm.HwCustGsmServiceStateManagerImpl.setOnsDisplayCustomization:153
08-03 22:31:49.391 1155 3079 I chatty : uid=1000(system) Binder:1155_10 expire 20 lines
08-03 22:31:49.407 2278 2278 D Telephony-TelecomAccountRegistry: onServiceStateChanged0 newState : 0, mServiceState : 0
08-03 22:31:49.411 1155 1267 I chatty : uid=1000(system) android.anim expire 8 lines
08-03 22:31:49.414 1155 1180 I chatty : uid=1000(system) android.display expire 1 line
08-03 22:31:49.415 1155 1172 I chatty : uid=1000(system) android.ui expire 4 lines
08-03 22:31:49.418 1155 1183 I chatty : uid=1000(system) PowerManagerSer expire 3 lines
08-03 22:31:49.432 2278 2278 D Telephony-TelecomAccountRegistry: onServiceStateChanged1 newState : 0, mServiceState : 0
08-03 22:31:49.501 2575 11038 W ContextImpl: Calling a method in the system process without a qualified user: android.app.ContextImpl.bindService:1736 android.content.ContextWrapper.bindService:678 com.huawei.nb.dataservice.dsclient.RemoteServiceConnection.open:90 com.huawei.nb.dataservice.dsclient.DataServiceProxy.connect:105 com.huawei.nb.dataservice.rsclient.internal.RemoteRuleService.start:27
08-03 22:31:50.320 1155 11835 I chatty : uid=1000(system) Binder:1155_1A expire 7 lines
08-03 22:31:50.424 1495 1495 V KeyguardDisplayManager: hide
08-03 22:31:50.456 1155 13498 I chatty : uid=1000(system) Binder:1155_1B expire 15 lines
08-03 22:31:50.460 1155 1313 I chatty : uid=1000(system) NetdConnector expire 2 lines
08-03 22:31:50.502 1155 1330 I chatty : uid=1000(system) WifiP2pService expire 5 lines
08-03 22:31:50.616 1155 1423 I chatty : uid=1000(system) Binder:1155_3 expire 9 lines
08-03 22:31:50.868 1155 1165 I chatty : uid=1000(system) Binder:1155_1 expire 2 lines
08-03 22:31:51.326 753 753 E wificond: Failed to get NL80211_RATE_INFO_NOISE
08-03 22:31:51.327 753 753 E wificond: Failed to get NL80211_RATE_INFO_SNR
08-03 22:31:51.327 753 753 E wificond: Failed to get NL80211_STA_INFO_CNAHLOAD
08-03 22:31:51.328 753 753 E wificond: Failed to get NL80211_RATE_INFO_NOISE
08-03 22:31:51.328 753 753 E wificond: Failed to get NL80211_RATE_INFO_SNR
08-03 22:31:51.328 753 753 E wificond: Failed to get NL80211_STA_INFO_CNAHLOAD
08-03 22:31:51.824 2776 2776 I AppWidgetHost: appWidget hostView is null
08-03 22:31:51.838 2776 2776 I AppWidgetHost: appWidget hostView is null
08-03 22:31:52.286 753 753 E wificond: Failed to get NL80211_RATE_INFO_NOISE
08-03 22:31:52.286 753 753 E wificond: Failed to get NL80211_RATE_INFO_SNR
08-03 22:31:52.286 753 753 E wificond: Failed to get NL80211_STA_INFO_CNAHLOAD
08-03 22:31:55.300 753 753 E wificond: Failed to get NL80211_RATE_INFO_NOISE
08-03 22:31:55.300 753 753 E wificond: Failed to get NL80211_RATE_INFO_SNR
08-03 22:31:55.300 753 753 E wificond: Failed to get NL80211_STA_INFO_CNAHLOAD
08-03 22:31:58.318 753 753 E wificond: Failed to get NL80211_RATE_INFO_NOISE
08-03 22:31:58.318 753 753 E wificond: Failed to get NL80211_RATE_INFO_SNR
08-03 22:31:58.318 753 753 E wificond: Failed to get NL80211_STA_INFO_CNAHLOAD
08-03 22:31:59.341 753 753 E wificond: Failed to get NL80211_RATE_INFO_NOISE
08-03 22:31:59.341 753 753 E wificond: Failed to get NL80211_RATE_INFO_SNR
08-03 22:31:59.341 753 753 E wificond: Failed to get NL80211_STA_INFO_CNAHLOAD
08-03 22:31:59.343 753 753 E wificond: Failed to get NL80211_RATE_INFO_NOISE
08-03 22:31:59.344 753 753 E wificond: Failed to get NL80211_RATE_INFO_SNR
08-03 22:31:59.344 753 753 E wificond: Failed to get NL80211_STA_INFO_CNAHLOAD
08-03 22:32:00.002 1155 1155 I chatty : uid=1000 system_server expire 10 lines
08-03 22:32:01.330 753 753 E wificond: Failed to get NL80211_RATE_INFO_NOISE
08-03 22:32:01.330 753 753 E wificond: Failed to get NL80211_RATE_INFO_SNR
08-03 22:32:01.330 753 753 E wificond: Failed to get NL80211_STA_INFO_CNAHLOAD
08-03 22:32:02.611 1155 2219 I chatty : uid=1000(system) watchdog expire 2 lines
08-03 22:32:04.341 753 753 E wificond: Failed to get NL80211_RATE_INFO_NOISE
08-03 22:32:04.341 753 753 E wificond: Failed to get NL80211_RATE_INFO_SNR
08-03 22:32:04.341 753 753 E wificond: Failed to get NL80211_STA_INFO_CNAHLOAD
08-03 22:32:07.346 753 753 E wificond: Failed to get NL80211_RATE_INFO_NOISE
08-03 22:32:07.346 753 753 E wificond: Failed to get NL80211_RATE_INFO_SNR
08-03 22:32:07.346 753 753 E wificond: Failed to get NL80211_STA_INFO_CNAHLOAD
08-03 22:32:07.350 753 753 E wificond: Failed to get NL80211_RATE_INFO_NOISE
08-03 22:32:07.350 753 753 E wificond: Failed to get NL80211_RATE_INFO_SNR
08-03 22:32:07.350 753 753 E wificond: Failed to get NL80211_STA_INFO_CNAHLOAD
08-03 22:32:07.358 753 753 E wificond: Failed to get NL80211_RATE_INFO_NOISE
08-03 22:32:07.358 753 753 E wificond: Failed to get NL80211_RATE_INFO_SNR
08-03 22:32:07.358 753 753 E wificond: Failed to get NL80211_STA_INFO_CNAHLOAD
08-03 22:32:10.376 753 753 E wificond: Failed to get NL80211_RATE_INFO_NOISE
08-03 22:32:10.376 753 753 E wificond: Failed to get NL80211_RATE_INFO_SNR
08-03 22:32:10.376 753 753 E wificond: Failed to get NL80211_STA_INFO_CNAHLOAD
08-03 22:32:13.395 753 753 E wificond: Failed to get NL80211_RATE_INFO_NOISE
08-03 22:32:13.395 753 753 E wificond: Failed to get NL80211_RATE_INFO_SNR
08-03 22:32:13.396 753 753 E wificond: Failed to get NL80211_STA_INFO_CNAHLOAD
08-03 22:32:15.356 753 753 E wificond: Failed to get NL80211_RATE_INFO_NOISE
08-03 22:32:15.356 753 753 E wificond: Failed to get NL80211_RATE_INFO_SNR
08-03 22:32:15.356 753 753 E wificond: Failed to get NL80211_STA_INFO_CNAHLOAD
08-03 22:32:15.361 753 753 E wificond: Failed to get NL80211_RATE_INFO_NOISE
08-03 22:32:15.361 753 753 E wificond: Failed to get NL80211_RATE_INFO_SNR
08-03 22:32:15.361 753 753 E wificond: Failed to get NL80211_STA_INFO_CNAHLOAD
08-03 22:32:16.412 753 753 E wificond: Failed to get NL80211_RATE_INFO_NOISE
08-03 22:32:16.412 753 753 E wificond: Failed to get NL80211_RATE_INFO_SNR
08-03 22:32:16.412 753 753 E wificond: Failed to get NL80211_STA_INFO_CNAHLOAD
08-03 22:32:17.352 2278 2278 W SettingsEx: SettingsEx.Systemex.getString deprecated use Settings.System.getString instead ;callers=com.android.internal.telephony.gsm.HwCustGsmServiceStateManagerImpl.isMccForShowNetname:211 com.android.internal.telephony.gsm.HwCustGsmServiceStateManagerImpl.isShowNetnameByMcc:202 com.android.internal.telephony.gsm.HwCustGsmServiceStateManagerImpl.setOnsDisplayCustomization:153
08-03 22:32:17.418 1155 13498 I chatty : uid=1000(system) Binder:1155_1B expire 5 lines
08-03 22:32:17.419 1429 1667 I HwNetworkPolicyManager: forceUpdatePolicy isRoaming = false
08-03 22:32:17.454 2278 2278 D Telephony-TelecomAccountRegistry: onServiceStateChanged0 newState : 0, mServiceState : 0
08-03 22:32:18.344 1155 1273 I chatty : uid=1000(system) UEventObserver expire 2 lines
08-03 22:32:19.429 753 753 E wificond: Failed to get NL80211_RATE_INFO_NOISE
08-03 22:32:19.430 753 753 E wificond: Failed to get NL80211_RATE_INFO_SNR
08-03 22:32:19.430 753 753 E wificond: Failed to get NL80211_STA_INFO_CNAHLOAD
08-03 22:32:22.447 753 753 E wificond: Failed to get NL80211_RATE_INFO_NOISE
08-03 22:32:22.447 753 753 E wificond: Failed to get NL80211_RATE_INFO_SNR
08-03 22:32:22.447 753 753 E wificond: Failed to get NL80211_STA_INFO_CNAHLOAD
08-03 22:32:22.476 2278 2278 W SettingsEx: SettingsEx.Systemex.getString deprecated use Settings.System.getString instead ;callers=com.android.internal.telephony.gsm.HwCustGsmServiceStateManagerImpl.isMccForShowNetname:211 com.android.internal.telephony.gsm.HwCustGsmServiceStateManagerImpl.isShowNetnameByMcc:202 com.android.internal.telephony.gsm.HwCustGsmServiceStateManagerImpl.setOnsDisplayCustomization:153
08-03 22:32:22.510 1429 1667 I HwNetworkPolicyManager: forceUpdatePolicy isRoaming = false
08-03 22:32:22.527 2278 2278 D Telephony-TelecomAccountRegistry: onServiceStateChanged0 newState : 0, mServiceState : 0
08-03 22:32:23.351 753 753 E wificond: Failed to get NL80211_RATE_INFO_NOISE
08-03 22:32:23.351 753 753 E wificond: Failed to get NL80211_RATE_INFO_SNR
08-03 22:32:23.351 753 753 E wificond: Failed to get NL80211_STA_INFO_CNAHLOAD
08-03 22:32:23.353 753 753 E wificond: Failed to get NL80211_RATE_INFO_NOISE
08-03 22:32:23.354 753 753 E wificond: Failed to get NL80211_RATE_INFO_SNR
08-03 22:32:23.354 753 753 E wificond: Failed to get NL80211_STA_INFO_CNAHLOAD
08-03 22:32:25.462 753 753 E wificond: Failed to get NL80211_RATE_INFO_NOISE
08-03 22:32:25.462 753 753 E wificond: Failed to get NL80211_RATE_INFO_SNR
08-03 22:32:25.462 753 753 E wificond: Failed to get NL80211_STA_INFO_CNAHLOAD
08-03 22:32:28.481 753 753 E wificond: Failed to get NL80211_RATE_INFO_NOISE
08-03 22:32:28.481 753 753 E wificond: Failed to get NL80211_RATE_INFO_SNR
08-03 22:32:28.481 753 753 E wificond: Failed to get NL80211_STA_INFO_CNAHLOAD
08-03 22:32:31.367 753 753 E wificond: Failed to get NL80211_RATE_INFO_NOISE
08-03 22:32:31.367 753 753 E wificond: Failed to get NL80211_RATE_INFO_SNR
08-03 22:32:31.367 753 753 E wificond: Failed to get NL80211_STA_INFO_CNAHLOAD
08-03 22:32:31.370 753 753 E wificond: Failed to get NL80211_RATE_INFO_NOISE
08-03 22:32:31.370 753 753 E wificond: Failed to get NL80211_RATE_INFO_SNR
08-03 22:32:31.370 753 753 E wificond: Failed to get NL80211_STA_INFO_CNAHLOAD
08-03 22:32:31.491 753 753 E wificond: Failed to get NL80211_RATE_INFO_NOISE
08-03 22:32:31.492 753 753 E wificond: Failed to get NL80211_RATE_INFO_SNR
08-03 22:32:31.492 753 753 E wificond: Failed to get NL80211_STA_INFO_CNAHLOAD
08-03 22:32:34.506 753 753 E wificond: Failed to get NL80211_RATE_INFO_NOISE
08-03 22:32:34.506 753 753 E wificond: Failed to get NL80211_RATE_INFO_SNR
08-03 22:32:34.507 753 753 E wificond: Failed to get NL80211_STA_INFO_CNAHLOAD
08-03 22:32:37.522 753 753 E wificond: Failed to get NL80211_RATE_INFO_NOISE
08-03 22:32:37.522 753 753 E wificond: Failed to get NL80211_RATE_INFO_SNR
08-03 22:32:37.522 753 753 E wificond: Failed to get NL80211_STA_INFO_CNAHLOAD
08-03 22:32:39.375 753 753 E wificond: Failed to get NL80211_RATE_INFO_NOISE
08-03 22:32:39.375 753 753 E wificond: Failed to get NL80211_RATE_INFO_SNR
08-03 22:32:39.375 753 753 E wificond: Failed to get NL80211_STA_INFO_CNAHLOAD
08-03 22:32:39.379 753 753 E wificond: Failed to get NL80211_RATE_INFO_NOISE
08-03 22:32:39.379 753 753 E wificond: Failed to get NL80211_RATE_INFO_SNR
08-03 22:32:39.379 753 753 E wificond: Failed to get NL80211_STA_INFO_CNAHLOAD
08-03 22:32:39.916 1155 2346 I chatty : uid=1000(system) Binder:1155_B expire 1 line
08-03 22:32:40.537 753 753 E wificond: Failed to get NL80211_RATE_INFO_NOISE
08-03 22:32:40.538 753 753 E wificond: Failed to get NL80211_RATE_INFO_SNR
08-03 22:32:40.538 753 753 E wificond: Failed to get NL80211_STA_INFO_CNAHLOAD
08-03 22:32:43.555 753 753 E wificond: Failed to get NL80211_RATE_INFO_NOISE
08-03 22:32:43.555 753 753 E wificond: Failed to get NL80211_RATE_INFO_SNR
08-03 22:32:43.555 753 753 E wificond: Failed to get NL80211_STA_INFO_CNAHLOAD
08-03 22:32:45.173 1155 1189 I chatty : uid=1000(system) PackageManager expire 10 lines
08-03 22:32:46.421 1155 1155 I chatty : uid=1000 system_server expire 2 lines
08-03 22:32:46.427 1408 1408 W ContextImpl: Calling a method in the system process without a qualified user: android.app.ContextImpl.startService:1656 android.content.ContextWrapper.startService:644 android.content.ContextWrapper.startService:644 com.android.settings.applications.BlackListReceiver.onReceive:35 android.app.ActivityThread.handleReceiver:3695
08-03 22:32:46.438 1155 2762 I chatty : uid=1000(system) Binder:1155_D expire 20 lines
08-03 22:32:46.538 1155 6505 I chatty : uid=1000(system) Binder:1155_15 expire 4 lines
08-03 22:32:46.562 1155 1168 I chatty : uid=1000(system) android.bg expire 1 line
08-03 22:32:46.570 753 753 E wificond: Failed to get NL80211_RATE_INFO_NOISE
08-03 22:32:46.570 753 753 E wificond: Failed to get NL80211_RATE_INFO_SNR
08-03 22:32:46.570 753 753 E wificond: Failed to get NL80211_STA_INFO_CNAHLOAD
08-03 22:32:46.725 14936 14936 W ContextImpl: Calling a method in the system process without a qualified user: android.app.ContextImpl.startService:1656 android.content.ContextWrapper.startService:644 android.content.ContextWrapper.startService:644 com.huawei.systemmanager.antivirus.utils.AntiVirusTools.deleteVirusApk:632 com.huawei.systemmanager.antivirus.AntiVirusReceiver.handlerPackageRemoved:52
08-03 22:32:46.747 14936 15767 W ContextImpl: Calling a method in the system process without a qualified user: android.app.ContextImpl.startService:1656 android.content.ContextWrapper.startService:644 com.huawei.systemmanager.spacecleanner.receiver.SpaceCleanReceiver.checkRarelyUsedApp:87 com.huawei.systemmanager.spacecleanner.receiver.SpaceCleanReceiver.doInBackground:39 java.lang.reflect.Method.invoke:-2
08-03 22:32:46.761 1155 3079 I chatty : uid=1000(system) Binder:1155_10 expire 8 lines
08-03 22:32:46.763 16321 16321 D ActivityThread: ActivityThread,attachApplication
08-03 22:32:47.053 1429 1669 I HwNetworkPolicyManager: getHwUidPolicy uid = 10205 policy = 1
08-03 22:32:47.064 1155 2301 I chatty : uid=1000(system) Binder:1155_9 expire 9 lines
08-03 22:32:47.064 1429 1669 I HwNetworkPolicyManager: getHwUidPolicy uid = 10205 policy = 1
08-03 22:32:47.150 1155 1155 I chatty : uid=1000 system_server expire 9 lines
08-03 22:32:47.163 1155 3079 I chatty : uid=1000(system) Binder:1155_10 expire 7 lines
08-03 22:32:47.186 1155 2762 I chatty : uid=1000(system) Binder:1155_D expire 9 lines
08-03 22:32:47.231 1155 11835 I chatty : uid=1000(system) Binder:1155_1A expire 11 lines
08-03 22:32:47.375 753 753 E wificond: Failed to get NL80211_RATE_INFO_NOISE
08-03 22:32:47.376 753 753 E wificond: Failed to get NL80211_RATE_INFO_SNR
08-03 22:32:47.376 753 753 E wificond: Failed to get NL80211_STA_INFO_CNAHLOAD
08-03 22:32:47.381 753 753 E wificond: Failed to get NL80211_RATE_INFO_NOISE
08-03 22:32:47.381 753 753 E wificond: Failed to get NL80211_RATE_INFO_SNR
08-03 22:32:47.381 753 753 E wificond: Failed to get NL80211_STA_INFO_CNAHLOAD
08-03 22:32:47.397 1408 1408 W ContextImpl: Calling a method in the system process without a qualified user: android.app.ContextImpl.startService:1656 android.content.ContextWrapper.startService:644 android.content.ContextWrapper.startService:644 com.android.settings.applications.BlackListReceiver.onReceive:35 android.app.ActivityThread.handleReceiver:3695
08-03 22:32:47.438 1155 1165 I chatty : uid=1000(system) Binder:1155_1 expire 23 lines
08-03 22:32:47.607 1155 13498 I chatty : uid=1000(system) Binder:1155_1B expire 4 lines
08-03 22:32:47.652 1155 2799 I chatty : uid=1000(system) Binder:1155_E expire 12 lines
08-03 22:32:47.673 1155 6704 I chatty : uid=1000(system) Binder:1155_16 expire 3 lines
08-03 22:32:47.725 1155 1166 I chatty : uid=1000(system) Binder:1155_2 expire 3 lines
08-03 22:32:47.746 14936 14936 W ContextImpl: Calling a method in the system process without a qualified user: android.app.ContextImpl.startService:1656 android.content.ContextWrapper.startService:644 android.content.ContextWrapper.startService:644 com.huawei.systemmanager.antivirus.utils.AntiVirusTools.checkVirusForNewInstalledApk:620 com.huawei.systemmanager.antivirus.AntiVirusReceiver.onReceive:36
08-03 22:32:47.748 16321 16321 V ActivityThread: ActivityThread,callActivityOnCreate
08-03 22:32:47.757 1155 2346 I chatty : uid=1000(system) Binder:1155_B expire 3 lines
08-03 22:32:47.797 14936 15992 W ContextImpl: Calling a method in the system process without a qualified user: android.app.ContextImpl.startService:1656 android.content.ContextWrapper.startService:644 com.huawei.systemmanager.spacecleanner.receiver.SpaceCleanReceiver.checkRarelyUsedApp:87 com.huawei.systemmanager.spacecleanner.receiver.SpaceCleanReceiver.doInBackground:39 java.lang.reflect.Method.invoke:-2
08-03 22:32:47.807 1155 1171 I chatty : uid=1000(system) ActivityManager expire 6 lines
08-03 22:32:47.813 16321 16321 D ActivityThread: add activity client record, r= ActivityRecord{2848647 token=android.os.BinderProxy@f548fdc {com.thephoridaeintertainment.sergeyloskutnikov.runningman/com.thephoridaeintertainment.sergeyloskutnikov.runningman.RunActiv}} token= android.os.BinderProxy@f548fdc
08-03 22:32:47.869 1495 2047 I CommandQueue: updateBarBgColor
08-03 22:32:47.869 1495 2047 D CommandQueue: CommandQueue, setBarBackgroundColor
08-03 22:32:47.911 1155 1267 I chatty : uid=1000(system) android.anim expire 18 lines
08-03 22:32:48.017 1155 1172 I chatty : uid=1000(system) android.ui expire 1 line
08-03 22:32:48.415 1155 1273 I chatty : uid=1000(system) UEventObserver expire 2 lines
08-03 22:32:48.762 1408 1408 W ContextImpl: Calling a method in the system process without a qualified user: android.app.ContextImpl.startService:1656 android.content.ContextWrapper.startService:644 android.content.ContextWrapper.startService:644 com.android.settings.applications.BlackListReceiver.onReceive:35 android.app.ActivityThread.handleReceiver:3695
08-03 22:32:48.998 2776 2776 I AppWidgetHost: appWidget hostView is null
08-03 22:32:49.019 2776 2776 I AppWidgetHost: appWidget hostView is null
08-03 22:32:49.050 1155 1750 I chatty : uid=1000(system) Binder:1155_8 expire 21 lines
08-03 22:32:49.580 753 753 E wificond: Failed to get NL80211_RATE_INFO_NOISE
08-03 22:32:49.580 753 753 E wificond: Failed to get NL80211_RATE_INFO_SNR
08-03 22:32:49.580 753 753 E wificond: Failed to get NL80211_STA_INFO_CNAHLOAD
08-03 22:32:52.591 753 753 E wificond: Failed to get NL80211_RATE_INFO_NOISE
08-03 22:32:52.592 753 753 E wificond: Failed to get NL80211_RATE_INFO_SNR
08-03 22:32:52.592 753 753 E wificond: Failed to get NL80211_STA_INFO_CNAHLOAD
08-03 22:32:53.872 1155 1165 I chatty : uid=1000(system) Binder:1155_1 expire 7 lines
08-03 22:32:53.900 1155 1155 I chatty : uid=1000 system_server expire 14 lines
08-03 22:32:54.013 1155 1267 I chatty : uid=1000(system) android.anim expire 18 lines
08-03 22:32:54.037 2255 2255 I HwCoreAppHelperService: LocalReceiver receives:android.intent.action.PACKAGE_RESTARTED,pkg:com.thephoridaeintertainment.sergeyloskutnikov.runningman,uid:10205
08-03 22:32:54.048 1155 1171 I chatty : uid=1000(system) ActivityManager expire 2 lines
08-03 22:32:54.050 1155 1180 I chatty : uid=1000(system) android.display expire 1 line
08-03 22:32:54.067 1155 1172 I chatty : uid=1000(system) android.ui expire 12 lines
08-03 22:32:54.074 1155 6704 I chatty : uid=1000(system) Binder:1155_16 expire 12 lines
08-03 22:32:54.098 1429 1669 I HwNetworkPolicyManager: getHwUidPolicy uid = 10060 policy = 0
08-03 22:32:54.101 1155 1166 I chatty : uid=1000(system) Binder:1155_2 expire 10 lines
08-03 22:32:54.101 1495 2047 I CommandQueue: updateBarBgColor
08-03 22:32:54.102 1495 2047 D CommandQueue: CommandQueue, setBarBackgroundColor
08-03 22:32:54.270 1155 2762 I chatty : uid=1000(system) Binder:1155_D expire 32 lines
08-03 22:32:54.290 1155 3079 I chatty : uid=1000(system) Binder:1155_10 expire 12 lines
08-03 22:32:54.291 1155 6888 I chatty : uid=1000(system) Binder:1155_17 expire 2 lines
08-03 22:32:54.499 1155 15425 I chatty : uid=1000(system) Binder:1155_1C expire 9 lines
08-03 22:32:55.392 753 753 E wificond: Failed to get NL80211_RATE_INFO_NOISE
08-03 22:32:55.393 753 753 E wificond: Failed to get NL80211_RATE_INFO_SNR
08-03 22:32:55.393 753 753 E wificond: Failed to get NL80211_STA_INFO_CNAHLOAD
08-03 22:32:55.396 753 753 E wificond: Failed to get NL80211_RATE_INFO_NOISE
08-03 22:32:55.396 753 753 E wificond: Failed to get NL80211_RATE_INFO_SNR
08-03 22:32:55.396 753 753 E wificond: Failed to get NL80211_STA_INFO_CNAHLOAD
08-03 22:32:55.602 753 753 E wificond: Failed to get NL80211_RATE_INFO_NOISE
08-03 22:32:55.602 753 753 E wificond: Failed to get NL80211_RATE_INFO_SNR
08-03 22:32:55.602 753 753 E wificond: Failed to get NL80211_STA_INFO_CNAHLOAD
08-03 22:32:55.718 2776 2776 I AppWidgetHost: appWidget hostView is null
08-03 22:32:55.738 2776 2776 I AppWidgetHost: appWidget hostView is null
08-03 22:32:57.621 2278 2278 W SettingsEx: SettingsEx.Systemex.getString deprecated use Settings.System.getString instead ;callers=com.android.internal.telephony.gsm.HwCustGsmServiceStateManagerImpl.isMccForShowNetname:211 com.android.internal.telephony.gsm.HwCustGsmServiceStateManagerImpl.isShowNetnameByMcc:202 com.android.internal.telephony.gsm.HwCustGsmServiceStateManagerImpl.setOnsDisplayCustomization:153
08-03 22:32:57.650 2278 2278 D Telephony-TelecomAccountRegistry: onServiceStateChanged0 newState : 0, mServiceState : 0
08-03 22:32:57.667 1429 1667 I HwNetworkPolicyManager: forceUpdatePolicy isRoaming = false
08-03 22:32:57.693 2243 3603 W ContextImpl: Calling a method in the system process without a qualified user: android.app.ContextImpl.sendBroadcast:1095 com.huawei.android.chr.ProtocolLogManager.setChrInfo2DbEx:1749 com.huawei.android.chr.ProtocolLogManager.setChrInfo2Db:1646 com.huawei.android.chr.network.ChrNetwork.setMmRejectEvent:1655 com.huawei.android.chr.network.ChrNetwork.handleMessage:404
08-03 22:32:58.618 753 753 E wificond: Failed to get NL80211_RATE_INFO_NOISE
08-03 22:32:58.618 753 753 E wificond: Failed to get NL80211_RATE_INFO_SNR
08-03 22:32:58.618 753 753 E wificond: Failed to get NL80211_STA_INFO_CNAHLOAD
08-03 22:33:01.550 1155 2301 I chatty : uid=1000(system) Binder:1155_9 expire 6 lines
08-03 22:33:01.631 753 753 E wificond: Failed to get NL80211_RATE_INFO_NOISE
08-03 22:33:01.631 753 753 E wificond: Failed to get NL80211_RATE_INFO_SNR
08-03 22:33:01.631 753 753 E wificond: Failed to get NL80211_STA_INFO_CNAHLOAD
08-03 22:33:02.613 1155 2219 I chatty : uid=1000(system) watchdog expire 1 line
08-03 22:33:03.395 753 753 E wificond: Failed to get NL80211_RATE_INFO_NOISE
08-03 22:33:03.396 753 753 E wificond: Failed to get NL80211_RATE_INFO_SNR
08-03 22:33:03.396 753 753 E wificond: Failed to get NL80211_STA_INFO_CNAHLOAD
08-03 22:33:03.398 753 753 E wificond: Failed to get NL80211_RATE_INFO_NOISE
08-03 22:33:03.398 753 753 E wificond: Failed to get NL80211_RATE_INFO_SNR
08-03 22:33:03.398 753 753 E wificond: Failed to get NL80211_STA_INFO_CNAHLOAD
08-03 22:33:03.437 2243 3603 W ContextImpl: Calling a method in the system process without a qualified user: android.app.ContextImpl.sendBroadcast:1095 com.huawei.android.chr.ProtocolLogManager.setChrInfo2DbEx:1749 com.huawei.android.chr.ProtocolLogManager.setChrInfo2Db:1646 com.huawei.android.chr.network.ChrNetwork.handleMmRejectInfo:729 com.huawei.android.chr.network.ChrNetwork.reportNetworkChr:907
08-03 22:33:04.647 753 753 E wificond: Failed to get NL80211_RATE_INFO_NOISE
08-03 22:33:04.647 753 753 E wificond: Failed to get NL80211_RATE_INFO_SNR
08-03 22:33:04.647 753 753 E wificond: Failed to get NL80211_STA_INFO_CNAHLOAD
08-03 22:33:07.663 753 753 E wificond: Failed to get NL80211_RATE_INFO_NOISE
08-03 22:33:07.663 753 753 E wificond: Failed to get NL80211_RATE_INFO_SNR
08-03 22:33:07.663 753 753 E wificond: Failed to get NL80211_STA_INFO_CNAHLOAD
08-03 22:33:07.898 1155 1273 I chatty : uid=1000(system) UEventObserver expire 2 lines
08-03 22:33:07.922 1155 1155 I chatty : uid=1000 system_server expire 27 lines
08-03 22:33:07.934 1155 1176 I chatty : uid=1000(system) batterystats-sy expire 2 lines
08-03 22:33:07.940 1155 11835 I chatty : uid=1000(system) Binder:1155_1A expire 5 lines
08-03 22:33:07.965 1155 2762 I chatty : uid=1000(system) Binder:1155_D expire 11 lines
08-03 22:33:07.995 16435 16435 D ActivityThread: ActivityThread,attachApplication
08-03 22:33:08.212 1155 11835 I chatty : uid=1000(system) Binder:1155_1A expire 1 line
08-03 22:33:08.219 1155 1155 I chatty : uid=1000 system_server expire 3 lines
08-03 22:33:08.223 1155 11835 I chatty : uid=1000(system) Binder:1155_1A expire 2 lines
08-03 22:33:08.286 1155 2762 I chatty : uid=1000(system) Binder:1155_D expire 1 line
08-03 22:33:08.293 1155 1155 I chatty : uid=1000 system_server expire 34 lines
08-03 22:33:08.310 1155 2623 I chatty : uid=1000(system) backup expire 91 lines
08-03 22:33:08.311 1155 13498 I chatty : uid=1000(system) Binder:1155_1B expire 4 lines
08-03 22:33:08.337 1155 11835 I chatty : uid=1000(system) Binder:1155_1A expire 9 lines
08-03 22:33:08.344 1155 2301 I chatty : uid=1000(system) Binder:1155_9 expire 14 lines
08-03 22:33:08.345 1155 1333 I chatty : uid=1000(system) ConnectivitySer expire 7 lines
08-03 22:33:08.628 1155 6888 I chatty : uid=1000(system) Binder:1155_17 expire 14 lines
08-03 22:33:08.666 1155 1172 I chatty : uid=1000(system) android.ui expire 50 lines
08-03 22:33:09.691 16523 16523 D ActivityThread: ActivityThread,attachApplication
08-03 22:33:10.675 753 753 E wificond: Failed to get NL80211_RATE_INFO_NOISE
08-03 22:33:10.675 753 753 E wificond: Failed to get NL80211_RATE_INFO_SNR
08-03 22:33:10.675 753 753 E wificond: Failed to get NL80211_STA_INFO_CNAHLOAD
08-03 22:33:11.390 753 753 E wificond: Failed to get NL80211_RATE_INFO_NOISE
08-03 22:33:11.390 753 753 E wificond: Failed to get NL80211_RATE_INFO_SNR
08-03 22:33:11.390 753 753 E wificond: Failed to get NL80211_STA_INFO_CNAHLOAD
08-03 22:33:11.392 753 753 E wificond: Failed to get NL80211_RATE_INFO_NOISE
08-03 22:33:11.392 753 753 E wificond: Failed to get NL80211_RATE_INFO_SNR
08-03 22:33:11.392 753 753 E wificond: Failed to get NL80211_STA_INFO_CNAHLOAD
08-03 22:33:11.919 16545 16545 D ActivityThread: ActivityThread,attachApplication
08-03 22:33:12.122 16564 16564 D ActivityThread: ActivityThread,attachApplication
08-03 22:33:12.161 1155 1467 I chatty : uid=1000(system) Binder:1155_4 expire 1 line
08-03 22:33:12.192 1155 16580 I chatty : uid=1000(system) Binder:1155_1D expire 1 line
08-03 22:33:12.622 1155 3079 I chatty : uid=1000(system) Binder:1155_10 expire 2 lines
08-03 22:33:13.107 16586 16586 D ActivityThread: ActivityThread,attachApplication
08-03 22:33:13.553 1155 2761 I chatty : uid=1000(system) Binder:1155_C expire 6 lines
08-03 22:33:13.684 753 753 E wificond: Failed to get NL80211_RATE_INFO_NOISE
08-03 22:33:13.684 753 753 E wificond: Failed to get NL80211_RATE_INFO_SNR
08-03 22:33:13.684 753 753 E wificond: Failed to get NL80211_STA_INFO_CNAHLOAD
08-03 22:33:13.761 1155 6503 I chatty : uid=1000(system) Binder:1155_14 expire 3 lines
08-03 22:33:13.989 16642 16642 D ActivityThread: ActivityThread,attachApplication
08-03 22:33:14.112 2243 3603 W ContextImpl: Calling a method in the system process without a qualified user: android.app.ContextImpl.sendBroadcast:1095 com.huawei.android.chr.ProtocolLogManager.setChrInfo2DbEx:1749 com.huawei.android.chr.ProtocolLogManager.setChrInfo2Db:1646 com.huawei.android.chr.network.ChrNetwork.handleMmRejectInfo:729 com.huawei.android.chr.network.ChrNetwork.reportNetworkChr:907
08-03 22:33:14.117 1155 8132 I chatty : uid=1000(system) Binder:1155_18 expire 11 lines
08-03 22:33:14.173 16642 16642 D ActivityThread: Loading provider com.google.android.gm.sapi: com.google.android.gm.sapi.SapiUiProvider
08-03 22:33:14.361 1155 6505 I chatty : uid=1000(system) Binder:1155_15 expire 5 lines
08-03 22:33:14.437 1155 8168 I chatty : uid=1000(system) Binder:1155_19 expire 4 lines
08-03 22:33:15.524 1155 1579 I chatty : uid=1000(system) Binder:1155_5 expire 1 line
08-03 22:33:16.668 16733 16733 D ActivityThread: ActivityThread,attachApplication
08-03 22:33:16.692 753 753 E wificond: Failed to get NL80211_RATE_INFO_NOISE
08-03 22:33:16.692 753 753 E wificond: Failed to get NL80211_RATE_INFO_SNR
08-03 22:33:16.692 753 753 E wificond: Failed to get NL80211_STA_INFO_CNAHLOAD
08-03 22:33:17.146 1155 16729 I chatty : uid=1000(system) Binder:1155_1E expire 1 line
08-03 22:33:17.221 1155 2762 I chatty : uid=1000(system) Binder:1155_D expire 2 lines
08-03 22:33:17.579 1155 2623 I chatty : uid=1000(system) backup expire 4 lines
08-03 22:33:17.916 1155 1155 I chatty : uid=1000 system_server expire 13 lines
08-03 22:33:18.498 1155 1273 I chatty : uid=1000(system) UEventObserver expire 4 lines
08-03 22:33:19.395 753 753 E wificond: Failed to get NL80211_RATE_INFO_NOISE
08-03 22:33:19.395 753 753 E wificond: Failed to get NL80211_RATE_INFO_SNR
08-03 22:33:19.395 753 753 E wificond: Failed to get NL80211_STA_INFO_CNAHLOAD
08-03 22:33:19.396 753 753 E wificond: Failed to get NL80211_RATE_INFO_NOISE
08-03 22:33:19.396 753 753 E wificond: Failed to get NL80211_RATE_INFO_SNR
08-03 22:33:19.396 753 753 E wificond: Failed to get NL80211_STA_INFO_CNAHLOAD
08-03 22:33:19.699 753 753 E wificond: Failed to get NL80211_RATE_INFO_NOISE
08-03 22:33:19.699 753 753 E wificond: Failed to get NL80211_RATE_INFO_SNR
08-03 22:33:19.700 753 753 E wificond: Failed to get NL80211_STA_INFO_CNAHLOAD
08-03 22:33:20.459 2278 2278 W SettingsEx: SettingsEx.Systemex.getString deprecated use Settings.System.getString instead ;callers=com.android.internal.telephony.gsm.HwCustGsmServiceStateManagerImpl.isMccForShowNetname:211 com.android.internal.telephony.gsm.HwCustGsmServiceStateManagerImpl.isShowNetnameByMcc:202 com.android.internal.telephony.gsm.HwCustGsmServiceStateManagerImpl.setOnsDisplayCustomization:153
08-03 22:33:20.490 1155 1171 I chatty : uid=1000(system) ActivityManager expire 5 lines
08-03 22:33:20.491 2278 2278 D Telephony-TelecomAccountRegistry: onServiceStateChanged0 newState : 0, mServiceState : 0
08-03 22:33:20.505 1155 16780 I chatty : uid=1000(system) Binder:1155_1F expire 22 lines
08-03 22:33:20.522 1429 1667 I HwNetworkPolicyManager: forceUpdatePolicy isRoaming = false
08-03 22:33:21.802 1155 2301 I chatty : uid=1000(system) Binder:1155_9 expire 12 lines
08-03 22:33:21.806 1429 1667 I HwNetworkPolicyManager: forceUpdatePolicy isRoaming = false
08-03 22:33:21.809 2278 2278 D Telephony-TelecomAccountRegistry: onServiceStateChanged0 newState : 1, mServiceState : 0
08-03 22:33:21.904 2278 2278 W SettingsEx: SettingsEx.Systemex.getString deprecated use Settings.System.getString instead ;callers=com.android.internal.telephony.gsm.HwCustGsmServiceStateManagerImpl.isMccForShowNetname:211 com.android.internal.telephony.gsm.HwCustGsmServiceStateManagerImpl.isShowNetnameByMcc:202 com.android.internal.telephony.gsm.HwCustGsmServiceStateManagerImpl.setOnsDisplayCustomization:153
08-03 22:33:21.943 1429 1667 I HwNetworkPolicyManager: forceUpdatePolicy isRoaming = false
08-03 22:33:21.957 2278 2278 D Telephony-TelecomAccountRegistry: onServiceStateChanged0 newState : 0, mServiceState : 1
08-03 22:33:21.957 2278 2278 I Telephony-PstnIncomingCallNotifier: Unregistering: Handler (com.android.internal.telephony.GsmCdmaPhone) {d35998c}
08-03 22:33:21.958 2278 2278 D Telephony-PstnPhoneCapabilitiesNotifier: Unregistering: Handler (com.android.internal.telephony.GsmCdmaPhone) {d35998c}
08-03 22:33:21.958 2278 2278 I Telephony-PstnIncomingCallNotifier: Unregistering: Handler (com.android.internal.telephony.GsmCdmaPhone) {2e338d5}
08-03 22:33:21.958 2278 2278 D Telephony-PstnPhoneCapabilitiesNotifier: Unregistering: Handler (com.android.internal.telephony.GsmCdmaPhone) {2e338d5}
08-03 22:33:21.958 2278 2278 D Telephony-TelecomAccountRegistry: onServiceStateChanged0 call setupAccounts
08-03 22:33:21.958 2278 2278 D Telephony-TelecomAccountRegistry: Found 2 phones. Attempting to register.
08-03 22:33:21.958 2278 2278 D Telephony-TelecomAccountRegistry: Phone with subscription id 0
08-03 22:33:21.998 1155 16580 I chatty : uid=1000(system) Binder:1155_1D expire 10 lines
08-03 22:33:22.005 2278 2278 I Telephony-TelecomAccountRegistry: Registered phoneAccount: [[ ] PhoneAccount: ComponentInfo{com.android.phone/com.android.services.telephony.TelephonyConnectionService}, [****], UserHandle{0} Capabilities: CallProvider MultiUser PlaceEmerg SimSub Audio Routes: BESW Schemes: tel voicemail Extras: null GroupId: [****]] with handle: ComponentInfo{com.android.phone/com.android.services.telephony.TelephonyConnectionService}, [****], UserHandle{0}
08-03 22:33:22.005 2278 2278 I Telephony-PstnIncomingCallNotifier: Registering: Handler (com.android.internal.telephony.GsmCdmaPhone) {d35998c}
08-03 22:33:22.005 2278 2278 D Telephony-PstnPhoneCapabilitiesNotifier: Registering: Handler (com.android.internal.telephony.GsmCdmaPhone) {d35998c}
08-03 22:33:22.005 2278 2278 D Telephony-TelecomAccountRegistry: Phone with subscription id 1
