08-13 06:55:16.802 14151 14151 E APM_AudioPolicyManager: could not load audio policy configuration file, setting defaults
08-13 06:55:16.802 14151 14151 D vndksupport: Loading /vendor/lib/hw/audio.primary.default.so from current namespace instead of sphal namespace.
08-13 06:55:16.803 14151 14151 W DeviceHAL: Device 0xe8c67000 get_master_volume: Function not implemented
08-13 06:55:16.803 14151 14151 W DeviceHAL: Device 0xe8c67000 get_master_mute: Function not implemented
08-13 06:55:16.803 14151 14151 W DeviceHAL: Device 0xe8c67000 set_master_volume: Function not implemented
08-13 06:55:16.803 14151 14151 W DeviceHAL: Device 0xe8c67000 set_master_mute: Function not implemented
08-13 06:55:16.803 14151 14151 I AudioFlinger: loadHwModule() Loaded primary audio interface, handle 10
08-13 06:55:16.803 14151 14151 I AudioFlinger: openOutput() this 0xe8c40000, module 10 Device 2, SamplingRate 44100, Format 0x000001, Channels 3, flags 2
08-13 06:55:16.804 14151 14151 I AudioFlinger: HAL output buffer size 1024 frames, normal sink buffer size 1024 frames
08-13 06:55:16.805 14151 14151 D vndksupport: Loading /vendor/lib/hw/android.hardware.audio.effect@2.0-impl.so from current namespace instead of sphal namespace.
08-13 06:55:16.806 14151 14151 E EffectsConfig: Failed to parse /vendor/etc/audio_effects.xml: Tinyxml2 error (3): /vendor/etc/audio_effects.xml (null)
08-13 06:55:16.806 14151 14151 E EffectsFactoryConfigLoader: Failed to parse XML configuration file
08-13 06:55:16.806 14151 14151 W EffectsFactory: Failed to load XML effect configuration, fallback to .conf
08-13 06:55:16.809 14151 14151 I BufferProvider: found effect "Multichannel Downmix To Stereo" from The Android Open Source Project
08-13 06:55:16.809 14151 14151 I AudioFlinger: Using module 10 as the primary audio interface
08-13 06:55:16.810 14151 14151 W AudioFlinger: moveEffects() bad srcOutput 0
08-13 06:55:16.810 14151 14171 I AudioFlinger: AudioFlinger's thread 0xe7f03b40 tid=14171 ready to run
08-13 06:55:16.810 14151 14171 W AudioFlinger: no wake lock to update, system not ready yet
08-13 06:55:16.811 14151 14165 W DeviceHAL: Device 0xe8c67000 set_voice_volume: Function not implemented
08-13 06:55:16.813 14151 14171 W AudioFlinger: no wake lock to update, system not ready yet
08-13 06:55:16.815 14151 14173 I AudioFlinger: AudioFlinger's thread 0xe7b25f00 tid=14173 ready to run
08-13 06:55:16.816 14151 14151 E EffectsConfig: Failed to parse /vendor/etc/audio_effects.xml: Tinyxml2 error (3): /vendor/etc/audio_effects.xml (null)
08-13 06:55:16.816 14151 14151 W AudioPolicyEffects: Failed to load XML effect configuration, fallback to .conf
08-13 06:55:16.818 2882 2882 W /system/bin/hwservicemanager: getTransport: Cannot find entry android.hardware.soundtrigger@2.0::ISoundTriggerHw/default in either framework or device manifest.
08-13 06:55:16.818 14151 14151 E SoundTriggerHwService: could not read implementation properties
08-13 06:55:16.822 14154 14154 I Netd : Creating child chains: 98.3ms
08-13 06:55:16.822 14154 14154 I Netd : Setting up OEM hooks: 0.1ms
08-13 06:55:16.837 14154 14154 W IptablesRestoreController: iptables-restore process 14160 terminated status=256
08-13 06:55:16.870 14154 14154 W IptablesRestoreController: iptables-restore process 14157 terminated status=256
08-13 06:55:16.870 14154 14154 E IptablesRestoreController: iptables error:
08-13 06:55:16.870 14154 14154 E IptablesRestoreController: ------- COMMAND -------
08-13 06:55:16.870 14154 14154 E IptablesRestoreController: *filter
08-13 06:55:16.870 14154 14154 E IptablesRestoreController: :fw_dozable -
08-13 06:55:16.870 14154 14154 E IptablesRestoreController: -A fw_dozable -m owner --uid-owner 0-9999 -j RETURN
08-13 06:55:16.870 14154 14154 E IptablesRestoreController: -A fw_dozable -i lo -j RETURN
08-13 06:55:16.870 14154 14154 E IptablesRestoreController: -A fw_dozable -o lo -j RETURN
08-13 06:55:16.870 14154 14154 E IptablesRestoreController: -A fw_dozable -p tcp --tcp-flags RST RST -j RETURN
08-13 06:55:16.870 14154 14154 E IptablesRestoreController: -A fw_dozable -p icmpv6 --icmpv6-type packet-too-big -j RETURN
08-13 06:55:16.870 14154 14154 E IptablesRestoreController: -A fw_dozable -p icmpv6 --icmpv6-type router-solicitation -j RETURN
08-13 06:55:16.870 14154 14154 E IptablesRestoreController: -A fw_dozable -p icmpv6 --icmpv6-type router-advertisement -j RETURN
08-13 06:55:16.870 14154 14154 E IptablesRestoreController: -A fw_dozable -p icmpv6 --icmpv6-type neighbour-solicitation -j RETURN
08-13 06:55:16.870 14154 14154 E IptablesRestoreController: -A fw_dozable -p icmpv6 --icmpv6-type neighbour-advertisement -j RETURN
08-13 06:55:16.870 14154 14154 E IptablesRestoreController: -A fw_dozable -p icmpv6 --icmpv6-type redirect -j RETURN
08-13 06:55:16.870 14154 14154 E IptablesRestoreController: -A fw_dozable -j DROP
08-13 06:55:16.870 14154 14154 E IptablesRestoreController: COMMIT
08-13 06:55:16.870 14154 14154 E IptablesRestoreController:
08-13 06:55:16.870 14154 14154 E IptablesRestoreController: ------- ERROR -------
08-13 06:55:16.870 14154 14154 E IptablesRestoreController: ip6tables-restore: line 84 failed
08-13 06:55:16.870 14154 14154 E IptablesRestoreController: ----------------------
08-13 06:55:16.953 14154 14154 W IptablesRestoreController: iptables-restore process 14183 terminated status=256
08-13 06:55:16.953 14154 14154 E IptablesRestoreController: iptables error:
08-13 06:55:16.953 14154 14154 E IptablesRestoreController: ------- COMMAND -------
08-13 06:55:16.953 14154 14154 E IptablesRestoreController: *filter
08-13 06:55:16.953 14154 14154 E IptablesRestoreController: :fw_powersave -
08-13 06:55:16.953 14154 14154 E IptablesRestoreController: -A fw_powersave -m owner --uid-owner 0-9999 -j RETURN
08-13 06:55:16.953 14154 14154 E IptablesRestoreController: -A fw_powersave -i lo -j RETURN
08-13 06:55:16.953 14154 14154 E IptablesRestoreController: -A fw_powersave -o lo -j RETURN
08-13 06:55:16.953 14154 14154 E IptablesRestoreController: -A fw_powersave -p tcp --tcp-flags RST RST -j RETURN
08-13 06:55:16.953 14154 14154 E IptablesRestoreController: -A fw_powersave -j DROP
08-13 06:55:16.953 14154 14154 E IptablesRestoreController: COMMIT
08-13 06:55:16.953 14154 14154 E IptablesRestoreController:
08-13 06:55:16.953 14154 14154 E IptablesRestoreController: ------- ERROR -------
08-13 06:55:16.953 14154 14154 E IptablesRestoreController: iptables-restore: line 15 failed
08-13 06:55:16.953 14154 14154 E IptablesRestoreController: ----------------------
08-13 06:55:16.956 14152 14152 I cameraserver: ServiceManager: 0xee71b500
08-13 06:55:16.956 14152 14152 I CameraService: CameraService started (pid=14152)
08-13 06:55:16.956 14152 14152 I CameraService: CameraService process starting
08-13 06:55:16.956 14152 14152 W BatteryNotifier: batterystats service unavailable!
08-13 06:55:16.957 14152 14152 W BatteryNotifier: batterystats service unavailable!
08-13 06:55:16.957 14152 14152 E cutils-trace: Error opening trace file: No such file or directory (2)
08-13 06:55:16.959 14154 14154 W IptablesRestoreController: iptables-restore process 14184 terminated status=256
08-13 06:55:16.959 14154 14154 E IptablesRestoreController: iptables error:
08-13 06:55:16.959 14154 14154 E IptablesRestoreController: ------- COMMAND -------
08-13 06:55:16.959 14154 14154 E IptablesRestoreController: *filter
08-13 06:55:16.959 14154 14154 E IptablesRestoreController: :fw_powersave -
08-13 06:55:16.959 14154 14154 E IptablesRestoreController: -A fw_powersave -m owner --uid-owner 0-9999 -j RETURN
08-13 06:55:16.959 14154 14154 E IptablesRestoreController: -A fw_powersave -i lo -j RETURN
08-13 06:55:16.959 14154 14154 E IptablesRestoreController: -A fw_powersave -o lo -j RETURN
08-13 06:55:16.959 14154 14154 E IptablesRestoreController: -A fw_powersave -p tcp --tcp-flags RST RST -j RETURN
08-13 06:55:16.959 14154 14154 E IptablesRestoreController: -A fw_powersave -p icmpv6 --icmpv6-type packet-too-big -j RETURN
08-13 06:55:16.959 14154 14154 E IptablesRestoreController: -A fw_powersave -p icmpv6 --icmpv6-type router-solicitation -j RETURN
08-13 06:55:16.959 14154 14154 E IptablesRestoreController: -A fw_powersave -p icmpv6 --icmpv6-type router-advertisement -j RETURN
08-13 06:55:16.959 14154 14154 E IptablesRestoreController: -A fw_powersave -p icmpv6 --icmpv6-type neighbour-solicitation -j RETURN
08-13 06:55:16.959 14154 14154 E IptablesRestoreController: -A fw_powersave -p icmpv6 --icmpv6-type neighbour-advertisement -j RETURN
08-13 06:55:16.959 14154 14154 E IptablesRestoreController: -A fw_powersave -p icmpv6 --icmpv6-type redirect -j RETURN
08-13 06:55:16.959 14154 14154 E IptablesRestoreController: -A fw_powersave -j DROP
08-13 06:55:16.959 14154 14154 E IptablesRestoreController: COMMIT
08-13 06:55:16.959 14154 14154 E IptablesRestoreController:
08-13 06:55:16.959 14154 14154 E IptablesRestoreController: ------- ERROR -------
08-13 06:55:16.959 14154 14154 E IptablesRestoreController: ip6tables-restore: line 21 failed
08-13 06:55:16.959 14154 14154 E IptablesRestoreController: ----------------------
08-13 06:55:16.959 14154 14154 I Netd : Setting up FirewallController hooks: 137.4ms
08-13 06:55:16.959 2882 2882 W /system/bin/hwservicemanager: getTransport: Cannot find entry android.hardware.camera.provider@2.4::ICameraProvider/legacy/0 in either framework or device manifest.
08-13 06:55:16.986 14154 14154 W IptablesRestoreController: iptables-restore process 14192 terminated status=256
08-13 06:55:16.986 14154 14154 E IptablesRestoreController: iptables error:
08-13 06:55:16.986 14154 14154 E IptablesRestoreController: ------- COMMAND -------
08-13 06:55:16.986 14154 14154 E IptablesRestoreController: *mangle
08-13 06:55:16.986 14154 14154 E IptablesRestoreController: -A natctrl_mangle_FORWARD -p tcp --tcp-flags SYN SYN -j TCPMSS --clamp-mss-to-pmtu
08-13 06:55:16.986 14154 14154 E IptablesRestoreController: COMMIT
08-13 06:55:16.986 14154 14154 E IptablesRestoreController:
08-13 06:55:16.986 14154 14154 E IptablesRestoreController: ------- ERROR -------
08-13 06:55:16.986 14154 14154 E IptablesRestoreController: iptables-restore: line 11 failed
08-13 06:55:16.986 14154 14154 E IptablesRestoreController: ----------------------
08-13 06:55:16.986 14154 14154 I Netd : Setting up NatController hooks: 26.6ms
08-13 06:55:16.999 14153 14153 I mediaserver: ServiceManager: 0xeb99b5a0
08-13 06:55:16.999 14181 14181 E cutils-trace: Error opening trace file: No such file or directory (2)
08-13 06:55:17.000 14154 14154 W IptablesRestoreController: iptables-restore process 14197 terminated status=512
08-13 06:55:17.000 14154 14154 E IptablesRestoreController: iptables error:
08-13 06:55:17.000 14154 14154 E IptablesRestoreController: ------- COMMAND -------
08-13 06:55:17.000 14154 14154 E IptablesRestoreController: *filter
08-13 06:55:17.000 14154 14154 E IptablesRestoreController: :bw_INPUT -
08-13 06:55:17.000 14154 14154 E IptablesRestoreController: :bw_OUTPUT -
08-13 06:55:17.000 14154 14154 E IptablesRestoreController: :bw_FORWARD -
08-13 06:55:17.000 14154 14154 E IptablesRestoreController: :bw_happy_box -
08-13 06:55:17.000 14154 14154 E IptablesRestoreController: :bw_penalty_box -
08-13 06:55:17.000 14154 14154 E IptablesRestoreController: :bw_data_saver -
08-13 06:55:17.000 14154 14154 E IptablesRestoreController: :bw_costly_shared -
08-13 06:55:17.000 14154 14154 E IptablesRestoreController: COMMIT
08-13 06:55:17.000 14154 14154 E IptablesRestoreController: *raw
08-13 06:55:17.000 14154 14154 E IptablesRestoreController: :bw_raw_PREROUTING -
08-13 06:55:17.000 14154 14154 E IptablesRestoreController: COMMIT
08-13 06:55:17.000 14154 14154 E IptablesRestoreController: *mangle
08-13 06:55:17.000 14154 14154 E IptablesRestoreController: :bw_mangle_POSTROUTING -
08-13 06:55:17.000 14154 14154 E IptablesRestoreController: COMMIT
08-13 06:55:17.000 14154 14154 E IptablesRestoreController:
08-13 06:55:17.000 14154 14154 E IptablesRestoreController: ------- ERROR -------
08-13 06:55:17.000 14154 14154 E IptablesRestoreController: iptables-restore v1.6.1: iptables-restore: unable to initialize table 'raw'
08-13 06:55:17.000 14154 14154 E IptablesRestoreController:
08-13 06:55:17.000 14154 14154 E IptablesRestoreController: Error occurred at line: 14
08-13 06:55:17.000 14154 14154 E IptablesRestoreController: Try `iptables-restore -h' or 'iptables-restore --help' for more information.
08-13 06:55:17.000 14154 14154 E IptablesRestoreController: ----------------------
08-13 06:55:17.001 14153 14153 W BatteryNotifier: batterystats service unavailable!
08-13 06:55:17.001 14154 14154 I Netd : Setting up BandwidthController hooks: 15.2ms
08-13 06:55:17.001 14154 14154 I Netd : Setting up IdletimerController hooks: 0.1ms
08-13 06:55:17.003 14181 14181 I /system/bin/surfaceflinger: android::hardware::configstore::V1_0::ISurfaceFlingerConfigs::maxFrameBufferAcquiredBuffers retrieved: 2 (default)
08-13 06:55:17.006 14181 14181 I /system/bin/surfaceflinger: android::hardware::configstore::V1_0::ISurfaceFlingerConfigs::startGraphicsAllocatorService retrieved: 1
08-13 06:55:17.007 14181 14181 D vndksupport: Loading /vendor/lib64/hw/android.hardware.graphics.allocator@2.0-impl.so from current namespace instead of sphal namespace.
08-13 06:55:17.009 14181 14181 E ion : ioctl c0044901 failed with code -1: Not a typewriter
08-13 06:55:17.011 14181 14181 I SurfaceFlinger: Registration complete for android.hardware.graphics.allocator@2.0::IAllocator/default.
08-13 06:55:17.012 14181 14181 I SurfaceFlinger: SurfaceFlinger is starting
08-13 06:55:17.012 14181 14181 I /system/bin/surfaceflinger: android::hardware::configstore::V1_0::ISurfaceFlingerConfigs::vsyncEventPhaseOffsetNs retrieved: 1000000 (default)
08-13 06:55:17.012 14181 14181 I /system/bin/surfaceflinger: android::hardware::configstore::V1_0::ISurfaceFlingerConfigs::vsyncSfEventPhaseOffsetNs retrieved: 1000000 (default)
08-13 06:55:17.013 14181 14181 I /system/bin/surfaceflinger: android::hardware::configstore::V1_0::ISurfaceFlingerConfigs::hasSyncFramework retrieved: 1
08-13 06:55:17.013 14181 14181 I /system/bin/surfaceflinger: android::hardware::configstore::V1_0::ISurfaceFlingerConfigs::useContextPriority retrieved: 0 (default)
08-13 06:55:17.013 14181 14181 I /system/bin/surfaceflinger: android::hardware::configstore::V1_0::ISurfaceFlingerConfigs::presentTimeOffsetFromVSyncNs retrieved: 0
08-13 06:55:17.013 14181 14181 I /system/bin/surfaceflinger: android::hardware::configstore::V1_0::ISurfaceFlingerConfigs::useHwcForRGBtoYUV retrieved: 0
08-13 06:55:17.013 14181 14181 I /system/bin/surfaceflinger: android::hardware::configstore::V1_0::ISurfaceFlingerConfigs::maxVirtualDisplaySize retrieved: 0 (default)
08-13 06:55:17.013 14181 14181 I /system/bin/surfaceflinger: android::hardware::configstore::V1_0::ISurfaceFlingerConfigs::useVrFlinger retrieved: 0 (default)
08-13 06:55:17.013 14181 14181 I /system/bin/surfaceflinger: android::hardware::configstore::V1_0::ISurfaceFlingerConfigs::maxFrameBufferAcquiredBuffers retrieved: 2 (default)
08-13 06:55:17.013 14181 14181 I /system/bin/surfaceflinger: android::hardware::configstore::V1_0::ISurfaceFlingerConfigs::hasWideColorDisplay retrieved: 0
08-13 06:55:17.014 14181 14181 I SurfaceFlinger: Enabling HWC virtual displays
08-13 06:55:17.014 14181 14181 I SurfaceFlinger: Disabling Triple Buffering
08-13 06:55:17.014 14181 14181 I SurfaceFlinger: SurfaceFlinger's main thread ready to run. Initializing graphics H/W...
08-13 06:55:17.014 14181 14181 I SurfaceFlinger: Phase offest NS: 1000000
08-13 06:55:17.014 14181 14181 D vndksupport: Loading /system/lib64/egl/libGLES_mali.so from current namespace instead of sphal namespace.
08-13 06:55:17.015 14154 14154 W IptablesRestoreController: iptables-restore process 14200 terminated status=512
08-13 06:55:17.015 14154 14154 E IptablesRestoreController: iptables error:
08-13 06:55:17.015 14154 14154 E IptablesRestoreController: ------- COMMAND -------
08-13 06:55:17.015 14154 14154 E IptablesRestoreController: *filter
08-13 06:55:17.015 14154 14154 E IptablesRestoreController: :bw_INPUT -
08-13 06:55:17.015 14154 14154 E IptablesRestoreController: :bw_OUTPUT -
08-13 06:55:17.015 14154 14154 E IptablesRestoreController: :bw_FORWARD -
08-13 06:55:17.015 14154 14154 E IptablesRestoreController: :bw_happy_box -
08-13 06:55:17.015 14154 14154 E IptablesRestoreController: :bw_penalty_box -
08-13 06:55:17.015 14154 14154 E IptablesRestoreController: :bw_data_saver -
08-13 06:55:17.015 14154 14154 E IptablesRestoreController: :bw_costly_shared -
08-13 06:55:17.015 14154 14154 E IptablesRestoreController: COMMIT
08-13 06:55:17.015 14154 14154 E IptablesRestoreController: *raw
08-13 06:55:17.015 14154 14154 E IptablesRestoreController: :bw_raw_PREROUTING -
08-13 06:55:17.015 14154 14154 E IptablesRestoreController: COMMIT
08-13 06:55:17.015 14154 14154 E IptablesRestoreController: *mangle
08-13 06:55:17.015 14154 14154 E IptablesRestoreController: :bw_mangle_POSTROUTING -
08-13 06:55:17.015 14154 14154 E IptablesRestoreController: COMMIT
08-13 06:55:17.015 14154 14154 E IptablesRestoreController:
08-13 06:55:17.015 14154 14154 E IptablesRestoreController: ------- ERROR -------
08-13 06:55:17.015 14154 14154 E IptablesRestoreController: iptables-restore v1.6.1: iptables-restore: unable to initialize table 'raw'
08-13 06:55:17.015 14154 14154 E IptablesRestoreController:
08-13 06:55:17.015 14154 14154 E IptablesRestoreController: Error occurred at line: 14
08-13 06:55:17.015 14154 14154 E IptablesRestoreController: Try `iptables-restore -h' or 'iptables-restore --help' for more information.
08-13 06:55:17.015 14154 14154 E IptablesRestoreController: ----------------------
08-13 06:55:17.016 14181 14181 D libEGL : loaded /system/lib64/egl/libGLES_mali.so
08-13 06:55:17.029 14154 14154 W IptablesRestoreController: iptables-restore process 14208 terminated status=256
08-13 06:55:17.029 14154 14154 E IptablesRestoreController: iptables error:
08-13 06:55:17.029 14154 14154 E IptablesRestoreController: ------- COMMAND -------
08-13 06:55:17.029 14154 14154 E IptablesRestoreController: *filter
08-13 06:55:17.029 14154 14154 E IptablesRestoreController: -A bw_INPUT -m owner --socket-exists
08-13 06:55:17.029 14154 14154 E IptablesRestoreController: -A bw_OUTPUT -m owner --socket-exists
08-13 06:55:17.029 14154 14154 E IptablesRestoreController: -A bw_costly_shared --jump bw_penalty_box
08-13 06:55:17.029 14154 14154 E IptablesRestoreController: -A bw_penalty_box --jump bw_happy_box
08-13 06:55:17.029 14154 14154 E IptablesRestoreController: -A bw_happy_box --jump bw_data_saver
08-13 06:55:17.029 14154 14154 E IptablesRestoreController: -A bw_data_saver -j RETURN
08-13 06:55:17.029 14154 14154 E IptablesRestoreController: -I bw_happy_box -m owner --uid-owner 0-9999 --jump RETURN
08-13 06:55:17.029 14154 14154 E IptablesRestoreController: COMMIT
08-13 06:55:17.029 14154 14154 E IptablesRestoreController: *raw
08-13 06:55:17.029 14154 14154 E IptablesRestoreController: -A bw_raw_PREROUTING -m owner --socket-exists
08-13 06:55:17.029 14154 14154 E IptablesRestoreController: COMMIT
08-13 06:55:17.029 14154 14154 E IptablesRestoreController: *mangle
08-13 06:55:17.029 14154 14154 E IptablesRestoreController: -A bw_mangle_POSTROUTING -m owner --socket-exists
08-13 06:55:17.029 14154 14154 E IptablesRestoreController: COMMIT
08-13 06:55:17.029 14154 14154 E IptablesRestoreController:
08-13 06:55:17.029 14154 14154 E IptablesRestoreController: ------- ERROR -------
08-13 06:55:17.029 14154 14154 E IptablesRestoreController: iptables-restore: line 9 failed
08-13 06:55:17.029 14154 14154 E IptablesRestoreController: ----------------------
08-13 06:55:17.031 14154 14154 W IptablesRestoreController: iptables-restore process 14195 terminated status=256
08-13 06:55:17.031 14154 14154 E IptablesRestoreController: iptables error:
08-13 06:55:17.031 14154 14154 E IptablesRestoreController: ------- COMMAND -------
08-13 06:55:17.031 14154 14154 E IptablesRestoreController: *filter
08-13 06:55:17.031 14154 14154 E IptablesRestoreController: -A bw_INPUT -m owner --socket-exists
08-13 06:55:17.031 14154 14154 E IptablesRestoreController: -A bw_OUTPUT -m owner --socket-exists
08-13 06:55:17.031 14154 14154 E IptablesRestoreController: -A bw_costly_shared --jump bw_penalty_box
08-13 06:55:17.031 14154 14154 E IptablesRestoreController: -A bw_penalty_box --jump bw_happy_box
08-13 06:55:17.031 14154 14154 E IptablesRestoreController: -A bw_happy_box --jump bw_data_saver
08-13 06:55:17.031 14154 14154 E IptablesRestoreController: -A bw_data_saver -j RETURN
08-13 06:55:17.031 14154 14154 E IptablesRestoreController: -I bw_happy_box -m owner --uid-owner 0-9999 --jump RETURN
08-13 06:55:17.031 14154 14154 E IptablesRestoreController: COMMIT
08-13 06:55:17.031 14154 14154 E IptablesRestoreController: *raw
08-13 06:55:17.031 14154 14154 E IptablesRestoreController: -A bw_raw_PREROUTING -m owner --socket-exists
08-13 06:55:17.031 14154 14154 E IptablesRestoreController: COMMIT
08-13 06:55:17.031 14154 14154 E IptablesRestoreController: *mangle
08-13 06:55:17.031 14154 14154 E IptablesRestoreController: -A bw_mangle_POSTROUTING -m owner --socket-exists
08-13 06:55:17.031 14154 14154 E IptablesRestoreController: COMMIT
08-13 06:55:17.031 14154 14154 E IptablesRestoreController:
08-13 06:55:17.031 14154 14154 E IptablesRestoreController: ------- ERROR -------
08-13 06:55:17.031 14154 14154 E IptablesRestoreController: ip6tables-restore: line 48 failed
08-13 06:55:17.031 14154 14154 E IptablesRestoreController: ----------------------
08-13 06:55:17.032 14154 14154 I Netd : Disabling bandwidth control: 30.5ms
08-13 06:55:17.033 14154 14154 E Netd : cannot find interface dummy0
08-13 06:55:17.033 14154 14154 I Netd : Initializing RouteController: 1.4ms
08-13 06:55:17.033 14154 14154 E Netd : Unable to create netlink socket: Protocol not supported
08-13 06:55:17.033 14154 14154 W Netd : Unable to open qlog quota socket, check if xt_quota2 can send via UeventHandler
08-13 06:55:17.034 14154 14154 D MDnsDS : MDnsSdListener::Hander starting up
08-13 06:55:17.034 14154 14223 D MDnsDS : MDnsSdListener starting to monitor
08-13 06:55:17.034 14154 14223 D MDnsDS : Going to poll with pollCount 1
08-13 06:55:17.035 14154 14154 I Netd : Registering NetdNativeService: 1.2ms
08-13 06:55:17.036 14154 14154 I Netd : Starting CommandListener: 0.2ms
08-13 06:55:17.036 14154 14154 E cutils-trace: Error opening trace file: No such file or directory (2)
08-13 06:55:17.037 14154 14154 I Netd : Registering NetdHwService: 1.8ms
08-13 06:55:17.037 14154 14154 I Netd : Netd started in 334ms
08-13 06:55:17.069 14150 14150 D AndroidRuntime: >>>>>> START com.android.internal.os.ZygoteInit uid 0 <<<<<<
08-13 06:55:17.076 14150 14150 E cutils-trace: Error opening trace file: No such file or directory (2)
08-13 06:55:17.076 14150 14150 I zygote64: option[0]=-Xzygote
08-13 06:55:17.076 14150 14150 I zygote64: option[1]=-Xcheck:jni
08-13 06:55:17.076 14150 14150 I zygote64: option[2]=-Xusetombstonedtraces
08-13 06:55:17.076 14150 14150 I zygote64: option[3]=exit
08-13 06:55:17.076 14150 14150 I zygote64: option[4]=vfprintf
08-13 06:55:17.076 14150 14150 I zygote64: option[5]=sensitiveThread
08-13 06:55:17.076 14150 14150 I zygote64: option[6]=-verbose:gc
08-13 06:55:17.076 14150 14150 I zygote64: option[7]=-Xms16m
08-13 06:55:17.076 14150 14150 I zygote64: option[8]=-Xmx512m
08-13 06:55:17.076 14150 14150 I zygote64: option[9]=-XX:HeapGrowthLimit=192m
08-13 06:55:17.076 14150 14150 I zygote64: option[10]=-XX:HeapMinFree=512k
08-13 06:55:17.076 14150 14150 I zygote64: option[11]=-XX:HeapMaxFree=8m
08-13 06:55:17.076 14150 14150 I zygote64: option[12]=-XX:HeapTargetUtilization=0.75
08-13 06:55:17.076 14150 14150 I zygote64: option[13]=-Xusejit:true
08-13 06:55:17.077 14150 14150 I zygote64: option[14]=-Xjitsaveprofilinginfo
08-13 06:55:17.077 14150 14150 I zygote64: option[15]=-agentlib:jdwp=transport=dt_android_adb,suspend=n,server=y
08-13 06:55:17.077 14150 14150 I zygote64: option[16]=-Xlockprofthreshold:500
08-13 06:55:17.077 14150 14150 I zygote64: option[17]=-Ximage-compiler-option
08-13 06:55:17.077 14150 14150 I zygote64: option[18]=--runtime-arg
08-13 06:55:17.077 14150 14150 I zygote64: option[19]=-Ximage-compiler-option
08-13 06:55:17.077 14150 14150 I zygote64: option[20]=-Xms64m
08-13 06:55:17.077 14150 14150 I zygote64: option[21]=-Ximage-compiler-option
08-13 06:55:17.077 14150 14150 I zygote64: option[22]=--runtime-arg
08-13 06:55:17.077 14150 14150 I zygote64: option[23]=-Ximage-compiler-option
08-13 06:55:17.077 14150 14150 I zygote64: option[24]=-Xmx64m
08-13 06:55:17.077 14150 14150 I zygote64: option[25]=-Ximage-compiler-option
08-13 06:55:17.077 14150 14150 I zygote64: option[26]=--compiler-filter=verify-at-runtime
08-13 06:55:17.077 14150 14150 I zygote64: option[27]=-Ximage-compiler-option
08-13 06:55:17.077 14150 14150 I zygote64: option[28]=--image-classes=/system/etc/preloaded-classes
08-13 06:55:17.077 14150 14150 I zygote64: option[29]=-Ximage-compiler-option
08-13 06:55:17.077 14150 14150 I zygote64: option[30]=--compiled-classes=/system/etc/compiled-classes
08-13 06:55:17.077 14150 14150 I zygote64: option[31]=-Ximage-compiler-option
08-13 06:55:17.077 14150 14150 I zygote64: option[32]=--dirty-image-objects=/system/etc/dirty-image-objects
08-13 06:55:17.077 14150 14150 I zygote64: option[33]=-Xcompiler-option
08-13 06:55:17.077 14150 14150 I zygote64: option[34]=--runtime-arg
08-13 06:55:17.077 14150 14150 I zygote64: option[35]=-Xcompiler-option
08-13 06:55:17.077 14150 14150 I zygote64: option[36]=-Xms64m
08-13 06:55:17.077 14150 14150 I zygote64: option[37]=-Xcompiler-option
08-13 06:55:17.077 14150 14150 I zygote64: option[38]=--runtime-arg
08-13 06:55:17.077 14150 14150 I zygote64: option[39]=-Xcompiler-option
08-13 06:55:17.077 14150 14150 I zygote64: option[40]=-Xmx512m
08-13 06:55:17.077 14150 14150 I zygote64: option[41]=-Ximage-compiler-option
08-13 06:55:17.077 14150 14150 I zygote64: option[42]=--instruction-set-variant=generic
08-13 06:55:17.077 14150 14150 I zygote64: option[43]=-Xcompiler-option
08-13 06:55:17.077 14150 14150 I zygote64: option[44]=--instruction-set-variant=generic
08-13 06:55:17.077 14150 14150 I zygote64: option[45]=-Ximage-compiler-option
08-13 06:55:17.077 14150 14150 I zygote64: option[46]=--instruction-set-features=default
08-13 06:55:17.077 14150 14150 I zygote64: option[47]=-Xcompiler-option
08-13 06:55:17.077 14150 14150 I zygote64: option[48]=--instruction-set-features=default
08-13 06:55:17.077 14150 14150 I zygote64: option[49]=-Duser.locale=en-US
08-13 06:55:17.077 14150 14150 I zygote64: option[50]=--cpu-abilist=arm64-v8a
08-13 06:55:17.077 14150 14150 I zygote64: option[51]=-Xfingerprint:Android/zcu106/zcu106:8.1.0/OPM4.171019.015.A1/micron07161521:eng/test-keys
08-13 06:55:17.105 14181 14181 I /system/bin/surfaceflinger: android::hardware::configstore::V1_0::ISurfaceFlingerConfigs::hasWideColorDisplay retrieved: 0
08-13 06:55:17.106 14181 14181 I SurfaceFlinger: EGL information:
08-13 06:55:17.106 14181 14181 I SurfaceFlinger: vendor : Android
08-13 06:55:17.106 14181 14181 I SurfaceFlinger: version : 1.4 Android META-EGL
08-13 06:55:17.106 14181 14181 I SurfaceFlinger: extensions: EGL_KHR_get_all_proc_addresses EGL_ANDROID_presentation_time EGL_KHR_swap_buffers_with_damage EGL_ANDROID_get_native_client_buffer EGL_ANDROID_front_buffer_auto_refresh EGL_ANDROID_get_frame_timestamps EGL_KHR_image EGL_KHR_image_base EGL_KHR_image_pixmap EGL_KHR_gl_texture_2D_image EGL_KHR_gl_texture_cubemap_image EGL_KHR_gl_renderbuffer_image EGL_KHR_fence_sync EGL_KHR_create_context EGL_EXT_create_context_robustness EGL_ANDROID_image_native_buffer EGL_ANDROID_recordable EGL_KHR_partial_update EGL_KHR_create_context_no_error
08-13 06:55:17.106 14181 14181 I SurfaceFlinger: Client API: OpenGL_ES
08-13 06:55:17.106 14181 14181 I SurfaceFlinger: EGLSurface: 8-8-8-8, config=0x60000016
08-13 06:55:17.106 14181 14181 F SurfaceFlinger: EGLContext creation failed
08-13 06:55:17.106 14181 14181 F libc : Fatal signal 6 (SIGABRT), code -6 in tid 14181 (surfaceflinger), pid 14181 (surfaceflinger)
08-13 06:55:17.121 14238 14238 E cutils-trace: Error opening trace file: No such file or directory (2)
08-13 06:55:17.129 14239 14239 I crash_dump64: obtaining output fd from tombstoned, type: kDebuggerdTombstone
08-13 06:55:17.147 3019 3019 I /system/bin/tombstoned: received crash request for pid 14181
08-13 06:55:17.119 14239 14239 I crash_dump64: type=1400 audit(0.0:373): avc: denied { read } for name="libGLES_mali.so" dev="mmcblk0p5" ino=2401 scontext=u:r:crash_dump:s0 tcontext=u:object_r:unlabeled:s0 tclass=file permissive=1
08-13 06:55:18.663 14239 14239 I crash_dump64: performing dump of process 14181 (target tid = 14181)
08-13 06:55:18.663 14239 14239 F DEBUG : *** *** *** *** *** *** *** *** *** *** *** *** *** *** *** ***
08-13 06:55:18.664 14239 14239 F DEBUG : Build fingerprint: 'Android/zcu106/zcu106:8.1.0/OPM4.171019.015.A1/micron07161521:eng/test-keys'
08-13 06:55:18.664 14239 14239 F DEBUG : Revision: '0'
08-13 06:55:18.664 14239 14239 F DEBUG : ABI: 'arm64'
08-13 06:55:18.664 14239 14239 F DEBUG : pid: 14181, tid: 14181, name: surfaceflinger >>> /system/bin/surfaceflinger <<<
08-13 06:55:18.664 14239 14239 F DEBUG : signal 6 (SIGABRT), code -6 (SI_TKILL), fault addr --------
08-13 06:55:18.664 14239 14239 F DEBUG : Abort message: ''
08-13 06:55:18.664 14239 14239 F DEBUG : x0 0000000000000000 x1 0000000000003765 x2 0000000000000006 x3 0000000000000008
08-13 06:55:18.664 14239 14239 F DEBUG : x4 0000000000000000 x5 0000000000000000 x6 0000000000000000 x7 8000000000000000
08-13 06:55:18.664 14239 14239 F DEBUG : x8 0000000000000083 x9 a20e81e3aed59ced x10 0000000000000000 x11 0000000000000001
08-13 06:55:18.664 14239 14239 F DEBUG : x12 ffffffffffffffff x13 0000000000000000 x14 ffffffffffffffff x15 000026dbe874a16d
08-13 06:55:18.664 14239 14239 F DEBUG : x16 00000061959def98 x17 0000007d353ece64 x18 000000000000017a x19 0000000000003765
08-13 06:55:18.664 14239 14239 F DEBUG : x20 0000000000003765 x21 0000000060000016 x22 0000000000000001 x23 0000000000000000
08-13 06:55:18.664 14239 14239 F DEBUG : x24 0000000000000000 x25 0000000000000000 x26 00000000000f4240 x27 0000000000000000
08-13 06:55:18.664 14239 14239 F DEBUG : x28 0000007d363f0a40 x29 0000007fe76f7000 x30 0000007d353a2978
08-13 06:55:18.664 14239 14239 F DEBUG : sp 0000007fe76f6fc0 pc 0000007d353a2994 pstate 0000000060000000
08-13 06:55:18.665 14239 14239 F DEBUG :
08-13 06:55:18.665 14239 14239 F DEBUG : backtrace:
08-13 06:55:18.665 14239 14239 F DEBUG : #00 pc 000000000001d994 /system/lib64/libc.so (abort+104)
08-13 06:55:18.665 14239 14239 F DEBUG : #01 pc 000000000001d974 /system/lib64/libc.so (abort+72)
08-13 06:55:18.695 14239 14239 E crash_dump64: unable to connect to activity manager: Connection refused
08-13 06:55:18.695 3019 3019 E /system/bin/tombstoned: Tombstone written to: /data/tombstones/tombstone_24