08-13 06:54:56.951 13790 13790 E IptablesRestoreController: -A natctrl_mangle_FORWARD -p tcp --tcp-flags SYN SYN -j TCPMSS --clamp-mss-to-pmtu
08-13 06:54:56.951 13790 13790 E IptablesRestoreController: COMMIT
08-13 06:54:56.951 13790 13790 E IptablesRestoreController:
08-13 06:54:56.951 13790 13790 E IptablesRestoreController: ------- ERROR -------
08-13 06:54:56.951 13790 13790 E IptablesRestoreController: iptables-restore: line 11 failed
08-13 06:54:56.951 13790 13790 E IptablesRestoreController: ----------------------
08-13 06:54:56.951 13790 13790 I Netd : Setting up NatController hooks: 27.3ms
08-13 06:54:56.967 13790 13790 W IptablesRestoreController: iptables-restore process 13833 terminated status=512
08-13 06:54:56.969 13790 13790 I Netd : Setting up BandwidthController hooks: 17.5ms
08-13 06:54:56.969 13790 13790 I Netd : Setting up IdletimerController hooks: 0.1ms
08-13 06:54:56.983 13790 13790 W IptablesRestoreController: iptables-restore process 13839 terminated status=512
08-13 06:54:56.998 13790 13790 W IptablesRestoreController: iptables-restore process 13843 terminated status=256
08-13 06:54:57.000 13790 13790 W IptablesRestoreController: iptables-restore process 13831 terminated status=256
08-13 06:54:57.000 13790 13790 I Netd : Disabling bandwidth control: 31.6ms
08-13 06:54:57.002 13790 13790 E Netd : cannot find interface dummy0
08-13 06:54:57.002 13790 13790 I Netd : Initializing RouteController: 1.7ms
08-13 06:54:57.003 13790 13790 E Netd : Unable to create netlink socket: Protocol not supported
08-13 06:54:57.003 13790 13790 W Netd : Unable to open qlog quota socket, check if xt_quota2 can send via UeventHandler
08-13 06:54:57.003 13790 13790 D MDnsDS : MDnsSdListener::Hander starting up
08-13 06:54:57.005 13790 13790 I Netd : Registering NetdNativeService: 1.2ms
08-13 06:54:57.005 13790 13790 I Netd : Starting CommandListener: 0.1ms
08-13 06:54:57.005 13790 13790 E cutils-trace: Error opening trace file: No such file or directory (2)
08-13 06:54:57.007 13790 13790 I Netd : Registering NetdHwService: 1.9ms
08-13 06:54:57.007 13790 13790 I Netd : Netd started in 413ms
08-13 06:54:57.007 13790 13858 D MDnsDS : MDnsSdListener starting to monitor
08-13 06:54:57.007 13790 13858 D MDnsDS : Going to poll with pollCount 1
08-13 06:54:57.034 13786 13786 D AndroidRuntime: >>>>>> START com.android.internal.os.ZygoteInit uid 0 <<<<<<
08-13 06:54:57.042 13786 13786 E cutils-trace: Error opening trace file: No such file or directory (2)
08-13 06:54:57.042 13786 13786 I zygote64: option[0]=-Xzygote
08-13 06:54:57.042 13786 13786 I zygote64: option[1]=-Xcheck:jni
08-13 06:54:57.042 13786 13786 I zygote64: option[2]=-Xusetombstonedtraces
08-13 06:54:57.042 13786 13786 I zygote64: option[3]=exit
08-13 06:54:57.042 13786 13786 I zygote64: option[4]=vfprintf
08-13 06:54:57.042 13786 13786 I zygote64: option[5]=sensitiveThread
08-13 06:54:57.042 13786 13786 I zygote64: option[6]=-verbose:gc
08-13 06:54:57.042 13786 13786 I zygote64: option[7]=-Xms16m
08-13 06:54:57.042 13786 13786 I zygote64: option[8]=-Xmx512m
08-13 06:54:57.042 13786 13786 I zygote64: option[9]=-XX:HeapGrowthLimit=192m
08-13 06:54:57.042 13786 13786 I zygote64: option[10]=-XX:HeapMinFree=512k
08-13 06:54:57.042 13786 13786 I zygote64: option[11]=-XX:HeapMaxFree=8m
08-13 06:54:57.042 13786 13786 I zygote64: option[12]=-XX:HeapTargetUtilization=0.75
08-13 06:54:57.042 13786 13786 I zygote64: option[13]=-Xusejit:true
08-13 06:54:57.042 13786 13786 I zygote64: option[14]=-Xjitsaveprofilinginfo
08-13 06:54:57.042 13786 13786 I zygote64: option[15]=-agentlib:jdwp=transport=dt_android_adb,suspend=n,server=y
08-13 06:54:57.042 13786 13786 I zygote64: option[16]=-Xlockprofthreshold:500
08-13 06:54:57.042 13786 13786 I zygote64: option[17]=-Ximage-compiler-option
08-13 06:54:57.042 13786 13786 I zygote64: option[18]=--runtime-arg
08-13 06:54:57.042 13786 13786 I zygote64: option[19]=-Ximage-compiler-option
08-13 06:54:57.042 13786 13786 I zygote64: option[20]=-Xms64m
08-13 06:54:57.042 13786 13786 I zygote64: option[21]=-Ximage-compiler-option
08-13 06:54:57.042 13786 13786 I zygote64: option[22]=--runtime-arg
08-13 06:54:57.042 13786 13786 I zygote64: option[23]=-Ximage-compiler-option
08-13 06:54:57.042 13786 13786 I zygote64: option[24]=-Xmx64m
08-13 06:54:57.042 13786 13786 I zygote64: option[25]=-Ximage-compiler-option
08-13 06:54:57.042 13786 13786 I zygote64: option[26]=--compiler-filter=verify-at-runtime
08-13 06:54:57.042 13786 13786 I zygote64: option[27]=-Ximage-compiler-option
08-13 06:54:57.042 13786 13786 I zygote64: option[28]=--image-classes=/system/etc/preloaded-classes
08-13 06:54:57.042 13786 13786 I zygote64: option[29]=-Ximage-compiler-option
08-13 06:54:57.042 13786 13786 I zygote64: option[30]=--compiled-classes=/system/etc/compiled-classes
08-13 06:54:57.042 13786 13786 I zygote64: option[31]=-Ximage-compiler-option
08-13 06:54:57.043 13786 13786 I zygote64: option[32]=--dirty-image-objects=/system/etc/dirty-image-objects
08-13 06:54:57.043 13786 13786 I zygote64: option[33]=-Xcompiler-option
08-13 06:54:57.043 13786 13786 I zygote64: option[34]=--runtime-arg
08-13 06:54:57.043 13786 13786 I zygote64: option[35]=-Xcompiler-option
08-13 06:54:57.043 13786 13786 I zygote64: option[36]=-Xms64m
08-13 06:54:57.043 13786 13786 I zygote64: option[37]=-Xcompiler-option
08-13 06:54:57.043 13786 13786 I zygote64: option[38]=--runtime-arg
08-13 06:54:57.043 13786 13786 I zygote64: option[39]=-Xcompiler-option
08-13 06:54:57.043 13786 13786 I zygote64: option[40]=-Xmx512m
08-13 06:54:57.043 13786 13786 I zygote64: option[41]=-Ximage-compiler-option
08-13 06:54:57.043 13786 13786 I zygote64: option[42]=--instruction-set-variant=generic
08-13 06:54:57.043 13786 13786 I zygote64: option[43]=-Xcompiler-option
08-13 06:54:57.043 13786 13786 I zygote64: option[44]=--instruction-set-variant=generic
08-13 06:54:57.043 13786 13786 I zygote64: option[45]=-Ximage-compiler-option
08-13 06:54:57.043 13786 13786 I zygote64: option[46]=--instruction-set-features=default
08-13 06:54:57.043 13786 13786 I zygote64: option[47]=-Xcompiler-option
08-13 06:54:57.043 13786 13786 I zygote64: option[48]=--instruction-set-features=default
08-13 06:54:57.043 13786 13786 I zygote64: option[49]=-Duser.locale=en-US
08-13 06:54:57.043 13786 13786 I zygote64: option[50]=--cpu-abilist=arm64-v8a
08-13 06:54:57.043 13786 13786 I zygote64: option[51]=-Xfingerprint:Android/zcu106/zcu106:8.1.0/OPM4.171019.015.A1/micron07161521:eng/test-keys
08-13 06:54:57.049 13789 13789 I mediaserver: ServiceManager: 0xe651b5a0
08-13 06:54:57.049 13789 13789 W BatteryNotifier: batterystats service unavailable!
08-13 06:54:57.050 13786 13786 I zygote64: Pruning dalvik-cache since we are relocating an image and will need to recompile
08-13 06:54:57.051 13786 13786 I zygote64: RelocateImage: /system/bin/patchoat --input-image-location=/system/framework/boot.art --output-image-file=/data/dalvik-cache/arm64/system@framework@boot.art --instruction-set=arm64 --base-offset-delta=-11866112
08-13 06:54:57.055 13804 13804 I SurfaceFlinger: extensions: EGL_KHR_get_all_proc_addresses EGL_ANDROID_presentation_time EGL_KHR_swap_buffers_with_damage EGL_ANDROID_get_native_client_buffer EGL_ANDROID_front_buffer_auto_refresh EGL_ANDROID_get_frame_timestamps EGL_KHR_image EGL_KHR_image_base EGL_KHR_image_pixmap EGL_KHR_gl_texture_2D_image EGL_KHR_gl_texture_cubemap_image EGL_KHR_gl_renderbuffer_image EGL_KHR_fence_sync EGL_KHR_create_context EGL_EXT_create_context_robustness EGL_ANDROID_image_native_buffer EGL_ANDROID_recordable EGL_KHR_partial_update EGL_KHR_create_context_no_error
08-13 06:54:57.055 13804 13804 I SurfaceFlinger: Client API: OpenGL_ES
08-13 06:54:57.055 13804 13804 I SurfaceFlinger: EGLSurface: 8-8-8-8, config=0x60000016
08-13 06:54:57.056 13804 13804 F SurfaceFlinger: EGLContext creation failed
08-13 06:54:57.056 13804 13804 F libc : Fatal signal 6 (SIGABRT), code -6 in tid 13804 (surfaceflinger), pid 13804 (surfaceflinger)
08-13 06:54:57.071 13873 13873 E cutils-trace: Error opening trace file: No such file or directory (2)
08-13 06:54:57.077 13867 13867 E cutils-trace: Error opening trace file: No such file or directory (2)
08-13 06:54:57.079 13874 13874 I crash_dump64: obtaining output fd from tombstoned, type: kDebuggerdTombstone
08-13 06:54:57.080 3019 3019 I /system/bin/tombstoned: received crash request for pid 13804
08-13 06:54:57.081 13874 13874 I crash_dump64: performing dump of process 13804 (target tid = 13804)
08-13 06:54:57.081 13874 13874 F DEBUG : *** *** *** *** *** *** *** *** *** *** *** *** *** *** *** ***
08-13 06:54:57.081 13874 13874 F DEBUG : Build fingerprint: 'Android/zcu106/zcu106:8.1.0/OPM4.171019.015.A1/micron07161521:eng/test-keys'
08-13 06:54:57.081 13874 13874 F DEBUG : Revision: '0'
08-13 06:54:57.081 13874 13874 F DEBUG : ABI: 'arm64'
08-13 06:54:57.081 13874 13874 F DEBUG : pid: 13804, tid: 13804, name: surfaceflinger >>> /system/bin/surfaceflinger <<<
08-13 06:54:57.081 13874 13874 F DEBUG : signal 6 (SIGABRT), code -6 (SI_TKILL), fault addr --------
08-13 06:54:57.081 13874 13874 F DEBUG : Abort message: ''
08-13 06:54:57.081 13874 13874 F DEBUG : x0 0000000000000000 x1 00000000000035ec x2 0000000000000006 x3 0000000000000008
08-13 06:54:57.081 13874 13874 F DEBUG : x4 0000000000000000 x5 0000000000000000 x6 0000000000000000 x7 8000000000000000
08-13 06:54:57.081 13874 13874 F DEBUG : x8 0000000000000083 x9 63c126dfb6227e2b x10 0000000000000000 x11 0000000000000001
08-13 06:54:57.081 13874 13874 F DEBUG : x12 ffffffffffffffff x13 0000000000000000 x14 ffffffffffffffff x15 00004075b017eb7d
08-13 06:54:57.081 13874 13874 F DEBUG : x16 000000606bca0f98 x17 0000007beda32e64 x18 000000000000017a x19 00000000000035ec
08-13 06:54:57.081 13874 13874 F DEBUG : x20 00000000000035ec x21 0000000060000016 x22 0000000000000001 x23 0000000000000000
08-13 06:54:57.081 13874 13874 F DEBUG : x24 0000000000000000 x25 0000000000000000 x26 00000000000f4240 x27 0000000000000000
08-13 06:54:57.081 13874 13874 F DEBUG : x28 0000007beed83a40 x29 0000007fd70d0020 x30 0000007bed9e8978
08-13 06:54:57.081 13874 13874 F DEBUG : sp 0000007fd70cffe0 pc 0000007bed9e8994 pstate 0000000060000000
08-13 06:54:57.082 13874 13874 F DEBUG :
08-13 06:54:57.082 13874 13874 F DEBUG : backtrace:
08-13 06:54:57.082 13874 13874 F DEBUG : #00 pc 000000000001d994 /system/lib64/libc.so (abort+104)
08-13 06:54:57.082 13874 13874 F DEBUG : #01 pc 000000000001d974 /system/lib64/libc.so (abort+72)
08-13 06:54:57.163 13874 13874 E crash_dump64: unable to connect to activity manager: Connection refused
08-13 06:54:57.163 3019 3019 E /system/bin/tombstoned: Tombstone written to: /data/tombstones/tombstone_20
08-13 06:54:57.224 2881 2881 I ServiceManager: service 'media.audio_flinger' died
08-13 06:54:57.224 2881 2881 I ServiceManager: service 'media.audio_policy' died
08-13 06:54:57.224 2881 2881 I ServiceManager: service 'media.sound_trigger_hw' died
08-13 06:54:57.231 2881 2881 I ServiceManager: service 'media.player' died
08-13 06:54:57.231 2881 2881 I ServiceManager: service 'media.resource_manager' died
08-13 06:54:57.232 2881 2881 I ServiceManager: service 'media.camera' died
08-13 06:54:57.240 2881 2881 I ServiceManager: service 'netd' died
08-13 06:55:01.534 13884 13884 I wificond: wificond is starting up...
08-13 06:55:01.534 13884 13884 E wificond: Failed to set uevent socket SO_RCVBUFFORCE option: Operation not permitted
08-13 06:55:01.534 13884 13884 E wificond: Failed to setup synchronous netlink socket
08-13 06:55:01.534 13884 13884 E wificond: Failed to start netlink manager
08-13 06:55:01.535 13884 13884 E wificond: Failed to set uevent socket SO_RCVBUFFORCE option: Operation not permitted
08-13 06:55:01.535 13884 13884 E wificond: Failed to setup synchronous netlink socket
08-13 06:55:01.535 13884 13884 E wificond: Failed to set uevent socket SO_RCVBUFFORCE option: Operation not permitted
08-13 06:55:01.535 13884 13884 E wificond: Failed to setup synchronous netlink socket
08-13 06:55:01.587 13883 13883 I Netd : Netd 1.0 starting
08-13 06:55:01.587 13883 13883 D TetherController: Setting IP forward enable = 0
08-13 06:55:01.665 13883 13883 W IptablesRestoreController: iptables-restore process 13885 terminated status=512
08-13 06:55:01.665 13883 13883 E IptablesRestoreController: iptables error:
08-13 06:55:01.665 13883 13883 E IptablesRestoreController: ------- COMMAND -------
08-13 06:55:01.665 13883 13883 E IptablesRestoreController: *raw
08-13 06:55:01.665 13883 13883 E IptablesRestoreController: :PREROUTING -
08-13 06:55:01.665 13883 13883 E IptablesRestoreController: -F PREROUTING
08-13 06:55:01.665 13883 13883 E IptablesRestoreController: :bw_raw_PREROUTING -
08-13 06:55:01.665 13883 13883 E IptablesRestoreController: -A PREROUTING -j bw_raw_PREROUTING
08-13 06:55:01.665 13883 13883 E IptablesRestoreController: :idletimer_raw_PREROUTING -
08-13 06:55:01.665 13883 13883 E IptablesRestoreController: -A PREROUTING -j idletimer_raw_PREROUTING
08-13 06:55:01.665 13883 13883 E IptablesRestoreController: :natctrl_raw_PREROUTING -
08-13 06:55:01.665 13883 13883 E IptablesRestoreController: -A PREROUTING -j natctrl_raw_PREROUTING
08-13 06:55:01.665 13883 13883 E IptablesRestoreController: COMMIT
08-13 06:55:01.665 13883 13883 E IptablesRestoreController:
08-13 06:55:01.665 13883 13883 E IptablesRestoreController: ------- ERROR -------
08-13 06:55:01.665 13883 13883 E IptablesRestoreController: iptables-restore v1.6.1: iptables-restore: unable to initialize table 'raw'
08-13 06:55:01.665 13883 13883 E IptablesRestoreController:
08-13 06:55:01.665 13883 13883 E IptablesRestoreController: Error occurred at line: 23
08-13 06:55:01.665 13883 13883 E IptablesRestoreController: Try `iptables-restore -h' or 'iptables-restore --help' for more information.
08-13 06:55:01.665 13883 13883 E IptablesRestoreController: ----------------------
08-13 06:55:01.712 13883 13883 I Netd : Creating child chains: 114.8ms
08-13 06:55:01.712 13883 13883 I Netd : Setting up OEM hooks: 0.2ms
08-13 06:55:01.753 13883 13883 W IptablesRestoreController: iptables-restore process 13889 terminated status=256
08-13 06:55:01.753 13883 13883 E IptablesRestoreController: iptables error:
08-13 06:55:01.753 13883 13883 E IptablesRestoreController: ------- COMMAND -------
08-13 06:55:01.753 13883 13883 E IptablesRestoreController: *filter
08-13 06:55:01.753 13883 13883 E IptablesRestoreController: :fw_dozable -
08-13 06:55:01.753 13883 13883 E IptablesRestoreController: -A fw_dozable -m owner --uid-owner 0-9999 -j RETURN
08-13 06:55:01.753 13883 13883 E IptablesRestoreController: -A fw_dozable -i lo -j RETURN
08-13 06:55:01.753 13883 13883 E IptablesRestoreController: -A fw_dozable -o lo -j RETURN
08-13 06:55:01.753 13883 13883 E IptablesRestoreController: -A fw_dozable -p tcp --tcp-flags RST RST -j RETURN
08-13 06:55:01.753 13883 13883 E IptablesRestoreController: -A fw_dozable -j DROP
08-13 06:55:01.753 13883 13883 E IptablesRestoreController: COMMIT
08-13 06:55:01.753 13883 13883 E IptablesRestoreController:
08-13 06:55:01.753 13883 13883 E IptablesRestoreController: ------- ERROR -------
08-13 06:55:01.753 13883 13883 E IptablesRestoreController: iptables-restore: line 59 failed
08-13 06:55:01.753 13883 13883 E IptablesRestoreController: ----------------------
08-13 06:55:01.754 13880 13880 I FastMixerState: sMaxFastTracks = 8
08-13 06:55:01.757 13880 13880 I audioserver: ServiceManager: 0xe6f9b4a0
08-13 06:55:01.757 13880 13880 W BatteryNotifier: batterystats service unavailable!
08-13 06:55:01.757 13880 13880 E cutils-trace: Error opening trace file: No such file or directory (2)
08-13 06:55:01.763 13880 13880 D vndksupport: Loading /vendor/lib/hw/android.hardware.audio@2.0-impl.so from current namespace instead of sphal namespace.
08-13 06:55:01.777 13880 13880 D vndksupport: Loading /vendor/lib/hw/android.hardware.audio.effect@2.0-impl.so from current namespace instead of sphal namespace.
08-13 06:55:01.780 13883 13883 W IptablesRestoreController: iptables-restore process 13886 terminated status=256
08-13 06:55:01.788 13880 13880 I AudioFlinger: Using default 3000 mSec as standby time.
08-13 06:55:01.792 13880 13880 E APM_AudioPolicyManager: could not load audio policy configuration file, setting defaults
08-13 06:55:01.793 13880 13880 D vndksupport: Loading /vendor/lib/hw/audio.primary.default.so from current namespace instead of sphal namespace.
08-13 06:55:01.794 13880 13880 W DeviceHAL: Device 0xe6fe7000 get_master_volume: Function not implemented
08-13 06:55:01.794 13880 13880 W DeviceHAL: Device 0xe6fe7000 get_master_mute: Function not implemented
08-13 06:55:01.794 13880 13880 W DeviceHAL: Device 0xe6fe7000 set_master_volume: Function not implemented
08-13 06:55:01.794 13880 13880 W DeviceHAL: Device 0xe6fe7000 set_master_mute: Function not implemented
08-13 06:55:01.794 13880 13880 I AudioFlinger: loadHwModule() Loaded primary audio interface, handle 10
08-13 06:55:01.794 13880 13880 I AudioFlinger: openOutput() this 0xe6fc0000, module 10 Device 2, SamplingRate 44100, Format 0x000001, Channels 3, flags 2
08-13 06:55:01.795 13880 13880 I AudioFlinger: HAL output buffer size 1024 frames, normal sink buffer size 1024 frames
08-13 06:55:01.800 13880 13880 D vndksupport: Loading /vendor/lib/hw/android.hardware.audio.effect@2.0-impl.so from current namespace instead of sphal namespace.
08-13 06:55:01.802 13880 13880 E EffectsConfig: Failed to parse /vendor/etc/audio_effects.xml: Tinyxml2 error (3): /vendor/etc/audio_effects.xml (null)
08-13 06:55:01.802 13880 13880 E EffectsFactoryConfigLoader: Failed to parse XML configuration file
08-13 06:55:01.802 13880 13880 W EffectsFactory: Failed to load XML effect configuration, fallback to .conf
08-13 06:55:01.807 13880 13880 I BufferProvider: found effect "Multichannel Downmix To Stereo" from The Android Open Source Project
08-13 06:55:01.808 13880 13880 I AudioFlinger: Using module 10 as the primary audio interface
08-13 06:55:01.808 13880 13880 W AudioFlinger: moveEffects() bad srcOutput 0
08-13 06:55:01.824 13880 13908 I AudioFlinger: AudioFlinger's thread 0xe62831c0 tid=13908 ready to run
08-13 06:55:01.824 13880 13908 W AudioFlinger: no wake lock to update, system not ready yet
08-13 06:55:01.825 13880 13908 W AudioFlinger: no wake lock to update, system not ready yet
08-13 06:55:01.825 13880 13901 W DeviceHAL: Device 0xe6fe7000 set_voice_volume: Function not implemented
08-13 06:55:01.848 13881 13881 I cameraserver: ServiceManager: 0xe669b500
08-13 06:55:01.848 13881 13881 I CameraService: CameraService started (pid=13881)
08-13 06:55:01.849 13881 13881 I CameraService: CameraService process starting
08-13 06:55:01.850 13880 13911 I AudioFlinger: AudioFlinger's thread 0xe5d83000 tid=13911 ready to run
08-13 06:55:01.850 13880 13880 E EffectsConfig: Failed to parse /vendor/etc/audio_effects.xml: Tinyxml2 error (3): /vendor/etc/audio_effects.xml (null)
08-13 06:55:01.850 13880 13880 W AudioPolicyEffects: Failed to load XML effect configuration, fallback to .conf
08-13 06:55:01.851 13881 13881 W BatteryNotifier: batterystats service unavailable!
08-13 06:55:01.851 13881 13881 W BatteryNotifier: batterystats service unavailable!
08-13 06:55:01.851 13881 13881 E cutils-trace: Error opening trace file: No such file or directory (2)
08-13 06:55:01.879 13880 13880 E SoundTriggerHwService: could not read implementation properties
08-13 06:55:01.879 2882 2882 W /system/bin/hwservicemanager: getTransport: Cannot find entry android.hardware.camera.provider@2.4::ICameraProvider/legacy/0 in either framework or device manifest.
08-13 06:55:01.885 13883 13883 W IptablesRestoreController: iptables-restore process 13897 terminated status=256
08-13 06:55:01.885 13883 13883 E IptablesRestoreController: iptables error:
08-13 06:55:01.885 13883 13883 E IptablesRestoreController: ------- COMMAND -------
08-13 06:55:01.885 13883 13883 E IptablesRestoreController: *filter
08-13 06:55:01.885 13883 13883 E IptablesRestoreController: :fw_powersave -
08-13 06:55:01.885 13883 13883 E IptablesRestoreController: -A fw_powersave -m owner --uid-owner 0-9999 -j RETURN
08-13 06:55:01.885 13883 13883 E IptablesRestoreController: -A fw_powersave -i lo -j RETURN
08-13 06:55:01.885 13883 13883 E IptablesRestoreController: -A fw_powersave -o lo -j RETURN
08-13 06:55:01.885 13883 13883 E IptablesRestoreController: -A fw_powersave -p tcp --tcp-flags RST RST -j RETURN
08-13 06:55:01.885 13883 13883 E IptablesRestoreController: -A fw_powersave -j DROP
08-13 06:55:01.885 13883 13883 E IptablesRestoreController: COMMIT
08-13 06:55:01.885 13883 13883 E IptablesRestoreController:
08-13 06:55:01.885 13883 13883 E IptablesRestoreController: ------- ERROR -------
08-13 06:55:01.885 13883 13883 E IptablesRestoreController: iptables-restore: line 15 failed
08-13 06:55:01.885 13883 13883 E IptablesRestoreController: ----------------------
08-13 06:55:01.887 13883 13883 W IptablesRestoreController: iptables-restore process 13909 terminated status=256
08-13 06:55:01.887 13883 13883 E IptablesRestoreController: iptables error:
08-13 06:55:01.887 13883 13883 E IptablesRestoreController: ------- COMMAND -------
08-13 06:55:01.887 13883 13883 E IptablesRestoreController: *filter
08-13 06:55:01.887 13883 13883 E IptablesRestoreController: :fw_powersave -
08-13 06:55:01.887 13883 13883 E IptablesRestoreController: -A fw_powersave -m owner --uid-owner 0-9999 -j RETURN
08-13 06:55:01.887 13883 13883 E IptablesRestoreController: -A fw_powersave -i lo -j RETURN
08-13 06:55:01.887 13883 13883 E IptablesRestoreController: -A fw_powersave -o lo -j RETURN
08-13 06:55:01.887 13883 13883 E IptablesRestoreController: -A fw_powersave -p tcp --tcp-flags RST RST -j RETURN
08-13 06:55:01.887 13883 13883 E IptablesRestoreController: -A fw_powersave -p icmpv6 --icmpv6-type packet-too-big -j RETURN
08-13 06:55:01.887 13883 13883 E IptablesRestoreController: -A fw_powersave -p icmpv6 --icmpv6-type router-solicitation -j RETURN
08-13 06:55:01.887 13883 13883 E IptablesRestoreController: -A fw_powersave -p icmpv6 --icmpv6-type router-advertisement -j RETURN
08-13 06:55:01.887 13883 13883 E IptablesRestoreController: -A fw_powersave -p icmpv6 --icmpv6-type neighbour-solicitation -j RETURN
08-13 06:55:01.887 13883 13883 E IptablesRestoreController: -A fw_powersave -p icmpv6 --icmpv6-type neighbour-advertisement -j RETURN
08-13 06:55:01.887 13883 13883 E IptablesRestoreController: -A fw_powersave -p icmpv6 --icmpv6-type redirect -j RETURN
08-13 06:55:01.887 13883 13883 E IptablesRestoreController: -A fw_powersave -j DROP
08-13 06:55:01.887 13883 13883 E IptablesRestoreController: COMMIT
08-13 06:55:01.887 13883 13883 E IptablesRestoreController:
08-13 06:55:01.887 13883 13883 E IptablesRestoreController: ------- ERROR -------
08-13 06:55:01.887 13883 13883 E IptablesRestoreController: ip6tables-restore: line 21 failed
08-13 06:55:01.887 13883 13883 E IptablesRestoreController: ----------------------
08-13 06:55:01.888 13883 13883 I Netd : Setting up FirewallController hooks: 175.3ms
08-13 06:55:01.914 13883 13883 W IptablesRestoreController: iptables-restore process 13923 terminated status=256
08-13 06:55:01.914 13883 13883 E IptablesRestoreController: iptables error:
08-13 06:55:01.914 13883 13883 E IptablesRestoreController: ------- COMMAND -------
08-13 06:55:01.914 13883 13883 E IptablesRestoreController: *mangle
08-13 06:55:01.914 13883 13883 E IptablesRestoreController: -A natctrl_mangle_FORWARD -p tcp --tcp-flags SYN SYN -j TCPMSS --clamp-mss-to-pmtu
08-13 06:55:01.914 13883 13883 E IptablesRestoreController: COMMIT
08-13 06:55:01.914 13883 13883 E IptablesRestoreController:
08-13 06:55:01.914 13883 13883 E IptablesRestoreController: ------- ERROR -------
08-13 06:55:01.914 13883 13883 E IptablesRestoreController: iptables-restore: line 11 failed
08-13 06:55:01.914 13883 13883 E IptablesRestoreController: ----------------------
08-13 06:55:01.914 13883 13883 I Netd : Setting up NatController hooks: 26.2ms
08-13 06:55:01.927 13883 13883 W IptablesRestoreController: iptables-restore process 13926 terminated status=512
08-13 06:55:01.928 13883 13883 E IptablesRestoreController: iptables error:
08-13 06:55:01.928 13883 13883 E IptablesRestoreController: ------- COMMAND -------
08-13 06:55:01.928 13883 13883 E IptablesRestoreController: *filter
08-13 06:55:01.928 13883 13883 E IptablesRestoreController: :bw_INPUT -
08-13 06:55:01.928 13883 13883 E IptablesRestoreController: :bw_OUTPUT -
08-13 06:55:01.928 13883 13883 E IptablesRestoreController: :bw_FORWARD -
08-13 06:55:01.928 13883 13883 E IptablesRestoreController: :bw_happy_box -
08-13 06:55:01.928 13883 13883 E IptablesRestoreController: :bw_penalty_box -
08-13 06:55:01.928 13883 13883 E IptablesRestoreController: :bw_data_saver -
08-13 06:55:01.928 13883 13883 E IptablesRestoreController: :bw_costly_shared -
08-13 06:55:01.928 13883 13883 E IptablesRestoreController: COMMIT
08-13 06:55:01.928 13883 13883 E IptablesRestoreController: *raw
08-13 06:55:01.928 13883 13883 E IptablesRestoreController: :bw_raw_PREROUTING -
08-13 06:55:01.928 13883 13883 E IptablesRestoreController: COMMIT
08-13 06:55:01.928 13883 13883 E IptablesRestoreController: *mangle
08-13 06:55:01.928 13883 13883 E IptablesRestoreController: :bw_mangle_POSTROUTING -
08-13 06:55:01.928 13883 13883 E IptablesRestoreController: COMMIT
08-13 06:55:01.928 13883 13883 E IptablesRestoreController:
08-13 06:55:01.928 13883 13883 E IptablesRestoreController: ------- ERROR -------
08-13 06:55:01.928 13883 13883 E IptablesRestoreController: iptables-restore v1.6.1: iptables-restore: unable to initialize table 'raw'
08-13 06:55:01.928 13883 13883 E IptablesRestoreController:
08-13 06:55:01.928 13883 13883 E IptablesRestoreController: Error occurred at line: 14
08-13 06:55:01.928 13883 13883 E IptablesRestoreController: Try `iptables-restore -h' or 'iptables-restore --help' for more information.
08-13 06:55:01.928 13883 13883 E IptablesRestoreController: ----------------------
08-13 06:55:01.929 13883 13883 I Netd : Setting up BandwidthController hooks: 14.9ms
08-13 06:55:01.929 13883 13883 I Netd : Setting up IdletimerController hooks: 0.1ms
08-13 06:55:01.938 13912 13912 I chatty : uid=1000(system) /system/bin/surfaceflinger expire 28 lines
08-13 06:55:01.944 13883 13883 W IptablesRestoreController: iptables-restore process 13929 terminated status=512
08-13 06:55:01.944 13883 13883 E IptablesRestoreController: iptables error:
08-13 06:55:01.944 13883 13883 E IptablesRestoreController: ------- COMMAND -------
08-13 06:55:01.944 13883 13883 E IptablesRestoreController: *filter
08-13 06:55:01.944 13883 13883 E IptablesRestoreController: :bw_INPUT -
08-13 06:55:01.944 13883 13883 E IptablesRestoreController: :bw_OUTPUT -
08-13 06:55:01.944 13883 13883 E IptablesRestoreController: :bw_FORWARD -
08-13 06:55:01.944 13883 13883 E IptablesRestoreController: :bw_happy_box -
08-13 06:55:01.944 13883 13883 E IptablesRestoreController: :bw_penalty_box -
08-13 06:55:01.944 13883 13883 E IptablesRestoreController: :bw_data_saver -
08-13 06:55:01.944 13883 13883 E IptablesRestoreController: :bw_costly_shared -
08-13 06:55:01.944 13883 13883 E IptablesRestoreController: COMMIT
08-13 06:55:01.944 13883 13883 E IptablesRestoreController: *raw
08-13 06:55:01.944 13883 13883 E IptablesRestoreController: :bw_raw_PREROUTING -
08-13 06:55:01.944 13883 13883 E IptablesRestoreController: COMMIT
08-13 06:55:01.944 13883 13883 E IptablesRestoreController: *mangle
08-13 06:55:01.944 13883 13883 E IptablesRestoreController: :bw_mangle_POSTROUTING -
08-13 06:55:01.944 13883 13883 E IptablesRestoreController: COMMIT
08-13 06:55:01.944 13883 13883 E IptablesRestoreController:
08-13 06:55:01.944 13883 13883 E IptablesRestoreController: ------- ERROR -------
08-13 06:55:01.944 13883 13883 E IptablesRestoreController: iptables-restore v1.6.1: iptables-restore: unable to initialize table 'raw'
08-13 06:55:01.944 13883 13883 E IptablesRestoreController:
08-13 06:55:01.944 13883 13883 E IptablesRestoreController: Error occurred at line: 14
08-13 06:55:01.944 13883 13883 E IptablesRestoreController: Try `iptables-restore -h' or 'iptables-restore --help' for more information.
08-13 06:55:01.944 13883 13883 E IptablesRestoreController: ----------------------
08-13 06:55:01.959 13883 13883 W IptablesRestoreController: iptables-restore process 13932 terminated status=256
08-13 06:55:01.959 13883 13883 E IptablesRestoreController: iptables error:
08-13 06:55:01.959 13883 13883 E IptablesRestoreController: ------- COMMAND -------
08-13 06:55:01.959 13883 13883 E IptablesRestoreController: *filter
08-13 06:55:01.959 13883 13883 E IptablesRestoreController: -A bw_INPUT -m owner --socket-exists
08-13 06:55:01.959 13883 13883 E IptablesRestoreController: -A bw_OUTPUT -m owner --socket-exists
08-13 06:55:01.959 13883 13883 E IptablesRestoreController: -A bw_costly_shared --jump bw_penalty_box
08-13 06:55:01.959 13883 13883 E IptablesRestoreController: -A bw_penalty_box --jump bw_happy_box
08-13 06:55:01.959 13883 13883 E IptablesRestoreController: -A bw_happy_box --jump bw_data_saver
08-13 06:55:01.959 13883 13883 E IptablesRestoreController: -A bw_data_saver -j RETURN
08-13 06:55:01.959 13883 13883 E IptablesRestoreController: -I bw_happy_box -m owner --uid-owner 0-9999 --jump RETURN
08-13 06:55:01.959 13883 13883 E IptablesRestoreController: COMMIT
08-13 06:55:01.959 13883 13883 E IptablesRestoreController: *raw
08-13 06:55:01.959 13883 13883 E IptablesRestoreController: -A bw_raw_PREROUTING -m owner --socket-exists
08-13 06:55:01.959 13883 13883 E IptablesRestoreController: COMMIT
08-13 06:55:01.959 13883 13883 E IptablesRestoreController: *mangle
08-13 06:55:01.959 13883 13883 E IptablesRestoreController: -A bw_mangle_POSTROUTING -m owner --socket-exists
08-13 06:55:01.959 13883 13883 E IptablesRestoreController: COMMIT
08-13 06:55:01.959 13883 13883 E IptablesRestoreController:
08-13 06:55:01.959 13883 13883 E IptablesRestoreController: ------- ERROR -------
08-13 06:55:01.959 13883 13883 E IptablesRestoreController: iptables-restore: line 9 failed
08-13 06:55:01.959 13883 13883 E IptablesRestoreController: ----------------------
08-13 06:55:01.966 13883 13883 W IptablesRestoreController: iptables-restore process 13924 terminated status=256
08-13 06:55:01.966 13883 13883 E IptablesRestoreController: iptables error:
08-13 06:55:01.966 13883 13883 E IptablesRestoreController: ------- COMMAND -------
08-13 06:55:01.966 13883 13883 E IptablesRestoreController: *filter
08-13 06:55:01.966 13883 13883 E IptablesRestoreController: -A bw_INPUT -m owner --socket-exists
08-13 06:55:01.966 13883 13883 E IptablesRestoreController: -A bw_OUTPUT -m owner --socket-exists
08-13 06:55:01.966 13883 13883 E IptablesRestoreController: -A bw_costly_shared --jump bw_penalty_box
08-13 06:55:01.966 13883 13883 E IptablesRestoreController: -A bw_penalty_box --jump bw_happy_box
08-13 06:55:01.966 13883 13883 E IptablesRestoreController: -A bw_happy_box --jump bw_data_saver
08-13 06:55:01.966 13883 13883 E IptablesRestoreController: -A bw_data_saver -j RETURN
08-13 06:55:01.966 13883 13883 E IptablesRestoreController: -I bw_happy_box -m owner --uid-owner 0-9999 --jump RETURN
08-13 06:55:01.966 13883 13883 E IptablesRestoreController: COMMIT
08-13 06:55:01.966 13883 13883 E IptablesRestoreController: *raw
08-13 06:55:01.966 13883 13883 E IptablesRestoreController: -A bw_raw_PREROUTING -m owner --socket-exists
08-13 06:55:01.966 13883 13883 E IptablesRestoreController: COMMIT
08-13 06:55:01.966 13883 13883 E IptablesRestoreController: *mangle
08-13 06:55:01.966 13883 13883 E IptablesRestoreController: -A bw_mangle_POSTROUTING -m owner --socket-exists
08-13 06:55:01.966 13883 13883 E IptablesRestoreController: COMMIT
08-13 06:55:01.966 13883 13883 E IptablesRestoreController:
08-13 06:55:01.966 13883 13883 E IptablesRestoreController: ------- ERROR -------
08-13 06:55:01.966 13883 13883 E IptablesRestoreController: ip6tables-restore: line 48 failed
08-13 06:55:01.966 13883 13883 E IptablesRestoreController: ----------------------
08-13 06:55:01.966 13883 13883 I Netd : Disabling bandwidth control: 37.7ms
08-13 06:55:01.968 13883 13883 E Netd : cannot find interface dummy0
08-13 06:55:01.968 13883 13883 I Netd : Initializing RouteController: 1.6ms
08-13 06:55:01.968 13883 13883 E Netd : Unable to create netlink socket: Protocol not supported
08-13 06:55:01.969 13883 13883 W Netd : Unable to open qlog quota socket, check if xt_quota2 can send via UeventHandler
08-13 06:55:01.969 13883 13883 D MDnsDS : MDnsSdListener::Hander starting up
08-13 06:55:01.969 13883 13951 D MDnsDS : MDnsSdListener starting to monitor
08-13 06:55:01.969 13883 13951 D MDnsDS : Going to poll with pollCount 1
08-13 06:55:01.970 13883 13883 I Netd : Registering NetdNativeService: 0.9ms
08-13 06:55:01.970 13883 13883 I Netd : Starting CommandListener: 0.1ms
08-13 06:55:01.971 13883 13883 E cutils-trace: Error opening trace file: No such file or directory (2)
08-13 06:55:01.972 13883 13883 I Netd : Registering NetdHwService: 1.9ms
08-13 06:55:01.972 13883 13883 I Netd : Netd started in 385ms
08-13 06:55:01.992 13882 13882 I mediaserver: ServiceManager: 0xea29b5a0
08-13 06:55:01.993 13882 13882 W BatteryNotifier: batterystats service unavailable!
08-13 06:55:02.037 13879 13879 D AndroidRuntime: >>>>>> START com.android.internal.os.ZygoteInit uid 0 <<<<<<
08-13 06:55:02.044 13912 13912 I SurfaceFlinger: extensions: EGL_KHR_get_all_proc_addresses EGL_ANDROID_presentation_time EGL_KHR_swap_buffers_with_damage EGL_ANDROID_get_native_client_buffer EGL_ANDROID_front_buffer_auto_refresh EGL_ANDROID_get_frame_timestamps EGL_KHR_image EGL_KHR_image_base EGL_KHR_image_pixmap EGL_KHR_gl_texture_2D_image EGL_KHR_gl_texture_cubemap_image EGL_KHR_gl_renderbuffer_image EGL_KHR_fence_sync EGL_KHR_create_context EGL_EXT_create_context_robustness EGL_ANDROID_image_native_buffer EGL_ANDROID_recordable EGL_KHR_partial_update EGL_KHR_create_context_no_error
08-13 06:55:02.044 13912 13912 I SurfaceFlinger: Client API: OpenGL_ES
08-13 06:55:02.044 13912 13912 I SurfaceFlinger: EGLSurface: 8-8-8-8, config=0x60000016
08-13 06:55:02.044 13879 13879 E cutils-trace: Error opening trace file: No such file or directory (2)
08-13 06:55:02.044 13912 13912 F SurfaceFlinger: EGLContext creation failed
08-13 06:55:02.045 13912 13912 F libc : Fatal signal 6 (SIGABRT), code -6 in tid 13912 (surfaceflinger), pid 13912 (surfaceflinger)
08-13 06:55:02.045 13879 13879 I zygote64: option[0]=-Xzygote
08-13 06:55:02.045 13879 13879 I zygote64: option[1]=-Xcheck:jni
08-13 06:55:02.045 13879 13879 I zygote64: option[2]=-Xusetombstonedtraces
08-13 06:55:02.045 13879 13879 I zygote64: option[3]=exit
08-13 06:55:02.045 13879 13879 I zygote64: option[4]=vfprintf
08-13 06:55:02.045 13879 13879 I zygote64: option[5]=sensitiveThread
08-13 06:55:02.045 13879 13879 I zygote64: option[6]=-verbose:gc
08-13 06:55:02.045 13879 13879 I zygote64: option[7]=-Xms16m
08-13 06:55:02.045 13879 13879 I zygote64: option[8]=-Xmx512m
08-13 06:55:02.045 13879 13879 I zygote64: option[9]=-XX:HeapGrowthLimit=192m
08-13 06:55:02.045 13879 13879 I zygote64: option[10]=-XX:HeapMinFree=512k
08-13 06:55:02.045 13879 13879 I zygote64: option[11]=-XX:HeapMaxFree=8m
08-13 06:55:02.045 13879 13879 I zygote64: option[12]=-XX:HeapTargetUtilization=0.75
08-13 06:55:02.045 13879 13879 I zygote64: option[13]=-Xusejit:true
08-13 06:55:02.045 13879 13879 I zygote64: option[14]=-Xjitsaveprofilinginfo
08-13 06:55:02.045 13879 13879 I zygote64: option[15]=-agentlib:jdwp=transport=dt_android_adb,suspend=n,server=y
08-13 06:55:02.045 13879 13879 I zygote64: option[16]=-Xlockprofthreshold:500
08-13 06:55:02.045 13879 13879 I zygote64: option[17]=-Ximage-compiler-option
08-13 06:55:02.045 13879 13879 I zygote64: option[18]=--runtime-arg
08-13 06:55:02.045 13879 13879 I zygote64: option[19]=-Ximage-compiler-option
08-13 06:55:02.045 13879 13879 I zygote64: option[20]=-Xms64m
08-13 06:55:02.045 13879 13879 I zygote64: option[21]=-Ximage-compiler-option
08-13 06:55:02.045 13879 13879 I zygote64: option[22]=--runtime-arg
08-13 06:55:02.045 13879 13879 I zygote64: option[23]=-Ximage-compiler-option
08-13 06:55:02.045 13879 13879 I zygote64: option[24]=-Xmx64m
08-13 06:55:02.045 13879 13879 I zygote64: option[25]=-Ximage-compiler-option
08-13 06:55:02.045 13879 13879 I zygote64: option[26]=--compiler-filter=verify-at-runtime
08-13 06:55:02.045 13879 13879 I zygote64: option[27]=-Ximage-compiler-option
08-13 06:55:02.045 13879 13879 I zygote64: option[28]=--image-classes=/system/etc/preloaded-classes
08-13 06:55:02.045 13879 13879 I zygote64: option[29]=-Ximage-compiler-option
08-13 06:55:02.045 13879 13879 I zygote64: option[30]=--compiled-classes=/system/etc/compiled-classes
08-13 06:55:02.045 13879 13879 I zygote64: option[31]=-Ximage-compiler-option
08-13 06:55:02.045 13879 13879 I zygote64: option[32]=--dirty-image-objects=/system/etc/dirty-image-objects
08-13 06:55:02.045 13879 13879 I zygote64: option[33]=-Xcompiler-option
08-13 06:55:02.045 13879 13879 I zygote64: option[34]=--runtime-arg
08-13 06:55:02.045 13879 13879 I zygote64: option[35]=-Xcompiler-option
08-13 06:55:02.045 13879 13879 I zygote64: option[36]=-Xms64m
08-13 06:55:02.045 13879 13879 I zygote64: option[37]=-Xcompiler-option
08-13 06:55:02.045 13879 13879 I zygote64: option[38]=--runtime-arg
08-13 06:55:02.045 13879 13879 I zygote64: option[39]=-Xcompiler-option
08-13 06:55:02.045 13879 13879 I zygote64: option[40]=-Xmx512m
08-13 06:55:02.045 13879 13879 I zygote64: option[41]=-Ximage-compiler-option
08-13 06:55:02.045 13879 13879 I zygote64: option[42]=--instruction-set-variant=generic
08-13 06:55:02.045 13879 13879 I zygote64: option[43]=-Xcompiler-option
08-13 06:55:02.045 13879 13879 I zygote64: option[44]=--instruction-set-variant=generic
08-13 06:55:02.045 13879 13879 I zygote64: option[45]=-Ximage-compiler-option
08-13 06:55:02.045 13879 13879 I zygote64: option[46]=--instruction-set-features=default
08-13 06:55:02.045 13879 13879 I zygote64: option[47]=-Xcompiler-option
08-13 06:55:02.045 13879 13879 I zygote64: option[48]=--instruction-set-features=default
08-13 06:55:02.045 13879 13879 I zygote64: option[49]=-Duser.locale=en-US
08-13 06:55:02.045 13879 13879 I zygote64: option[50]=--cpu-abilist=arm64-v8a
08-13 06:55:02.045 13879 13879 I zygote64: option[51]=-Xfingerprint:Android/zcu106/zcu106:8.1.0/OPM4.171019.015.A1/micron07161521:eng/test-keys
08-13 06:55:02.063 13966 13966 E cutils-trace: Error opening trace file: No such file or directory (2)
08-13 06:55:02.070 13967 13967 I crash_dump64: obtaining output fd from tombstoned, type: kDebuggerdTombstone
08-13 06:55:02.083 3019 3019 I /system/bin/tombstoned: received crash request for pid 13912
08-13 06:55:02.102 13967 13967 I crash_dump64: performing dump of process 13912 (target tid = 13912)
08-13 06:55:02.102 13967 13967 F DEBUG : *** *** *** *** *** *** *** *** *** *** *** *** *** *** *** ***
08-13 06:55:02.102 13967 13967 F DEBUG : Build fingerprint: 'Android/zcu106/zcu106:8.1.0/OPM4.171019.015.A1/micron07161521:eng/test-keys'
08-13 06:55:02.102 13967 13967 F DEBUG : Revision: '0'
08-13 06:55:02.102 13967 13967 F DEBUG : ABI: 'arm64'
08-13 06:55:02.102 13967 13967 F DEBUG : pid: 13912, tid: 13912, name: surfaceflinger >>> /system/bin/surfaceflinger <<<
08-13 06:55:02.102 13967 13967 F DEBUG : signal 6 (SIGABRT), code -6 (SI_TKILL), fault addr --------
08-13 06:55:02.102 13967 13967 F DEBUG : Abort message: ''
08-13 06:55:02.102 13967 13967 F DEBUG : x0 0000000000000000 x1 0000000000003658 x2 0000000000000006 x3 0000000000000008
08-13 06:55:02.102 13967 13967 F DEBUG : x4 0000000000000000 x5 0000000000000000 x6 0000000000000000 x7 8000000000000000
08-13 06:55:02.102 13967 13967 F DEBUG : x8 0000000000000083 x9 60fc436c1e6ec92b x10 0000000000000000 x11 0000000000000001
08-13 06:55:02.102 13967 13967 F DEBUG : x12 ffffffffffffffff x13 0000000000000000 x14 ffffffffffffffff x15 00000f795f53c135
08-13 06:55:02.102 13967 13967 F DEBUG : x16 000000566bca7f98 x17 00000070c8d79e64 x18 000000000000017a x19 0000000000003658
08-13 06:55:02.102 13967 13967 F DEBUG : x20 0000000000003658 x21 0000000060000016 x22 0000000000000001 x23 0000000000000000
08-13 06:55:02.102 13967 13967 F DEBUG : x24 0000000000000000 x25 0000000000000000 x26 00000000000f4240 x27 0000000000000000
08-13 06:55:02.102 13967 13967 F DEBUG : x28 00000070c9931a40 x29 0000007fc7081740 x30 00000070c8d2f978
08-13 06:55:02.102 13967 13967 F DEBUG : sp 0000007fc7081700 pc 00000070c8d2f994 pstate 0000000060000000
08-13 06:55:02.103 13967 13967 F DEBUG :
08-13 06:55:02.103 13967 13967 F DEBUG : backtrace:
08-13 06:55:02.103 13967 13967 F DEBUG : #00 pc 000000000001d994 /system/lib64/libc.so (abort+104)
08-13 06:55:02.103 13967 13967 F DEBUG : #01 pc 000000000001d974 /system/lib64/libc.so (abort+72)
08-13 06:55:02.132 13967 13967 E crash_dump64: unable to connect to activity manager: Connection refused
08-13 06:55:02.132 3019 3019 E /system/bin/tombstoned: Tombstone written to: /data/tombstones/tombstone_21
08-13 06:55:02.133 13879 13879 I zygote64: Pruning dalvik-cache since we are relocating an image and will need to recompile
08-13 06:55:02.134 13879 13879 I zygote64: RelocateImage: /system/bin/patchoat --input-image-location=/system/framework/boot.art --output-image-file=/data/dalvik-cache/arm64/system@framework@boot.art --instruction-set=arm64 --base-offset-delta=-6950912
08-13 06:55:02.139 13972 13972 I patchoat: type=1400 audit(0.0:362): avc: denied { getattr } for path="/vendor" dev="mmcblk0p2" ino=46 scontext=u:r:zygote:s0 tcontext=u:object_r:unlabeled:s0 tclass=lnk_file permissive=1
08-13 06:55:02.139 13972 13972 I patchoat: type=1400 audit(0.0:363): avc: denied { read } for name="vendor" dev="mmcblk0p2" ino=46 scontext=u:r:zygote:s0 tcontext=u:object_r:unlabeled:s0 tclass=lnk_file permissive=1
08-13 06:55:02.172 2881 2881 I ServiceManager: service 'media.audio_flinger' died
08-13 06:55:02.172 2881 2881 I ServiceManager: service 'media.audio_policy' died
08-13 06:55:02.172 2881 2881 I ServiceManager: service 'media.sound_trigger_hw' died
08-13 06:55:02.192 2881 2881 I ServiceManager: service 'media.camera' died
08-13 06:55:02.192 2881 2881 I ServiceManager: service 'media.player' died
08-13 06:55:02.192 2881 2881 I ServiceManager: service 'media.resource_manager' died
08-13 06:55:02.220 2881 2881 I ServiceManager: service 'netd' died
08-13 06:55:02.232 2882 2882 E hw-IPCThreadState: attemptIncStrongHandle(10): Not supported
08-13 06:55:06.569 13978 13978 I wificond: wificond is starting up...
08-13 06:55:06.570 13978 13978 E wificond: Failed to set uevent socket SO_RCVBUFFORCE option: Operation not permitted
08-13 06:55:06.570 13978 13978 E wificond: Failed to setup synchronous netlink socket
08-13 06:55:06.570 13978 13978 E wificond: Failed to start netlink manager
08-13 06:55:06.570 13978 13978 E wificond: Failed to set uevent socket SO_RCVBUFFORCE option: Operation not permitted
08-13 06:55:06.570 13978 13978 E wificond: Failed to setup synchronous netlink socket
08-13 06:55:06.570 13978 13978 E wificond: Failed to set uevent socket SO_RCVBUFFORCE option: Operation not permitted
08-13 06:55:06.570 13978 13978 E wificond: Failed to setup synchronous netlink socket
08-13 06:55:06.578 13977 13977 I Netd : Netd 1.0 starting
08-13 06:55:06.588 13977 13977 D TetherController: Setting IP forward enable = 0
08-13 06:55:06.724 13977 13977 W IptablesRestoreController: iptables-restore process 13979 terminated status=512
08-13 06:55:06.735 13983 13983 I iptables-restor: type=1400 audit(0.0:364): avc: denied { getattr } for path="/vendor" dev="mmcblk0p2" ino=46 scontext=u:r:netd:s0 tcontext=u:object_r:unlabeled:s0 tclass=lnk_file permissive=1
08-13 06:55:06.735 13983 13983 I iptables-restor: type=1400 audit(0.0:365): avc: denied { read } for name="vendor" dev="mmcblk0p2" ino=46 scontext=u:r:netd:s0 tcontext=u:object_r:unlabeled:s0 tclass=lnk_file permissive=1
08-13 06:55:06.783 13977 13977 I Netd : Creating child chains: 191.8ms
08-13 06:55:06.783 13977 13977 I Netd : Setting up OEM hooks: 0.1ms
08-13 06:55:06.789 13975 13975 I cameraserver: ServiceManager: 0xeb91b500
08-13 06:55:06.789 13975 13975 I CameraService: CameraService started (pid=13975)
08-13 06:55:06.789 13975 13975 I CameraService: CameraService process starting
08-13 06:55:06.789 13975 13975 W BatteryNotifier: batterystats service unavailable!
08-13 06:55:06.789 13975 13975 W BatteryNotifier: batterystats service unavailable!
08-13 06:55:06.789 13975 13975 E cutils-trace: Error opening trace file: No such file or directory (2)
08-13 06:55:06.790 2882 2882 W /system/bin/hwservicemanager: getTransport: Cannot find entry android.hardware.camera.provider@2.4::ICameraProvider/legacy/0 in either framework or device manifest.
08-13 06:55:06.797 13977 13977 W IptablesRestoreController: iptables-restore process 13983 terminated status=256
08-13 06:55:06.821 13977 13977 W IptablesRestoreController: iptables-restore process 13980 terminated status=256
08-13 06:55:06.821 13977 13977 E IptablesRestoreController: iptables error:
08-13 06:55:06.821 13977 13977 E IptablesRestoreController: ------- COMMAND -------
08-13 06:55:06.821 13977 13977 E IptablesRestoreController: *filter
08-13 06:55:06.821 13977 13977 E IptablesRestoreController: :fw_dozable -
08-13 06:55:06.821 13977 13977 E IptablesRestoreController: -A fw_dozable -m owner --uid-owner 0-9999 -j RETURN
08-13 06:55:06.821 13977 13977 E IptablesRestoreController: -A fw_dozable -i lo -j RETURN
08-13 06:55:06.821 13977 13977 E IptablesRestoreController: -A fw_dozable -o lo -j RETURN
08-13 06:55:06.821 13977 13977 E IptablesRestoreController: -A fw_dozable -p tcp --tcp-flags RST RST -j RETURN
08-13 06:55:06.821 13977 13977 E IptablesRestoreController: -A fw_dozable -p icmpv6 --icmpv6-type packet-too-big -j RETURN
08-13 06:55:06.821 13977 13977 E IptablesRestoreController: -A fw_dozable -p icmpv6 --icmpv6-type router-solicitation -j RETURN
08-13 06:55:06.821 13977 13977 E IptablesRestoreController: -A fw_dozable -p icmpv6 --icmpv6-type router-advertisement -j RETURN
08-13 06:55:06.821 13977 13977 E IptablesRestoreController: -A fw_dozable -p icmpv6 --icmpv6-type neighbour-solicitation -j RETURN
08-13 06:55:06.821 13977 13977 E IptablesRestoreController: -A fw_dozable -p icmpv6 --icmpv6-type neighbour-advertisement -j RETURN
08-13 06:55:06.821 13977 13977 E IptablesRestoreController: -A fw_dozable -p icmpv6 --icmpv6-type redirect -j RETURN
08-13 06:55:06.821 13977 13977 E IptablesRestoreController: -A fw_dozable -j DROP
08-13 06:55:06.821 13977 13977 E IptablesRestoreController: COMMIT
08-13 06:55:06.821 13977 13977 E IptablesRestoreController:
08-13 06:55:06.821 13977 13977 E IptablesRestoreController: ------- ERROR -------
08-13 06:55:06.821 13977 13977 E IptablesRestoreController: ip6tables-restore: line 84 failed
08-13 06:55:06.821 13977 13977 E IptablesRestoreController: ----------------------
08-13 06:55:06.855 13974 13974 I FastMixerState: sMaxFastTracks = 8
08-13 06:55:06.870 13974 13974 I audioserver: ServiceManager: 0xf459b4a0
08-13 06:55:06.870 13974 13974 W BatteryNotifier: batterystats service unavailable!
08-13 06:55:06.870 13974 13974 E cutils-trace: Error opening trace file: No such file or directory (2)
08-13 06:55:06.871 13974 13974 D vndksupport: Loading /vendor/lib/hw/android.hardware.audio@2.0-impl.so from current namespace instead of sphal namespace.
08-13 06:55:06.872 13977 13977 W IptablesRestoreController: iptables-restore process 13993 terminated status=256
08-13 06:55:06.875 13977 13977 W IptablesRestoreController: iptables-restore process 13994 terminated status=256
08-13 06:55:06.875 13977 13977 I Netd : Setting up FirewallController hooks: 91.6ms
08-13 06:55:06.877 13974 13974 D vndksupport: Loading /vendor/lib/hw/android.hardware.audio.effect@2.0-impl.so from current namespace instead of sphal namespace.
08-13 06:55:06.884 13974 13974 I AudioFlinger: Using default 3000 mSec as standby time.
08-13 06:55:06.885 13974 13974 E APM_AudioPolicyManager: could not load audio policy configuration file, setting defaults
08-13 06:55:06.885 13974 13974 D vndksupport: Loading /vendor/lib/hw/audio.primary.default.so from current namespace instead of sphal namespace.
08-13 06:55:06.886 13974 13974 W DeviceHAL: Device 0xf45e7000 get_master_volume: Function not implemented
08-13 06:55:06.886 13974 13974 W DeviceHAL: Device 0xf45e7000 get_master_mute: Function not implemented
08-13 06:55:06.887 13974 13974 W DeviceHAL: Device 0xf45e7000 set_master_volume: Function not implemented
08-13 06:55:06.887 13974 13974 W DeviceHAL: Device 0xf45e7000 set_master_mute: Function not implemented
08-13 06:55:06.887 13974 13974 I AudioFlinger: loadHwModule() Loaded primary audio interface, handle 10
08-13 06:55:06.887 13974 13974 I AudioFlinger: openOutput() this 0xf45c0000, module 10 Device 2, SamplingRate 44100, Format 0x000001, Channels 3, flags 2
08-13 06:55:06.887 13974 13974 I AudioFlinger: HAL output buffer size 1024 frames, normal sink buffer size 1024 frames
08-13 06:55:06.888 13974 13974 D vndksupport: Loading /vendor/lib/hw/android.hardware.audio.effect@2.0-impl.so from current namespace instead of sphal namespace.
08-13 06:55:06.889 13974 13974 E EffectsConfig: Failed to parse /vendor/etc/audio_effects.xml: Tinyxml2 error (3): /vendor/etc/audio_effects.xml (null)
08-13 06:55:06.889 13974 13974 E EffectsFactoryConfigLoader: Failed to parse XML configuration file
08-13 06:55:06.889 13974 13974 W EffectsFactory: Failed to load XML effect configuration, fallback to .conf
08-13 06:55:06.891 13995 13995 I chatty : uid=1000(system) surfaceflinger expire 28 lines
08-13 06:55:06.892 13974 13974 I BufferProvider: found effect "Multichannel Downmix To Stereo" from The Android Open Source Project
